{"id":1033,"date":"2026-05-11T14:26:38","date_gmt":"2026-05-11T14:26:38","guid":{"rendered":"https:\/\/ecosupplements.ch\/?product=swanson-saw-palmetto-extract-320mg-60sgels"},"modified":"2026-05-13T07:26:56","modified_gmt":"2026-05-13T07:26:56","slug":"swanson-saw-palmetto-extract-320mg-60sgels","status":"publish","type":"product","link":"https:\/\/ecosupplements.ch\/?product=swanson-saw-palmetto-extract-320mg-60sgels","title":{"rendered":"SWANSON Saw Palmetto extract 320mg 60sgels"},"content":{"rendered":"<div class=\"chcg-product-description\">\n<h2 class=\"chcg-heading\">\u00dcber SWANSON \u2013 Saw Palmetto Extrakt 320mg 60 Softgels<\/h2>\n<div class=\"chcg-intro\">\n<p>Der SWANSON Saw Palmetto Extrakt 320mg liefert einen hochwertigen superkritischen CO2-Extrakt aus den Beeren der S\u00e4gepalme (<em>Serenoa repens<\/em>), standardisiert auf mindestens 85 % Fetts\u00e4uren. Jede Softgelkapsel enth\u00e4lt 320 mg Extrakt, was 272 mg aktiven Fetts\u00e4uren entspricht \u2013 f\u00fcr eine pr\u00e4zise und konsistente Dosierung.<\/p>\n<p>Erg\u00e4nzt wird die Formel durch 75 mg zertifiziertes Bio-K\u00fcrbiskern\u00f6l, das als nat\u00fcrlicher Begleiter bekannt ist und die Zusammensetzung des Produkts abrundet. Die Kombination aus superkritischer CO2-Extraktion und Bio-K\u00fcrbiskern\u00f6l sorgt f\u00fcr eine sorgf\u00e4ltig zusammengestellte Nahrungserg\u00e4nzung f\u00fcr M\u00e4nner.<\/p>\n<p>Die praktischen Softgelkapseln lassen sich leicht schlucken und sind ideal f\u00fcr die t\u00e4gliche Einnahme. Mit 60 Softgels pro Packung deckt dieses Produkt je nach Dosierung einen Bedarf von 30 bis 60 Tagen ab.<\/p>\n<\/p><\/div>\n<div class=\"chcg-nutrition\">\n<h3>N\u00e4hrwertangaben<\/h3>\n<table class=\"chcg-nutrition-table\">\n<thead>\n<tr>\n<th>N\u00e4hrstoff<\/th>\n<th>Pro Portion (1 Softgel)<\/th>\n<\/tr>\n<\/thead>\n<tbody>\n<tr>\n<td>Superkritischer CO2-S\u00e4gepalmen-Beerenextrakt (<em>Serenoa repens<\/em>, standardisiert auf min. 85 % Fetts\u00e4uren)<\/td>\n<td>320 mg<\/td>\n<\/tr>\n<tr>\n<td>\u2013 davon Fetts\u00e4uren<\/td>\n<td>272 mg<\/td>\n<\/tr>\n<tr>\n<td>Zertifiziertes Bio-K\u00fcrbiskern\u00f6l<\/td>\n<td>75 mg<\/td>\n<\/tr>\n<\/tbody>\n<\/table>\n<p class=\"chcg-footnote\">* Kein festgelegter Tagesbedarf.<\/p>\n<\/p><\/div>\n<div class=\"chcg-ingredients\">\n<h3>Zutaten<\/h3>\n<p>Superkritischer CO2-S\u00e4gepalmen-Beerenextrakt (<em>Serenoa repens<\/em>, standardisiert auf mindestens 85 % Fetts\u00e4uren) 320 mg (liefert 272 mg Fetts\u00e4uren), zertifiziertes Bio-K\u00fcrbiskern\u00f6l 75 mg. Weitere Zutaten: Gelatine, Glycerin, gereinigtes Wasser. Enth\u00e4lt Sulfite.<\/p>\n<p class=\"chcg-capsule-shell\">Kapselh\u00fclle (Softgel): Gelatine, Glycerin, gereinigtes Wasser.<\/p>\n<\/p><\/div>\n<div class=\"chcg-dosage\">\n<h3>Verzehrempfehlung<\/h3>\n<p>Als Nahrungserg\u00e4nzungsmittel t\u00e4glich eine Softgelkapsel ein- bis zweimal t\u00e4glich mit Wasser einnehmen.<\/p>\n<\/p><\/div>\n<div class=\"chcg-warnings\">\n<h3>Warnhinweise<\/h3>\n<p>Nur f\u00fcr Erwachsene. Konsultieren Sie vor der Einnahme dieses oder eines anderen Produkts Ihren Arzt oder Ihre \u00c4rztin, wenn Sie schwanger sind oder stillen, Medikamente einnehmen oder an einer Erkrankung leiden. Nicht verwenden, wenn die Schutzversiegelung besch\u00e4digt ist. Ausserhalb der Reichweite von Kindern aufbewahren. Enth\u00e4lt Sulfite.<\/p>\n<\/p><\/div>\n<div class=\"chcg-allergens\">\n<h3>Allergeninformationen<\/h3>\n<p>Enth\u00e4lt Sulfite.<\/p>\n<\/p><\/div>\n<div class=\"chcg-storage\">\n<h3>Lagerung<\/h3>\n<p>An einem k\u00fchlen, trockenen Ort lagern. Nicht im K\u00fchlschrank aufbewahren. Ausserhalb der Reichweite von Kindern aufbewahren.<\/p>\n<\/p><\/div>\n<\/div>\n","protected":false},"excerpt":{"rendered":"<p>SWANSON Saw Palmetto Extrakt 320mg liefert pro Softgel 272mg aktive Fetts\u00e4uren aus superkritischem CO2-Extrakt, erg\u00e4nzt mit Bio-K\u00fcrbiskern\u00f6l. 60 Softgels pro Packung f\u00fcr 30\u201360 Tage.<\/p>\n","protected":false},"featured_media":1034,"comment_status":"closed","ping_status":"open","template":"","meta":[],"product_brand":[16],"product_cat":[48,25,169,44,21],"product_tag":[],"class_list":{"0":"post-1033","1":"product","2":"type-product","3":"status-publish","4":"has-post-thumbnail","6":"product_brand-swanson","7":"product_cat-gesunde-ernaehrung","8":"product_cat-gesundheit-und-wohlbefinden","9":"product_cat-nordische-vitalitaet","10":"product_cat-pflanzliche-nahrungsergaenzungsmittel","11":"product_cat-vitamine-und-mineralstoffe","13":"first","14":"outofstock","15":"taxable","16":"shipping-taxable","17":"purchasable","18":"product-type-simple"},"yoast_head":"<!-- This site is optimized with the Yoast SEO plugin v27.5 - https:\/\/yoast.com\/product\/yoast-seo-wordpress\/ -->\n<title>Saw Palmetto Extrakt 320mg 60 Softgels \u2013 SWANSON | ecosupplements.ch<\/title>\n<meta name=\"description\" content=\"Saw Palmetto Extrakt 320mg von SWANSON \u2013 superkritischer CO2-Extrakt mit min. 85% Fetts\u00e4uren und Bio-K\u00fcrbiskern\u00f6l, 60 Softgels. Jetzt bestellen.\" \/>\n<meta name=\"robots\" content=\"index, follow, max-snippet:-1, max-image-preview:large, max-video-preview:-1\" \/>\n<link rel=\"canonical\" href=\"https:\/\/ecosupplements.ch\/?product=swanson-saw-palmetto-extract-320mg-60sgels\" \/>\n<meta property=\"og:locale\" content=\"de_DE\" \/>\n<meta property=\"og:type\" content=\"article\" \/>\n<meta property=\"og:title\" content=\"Saw Palmetto Extrakt 320mg 60 Softgels \u2013 SWANSON | ecosupplements.ch\" \/>\n<meta property=\"og:description\" content=\"Saw Palmetto Extrakt 320mg von SWANSON \u2013 superkritischer CO2-Extrakt mit min. 85% Fetts\u00e4uren und Bio-K\u00fcrbiskern\u00f6l, 60 Softgels. Jetzt bestellen.\" \/>\n<meta property=\"og:url\" content=\"https:\/\/ecosupplements.ch\/?product=swanson-saw-palmetto-extract-320mg-60sgels\" \/>\n<meta property=\"og:site_name\" content=\"Eco Supplements\" \/>\n<meta property=\"article:modified_time\" content=\"2026-05-13T07:26:56+00:00\" \/>\n<meta property=\"og:image\" content=\"https:\/\/ecosupplements.ch\/wp-content\/uploads\/2026\/05\/SWANSON-Saw-Palmetto-extract-320mg-60sgels.jpg\" \/>\n\t<meta property=\"og:image:width\" content=\"650\" \/>\n\t<meta property=\"og:image:height\" content=\"650\" \/>\n\t<meta property=\"og:image:type\" content=\"image\/jpeg\" \/>\n<meta name=\"twitter:card\" content=\"summary_large_image\" \/>\n<meta name=\"twitter:label1\" content=\"Price\" \/>\n\t<meta name=\"twitter:data1\" content=\"&#067;&#072;&#070;&nbsp;31.88\" \/>\n\t<meta name=\"twitter:label2\" content=\"Availability\" \/>\n\t<meta name=\"twitter:data2\" content=\"Out of stock\" \/>\n<script type=\"application\/ld+json\" class=\"yoast-schema-graph\">{\"@context\":\"https:\\\/\\\/schema.org\",\"@graph\":[{\"@type\":\"WebPage\",\"@id\":\"https:\\\/\\\/ecosupplements.ch\\\/?product=swanson-saw-palmetto-extract-320mg-60sgels\",\"url\":\"https:\\\/\\\/ecosupplements.ch\\\/?product=swanson-saw-palmetto-extract-320mg-60sgels\",\"name\":\"Saw Palmetto Extrakt 320mg 60 Softgels \u2013 SWANSON | ecosupplements.ch\",\"isPartOf\":{\"@id\":\"https:\\\/\\\/ecosupplements.ch\\\/#website\"},\"primaryImageOfPage\":{\"@id\":\"https:\\\/\\\/ecosupplements.ch\\\/?product=swanson-saw-palmetto-extract-320mg-60sgels#primaryimage\"},\"image\":{\"@id\":\"https:\\\/\\\/ecosupplements.ch\\\/?product=swanson-saw-palmetto-extract-320mg-60sgels#primaryimage\"},\"thumbnailUrl\":\"https:\\\/\\\/ecosupplements.ch\\\/wp-content\\\/uploads\\\/2026\\\/05\\\/SWANSON-Saw-Palmetto-extract-320mg-60sgels.jpg\",\"datePublished\":\"2026-05-11T14:26:38+00:00\",\"dateModified\":\"2026-05-13T07:26:56+00:00\",\"description\":\"Saw Palmetto Extrakt 320mg von SWANSON \u2013 superkritischer CO2-Extrakt mit min. 85% Fetts\u00e4uren und Bio-K\u00fcrbiskern\u00f6l, 60 Softgels. Jetzt bestellen.\",\"breadcrumb\":{\"@id\":\"https:\\\/\\\/ecosupplements.ch\\\/?product=swanson-saw-palmetto-extract-320mg-60sgels#breadcrumb\"},\"inLanguage\":\"de-CH\",\"potentialAction\":[{\"@type\":\"ReadAction\",\"target\":[\"https:\\\/\\\/ecosupplements.ch\\\/?product=swanson-saw-palmetto-extract-320mg-60sgels\"]}]},{\"@type\":\"ImageObject\",\"inLanguage\":\"de-CH\",\"@id\":\"https:\\\/\\\/ecosupplements.ch\\\/?product=swanson-saw-palmetto-extract-320mg-60sgels#primaryimage\",\"url\":\"https:\\\/\\\/ecosupplements.ch\\\/wp-content\\\/uploads\\\/2026\\\/05\\\/SWANSON-Saw-Palmetto-extract-320mg-60sgels.jpg\",\"contentUrl\":\"https:\\\/\\\/ecosupplements.ch\\\/wp-content\\\/uploads\\\/2026\\\/05\\\/SWANSON-Saw-Palmetto-extract-320mg-60sgels.jpg\",\"width\":650,\"height\":650,\"caption\":\"SWANSON Saw Palmetto extract 320mg 60sgels\"},{\"@type\":\"BreadcrumbList\",\"@id\":\"https:\\\/\\\/ecosupplements.ch\\\/?product=swanson-saw-palmetto-extract-320mg-60sgels#breadcrumb\",\"itemListElement\":[{\"@type\":\"ListItem\",\"position\":1,\"name\":\"Home\",\"item\":\"https:\\\/\\\/ecosupplements.ch\\\/\"},{\"@type\":\"ListItem\",\"position\":2,\"name\":\"Shop\",\"item\":\"https:\\\/\\\/ecosupplements.ch\\\/?page_id=14\"},{\"@type\":\"ListItem\",\"position\":3,\"name\":\"SWANSON Saw Palmetto extract 320mg 60sgels\"}]},{\"@type\":\"WebSite\",\"@id\":\"https:\\\/\\\/ecosupplements.ch\\\/#website\",\"url\":\"https:\\\/\\\/ecosupplements.ch\\\/\",\"name\":\"Eco Supplements\",\"description\":\"\",\"potentialAction\":[{\"@type\":\"SearchAction\",\"target\":{\"@type\":\"EntryPoint\",\"urlTemplate\":\"https:\\\/\\\/ecosupplements.ch\\\/?s={search_term_string}\"},\"query-input\":{\"@type\":\"PropertyValueSpecification\",\"valueRequired\":true,\"valueName\":\"search_term_string\"}}],\"inLanguage\":\"de-CH\"}]}<\/script>\n<meta property=\"product:price:amount\" content=\"31.88\" \/>\n<meta property=\"product:price:currency\" content=\"CHF\" \/>\n<meta property=\"og:availability\" content=\"out of stock\" \/>\n<meta property=\"product:availability\" content=\"out of stock\" \/>\n<meta property=\"product:retailer_item_id\" content=\"087614142210\" \/>\n<meta property=\"product:condition\" content=\"new\" \/>\n<!-- \/ Yoast SEO plugin. -->","yoast_head_json":{"title":"Saw Palmetto Extrakt 320mg 60 Softgels \u2013 SWANSON | ecosupplements.ch","description":"Saw Palmetto Extrakt 320mg von SWANSON \u2013 superkritischer CO2-Extrakt mit min. 85% Fetts\u00e4uren und Bio-K\u00fcrbiskern\u00f6l, 60 Softgels. Jetzt bestellen.","robots":{"index":"index","follow":"follow","max-snippet":"max-snippet:-1","max-image-preview":"max-image-preview:large","max-video-preview":"max-video-preview:-1"},"canonical":"https:\/\/ecosupplements.ch\/?product=swanson-saw-palmetto-extract-320mg-60sgels","og_locale":"de_DE","og_type":"article","og_title":"Saw Palmetto Extrakt 320mg 60 Softgels \u2013 SWANSON | ecosupplements.ch","og_description":"Saw Palmetto Extrakt 320mg von SWANSON \u2013 superkritischer CO2-Extrakt mit min. 85% Fetts\u00e4uren und Bio-K\u00fcrbiskern\u00f6l, 60 Softgels. Jetzt bestellen.","og_url":"https:\/\/ecosupplements.ch\/?product=swanson-saw-palmetto-extract-320mg-60sgels","og_site_name":"Eco Supplements","article_modified_time":"2026-05-13T07:26:56+00:00","og_image":[{"width":650,"height":650,"url":"https:\/\/ecosupplements.ch\/wp-content\/uploads\/2026\/05\/SWANSON-Saw-Palmetto-extract-320mg-60sgels.jpg","type":"image\/jpeg"}],"twitter_card":"summary_large_image","twitter_misc":{"Price":"&#67;&#72;&#70;&nbsp;31.88","Availability":"Out of stock"},"schema":{"@context":"https:\/\/schema.org","@graph":[{"@type":"WebPage","@id":"https:\/\/ecosupplements.ch\/?product=swanson-saw-palmetto-extract-320mg-60sgels","url":"https:\/\/ecosupplements.ch\/?product=swanson-saw-palmetto-extract-320mg-60sgels","name":"Saw Palmetto Extrakt 320mg 60 Softgels \u2013 SWANSON | ecosupplements.ch","isPartOf":{"@id":"https:\/\/ecosupplements.ch\/#website"},"primaryImageOfPage":{"@id":"https:\/\/ecosupplements.ch\/?product=swanson-saw-palmetto-extract-320mg-60sgels#primaryimage"},"image":{"@id":"https:\/\/ecosupplements.ch\/?product=swanson-saw-palmetto-extract-320mg-60sgels#primaryimage"},"thumbnailUrl":"https:\/\/ecosupplements.ch\/wp-content\/uploads\/2026\/05\/SWANSON-Saw-Palmetto-extract-320mg-60sgels.jpg","datePublished":"2026-05-11T14:26:38+00:00","dateModified":"2026-05-13T07:26:56+00:00","description":"Saw Palmetto Extrakt 320mg von SWANSON \u2013 superkritischer CO2-Extrakt mit min. 85% Fetts\u00e4uren und Bio-K\u00fcrbiskern\u00f6l, 60 Softgels. Jetzt bestellen.","breadcrumb":{"@id":"https:\/\/ecosupplements.ch\/?product=swanson-saw-palmetto-extract-320mg-60sgels#breadcrumb"},"inLanguage":"de-CH","potentialAction":[{"@type":"ReadAction","target":["https:\/\/ecosupplements.ch\/?product=swanson-saw-palmetto-extract-320mg-60sgels"]}]},{"@type":"ImageObject","inLanguage":"de-CH","@id":"https:\/\/ecosupplements.ch\/?product=swanson-saw-palmetto-extract-320mg-60sgels#primaryimage","url":"https:\/\/ecosupplements.ch\/wp-content\/uploads\/2026\/05\/SWANSON-Saw-Palmetto-extract-320mg-60sgels.jpg","contentUrl":"https:\/\/ecosupplements.ch\/wp-content\/uploads\/2026\/05\/SWANSON-Saw-Palmetto-extract-320mg-60sgels.jpg","width":650,"height":650,"caption":"SWANSON Saw Palmetto extract 320mg 60sgels"},{"@type":"BreadcrumbList","@id":"https:\/\/ecosupplements.ch\/?product=swanson-saw-palmetto-extract-320mg-60sgels#breadcrumb","itemListElement":[{"@type":"ListItem","position":1,"name":"Home","item":"https:\/\/ecosupplements.ch\/"},{"@type":"ListItem","position":2,"name":"Shop","item":"https:\/\/ecosupplements.ch\/?page_id=14"},{"@type":"ListItem","position":3,"name":"SWANSON Saw Palmetto extract 320mg 60sgels"}]},{"@type":"WebSite","@id":"https:\/\/ecosupplements.ch\/#website","url":"https:\/\/ecosupplements.ch\/","name":"Eco Supplements","description":"","potentialAction":[{"@type":"SearchAction","target":{"@type":"EntryPoint","urlTemplate":"https:\/\/ecosupplements.ch\/?s={search_term_string}"},"query-input":{"@type":"PropertyValueSpecification","valueRequired":true,"valueName":"search_term_string"}}],"inLanguage":"de-CH"}]},"product_price_amount":"31.88","product_price_currency":"CHF","og_availability":"out of stock","product_availability":"out of stock","product_retailer_item_id":"087614142210","product_condition":"new"},"_links":{"self":[{"href":"https:\/\/ecosupplements.ch\/index.php?rest_route=\/wp\/v2\/product\/1033","targetHints":{"allow":["GET"]}}],"collection":[{"href":"https:\/\/ecosupplements.ch\/index.php?rest_route=\/wp\/v2\/product"}],"about":[{"href":"https:\/\/ecosupplements.ch\/index.php?rest_route=\/wp\/v2\/types\/product"}],"replies":[{"embeddable":true,"href":"https:\/\/ecosupplements.ch\/index.php?rest_route=%2Fwp%2Fv2%2Fcomments&post=1033"}],"wp:featuredmedia":[{"embeddable":true,"href":"https:\/\/ecosupplements.ch\/index.php?rest_route=\/wp\/v2\/media\/1034"}],"wp:attachment":[{"href":"https:\/\/ecosupplements.ch\/index.php?rest_route=%2Fwp%2Fv2%2Fmedia&parent=1033"}],"wp:term":[{"taxonomy":"product_brand","embeddable":true,"href":"https:\/\/ecosupplements.ch\/index.php?rest_route=%2Fwp%2Fv2%2Fproduct_brand&post=1033"},{"taxonomy":"product_cat","embeddable":true,"href":"https:\/\/ecosupplements.ch\/index.php?rest_route=%2Fwp%2Fv2%2Fproduct_cat&post=1033"},{"taxonomy":"product_tag","embeddable":true,"href":"https:\/\/ecosupplements.ch\/index.php?rest_route=%2Fwp%2Fv2%2Fproduct_tag&post=1033"}],"curies":[{"name":"wp","href":"https:\/\/api.w.org\/{rel}","templated":true}]}}