{"id":1063,"date":"2026-05-11T14:26:49","date_gmt":"2026-05-11T14:26:49","guid":{"rendered":"https:\/\/ecosupplements.ch\/?product=sulforaphane-from-broccoli-sprout-extract-400mcg-60-vcaps"},"modified":"2026-05-13T07:24:11","modified_gmt":"2026-05-13T07:24:11","slug":"sulforaphane-from-broccoli-sprout-extract-400mcg-60-vcaps","status":"publish","type":"product","link":"https:\/\/ecosupplements.ch\/?product=sulforaphane-from-broccoli-sprout-extract-400mcg-60-vcaps","title":{"rendered":"Sulforaphane from Broccoli Sprout Extract, 400mcg &#8211; 60 vcaps"},"content":{"rendered":"<div class=\"chcg-product-description\">\n<h2 class=\"chcg-heading\">\u00dcber Swanson \u2013 Sulforaphane from Broccoli Sprout Extract, 400mcg \u2013 60 Vegane Kapseln<\/h2>\n<div class=\"chcg-intro\">\n<p>Sulforaphan ist eine bioaktive Schwefelverbindung, die nat\u00fcrlicherweise in Brassica-Gem\u00fcsen vorkommt \u2013 besonders konzentriert in Brokkolisprossen. Swanson setzt f\u00fcr dieses Produkt auf BroccoPhane\u00ae, ein 20:1-Brokkolisprossenkonzentrat, das auf 0,4 % Sulforaphan standardisiert ist. So erhalten Sie in jeder Kapsel eine pr\u00e4zise und gleichbleibende Menge von 400 \u00b5g Sulforaphan.<\/p>\n<p>Sulforaphan ist Gegenstand intensiver wissenschaftlicher Forschung und wird f\u00fcr seine antioxidativen Eigenschaften gesch\u00e4tzt, die zum Schutz der Zellen vor oxidativem Stress beitragen k\u00f6nnen. Als nat\u00fcrlicher Pflanzenstoff erg\u00e4nzt es eine ausgewogene Ern\u00e4hrung auf einfache und unkomplizierte Weise.<\/p>\n<p>Die veganen Kapseln aus Hypromellose sind frei von tierischen Bestandteilen und eignen sich f\u00fcr eine vegane sowie vegetarische Lebensweise. Mit 60 Kapseln pro Packung decken Sie einen Vorrat von zwei Monaten bei t\u00e4glicher Einnahme.<\/p>\n<\/p><\/div>\n<div class=\"chcg-nutrition\">\n<h3>N\u00e4hrwertangaben<\/h3>\n<table class=\"chcg-nutrition-table\">\n<thead>\n<tr>\n<th>N\u00e4hrstoff<\/th>\n<th>Pro Portion (1 Kapsel)<\/th>\n<\/tr>\n<\/thead>\n<tbody>\n<tr>\n<td>Sulforaphan (aus BroccoPhane\u00ae 20:1 Brokkolisprossenkonzentrat, standardisiert auf 0,4 % Sulforaphan)<\/td>\n<td>400 \u00b5g *<\/td>\n<\/tr>\n<\/tbody>\n<\/table>\n<p class=\"chcg-footnote\">* Kein festgelegter Tagesbedarf.<\/p>\n<\/p><\/div>\n<div class=\"chcg-ingredients\">\n<h3>Zutaten<\/h3>\n<p>Sulforaphan (aus BroccoPhane\u00ae 20:1 Brokkolisprossenkonzentrat, standardisiert auf 0,4 % Sulforaphan) 400 \u00b5g. Weitere Zutaten: Reismehl, Hypromellose (pflanzliche Kapsel), kann eines oder beide der folgenden Stoffe enthalten: Magnesiumstearat, Siliziumdioxid.<\/p>\n<p class=\"chcg-capsule-shell\">Kapselh\u00fclle: Hypromellose (pflanzliche Kapsel)<\/p>\n<\/p><\/div>\n<div class=\"chcg-dosage\">\n<h3>Verzehrempfehlung<\/h3>\n<p>Als Nahrungserg\u00e4nzungsmittel eine Kapsel t\u00e4glich mit Wasser einnehmen.<\/p>\n<\/p><\/div>\n<div class=\"chcg-warnings\">\n<h3>Warnhinweise<\/h3>\n<p>Nur f\u00fcr Erwachsene. Bei Schwangerschaft, Stillzeit, Einnahme von Medikamenten oder bei bestehenden medizinischen Erkrankungen ist vor der Einnahme eine \u00c4rztin oder ein Arzt zu konsultieren. Ausserhalb der Reichweite von Kindern aufbewahren. Nicht verwenden, wenn die Versiegelung besch\u00e4digt ist.<\/p>\n<\/p><\/div>\n<div class=\"chcg-allergens\">\n<h3>Allergeninformationen<\/h3>\n<p>Enth\u00e4lt Sulfite. Kann Magnesiumstearat oder Siliziumdioxid enthalten.<\/p>\n<\/p><\/div>\n<div class=\"chcg-storage\">\n<h3>Lagerung<\/h3>\n<p>An einem k\u00fchlen, trockenen Ort lagern.<\/p>\n<\/p><\/div>\n<div class=\"chcg-dietary\">\n<h3>Ern\u00e4hrungshinweise<\/h3>\n<ul>\n<li>Vegan<\/li>\n<li>Vegetarisch<\/li>\n<li>Glutenfrei<\/li>\n<li>Laktosefrei<\/li>\n<\/ul><\/div>\n<\/div>\n","protected":false},"excerpt":{"rendered":"<p>Swanson Sulforaphane liefert 400 \u00b5g standardisiertes Sulforaphan pro veganer Kapsel \u2013 gewonnen aus BroccoPhane\u00ae 20:1-Brokkolisprossenkonzentrat. 60 Kapseln f\u00fcr zwei Monate. Vegan, glutenfrei und laktosefrei.<\/p>\n","protected":false},"featured_media":1064,"comment_status":"closed","ping_status":"open","template":"","meta":[],"product_brand":[16],"product_cat":[34,48,25,171,21],"product_tag":[],"class_list":{"0":"post-1063","1":"product","2":"type-product","3":"status-publish","4":"has-post-thumbnail","6":"product_brand-swanson","7":"product_cat-antioxidantien","8":"product_cat-gesunde-ernaehrung","9":"product_cat-gesundheit-und-wohlbefinden","10":"product_cat-vitamine-und-mineralien","11":"product_cat-vitamine-und-mineralstoffe","13":"first","14":"outofstock","15":"taxable","16":"shipping-taxable","17":"purchasable","18":"product-type-simple"},"yoast_head":"<!-- This site is optimized with the Yoast SEO plugin v27.5 - https:\/\/yoast.com\/product\/yoast-seo-wordpress\/ -->\n<title>Sulforaphane 400mcg \u2013 Swanson | ecosupplements.ch<\/title>\n<meta name=\"description\" content=\"Swanson Sulforaphane aus Brokkolisprossenextrakt, 400 \u00b5g pro veganer Kapsel, 60 St\u00fcck \u2013 vegan, glutenfrei. Jetzt bestellen.\" \/>\n<meta name=\"robots\" content=\"index, follow, max-snippet:-1, max-image-preview:large, max-video-preview:-1\" \/>\n<link rel=\"canonical\" href=\"https:\/\/ecosupplements.ch\/?product=sulforaphane-from-broccoli-sprout-extract-400mcg-60-vcaps\" \/>\n<meta property=\"og:locale\" content=\"de_DE\" \/>\n<meta property=\"og:type\" content=\"article\" \/>\n<meta property=\"og:title\" content=\"Sulforaphane 400mcg \u2013 Swanson | ecosupplements.ch\" \/>\n<meta property=\"og:description\" content=\"Swanson Sulforaphane aus Brokkolisprossenextrakt, 400 \u00b5g pro veganer Kapsel, 60 St\u00fcck \u2013 vegan, glutenfrei. Jetzt bestellen.\" \/>\n<meta property=\"og:url\" content=\"https:\/\/ecosupplements.ch\/?product=sulforaphane-from-broccoli-sprout-extract-400mcg-60-vcaps\" \/>\n<meta property=\"og:site_name\" content=\"Eco Supplements\" \/>\n<meta property=\"article:modified_time\" content=\"2026-05-13T07:24:11+00:00\" \/>\n<meta property=\"og:image\" content=\"https:\/\/ecosupplements.ch\/wp-content\/uploads\/2026\/05\/Sulforaphane-from-Broccoli-Sprout-Extract-400mcg-60-vcaps.jpg\" \/>\n\t<meta property=\"og:image:width\" content=\"650\" \/>\n\t<meta property=\"og:image:height\" content=\"650\" \/>\n\t<meta property=\"og:image:type\" content=\"image\/jpeg\" \/>\n<meta name=\"twitter:card\" content=\"summary_large_image\" \/>\n<meta name=\"twitter:label1\" content=\"Price\" \/>\n\t<meta name=\"twitter:data1\" content=\"&#067;&#072;&#070;&nbsp;9.77\" \/>\n\t<meta name=\"twitter:label2\" content=\"Availability\" \/>\n\t<meta name=\"twitter:data2\" content=\"Out of stock\" \/>\n<script type=\"application\/ld+json\" class=\"yoast-schema-graph\">{\"@context\":\"https:\\\/\\\/schema.org\",\"@graph\":[{\"@type\":\"WebPage\",\"@id\":\"https:\\\/\\\/ecosupplements.ch\\\/?product=sulforaphane-from-broccoli-sprout-extract-400mcg-60-vcaps\",\"url\":\"https:\\\/\\\/ecosupplements.ch\\\/?product=sulforaphane-from-broccoli-sprout-extract-400mcg-60-vcaps\",\"name\":\"Sulforaphane 400mcg \u2013 Swanson | ecosupplements.ch\",\"isPartOf\":{\"@id\":\"https:\\\/\\\/ecosupplements.ch\\\/#website\"},\"primaryImageOfPage\":{\"@id\":\"https:\\\/\\\/ecosupplements.ch\\\/?product=sulforaphane-from-broccoli-sprout-extract-400mcg-60-vcaps#primaryimage\"},\"image\":{\"@id\":\"https:\\\/\\\/ecosupplements.ch\\\/?product=sulforaphane-from-broccoli-sprout-extract-400mcg-60-vcaps#primaryimage\"},\"thumbnailUrl\":\"https:\\\/\\\/ecosupplements.ch\\\/wp-content\\\/uploads\\\/2026\\\/05\\\/Sulforaphane-from-Broccoli-Sprout-Extract-400mcg-60-vcaps.jpg\",\"datePublished\":\"2026-05-11T14:26:49+00:00\",\"dateModified\":\"2026-05-13T07:24:11+00:00\",\"description\":\"Swanson Sulforaphane aus Brokkolisprossenextrakt, 400 \u00b5g pro veganer Kapsel, 60 St\u00fcck \u2013 vegan, glutenfrei. Jetzt bestellen.\",\"breadcrumb\":{\"@id\":\"https:\\\/\\\/ecosupplements.ch\\\/?product=sulforaphane-from-broccoli-sprout-extract-400mcg-60-vcaps#breadcrumb\"},\"inLanguage\":\"de-CH\",\"potentialAction\":[{\"@type\":\"ReadAction\",\"target\":[\"https:\\\/\\\/ecosupplements.ch\\\/?product=sulforaphane-from-broccoli-sprout-extract-400mcg-60-vcaps\"]}]},{\"@type\":\"ImageObject\",\"inLanguage\":\"de-CH\",\"@id\":\"https:\\\/\\\/ecosupplements.ch\\\/?product=sulforaphane-from-broccoli-sprout-extract-400mcg-60-vcaps#primaryimage\",\"url\":\"https:\\\/\\\/ecosupplements.ch\\\/wp-content\\\/uploads\\\/2026\\\/05\\\/Sulforaphane-from-Broccoli-Sprout-Extract-400mcg-60-vcaps.jpg\",\"contentUrl\":\"https:\\\/\\\/ecosupplements.ch\\\/wp-content\\\/uploads\\\/2026\\\/05\\\/Sulforaphane-from-Broccoli-Sprout-Extract-400mcg-60-vcaps.jpg\",\"width\":650,\"height\":650,\"caption\":\"Sulforaphane from Broccoli Sprout Extract\"},{\"@type\":\"BreadcrumbList\",\"@id\":\"https:\\\/\\\/ecosupplements.ch\\\/?product=sulforaphane-from-broccoli-sprout-extract-400mcg-60-vcaps#breadcrumb\",\"itemListElement\":[{\"@type\":\"ListItem\",\"position\":1,\"name\":\"Home\",\"item\":\"https:\\\/\\\/ecosupplements.ch\\\/\"},{\"@type\":\"ListItem\",\"position\":2,\"name\":\"Shop\",\"item\":\"https:\\\/\\\/ecosupplements.ch\\\/?page_id=14\"},{\"@type\":\"ListItem\",\"position\":3,\"name\":\"Sulforaphane from Broccoli Sprout Extract, 400mcg &#8211; 60 vcaps\"}]},{\"@type\":\"WebSite\",\"@id\":\"https:\\\/\\\/ecosupplements.ch\\\/#website\",\"url\":\"https:\\\/\\\/ecosupplements.ch\\\/\",\"name\":\"Eco Supplements\",\"description\":\"\",\"potentialAction\":[{\"@type\":\"SearchAction\",\"target\":{\"@type\":\"EntryPoint\",\"urlTemplate\":\"https:\\\/\\\/ecosupplements.ch\\\/?s={search_term_string}\"},\"query-input\":{\"@type\":\"PropertyValueSpecification\",\"valueRequired\":true,\"valueName\":\"search_term_string\"}}],\"inLanguage\":\"de-CH\"}]}<\/script>\n<meta property=\"product:price:amount\" content=\"9.77\" \/>\n<meta property=\"product:price:currency\" content=\"CHF\" \/>\n<meta property=\"og:availability\" content=\"out of stock\" \/>\n<meta property=\"product:availability\" content=\"out of stock\" \/>\n<meta property=\"product:retailer_item_id\" content=\"087614060484\" \/>\n<meta property=\"product:condition\" content=\"new\" \/>\n<!-- \/ Yoast SEO plugin. -->","yoast_head_json":{"title":"Sulforaphane 400mcg \u2013 Swanson | ecosupplements.ch","description":"Swanson Sulforaphane aus Brokkolisprossenextrakt, 400 \u00b5g pro veganer Kapsel, 60 St\u00fcck \u2013 vegan, glutenfrei. Jetzt bestellen.","robots":{"index":"index","follow":"follow","max-snippet":"max-snippet:-1","max-image-preview":"max-image-preview:large","max-video-preview":"max-video-preview:-1"},"canonical":"https:\/\/ecosupplements.ch\/?product=sulforaphane-from-broccoli-sprout-extract-400mcg-60-vcaps","og_locale":"de_DE","og_type":"article","og_title":"Sulforaphane 400mcg \u2013 Swanson | ecosupplements.ch","og_description":"Swanson Sulforaphane aus Brokkolisprossenextrakt, 400 \u00b5g pro veganer Kapsel, 60 St\u00fcck \u2013 vegan, glutenfrei. Jetzt bestellen.","og_url":"https:\/\/ecosupplements.ch\/?product=sulforaphane-from-broccoli-sprout-extract-400mcg-60-vcaps","og_site_name":"Eco Supplements","article_modified_time":"2026-05-13T07:24:11+00:00","og_image":[{"width":650,"height":650,"url":"https:\/\/ecosupplements.ch\/wp-content\/uploads\/2026\/05\/Sulforaphane-from-Broccoli-Sprout-Extract-400mcg-60-vcaps.jpg","type":"image\/jpeg"}],"twitter_card":"summary_large_image","twitter_misc":{"Price":"&#67;&#72;&#70;&nbsp;9.77","Availability":"Out of stock"},"schema":{"@context":"https:\/\/schema.org","@graph":[{"@type":"WebPage","@id":"https:\/\/ecosupplements.ch\/?product=sulforaphane-from-broccoli-sprout-extract-400mcg-60-vcaps","url":"https:\/\/ecosupplements.ch\/?product=sulforaphane-from-broccoli-sprout-extract-400mcg-60-vcaps","name":"Sulforaphane 400mcg \u2013 Swanson | ecosupplements.ch","isPartOf":{"@id":"https:\/\/ecosupplements.ch\/#website"},"primaryImageOfPage":{"@id":"https:\/\/ecosupplements.ch\/?product=sulforaphane-from-broccoli-sprout-extract-400mcg-60-vcaps#primaryimage"},"image":{"@id":"https:\/\/ecosupplements.ch\/?product=sulforaphane-from-broccoli-sprout-extract-400mcg-60-vcaps#primaryimage"},"thumbnailUrl":"https:\/\/ecosupplements.ch\/wp-content\/uploads\/2026\/05\/Sulforaphane-from-Broccoli-Sprout-Extract-400mcg-60-vcaps.jpg","datePublished":"2026-05-11T14:26:49+00:00","dateModified":"2026-05-13T07:24:11+00:00","description":"Swanson Sulforaphane aus Brokkolisprossenextrakt, 400 \u00b5g pro veganer Kapsel, 60 St\u00fcck \u2013 vegan, glutenfrei. Jetzt bestellen.","breadcrumb":{"@id":"https:\/\/ecosupplements.ch\/?product=sulforaphane-from-broccoli-sprout-extract-400mcg-60-vcaps#breadcrumb"},"inLanguage":"de-CH","potentialAction":[{"@type":"ReadAction","target":["https:\/\/ecosupplements.ch\/?product=sulforaphane-from-broccoli-sprout-extract-400mcg-60-vcaps"]}]},{"@type":"ImageObject","inLanguage":"de-CH","@id":"https:\/\/ecosupplements.ch\/?product=sulforaphane-from-broccoli-sprout-extract-400mcg-60-vcaps#primaryimage","url":"https:\/\/ecosupplements.ch\/wp-content\/uploads\/2026\/05\/Sulforaphane-from-Broccoli-Sprout-Extract-400mcg-60-vcaps.jpg","contentUrl":"https:\/\/ecosupplements.ch\/wp-content\/uploads\/2026\/05\/Sulforaphane-from-Broccoli-Sprout-Extract-400mcg-60-vcaps.jpg","width":650,"height":650,"caption":"Sulforaphane from Broccoli Sprout Extract"},{"@type":"BreadcrumbList","@id":"https:\/\/ecosupplements.ch\/?product=sulforaphane-from-broccoli-sprout-extract-400mcg-60-vcaps#breadcrumb","itemListElement":[{"@type":"ListItem","position":1,"name":"Home","item":"https:\/\/ecosupplements.ch\/"},{"@type":"ListItem","position":2,"name":"Shop","item":"https:\/\/ecosupplements.ch\/?page_id=14"},{"@type":"ListItem","position":3,"name":"Sulforaphane from Broccoli Sprout Extract, 400mcg &#8211; 60 vcaps"}]},{"@type":"WebSite","@id":"https:\/\/ecosupplements.ch\/#website","url":"https:\/\/ecosupplements.ch\/","name":"Eco Supplements","description":"","potentialAction":[{"@type":"SearchAction","target":{"@type":"EntryPoint","urlTemplate":"https:\/\/ecosupplements.ch\/?s={search_term_string}"},"query-input":{"@type":"PropertyValueSpecification","valueRequired":true,"valueName":"search_term_string"}}],"inLanguage":"de-CH"}]},"product_price_amount":"9.77","product_price_currency":"CHF","og_availability":"out of stock","product_availability":"out of stock","product_retailer_item_id":"087614060484","product_condition":"new"},"_links":{"self":[{"href":"https:\/\/ecosupplements.ch\/index.php?rest_route=\/wp\/v2\/product\/1063","targetHints":{"allow":["GET"]}}],"collection":[{"href":"https:\/\/ecosupplements.ch\/index.php?rest_route=\/wp\/v2\/product"}],"about":[{"href":"https:\/\/ecosupplements.ch\/index.php?rest_route=\/wp\/v2\/types\/product"}],"replies":[{"embeddable":true,"href":"https:\/\/ecosupplements.ch\/index.php?rest_route=%2Fwp%2Fv2%2Fcomments&post=1063"}],"wp:featuredmedia":[{"embeddable":true,"href":"https:\/\/ecosupplements.ch\/index.php?rest_route=\/wp\/v2\/media\/1064"}],"wp:attachment":[{"href":"https:\/\/ecosupplements.ch\/index.php?rest_route=%2Fwp%2Fv2%2Fmedia&parent=1063"}],"wp:term":[{"taxonomy":"product_brand","embeddable":true,"href":"https:\/\/ecosupplements.ch\/index.php?rest_route=%2Fwp%2Fv2%2Fproduct_brand&post=1063"},{"taxonomy":"product_cat","embeddable":true,"href":"https:\/\/ecosupplements.ch\/index.php?rest_route=%2Fwp%2Fv2%2Fproduct_cat&post=1063"},{"taxonomy":"product_tag","embeddable":true,"href":"https:\/\/ecosupplements.ch\/index.php?rest_route=%2Fwp%2Fv2%2Fproduct_tag&post=1063"}],"curies":[{"name":"wp","href":"https:\/\/api.w.org\/{rel}","templated":true}]}}