{"id":1065,"date":"2026-05-11T14:26:49","date_gmt":"2026-05-11T14:26:49","guid":{"rendered":"https:\/\/ecosupplements.ch\/?product=super-dpa-fish-oil-60-softgels"},"modified":"2026-05-13T07:24:11","modified_gmt":"2026-05-13T07:24:11","slug":"super-dpa-fish-oil-60-softgels","status":"publish","type":"product","link":"https:\/\/ecosupplements.ch\/?product=super-dpa-fish-oil-60-softgels","title":{"rendered":"Super DPA Fish Oil &#8211; 60 softgels"},"content":{"rendered":"<div class=\"chcg-product-description\">\n<h2 class=\"chcg-heading\">\u00dcber Swanson \u2013 Super DPA Fish Oil \u2013 60 Softgels<\/h2>\n<div class=\"chcg-intro\">\n<p>Der Swanson Super DPA Fish Oil liefert hochwertiges Omega-3-Fisch\u00f6l aus Anchovis, Sardinen und Makrelen \u2013 drei nachhaltigen Quellen, die f\u00fcr ihre nat\u00fcrliche Konzentration an langkettigen Omega-3-Fetts\u00e4uren bekannt sind. Jede Softgel-Kapsel enth\u00e4lt 1000 mg Fisch\u00f6l mit einem sorgf\u00e4ltig abgestimmten Verh\u00e4ltnis aus DHA, DPA und EPA.<\/p>\n<p>Besonders hervorzuheben ist der hohe DHA-Gehalt von 450 mg pro Portion sowie der seltene und wertvolle DPA-Anteil (Docosapentaens\u00e4ure) von 85 mg. DHA tr\u00e4gt zur Erhaltung der normalen Gehirnfunktion und normalen Sehkraft bei. EPA und DHA tragen zur normalen Herzfunktion bei.<\/p>\n<p>Die praktische Softgel-Form erm\u00f6glicht eine einfache Einnahme und sorgt f\u00fcr eine gute Magenvertr\u00e4glichkeit, insbesondere wenn die Kapseln zusammen mit einer Mahlzeit eingenommen werden. Mit 60 Softgels pro Packung ist Swanson Super DPA Fish Oil ideal f\u00fcr eine ein- bis zweimonatige Anwendung.<\/p>\n<\/p><\/div>\n<div class=\"chcg-nutrition\">\n<h3>N\u00e4hrwertangaben<\/h3>\n<table class=\"chcg-nutrition-table\">\n<thead>\n<tr>\n<th>N\u00e4hrstoff<\/th>\n<th>Pro Portion (1 Softgel)<\/th>\n<\/tr>\n<\/thead>\n<tbody>\n<tr>\n<td>Kalorien<\/td>\n<td>10<\/td>\n<\/tr>\n<tr>\n<td>Gesamtfett<\/td>\n<td>1 g<\/td>\n<\/tr>\n<tr>\n<td>Omega-3-Fisch\u00f6l (Anchovis, Sardinen, Makrelen)<\/td>\n<td>1000 mg<\/td>\n<\/tr>\n<tr>\n<td>\u2013 Omega-3-Fetts\u00e4uren<\/td>\n<td>580 mg<\/td>\n<\/tr>\n<tr>\n<td>\u2013 DHA (Docosahexaens\u00e4ure)<\/td>\n<td>450 mg<\/td>\n<\/tr>\n<tr>\n<td>\u2013 DPA (Docosapentaens\u00e4ure)<\/td>\n<td>85 mg<\/td>\n<\/tr>\n<tr>\n<td>\u2013 EPA (Eicosapentaens\u00e4ure)<\/td>\n<td>45 mg<\/td>\n<\/tr>\n<\/tbody>\n<\/table><\/div>\n<div class=\"chcg-ingredients\">\n<h3>Zutaten<\/h3>\n<p>Omega-3-Fisch\u00f6l (Anchovis, Sardinen, Makrelen) (DHA (Docosahexaens\u00e4ure), DPA (Docosapentaens\u00e4ure), EPA (Eicosapentaens\u00e4ure)), Gelatine, Glycerin, gereinigtes (deionisiertes) Wasser, d-Alpha-Tocopherol. Enth\u00e4lt Fisch (Anchovis, Sardinen, Makrelen) und Soja.<\/p>\n<p class=\"chcg-capsule-shell\">Kapselh\u00fclle: Gelatine, Glycerin, gereinigtes (deionisiertes) Wasser<\/p>\n<\/p><\/div>\n<div class=\"chcg-dosage\">\n<h3>Verzehrempfehlung<\/h3>\n<p>Als Nahrungserg\u00e4nzungsmittel eine Softgel-Kapsel ein- bis zweimal t\u00e4glich zusammen mit einer Mahlzeit und ausreichend Wasser einnehmen.<\/p>\n<\/p><\/div>\n<div class=\"chcg-warnings\">\n<h3>Warnhinweise<\/h3>\n<p>Nur f\u00fcr Erwachsene. Vor der Einnahme dieses oder eines anderen Produkts einen Arzt konsultieren, wenn Sie schwanger sind oder stillen, Medikamente einnehmen oder an einer Erkrankung leiden. Ausserhalb der Reichweite von Kindern aufbewahren. Nicht verwenden, wenn die Versiegelung besch\u00e4digt ist.<\/p>\n<\/p><\/div>\n<div class=\"chcg-allergens\">\n<h3>Allergeninformationen<\/h3>\n<p>Enth\u00e4lt Fisch (Anchovis, Sardinen, Makrelen) und Soja.<\/p>\n<\/p><\/div>\n<div class=\"chcg-storage\">\n<h3>Lagerung<\/h3>\n<p>An einem k\u00fchlen, trockenen Ort lagern. Ausserhalb der Reichweite von Kindern aufbewahren. Nicht verwenden, wenn die Versiegelung besch\u00e4digt ist.<\/p>\n<\/p><\/div>\n<div class=\"chcg-dietary\">\n<h3>Ern\u00e4hrungshinweise<\/h3>\n<ul>\n<li>Laktosefrei<\/li>\n<\/ul><\/div>\n<\/div>\n","protected":false},"excerpt":{"rendered":"<p>Swanson Super DPA Fish Oil liefert 1000 mg Omega-3-Fisch\u00f6l pro Softgel \u2013 mit hohem DHA-Gehalt (450 mg) und wertvollem DPA (85 mg) f\u00fcr Gehirn, Sehkraft und Herz. 60 Softgels pro Packung.<\/p>\n","protected":false},"featured_media":1066,"comment_status":"closed","ping_status":"open","template":"","meta":[],"product_brand":[16],"product_cat":[48,39,33,21],"product_tag":[],"class_list":{"0":"post-1065","1":"product","2":"type-product","3":"status-publish","4":"has-post-thumbnail","6":"product_brand-swanson","7":"product_cat-gesunde-ernaehrung","8":"product_cat-omega-und-fischoel","9":"product_cat-omega-fettsaeuren-essentielle-fettsaeuren-konjugierte-linolsaeure-oele","10":"product_cat-vitamine-und-mineralstoffe","12":"first","13":"outofstock","14":"taxable","15":"shipping-taxable","16":"purchasable","17":"product-type-simple"},"yoast_head":"<!-- This site is optimized with the Yoast SEO plugin v27.5 - https:\/\/yoast.com\/product\/yoast-seo-wordpress\/ -->\n<title>Super DPA Fish Oil \u2013 Swanson | ecosupplements.ch<\/title>\n<meta name=\"description\" content=\"Omega-3-Fisch\u00f6l mit 450 mg DHA und 85 mg DPA pro Softgel \u2013 f\u00fcr Gehirn, Sehkraft und Herz. 60 Softgels von Swanson. Jetzt bestellen.\" \/>\n<meta name=\"robots\" content=\"index, follow, max-snippet:-1, max-image-preview:large, max-video-preview:-1\" \/>\n<link rel=\"canonical\" href=\"https:\/\/ecosupplements.ch\/?product=super-dpa-fish-oil-60-softgels\" \/>\n<meta property=\"og:locale\" content=\"de_DE\" \/>\n<meta property=\"og:type\" content=\"article\" \/>\n<meta property=\"og:title\" content=\"Super DPA Fish Oil \u2013 Swanson | ecosupplements.ch\" \/>\n<meta property=\"og:description\" content=\"Omega-3-Fisch\u00f6l mit 450 mg DHA und 85 mg DPA pro Softgel \u2013 f\u00fcr Gehirn, Sehkraft und Herz. 60 Softgels von Swanson. Jetzt bestellen.\" \/>\n<meta property=\"og:url\" content=\"https:\/\/ecosupplements.ch\/?product=super-dpa-fish-oil-60-softgels\" \/>\n<meta property=\"og:site_name\" content=\"Eco Supplements\" \/>\n<meta property=\"article:modified_time\" content=\"2026-05-13T07:24:11+00:00\" \/>\n<meta property=\"og:image\" content=\"https:\/\/ecosupplements.ch\/wp-content\/uploads\/2026\/05\/Super-DPA-Fish-Oil-60-softgels.jpg\" \/>\n\t<meta property=\"og:image:width\" content=\"1200\" \/>\n\t<meta property=\"og:image:height\" content=\"1200\" \/>\n\t<meta property=\"og:image:type\" content=\"image\/jpeg\" \/>\n<meta name=\"twitter:card\" content=\"summary_large_image\" \/>\n<meta name=\"twitter:label1\" content=\"Price\" \/>\n\t<meta name=\"twitter:data1\" content=\"&#067;&#072;&#070;&nbsp;20.72\" \/>\n\t<meta name=\"twitter:label2\" content=\"Availability\" \/>\n\t<meta name=\"twitter:data2\" content=\"Out of stock\" \/>\n<script type=\"application\/ld+json\" class=\"yoast-schema-graph\">{\"@context\":\"https:\\\/\\\/schema.org\",\"@graph\":[{\"@type\":\"WebPage\",\"@id\":\"https:\\\/\\\/ecosupplements.ch\\\/?product=super-dpa-fish-oil-60-softgels\",\"url\":\"https:\\\/\\\/ecosupplements.ch\\\/?product=super-dpa-fish-oil-60-softgels\",\"name\":\"Super DPA Fish Oil \u2013 Swanson | ecosupplements.ch\",\"isPartOf\":{\"@id\":\"https:\\\/\\\/ecosupplements.ch\\\/#website\"},\"primaryImageOfPage\":{\"@id\":\"https:\\\/\\\/ecosupplements.ch\\\/?product=super-dpa-fish-oil-60-softgels#primaryimage\"},\"image\":{\"@id\":\"https:\\\/\\\/ecosupplements.ch\\\/?product=super-dpa-fish-oil-60-softgels#primaryimage\"},\"thumbnailUrl\":\"https:\\\/\\\/ecosupplements.ch\\\/wp-content\\\/uploads\\\/2026\\\/05\\\/Super-DPA-Fish-Oil-60-softgels.jpg\",\"datePublished\":\"2026-05-11T14:26:49+00:00\",\"dateModified\":\"2026-05-13T07:24:11+00:00\",\"description\":\"Omega-3-Fisch\u00f6l mit 450 mg DHA und 85 mg DPA pro Softgel \u2013 f\u00fcr Gehirn, Sehkraft und Herz. 60 Softgels von Swanson. Jetzt bestellen.\",\"breadcrumb\":{\"@id\":\"https:\\\/\\\/ecosupplements.ch\\\/?product=super-dpa-fish-oil-60-softgels#breadcrumb\"},\"inLanguage\":\"de-CH\",\"potentialAction\":[{\"@type\":\"ReadAction\",\"target\":[\"https:\\\/\\\/ecosupplements.ch\\\/?product=super-dpa-fish-oil-60-softgels\"]}]},{\"@type\":\"ImageObject\",\"inLanguage\":\"de-CH\",\"@id\":\"https:\\\/\\\/ecosupplements.ch\\\/?product=super-dpa-fish-oil-60-softgels#primaryimage\",\"url\":\"https:\\\/\\\/ecosupplements.ch\\\/wp-content\\\/uploads\\\/2026\\\/05\\\/Super-DPA-Fish-Oil-60-softgels.jpg\",\"contentUrl\":\"https:\\\/\\\/ecosupplements.ch\\\/wp-content\\\/uploads\\\/2026\\\/05\\\/Super-DPA-Fish-Oil-60-softgels.jpg\",\"width\":1200,\"height\":1200,\"caption\":\"Super DPA Fish Oil - 60 softgels\"},{\"@type\":\"BreadcrumbList\",\"@id\":\"https:\\\/\\\/ecosupplements.ch\\\/?product=super-dpa-fish-oil-60-softgels#breadcrumb\",\"itemListElement\":[{\"@type\":\"ListItem\",\"position\":1,\"name\":\"Home\",\"item\":\"https:\\\/\\\/ecosupplements.ch\\\/\"},{\"@type\":\"ListItem\",\"position\":2,\"name\":\"Shop\",\"item\":\"https:\\\/\\\/ecosupplements.ch\\\/?page_id=14\"},{\"@type\":\"ListItem\",\"position\":3,\"name\":\"Super DPA Fish Oil &#8211; 60 softgels\"}]},{\"@type\":\"WebSite\",\"@id\":\"https:\\\/\\\/ecosupplements.ch\\\/#website\",\"url\":\"https:\\\/\\\/ecosupplements.ch\\\/\",\"name\":\"Eco Supplements\",\"description\":\"\",\"potentialAction\":[{\"@type\":\"SearchAction\",\"target\":{\"@type\":\"EntryPoint\",\"urlTemplate\":\"https:\\\/\\\/ecosupplements.ch\\\/?s={search_term_string}\"},\"query-input\":{\"@type\":\"PropertyValueSpecification\",\"valueRequired\":true,\"valueName\":\"search_term_string\"}}],\"inLanguage\":\"de-CH\"}]}<\/script>\n<meta property=\"product:price:amount\" content=\"20.72\" \/>\n<meta property=\"product:price:currency\" content=\"CHF\" \/>\n<meta property=\"og:availability\" content=\"out of stock\" \/>\n<meta property=\"product:availability\" content=\"out of stock\" \/>\n<meta property=\"product:retailer_item_id\" content=\"087614170640\" \/>\n<meta property=\"product:condition\" content=\"new\" \/>\n<!-- \/ Yoast SEO plugin. -->","yoast_head_json":{"title":"Super DPA Fish Oil \u2013 Swanson | ecosupplements.ch","description":"Omega-3-Fisch\u00f6l mit 450 mg DHA und 85 mg DPA pro Softgel \u2013 f\u00fcr Gehirn, Sehkraft und Herz. 60 Softgels von Swanson. Jetzt bestellen.","robots":{"index":"index","follow":"follow","max-snippet":"max-snippet:-1","max-image-preview":"max-image-preview:large","max-video-preview":"max-video-preview:-1"},"canonical":"https:\/\/ecosupplements.ch\/?product=super-dpa-fish-oil-60-softgels","og_locale":"de_DE","og_type":"article","og_title":"Super DPA Fish Oil \u2013 Swanson | ecosupplements.ch","og_description":"Omega-3-Fisch\u00f6l mit 450 mg DHA und 85 mg DPA pro Softgel \u2013 f\u00fcr Gehirn, Sehkraft und Herz. 60 Softgels von Swanson. Jetzt bestellen.","og_url":"https:\/\/ecosupplements.ch\/?product=super-dpa-fish-oil-60-softgels","og_site_name":"Eco Supplements","article_modified_time":"2026-05-13T07:24:11+00:00","og_image":[{"width":1200,"height":1200,"url":"https:\/\/ecosupplements.ch\/wp-content\/uploads\/2026\/05\/Super-DPA-Fish-Oil-60-softgels.jpg","type":"image\/jpeg"}],"twitter_card":"summary_large_image","twitter_misc":{"Price":"&#67;&#72;&#70;&nbsp;20.72","Availability":"Out of stock"},"schema":{"@context":"https:\/\/schema.org","@graph":[{"@type":"WebPage","@id":"https:\/\/ecosupplements.ch\/?product=super-dpa-fish-oil-60-softgels","url":"https:\/\/ecosupplements.ch\/?product=super-dpa-fish-oil-60-softgels","name":"Super DPA Fish Oil \u2013 Swanson | ecosupplements.ch","isPartOf":{"@id":"https:\/\/ecosupplements.ch\/#website"},"primaryImageOfPage":{"@id":"https:\/\/ecosupplements.ch\/?product=super-dpa-fish-oil-60-softgels#primaryimage"},"image":{"@id":"https:\/\/ecosupplements.ch\/?product=super-dpa-fish-oil-60-softgels#primaryimage"},"thumbnailUrl":"https:\/\/ecosupplements.ch\/wp-content\/uploads\/2026\/05\/Super-DPA-Fish-Oil-60-softgels.jpg","datePublished":"2026-05-11T14:26:49+00:00","dateModified":"2026-05-13T07:24:11+00:00","description":"Omega-3-Fisch\u00f6l mit 450 mg DHA und 85 mg DPA pro Softgel \u2013 f\u00fcr Gehirn, Sehkraft und Herz. 60 Softgels von Swanson. Jetzt bestellen.","breadcrumb":{"@id":"https:\/\/ecosupplements.ch\/?product=super-dpa-fish-oil-60-softgels#breadcrumb"},"inLanguage":"de-CH","potentialAction":[{"@type":"ReadAction","target":["https:\/\/ecosupplements.ch\/?product=super-dpa-fish-oil-60-softgels"]}]},{"@type":"ImageObject","inLanguage":"de-CH","@id":"https:\/\/ecosupplements.ch\/?product=super-dpa-fish-oil-60-softgels#primaryimage","url":"https:\/\/ecosupplements.ch\/wp-content\/uploads\/2026\/05\/Super-DPA-Fish-Oil-60-softgels.jpg","contentUrl":"https:\/\/ecosupplements.ch\/wp-content\/uploads\/2026\/05\/Super-DPA-Fish-Oil-60-softgels.jpg","width":1200,"height":1200,"caption":"Super DPA Fish Oil - 60 softgels"},{"@type":"BreadcrumbList","@id":"https:\/\/ecosupplements.ch\/?product=super-dpa-fish-oil-60-softgels#breadcrumb","itemListElement":[{"@type":"ListItem","position":1,"name":"Home","item":"https:\/\/ecosupplements.ch\/"},{"@type":"ListItem","position":2,"name":"Shop","item":"https:\/\/ecosupplements.ch\/?page_id=14"},{"@type":"ListItem","position":3,"name":"Super DPA Fish Oil &#8211; 60 softgels"}]},{"@type":"WebSite","@id":"https:\/\/ecosupplements.ch\/#website","url":"https:\/\/ecosupplements.ch\/","name":"Eco Supplements","description":"","potentialAction":[{"@type":"SearchAction","target":{"@type":"EntryPoint","urlTemplate":"https:\/\/ecosupplements.ch\/?s={search_term_string}"},"query-input":{"@type":"PropertyValueSpecification","valueRequired":true,"valueName":"search_term_string"}}],"inLanguage":"de-CH"}]},"product_price_amount":"20.72","product_price_currency":"CHF","og_availability":"out of stock","product_availability":"out of stock","product_retailer_item_id":"087614170640","product_condition":"new"},"_links":{"self":[{"href":"https:\/\/ecosupplements.ch\/index.php?rest_route=\/wp\/v2\/product\/1065","targetHints":{"allow":["GET"]}}],"collection":[{"href":"https:\/\/ecosupplements.ch\/index.php?rest_route=\/wp\/v2\/product"}],"about":[{"href":"https:\/\/ecosupplements.ch\/index.php?rest_route=\/wp\/v2\/types\/product"}],"replies":[{"embeddable":true,"href":"https:\/\/ecosupplements.ch\/index.php?rest_route=%2Fwp%2Fv2%2Fcomments&post=1065"}],"wp:featuredmedia":[{"embeddable":true,"href":"https:\/\/ecosupplements.ch\/index.php?rest_route=\/wp\/v2\/media\/1066"}],"wp:attachment":[{"href":"https:\/\/ecosupplements.ch\/index.php?rest_route=%2Fwp%2Fv2%2Fmedia&parent=1065"}],"wp:term":[{"taxonomy":"product_brand","embeddable":true,"href":"https:\/\/ecosupplements.ch\/index.php?rest_route=%2Fwp%2Fv2%2Fproduct_brand&post=1065"},{"taxonomy":"product_cat","embeddable":true,"href":"https:\/\/ecosupplements.ch\/index.php?rest_route=%2Fwp%2Fv2%2Fproduct_cat&post=1065"},{"taxonomy":"product_tag","embeddable":true,"href":"https:\/\/ecosupplements.ch\/index.php?rest_route=%2Fwp%2Fv2%2Fproduct_tag&post=1065"}],"curies":[{"name":"wp","href":"https:\/\/api.w.org\/{rel}","templated":true}]}}