{"id":1173,"date":"2026-05-11T14:27:32","date_gmt":"2026-05-11T14:27:32","guid":{"rendered":"https:\/\/ecosupplements.ch\/?product=dr-formulated-probiotics-prostate-60-vcaps"},"modified":"2026-05-13T07:25:13","modified_gmt":"2026-05-13T07:25:13","slug":"dr-formulated-probiotics-prostate-60-vcaps","status":"publish","type":"product","link":"https:\/\/ecosupplements.ch\/?product=dr-formulated-probiotics-prostate-60-vcaps","title":{"rendered":"Dr. Formulated Probiotics Prostate+ &#8211; 60 vcaps"},"content":{"rendered":"<div class=\"chcg-product-description\">\n<h2 class=\"chcg-heading\">\u00dcber Garden of Life \u2013 Dr. Formulated Probiotics Prostate+ \u2013 60 Kapseln<\/h2>\n<div class=\"chcg-intro\">\n<p>Dr. Formulated Probiotics Prostate+ von Garden of Life ist eine speziell f\u00fcr M\u00e4nner entwickelte Probiotika-Formel, die 50 Milliarden KBE (koloniebildende Einheiten) aus 15 sorgf\u00e4ltig ausgew\u00e4hlten Lactobacillus- und Bifidobacterium-St\u00e4mmen enth\u00e4lt. Diese Kombination unterst\u00fctzt eine ausgewogene Darmflora und tr\u00e4gt zur normalen Funktion des Verdauungssystems bei.<\/p>\n<p>Erg\u00e4nzt wird die Formel durch 500 mg Organic Flowens\u00ae Ganzkranbeere (Frucht) sowie eine organische Pr\u00e4biotika-Fasermischung aus Kartoffelst\u00e4rke (Resistente St\u00e4rke) und Akazienfaser \u2013 beides nat\u00fcrliche Quellen, die als N\u00e4hrboden f\u00fcr die probiotischen Kulturen dienen und das mikrobielle Gleichgewicht im Darm unterst\u00fctzen. Zus\u00e4tzlich enth\u00e4lt jede Tagesportion 25 \u00b5g (1&#8217;000 IU) Vitamin D3, das zur normalen Funktion des Immunsystems beitr\u00e4gt.<\/p>\n<p>Die Kapseln sind lagerstabil und ben\u00f6tigen keine K\u00fchlung \u2013 ideal f\u00fcr den Alltag. Die vegetarische H\u00fclle aus pflanzlicher Zellulose ist frei von gentechnisch ver\u00e4nderten Organismen und enth\u00e4lt keine k\u00fcnstlichen Zusatzstoffe.<\/p>\n<\/p><\/div>\n<div class=\"chcg-nutrition\">\n<h3>N\u00e4hrwertangaben<\/h3>\n<table class=\"chcg-nutrition-table\">\n<thead>\n<tr>\n<th>N\u00e4hrstoff<\/th>\n<th>Pro Portion (2 Kapseln)<\/th>\n<\/tr>\n<\/thead>\n<tbody>\n<tr>\n<td>Vitamin D (als D3)<\/td>\n<td>25 \u00b5g (1&#8217;000 IU) (500% NRV)<\/td>\n<\/tr>\n<tr>\n<td>Men&#8217;s Probiotic Blend<\/td>\n<td>164 mg<\/td>\n<\/tr>\n<tr>\n<td>\u2013 Lactobacillus plantarum, Lactobacillus acidophilus, Lactobacillus rhamnosus, Lactobacillus casei, Lactobacillus gasseri, Lactobacillus brevis, Lactobacillus bulgaricus, Lactobacillus paracasei, Lactobacillus salivarius<\/td>\n<td>40 Milliarden KBE<\/td>\n<\/tr>\n<tr>\n<td>\u2013 Bifidobacterium lactis, Bifidobacterium animalis subsp. lactis, Bifidobacterium bifidum, Bifidobacterium breve, Bifidobacterium infantis, Bifidobacterium longum<\/td>\n<td>10 Milliarden KBE<\/td>\n<\/tr>\n<tr>\n<td>\u2013 Probiotische Kulturen gesamt<\/td>\n<td>50 Milliarden KBE<\/td>\n<\/tr>\n<tr>\n<td>Organic Flowens\u00ae Ganzkranbeere (Frucht)<\/td>\n<td>500 mg *<\/td>\n<\/tr>\n<tr>\n<td>Organische Pr\u00e4biotika-Fasermischung<\/td>\n<td>440 mg *<\/td>\n<\/tr>\n<tr>\n<td>\u2013 Organische Kartoffel [Resistente St\u00e4rke] (Knolle)<\/td>\n<td><\/td>\n<\/tr>\n<tr>\n<td>\u2013 Organische Akazienfaser (A. senegal)<\/td>\n<td><\/td>\n<\/tr>\n<\/tbody>\n<\/table>\n<p class=\"chcg-footnote\">* Kein festgelegter Tagesbedarf (NRV).<\/p>\n<\/p><\/div>\n<div class=\"chcg-ingredients\">\n<h3>Zutaten<\/h3>\n<p>Vitamin D (als D3) aus einer Kultur von S. cerevisiae; Men&#8217;s Probiotic Blend: Lactobacillus plantarum, Lactobacillus acidophilus, Lactobacillus rhamnosus, Lactobacillus casei, Lactobacillus gasseri, Lactobacillus brevis, Lactobacillus bulgaricus, Lactobacillus paracasei, Lactobacillus salivarius, Bifidobacterium lactis, Bifidobacterium animalis subsp. lactis, Bifidobacterium bifidum, Bifidobacterium breve, Bifidobacterium infantis, Bifidobacterium longum; Organic Flowens\u00ae Ganzkranbeere (Frucht); Organische Pr\u00e4biotika-Fasermischung: Organische Kartoffel [Resistente St\u00e4rke] (Knolle), Organische Akazienfaser (A. senegal).<\/p>\n<p class=\"chcg-capsule-shell\">Kapselh\u00fclle: Nicht-GVO pflanzliche Zellulose.<\/p>\n<\/p><\/div>\n<div class=\"chcg-dosage\">\n<h3>Verzehrempfehlung<\/h3>\n<p>Erwachsene nehmen t\u00e4glich 2 Kapseln. Kann mit oder ohne Mahlzeit eingenommen werden. Die Kapseln k\u00f6nnen ge\u00f6ffnet werden; der Inhalt kann direkt mit Wasser oder unverarbeitetem Fruchtsaft eingenommen werden. Nicht f\u00fcr Kinder bestimmt.<\/p>\n<\/p><\/div>\n<div class=\"chcg-warnings\">\n<h3>Warnhinweise<\/h3>\n<p>Wie bei jedem Nahrungserg\u00e4nzungsmittel sollten Sie vor der Anwendung dieses Produkts Ihre \u00c4rztin oder Ihren Arzt konsultieren, insbesondere wenn Sie schwanger sind, stillen, das Produkt Kindern verabreichen, einen chirurgischen Eingriff planen, regelm\u00e4ssig Medikamente einnehmen oder anderweitig unter medizinischer Aufsicht stehen. Ausserhalb der Reichweite von Kindern aufbewahren. Nicht verwenden, wenn das Sicherheitssiegel besch\u00e4digt oder nicht vorhanden ist. Enth\u00e4lt keine Tr\u00e4gerstoffe, F\u00fcllstoffe, k\u00fcnstliche Farb-, Aroma- oder S\u00fcssungsmittel und keine Konservierungsstoffe.<\/p>\n<\/p><\/div>\n<div class=\"chcg-allergens\">\n<h3>Allergeninformationen<\/h3>\n<p>Hergestellt ohne Milch- oder Sojabestandteile, Erdn\u00fcsse, Baumn\u00fcsse oder Schalentiere. Hergestellt in einem Betrieb, der auch Soja, Milch, Erdn\u00fcsse, Baumn\u00fcsse und Schalentiere verarbeitet. Glutenfrei. Keine k\u00fcnstlichen Farbstoffe oder Konservierungsstoffe.<\/p>\n<\/p><\/div>\n<div class=\"chcg-storage\">\n<h3>Lagerung<\/h3>\n<p>An einem k\u00fchlen, trockenen Ort lagern. Lagerstabil \u2013 keine K\u00fchlung erforderlich. Beste Qualit\u00e4t bei K\u00fchlung nach Erhalt.<\/p>\n<\/p><\/div>\n<div class=\"chcg-dietary\">\n<h3>Ern\u00e4hrungshinweise<\/h3>\n<ul>\n<li>Vegetarisch<\/li>\n<li>Glutenfrei<\/li>\n<li>Laktosefrei<\/li>\n<\/ul><\/div>\n<\/div>\n","protected":false},"excerpt":{"rendered":"<p>Dr. Formulated Probiotics Prostate+ von Garden of Life liefert 50 Milliarden KBE aus 15 Probiotika-St\u00e4mmen, kombiniert mit Vitamin D3 und Organic Flowens\u00ae Kranbeere. 60 vegetarische Kapseln (30 Portionen), lagerstabil und glutenfrei.<\/p>\n","protected":false},"featured_media":1174,"comment_status":"closed","ping_status":"open","template":"","meta":[],"product_brand":[183],"product_cat":[48,25,169,104],"product_tag":[],"class_list":{"0":"post-1173","1":"product","2":"type-product","3":"status-publish","4":"has-post-thumbnail","6":"product_brand-garden-of-life","7":"product_cat-gesunde-ernaehrung","8":"product_cat-gesundheit-und-wohlbefinden","9":"product_cat-nordische-vitalitaet","10":"product_cat-probiotika","12":"first","13":"outofstock","14":"taxable","15":"shipping-taxable","16":"purchasable","17":"product-type-simple"},"yoast_head":"<!-- This site is optimized with the Yoast SEO plugin v27.5 - https:\/\/yoast.com\/product\/yoast-seo-wordpress\/ -->\n<title>Dr. Formulated Probiotics Prostate+ \u2013 Garden of Life | ecosupplements.ch<\/title>\n<meta name=\"description\" content=\"50 Milliarden KBE Probiotika mit Vitamin D3 und Cranberry f\u00fcr M\u00e4nner \u2013 60 vegetarische Kapseln, glutenfrei und lagerstabil. Jetzt bestellen.\" \/>\n<meta name=\"robots\" content=\"index, follow, max-snippet:-1, max-image-preview:large, max-video-preview:-1\" \/>\n<link rel=\"canonical\" href=\"https:\/\/ecosupplements.ch\/?product=dr-formulated-probiotics-prostate-60-vcaps\" \/>\n<meta property=\"og:locale\" content=\"de_DE\" \/>\n<meta property=\"og:type\" content=\"article\" \/>\n<meta property=\"og:title\" content=\"Dr. Formulated Probiotics Prostate+ \u2013 Garden of Life | ecosupplements.ch\" \/>\n<meta property=\"og:description\" content=\"50 Milliarden KBE Probiotika mit Vitamin D3 und Cranberry f\u00fcr M\u00e4nner \u2013 60 vegetarische Kapseln, glutenfrei und lagerstabil. Jetzt bestellen.\" \/>\n<meta property=\"og:url\" content=\"https:\/\/ecosupplements.ch\/?product=dr-formulated-probiotics-prostate-60-vcaps\" \/>\n<meta property=\"og:site_name\" content=\"Eco Supplements\" \/>\n<meta property=\"article:modified_time\" content=\"2026-05-13T07:25:13+00:00\" \/>\n<meta property=\"og:image\" content=\"https:\/\/ecosupplements.ch\/wp-content\/uploads\/2026\/05\/Dr.-Formulated-Probiotics-Prostate-60-vcaps.jpg\" \/>\n\t<meta property=\"og:image:width\" content=\"640\" \/>\n\t<meta property=\"og:image:height\" content=\"630\" \/>\n\t<meta property=\"og:image:type\" content=\"image\/jpeg\" \/>\n<meta name=\"twitter:card\" content=\"summary_large_image\" \/>\n<meta name=\"twitter:label1\" content=\"Price\" \/>\n\t<meta name=\"twitter:data1\" content=\"&#067;&#072;&#070;&nbsp;47.76\" \/>\n\t<meta name=\"twitter:label2\" content=\"Availability\" \/>\n\t<meta name=\"twitter:data2\" content=\"Out of stock\" \/>\n<script type=\"application\/ld+json\" class=\"yoast-schema-graph\">{\"@context\":\"https:\\\/\\\/schema.org\",\"@graph\":[{\"@type\":\"WebPage\",\"@id\":\"https:\\\/\\\/ecosupplements.ch\\\/?product=dr-formulated-probiotics-prostate-60-vcaps\",\"url\":\"https:\\\/\\\/ecosupplements.ch\\\/?product=dr-formulated-probiotics-prostate-60-vcaps\",\"name\":\"Dr. Formulated Probiotics Prostate+ \u2013 Garden of Life | ecosupplements.ch\",\"isPartOf\":{\"@id\":\"https:\\\/\\\/ecosupplements.ch\\\/#website\"},\"primaryImageOfPage\":{\"@id\":\"https:\\\/\\\/ecosupplements.ch\\\/?product=dr-formulated-probiotics-prostate-60-vcaps#primaryimage\"},\"image\":{\"@id\":\"https:\\\/\\\/ecosupplements.ch\\\/?product=dr-formulated-probiotics-prostate-60-vcaps#primaryimage\"},\"thumbnailUrl\":\"https:\\\/\\\/ecosupplements.ch\\\/wp-content\\\/uploads\\\/2026\\\/05\\\/Dr.-Formulated-Probiotics-Prostate-60-vcaps.jpg\",\"datePublished\":\"2026-05-11T14:27:32+00:00\",\"dateModified\":\"2026-05-13T07:25:13+00:00\",\"description\":\"50 Milliarden KBE Probiotika mit Vitamin D3 und Cranberry f\u00fcr M\u00e4nner \u2013 60 vegetarische Kapseln, glutenfrei und lagerstabil. Jetzt bestellen.\",\"breadcrumb\":{\"@id\":\"https:\\\/\\\/ecosupplements.ch\\\/?product=dr-formulated-probiotics-prostate-60-vcaps#breadcrumb\"},\"inLanguage\":\"de-CH\",\"potentialAction\":[{\"@type\":\"ReadAction\",\"target\":[\"https:\\\/\\\/ecosupplements.ch\\\/?product=dr-formulated-probiotics-prostate-60-vcaps\"]}]},{\"@type\":\"ImageObject\",\"inLanguage\":\"de-CH\",\"@id\":\"https:\\\/\\\/ecosupplements.ch\\\/?product=dr-formulated-probiotics-prostate-60-vcaps#primaryimage\",\"url\":\"https:\\\/\\\/ecosupplements.ch\\\/wp-content\\\/uploads\\\/2026\\\/05\\\/Dr.-Formulated-Probiotics-Prostate-60-vcaps.jpg\",\"contentUrl\":\"https:\\\/\\\/ecosupplements.ch\\\/wp-content\\\/uploads\\\/2026\\\/05\\\/Dr.-Formulated-Probiotics-Prostate-60-vcaps.jpg\",\"width\":640,\"height\":630,\"caption\":\"Dr. Formulated Probiotics Prostate+ - 60 vcaps\"},{\"@type\":\"BreadcrumbList\",\"@id\":\"https:\\\/\\\/ecosupplements.ch\\\/?product=dr-formulated-probiotics-prostate-60-vcaps#breadcrumb\",\"itemListElement\":[{\"@type\":\"ListItem\",\"position\":1,\"name\":\"Home\",\"item\":\"https:\\\/\\\/ecosupplements.ch\\\/\"},{\"@type\":\"ListItem\",\"position\":2,\"name\":\"Shop\",\"item\":\"https:\\\/\\\/ecosupplements.ch\\\/?page_id=14\"},{\"@type\":\"ListItem\",\"position\":3,\"name\":\"Dr. Formulated Probiotics Prostate+ &#8211; 60 vcaps\"}]},{\"@type\":\"WebSite\",\"@id\":\"https:\\\/\\\/ecosupplements.ch\\\/#website\",\"url\":\"https:\\\/\\\/ecosupplements.ch\\\/\",\"name\":\"Eco Supplements\",\"description\":\"\",\"potentialAction\":[{\"@type\":\"SearchAction\",\"target\":{\"@type\":\"EntryPoint\",\"urlTemplate\":\"https:\\\/\\\/ecosupplements.ch\\\/?s={search_term_string}\"},\"query-input\":{\"@type\":\"PropertyValueSpecification\",\"valueRequired\":true,\"valueName\":\"search_term_string\"}}],\"inLanguage\":\"de-CH\"}]}<\/script>\n<meta property=\"product:price:amount\" content=\"47.76\" \/>\n<meta property=\"product:price:currency\" content=\"CHF\" \/>\n<meta property=\"og:availability\" content=\"out of stock\" \/>\n<meta property=\"product:availability\" content=\"out of stock\" \/>\n<meta property=\"product:retailer_item_id\" content=\"658010120050\" \/>\n<meta property=\"product:condition\" content=\"new\" \/>\n<!-- \/ Yoast SEO plugin. -->","yoast_head_json":{"title":"Dr. Formulated Probiotics Prostate+ \u2013 Garden of Life | ecosupplements.ch","description":"50 Milliarden KBE Probiotika mit Vitamin D3 und Cranberry f\u00fcr M\u00e4nner \u2013 60 vegetarische Kapseln, glutenfrei und lagerstabil. Jetzt bestellen.","robots":{"index":"index","follow":"follow","max-snippet":"max-snippet:-1","max-image-preview":"max-image-preview:large","max-video-preview":"max-video-preview:-1"},"canonical":"https:\/\/ecosupplements.ch\/?product=dr-formulated-probiotics-prostate-60-vcaps","og_locale":"de_DE","og_type":"article","og_title":"Dr. Formulated Probiotics Prostate+ \u2013 Garden of Life | ecosupplements.ch","og_description":"50 Milliarden KBE Probiotika mit Vitamin D3 und Cranberry f\u00fcr M\u00e4nner \u2013 60 vegetarische Kapseln, glutenfrei und lagerstabil. Jetzt bestellen.","og_url":"https:\/\/ecosupplements.ch\/?product=dr-formulated-probiotics-prostate-60-vcaps","og_site_name":"Eco Supplements","article_modified_time":"2026-05-13T07:25:13+00:00","og_image":[{"width":640,"height":630,"url":"https:\/\/ecosupplements.ch\/wp-content\/uploads\/2026\/05\/Dr.-Formulated-Probiotics-Prostate-60-vcaps.jpg","type":"image\/jpeg"}],"twitter_card":"summary_large_image","twitter_misc":{"Price":"&#67;&#72;&#70;&nbsp;47.76","Availability":"Out of stock"},"schema":{"@context":"https:\/\/schema.org","@graph":[{"@type":"WebPage","@id":"https:\/\/ecosupplements.ch\/?product=dr-formulated-probiotics-prostate-60-vcaps","url":"https:\/\/ecosupplements.ch\/?product=dr-formulated-probiotics-prostate-60-vcaps","name":"Dr. Formulated Probiotics Prostate+ \u2013 Garden of Life | ecosupplements.ch","isPartOf":{"@id":"https:\/\/ecosupplements.ch\/#website"},"primaryImageOfPage":{"@id":"https:\/\/ecosupplements.ch\/?product=dr-formulated-probiotics-prostate-60-vcaps#primaryimage"},"image":{"@id":"https:\/\/ecosupplements.ch\/?product=dr-formulated-probiotics-prostate-60-vcaps#primaryimage"},"thumbnailUrl":"https:\/\/ecosupplements.ch\/wp-content\/uploads\/2026\/05\/Dr.-Formulated-Probiotics-Prostate-60-vcaps.jpg","datePublished":"2026-05-11T14:27:32+00:00","dateModified":"2026-05-13T07:25:13+00:00","description":"50 Milliarden KBE Probiotika mit Vitamin D3 und Cranberry f\u00fcr M\u00e4nner \u2013 60 vegetarische Kapseln, glutenfrei und lagerstabil. Jetzt bestellen.","breadcrumb":{"@id":"https:\/\/ecosupplements.ch\/?product=dr-formulated-probiotics-prostate-60-vcaps#breadcrumb"},"inLanguage":"de-CH","potentialAction":[{"@type":"ReadAction","target":["https:\/\/ecosupplements.ch\/?product=dr-formulated-probiotics-prostate-60-vcaps"]}]},{"@type":"ImageObject","inLanguage":"de-CH","@id":"https:\/\/ecosupplements.ch\/?product=dr-formulated-probiotics-prostate-60-vcaps#primaryimage","url":"https:\/\/ecosupplements.ch\/wp-content\/uploads\/2026\/05\/Dr.-Formulated-Probiotics-Prostate-60-vcaps.jpg","contentUrl":"https:\/\/ecosupplements.ch\/wp-content\/uploads\/2026\/05\/Dr.-Formulated-Probiotics-Prostate-60-vcaps.jpg","width":640,"height":630,"caption":"Dr. Formulated Probiotics Prostate+ - 60 vcaps"},{"@type":"BreadcrumbList","@id":"https:\/\/ecosupplements.ch\/?product=dr-formulated-probiotics-prostate-60-vcaps#breadcrumb","itemListElement":[{"@type":"ListItem","position":1,"name":"Home","item":"https:\/\/ecosupplements.ch\/"},{"@type":"ListItem","position":2,"name":"Shop","item":"https:\/\/ecosupplements.ch\/?page_id=14"},{"@type":"ListItem","position":3,"name":"Dr. Formulated Probiotics Prostate+ &#8211; 60 vcaps"}]},{"@type":"WebSite","@id":"https:\/\/ecosupplements.ch\/#website","url":"https:\/\/ecosupplements.ch\/","name":"Eco Supplements","description":"","potentialAction":[{"@type":"SearchAction","target":{"@type":"EntryPoint","urlTemplate":"https:\/\/ecosupplements.ch\/?s={search_term_string}"},"query-input":{"@type":"PropertyValueSpecification","valueRequired":true,"valueName":"search_term_string"}}],"inLanguage":"de-CH"}]},"product_price_amount":"47.76","product_price_currency":"CHF","og_availability":"out of stock","product_availability":"out of stock","product_retailer_item_id":"658010120050","product_condition":"new"},"_links":{"self":[{"href":"https:\/\/ecosupplements.ch\/index.php?rest_route=\/wp\/v2\/product\/1173","targetHints":{"allow":["GET"]}}],"collection":[{"href":"https:\/\/ecosupplements.ch\/index.php?rest_route=\/wp\/v2\/product"}],"about":[{"href":"https:\/\/ecosupplements.ch\/index.php?rest_route=\/wp\/v2\/types\/product"}],"replies":[{"embeddable":true,"href":"https:\/\/ecosupplements.ch\/index.php?rest_route=%2Fwp%2Fv2%2Fcomments&post=1173"}],"wp:featuredmedia":[{"embeddable":true,"href":"https:\/\/ecosupplements.ch\/index.php?rest_route=\/wp\/v2\/media\/1174"}],"wp:attachment":[{"href":"https:\/\/ecosupplements.ch\/index.php?rest_route=%2Fwp%2Fv2%2Fmedia&parent=1173"}],"wp:term":[{"taxonomy":"product_brand","embeddable":true,"href":"https:\/\/ecosupplements.ch\/index.php?rest_route=%2Fwp%2Fv2%2Fproduct_brand&post=1173"},{"taxonomy":"product_cat","embeddable":true,"href":"https:\/\/ecosupplements.ch\/index.php?rest_route=%2Fwp%2Fv2%2Fproduct_cat&post=1173"},{"taxonomy":"product_tag","embeddable":true,"href":"https:\/\/ecosupplements.ch\/index.php?rest_route=%2Fwp%2Fv2%2Fproduct_tag&post=1173"}],"curies":[{"name":"wp","href":"https:\/\/api.w.org\/{rel}","templated":true}]}}