{"id":1237,"date":"2026-05-11T14:27:54","date_gmt":"2026-05-11T14:27:54","guid":{"rendered":"https:\/\/ecosupplements.ch\/?product=marine-collagen-beauty-blend-200g"},"modified":"2026-05-13T07:24:43","modified_gmt":"2026-05-13T07:24:43","slug":"marine-collagen-beauty-blend-200g","status":"publish","type":"product","link":"https:\/\/ecosupplements.ch\/?product=marine-collagen-beauty-blend-200g","title":{"rendered":"Marine Collagen Beauty Blend &#8211; 200g"},"content":{"rendered":"<div class=\"chcg-product-description\">\n<h2 class=\"chcg-heading\">\u00dcber KIKI Health \u2013 Marine Collagen Beauty Blend \u2013 200g<\/h2>\n<div class=\"chcg-intro\">\n<p>Der Marine Collagen Beauty Blend von KIKI Health vereint hochwertiges hydrolysiertes Marines Kollagen (aus Fisch) mit biologischem Acai-Pulver, biologischem Camu-Camu-Pulver und Hyalurons\u00e4ure \u2013 sorgf\u00e4ltig ausgew\u00e4hlt f\u00fcr eine hochwertige Nahrungserg\u00e4nzung, die sich ideal in einen gesundheitsbewussten Lebensstil integrieren l\u00e4sst.<\/p>\n<p>Das marine Kollagen wird aus nachhaltig gewonnenen Fischarten wie Kabeljau, Alaska-Seelachs, K\u00f6hler, Schellfisch und Scholle gewonnen und liegt in hydrolysierter Form vor, was eine besonders gute L\u00f6slichkeit und Vertr\u00e4glichkeit gew\u00e4hrleistet. Die Kombination mit n\u00e4hrstoffreichen Superfoods wie Acai und Camu Camu macht diesen Beauty Blend zu einer besonderen Erg\u00e4nzung im Sortiment von KIKI Health.<\/p>\n<p>Mit 150 Vegikapseln pro Packung und einer empfohlenen Tagesportion von 2\u20134 Kapseln bietet dieses Produkt Flexibilit\u00e4t f\u00fcr individuelle Bed\u00fcrfnisse. Die Kapselh\u00fclle besteht aus Hypromellose und ist somit f\u00fcr Vegetarier geeignet.<\/p>\n<\/p><\/div>\n<div class=\"chcg-nutrition\">\n<h3>N\u00e4hrwertangaben<\/h3>\n<table class=\"chcg-nutrition-table\">\n<thead>\n<tr>\n<th>N\u00e4hrstoff<\/th>\n<th>Pro 100 g<\/th>\n<th>Pro Portion (2 Kapseln \/ 1160 mg)<\/th>\n<\/tr>\n<\/thead>\n<tbody>\n<tr>\n<td>Energie<\/td>\n<td>1707 kJ \/ 403 kcal<\/td>\n<td>9,9 kJ \/ 2,34 kcal<\/td>\n<\/tr>\n<tr>\n<td>Fett<\/td>\n<td>5 g<\/td>\n<td>0 g<\/td>\n<\/tr>\n<tr>\n<td>\u2013 davon ges\u00e4ttigte Fetts\u00e4uren<\/td>\n<td>1,2 g<\/td>\n<td>0 g<\/td>\n<\/tr>\n<tr>\n<td>Kohlenhydrate<\/td>\n<td>4,4 g<\/td>\n<td>0,6 g<\/td>\n<\/tr>\n<tr>\n<td>\u2013 davon Zucker<\/td>\n<td>0 g<\/td>\n<td>0 g<\/td>\n<\/tr>\n<tr>\n<td>Ballaststoffe<\/td>\n<td>0 g<\/td>\n<td>0 g<\/td>\n<\/tr>\n<tr>\n<td>Eiweiss<\/td>\n<td>85 g<\/td>\n<td>0,5 g<\/td>\n<\/tr>\n<tr>\n<td>Salz<\/td>\n<td>0 g<\/td>\n<td>0 g<\/td>\n<\/tr>\n<tr>\n<td>Kollagen<\/td>\n<td>75 g<\/td>\n<td>870 mg<\/td>\n<\/tr>\n<\/tbody>\n<\/table>\n<p class=\"chcg-footnote\">* Referenzmengen f\u00fcr einen durchschnittlichen Erwachsenen (8400 kJ \/ 2000 kcal). Portionsgr\u00f6sse: 2 Kapseln (1160 mg). Portionen pro Packung: 75.<\/p>\n<\/p><\/div>\n<div class=\"chcg-ingredients\">\n<h3>Zutaten<\/h3>\n<p>Hydrolysiertes Marines Kollagen (<strong>Fisch<\/strong>), Biologisches Acai-Pulver, Biologisches Camu-Camu-Pulver, Hyalurons\u00e4ure.<\/p>\n<p class=\"chcg-capsule-shell\">Kapselh\u00fclle: Hypromellose.<\/p>\n<\/p><\/div>\n<div class=\"chcg-dosage\">\n<h3>Verzehrempfehlung<\/h3>\n<p>Erwachsene nehmen t\u00e4glich 2\u20134 Kapseln ein- oder zweimal t\u00e4glich, entsprechend den pers\u00f6nlichen Bed\u00fcrfnissen und dem individuellen Lebensstil. Vor oder nach den Mahlzeiten mit Wasser einnehmen. Es k\u00f6nnen bis zu 15 Kapseln pro Tag eingenommen werden. Portionsgr\u00f6sse: 2 Kapseln (1160 mg). Portionen pro Packung: 75.<\/p>\n<\/p><\/div>\n<div class=\"chcg-warnings\">\n<h3>Warnhinweise<\/h3>\n<p>Dieses Produkt wurde in einem Betrieb hergestellt, in dem auch Krustentiere und Erzeugnisse daraus sowie Weichtiere und Erzeugnisse daraus verarbeitet werden. Nahrungserg\u00e4nzungsmittel sollten nicht als Ersatz f\u00fcr eine abwechslungsreiche Ern\u00e4hrung verwendet werden. Ausserhalb der Reichweite von Kindern aufbewahren. Die empfohlene Tagesdosis nicht \u00fcberschreiten.<\/p>\n<\/p><\/div>\n<div class=\"chcg-allergens\">\n<h3>Allergeninformationen<\/h3>\n<p>Enth\u00e4lt: <strong>Fisch<\/strong> (siehe fettgedruckte Zutat). Kann enthalten: Krustentiere und Erzeugnisse daraus, Weichtiere und Erzeugnisse daraus. Haupts\u00e4chlich verwendete Fischarten: Kabeljau (<em>Gadus morhua<\/em>), Alaska-Seelachs (<em>Theraga chalcogramma<\/em>), K\u00f6hler (<em>Pollachius virens<\/em>), Schellfisch (<em>Melanogrammus aeglefinus<\/em>), Scholle (<em>Pleuronectes platessa<\/em>).<\/p>\n<\/p><\/div>\n<div class=\"chcg-storage\">\n<h3>Lagerung<\/h3>\n<p>An einem k\u00fchlen, trockenen Ort, vor direkter Sonneneinstrahlung gesch\u00fctzt, aufbewahren. Eine K\u00fchlung ist nicht erforderlich.<\/p>\n<\/p><\/div>\n<div class=\"chcg-dietary\">\n<h3>Ern\u00e4hrungshinweise<\/h3>\n<ul>\n<li>Vegetarisch<\/li>\n<li>Glutenfrei<\/li>\n<li>Laktosefrei<\/li>\n<\/ul><\/div>\n<\/div>\n","protected":false},"excerpt":{"rendered":"<p>KIKI Health Marine Collagen Beauty Blend liefert 870 mg hydrolysiertes Marines Kollagen pro Portion, kombiniert mit Acai, Camu Camu und Hyalurons\u00e4ure. Erh\u00e4ltlich als vegetarische Vegikapseln, 150 St\u00fcck pro Packung.<\/p>\n","protected":false},"featured_media":1238,"comment_status":"closed","ping_status":"open","template":"","meta":[],"product_brand":[200],"product_cat":[48,103,25,41,80],"product_tag":[],"class_list":{"0":"post-1237","1":"product","2":"type-product","3":"status-publish","4":"has-post-thumbnail","6":"product_brand-kiki-health","7":"product_cat-gesunde-ernaehrung","8":"product_cat-gesunde-haut","9":"product_cat-gesundheit-und-wohlbefinden","10":"product_cat-haare-und-naegel","11":"product_cat-kollagen","13":"first","14":"outofstock","15":"taxable","16":"shipping-taxable","17":"purchasable","18":"product-type-simple"},"yoast_head":"<!-- This site is optimized with the Yoast SEO plugin v27.5 - https:\/\/yoast.com\/product\/yoast-seo-wordpress\/ -->\n<title>Marine Collagen Beauty Blend \u2013 KIKI Health | ecosupplements.ch<\/title>\n<meta name=\"description\" content=\"870 mg Marines Kollagen pro Portion, mit Acai, Camu Camu &amp; Hyalurons\u00e4ure \u2013 150 Vegikapseln von KIKI Health. Jetzt bestellen.\" \/>\n<meta name=\"robots\" content=\"index, follow, max-snippet:-1, max-image-preview:large, max-video-preview:-1\" \/>\n<link rel=\"canonical\" href=\"https:\/\/ecosupplements.ch\/?product=marine-collagen-beauty-blend-200g\" \/>\n<meta property=\"og:locale\" content=\"de_DE\" \/>\n<meta property=\"og:type\" content=\"article\" \/>\n<meta property=\"og:title\" content=\"Marine Collagen Beauty Blend \u2013 KIKI Health | ecosupplements.ch\" \/>\n<meta property=\"og:description\" content=\"870 mg Marines Kollagen pro Portion, mit Acai, Camu Camu &amp; Hyalurons\u00e4ure \u2013 150 Vegikapseln von KIKI Health. Jetzt bestellen.\" \/>\n<meta property=\"og:url\" content=\"https:\/\/ecosupplements.ch\/?product=marine-collagen-beauty-blend-200g\" \/>\n<meta property=\"og:site_name\" content=\"Eco Supplements\" \/>\n<meta property=\"article:modified_time\" content=\"2026-05-13T07:24:43+00:00\" \/>\n<meta property=\"og:image\" content=\"https:\/\/ecosupplements.ch\/wp-content\/uploads\/2026\/05\/Marine-Collagen-Beauty-Blend-200g.jpg\" \/>\n\t<meta property=\"og:image:width\" content=\"539\" \/>\n\t<meta property=\"og:image:height\" content=\"788\" \/>\n\t<meta property=\"og:image:type\" content=\"image\/jpeg\" \/>\n<meta name=\"twitter:card\" content=\"summary_large_image\" \/>\n<meta name=\"twitter:label1\" content=\"Price\" \/>\n\t<meta name=\"twitter:data1\" content=\"&#067;&#072;&#070;&nbsp;44.37\" \/>\n\t<meta name=\"twitter:label2\" content=\"Availability\" \/>\n\t<meta name=\"twitter:data2\" content=\"Out of stock\" \/>\n<script type=\"application\/ld+json\" class=\"yoast-schema-graph\">{\"@context\":\"https:\\\/\\\/schema.org\",\"@graph\":[{\"@type\":\"WebPage\",\"@id\":\"https:\\\/\\\/ecosupplements.ch\\\/?product=marine-collagen-beauty-blend-200g\",\"url\":\"https:\\\/\\\/ecosupplements.ch\\\/?product=marine-collagen-beauty-blend-200g\",\"name\":\"Marine Collagen Beauty Blend \u2013 KIKI Health | ecosupplements.ch\",\"isPartOf\":{\"@id\":\"https:\\\/\\\/ecosupplements.ch\\\/#website\"},\"primaryImageOfPage\":{\"@id\":\"https:\\\/\\\/ecosupplements.ch\\\/?product=marine-collagen-beauty-blend-200g#primaryimage\"},\"image\":{\"@id\":\"https:\\\/\\\/ecosupplements.ch\\\/?product=marine-collagen-beauty-blend-200g#primaryimage\"},\"thumbnailUrl\":\"https:\\\/\\\/ecosupplements.ch\\\/wp-content\\\/uploads\\\/2026\\\/05\\\/Marine-Collagen-Beauty-Blend-200g.jpg\",\"datePublished\":\"2026-05-11T14:27:54+00:00\",\"dateModified\":\"2026-05-13T07:24:43+00:00\",\"description\":\"870 mg Marines Kollagen pro Portion, mit Acai, Camu Camu & Hyalurons\u00e4ure \u2013 150 Vegikapseln von KIKI Health. Jetzt bestellen.\",\"breadcrumb\":{\"@id\":\"https:\\\/\\\/ecosupplements.ch\\\/?product=marine-collagen-beauty-blend-200g#breadcrumb\"},\"inLanguage\":\"de-CH\",\"potentialAction\":[{\"@type\":\"ReadAction\",\"target\":[\"https:\\\/\\\/ecosupplements.ch\\\/?product=marine-collagen-beauty-blend-200g\"]}]},{\"@type\":\"ImageObject\",\"inLanguage\":\"de-CH\",\"@id\":\"https:\\\/\\\/ecosupplements.ch\\\/?product=marine-collagen-beauty-blend-200g#primaryimage\",\"url\":\"https:\\\/\\\/ecosupplements.ch\\\/wp-content\\\/uploads\\\/2026\\\/05\\\/Marine-Collagen-Beauty-Blend-200g.jpg\",\"contentUrl\":\"https:\\\/\\\/ecosupplements.ch\\\/wp-content\\\/uploads\\\/2026\\\/05\\\/Marine-Collagen-Beauty-Blend-200g.jpg\",\"width\":539,\"height\":788,\"caption\":\"Marine Collagen Beauty Blend - 200g\"},{\"@type\":\"BreadcrumbList\",\"@id\":\"https:\\\/\\\/ecosupplements.ch\\\/?product=marine-collagen-beauty-blend-200g#breadcrumb\",\"itemListElement\":[{\"@type\":\"ListItem\",\"position\":1,\"name\":\"Home\",\"item\":\"https:\\\/\\\/ecosupplements.ch\\\/\"},{\"@type\":\"ListItem\",\"position\":2,\"name\":\"Shop\",\"item\":\"https:\\\/\\\/ecosupplements.ch\\\/?page_id=14\"},{\"@type\":\"ListItem\",\"position\":3,\"name\":\"Marine Collagen Beauty Blend &#8211; 200g\"}]},{\"@type\":\"WebSite\",\"@id\":\"https:\\\/\\\/ecosupplements.ch\\\/#website\",\"url\":\"https:\\\/\\\/ecosupplements.ch\\\/\",\"name\":\"Eco Supplements\",\"description\":\"\",\"potentialAction\":[{\"@type\":\"SearchAction\",\"target\":{\"@type\":\"EntryPoint\",\"urlTemplate\":\"https:\\\/\\\/ecosupplements.ch\\\/?s={search_term_string}\"},\"query-input\":{\"@type\":\"PropertyValueSpecification\",\"valueRequired\":true,\"valueName\":\"search_term_string\"}}],\"inLanguage\":\"de-CH\"}]}<\/script>\n<meta property=\"product:price:amount\" content=\"44.37\" \/>\n<meta property=\"product:price:currency\" content=\"CHF\" \/>\n<meta property=\"og:availability\" content=\"out of stock\" \/>\n<meta property=\"product:availability\" content=\"out of stock\" \/>\n<meta property=\"product:retailer_item_id\" content=\"5060018513164\" \/>\n<meta property=\"product:condition\" content=\"new\" \/>\n<!-- \/ Yoast SEO plugin. -->","yoast_head_json":{"title":"Marine Collagen Beauty Blend \u2013 KIKI Health | ecosupplements.ch","description":"870 mg Marines Kollagen pro Portion, mit Acai, Camu Camu & Hyalurons\u00e4ure \u2013 150 Vegikapseln von KIKI Health. Jetzt bestellen.","robots":{"index":"index","follow":"follow","max-snippet":"max-snippet:-1","max-image-preview":"max-image-preview:large","max-video-preview":"max-video-preview:-1"},"canonical":"https:\/\/ecosupplements.ch\/?product=marine-collagen-beauty-blend-200g","og_locale":"de_DE","og_type":"article","og_title":"Marine Collagen Beauty Blend \u2013 KIKI Health | ecosupplements.ch","og_description":"870 mg Marines Kollagen pro Portion, mit Acai, Camu Camu & Hyalurons\u00e4ure \u2013 150 Vegikapseln von KIKI Health. Jetzt bestellen.","og_url":"https:\/\/ecosupplements.ch\/?product=marine-collagen-beauty-blend-200g","og_site_name":"Eco Supplements","article_modified_time":"2026-05-13T07:24:43+00:00","og_image":[{"width":539,"height":788,"url":"https:\/\/ecosupplements.ch\/wp-content\/uploads\/2026\/05\/Marine-Collagen-Beauty-Blend-200g.jpg","type":"image\/jpeg"}],"twitter_card":"summary_large_image","twitter_misc":{"Price":"&#67;&#72;&#70;&nbsp;44.37","Availability":"Out of stock"},"schema":{"@context":"https:\/\/schema.org","@graph":[{"@type":"WebPage","@id":"https:\/\/ecosupplements.ch\/?product=marine-collagen-beauty-blend-200g","url":"https:\/\/ecosupplements.ch\/?product=marine-collagen-beauty-blend-200g","name":"Marine Collagen Beauty Blend \u2013 KIKI Health | ecosupplements.ch","isPartOf":{"@id":"https:\/\/ecosupplements.ch\/#website"},"primaryImageOfPage":{"@id":"https:\/\/ecosupplements.ch\/?product=marine-collagen-beauty-blend-200g#primaryimage"},"image":{"@id":"https:\/\/ecosupplements.ch\/?product=marine-collagen-beauty-blend-200g#primaryimage"},"thumbnailUrl":"https:\/\/ecosupplements.ch\/wp-content\/uploads\/2026\/05\/Marine-Collagen-Beauty-Blend-200g.jpg","datePublished":"2026-05-11T14:27:54+00:00","dateModified":"2026-05-13T07:24:43+00:00","description":"870 mg Marines Kollagen pro Portion, mit Acai, Camu Camu & Hyalurons\u00e4ure \u2013 150 Vegikapseln von KIKI Health. Jetzt bestellen.","breadcrumb":{"@id":"https:\/\/ecosupplements.ch\/?product=marine-collagen-beauty-blend-200g#breadcrumb"},"inLanguage":"de-CH","potentialAction":[{"@type":"ReadAction","target":["https:\/\/ecosupplements.ch\/?product=marine-collagen-beauty-blend-200g"]}]},{"@type":"ImageObject","inLanguage":"de-CH","@id":"https:\/\/ecosupplements.ch\/?product=marine-collagen-beauty-blend-200g#primaryimage","url":"https:\/\/ecosupplements.ch\/wp-content\/uploads\/2026\/05\/Marine-Collagen-Beauty-Blend-200g.jpg","contentUrl":"https:\/\/ecosupplements.ch\/wp-content\/uploads\/2026\/05\/Marine-Collagen-Beauty-Blend-200g.jpg","width":539,"height":788,"caption":"Marine Collagen Beauty Blend - 200g"},{"@type":"BreadcrumbList","@id":"https:\/\/ecosupplements.ch\/?product=marine-collagen-beauty-blend-200g#breadcrumb","itemListElement":[{"@type":"ListItem","position":1,"name":"Home","item":"https:\/\/ecosupplements.ch\/"},{"@type":"ListItem","position":2,"name":"Shop","item":"https:\/\/ecosupplements.ch\/?page_id=14"},{"@type":"ListItem","position":3,"name":"Marine Collagen Beauty Blend &#8211; 200g"}]},{"@type":"WebSite","@id":"https:\/\/ecosupplements.ch\/#website","url":"https:\/\/ecosupplements.ch\/","name":"Eco Supplements","description":"","potentialAction":[{"@type":"SearchAction","target":{"@type":"EntryPoint","urlTemplate":"https:\/\/ecosupplements.ch\/?s={search_term_string}"},"query-input":{"@type":"PropertyValueSpecification","valueRequired":true,"valueName":"search_term_string"}}],"inLanguage":"de-CH"}]},"product_price_amount":"44.37","product_price_currency":"CHF","og_availability":"out of stock","product_availability":"out of stock","product_retailer_item_id":"5060018513164","product_condition":"new"},"_links":{"self":[{"href":"https:\/\/ecosupplements.ch\/index.php?rest_route=\/wp\/v2\/product\/1237","targetHints":{"allow":["GET"]}}],"collection":[{"href":"https:\/\/ecosupplements.ch\/index.php?rest_route=\/wp\/v2\/product"}],"about":[{"href":"https:\/\/ecosupplements.ch\/index.php?rest_route=\/wp\/v2\/types\/product"}],"replies":[{"embeddable":true,"href":"https:\/\/ecosupplements.ch\/index.php?rest_route=%2Fwp%2Fv2%2Fcomments&post=1237"}],"wp:featuredmedia":[{"embeddable":true,"href":"https:\/\/ecosupplements.ch\/index.php?rest_route=\/wp\/v2\/media\/1238"}],"wp:attachment":[{"href":"https:\/\/ecosupplements.ch\/index.php?rest_route=%2Fwp%2Fv2%2Fmedia&parent=1237"}],"wp:term":[{"taxonomy":"product_brand","embeddable":true,"href":"https:\/\/ecosupplements.ch\/index.php?rest_route=%2Fwp%2Fv2%2Fproduct_brand&post=1237"},{"taxonomy":"product_cat","embeddable":true,"href":"https:\/\/ecosupplements.ch\/index.php?rest_route=%2Fwp%2Fv2%2Fproduct_cat&post=1237"},{"taxonomy":"product_tag","embeddable":true,"href":"https:\/\/ecosupplements.ch\/index.php?rest_route=%2Fwp%2Fv2%2Fproduct_tag&post=1237"}],"curies":[{"name":"wp","href":"https:\/\/api.w.org\/{rel}","templated":true}]}}