{"id":1243,"date":"2026-05-11T14:27:57","date_gmt":"2026-05-11T14:27:57","guid":{"rendered":"https:\/\/ecosupplements.ch\/?product=enhanced-super-digestive-enzymes-60-vcaps"},"modified":"2026-05-13T07:24:46","modified_gmt":"2026-05-13T07:24:46","slug":"enhanced-super-digestive-enzymes-60-vcaps","status":"publish","type":"product","link":"https:\/\/ecosupplements.ch\/?product=enhanced-super-digestive-enzymes-60-vcaps","title":{"rendered":"Enhanced Super Digestive Enzymes &#8211; 60 vcaps"},"content":{"rendered":"<div class=\"chcg-product-description\">\n<h2 class=\"chcg-heading\">\u00dcber Life Extension \u2013 Enhanced Super Digestive Enzymes \u2013 60 Kapseln<\/h2>\n<div class=\"chcg-intro\">\n<p>Die Enhanced Super Digestive Enzymes von Life Extension bieten eine umfassende Mischung aus pflanzlichen Verdauungsenzymen, die darauf ausgelegt ist, die nat\u00fcrliche Verdauungsleistung des K\u00f6rpers zu unterst\u00fctzen. Die Formel enth\u00e4lt zehn sorgf\u00e4ltig ausgew\u00e4hlte Enzyme, die beim Abbau von Proteinen, Fetten, Kohlenhydraten, Milchzucker und pflanzlichen Fasern mitwirken.<\/p>\n<p>Enzyme wie Protease SP, Bromelain, Lactase, Cellulase und Lipase arbeiten synergetisch zusammen, um eine breite Palette von Nahrungsbestandteilen zu verarbeiten. Erg\u00e4nzt wird die Formel durch Alpha Galactosidase, Hemicellulase, Pectinase, Protease 3.0 und Xylanase \u2013 Enzyme, die insbesondere beim Abbau schwer verdaulicher Pflanzenstoffe eine Rolle spielen.<\/p>\n<p>Die vegetarischen Kapseln sind frei von tierischen Gelatinestoffen und eignen sich f\u00fcr Menschen, die eine pflanzliche Ern\u00e4hrung bevorzugen. Das Produkt wird vor den Hauptmahlzeiten eingenommen, um die Verdauung optimal zu begleiten.<\/p>\n<\/p><\/div>\n<div class=\"chcg-nutrition\">\n<h3>N\u00e4hrwertangaben<\/h3>\n<table class=\"chcg-nutrition-table\">\n<thead>\n<tr>\n<th>N\u00e4hrstoff<\/th>\n<th>Pro Portion (2 vegetarische Kapseln)<\/th>\n<\/tr>\n<\/thead>\n<tbody>\n<tr>\n<td>Vegetarische Verdauungsenzym-Mischung<\/td>\n<td>280 mg **<\/td>\n<\/tr>\n<tr>\n<td>\u2013 Protease SP (A. oryzae, B. subtilis)<\/td>\n<td>50&#8217;000 FCC HUT<\/td>\n<\/tr>\n<tr>\n<td>\u2013 Bromelain (A. comosus)<\/td>\n<td>1&#8217;600&#8217;000 FCC PU<\/td>\n<\/tr>\n<tr>\n<td>\u2013 Lactase (A. oryzae)<\/td>\n<td>4&#8217;000 FCC ALU<\/td>\n<\/tr>\n<tr>\n<td>\u2013 Cellulase (A. niger)<\/td>\n<td>4&#8217;000 FCC LU<\/td>\n<\/tr>\n<tr>\n<td>\u2013 Lipase (C. rugosa)<\/td>\n<td>5&#8217;000 FIP<\/td>\n<\/tr>\n<tr>\n<td>\u2013 Alpha Galactosidase (A. niger)<\/td>\n<td>300 GalU<\/td>\n<\/tr>\n<tr>\n<td>\u2013 Hemicellulase (A. niger)<\/td>\n<td>8&#8217;000 HCU<\/td>\n<\/tr>\n<tr>\n<td>\u2013 Pectinase (A. niger)<\/td>\n<td>50 endo-PGU<\/td>\n<\/tr>\n<tr>\n<td>\u2013 Protease 3.0 (A. niger)<\/td>\n<td>20 SAPU<\/td>\n<\/tr>\n<tr>\n<td>\u2013 Xylanase (T. longibrachiatum)<\/td>\n<td>1&#8217;000 XU<\/td>\n<\/tr>\n<\/tbody>\n<\/table>\n<p class=\"chcg-footnote\">** Kein festgelegter Tagesreferenzwert.<\/p>\n<\/p><\/div>\n<div class=\"chcg-ingredients\">\n<h3>Zutaten<\/h3>\n<p>Vegetarische Verdauungsenzym-Mischung (enthaltend) 280 mg [pro 2 Kapseln] (Protease SP (A. oryzae, B. subtilis): 50&#8217;000 FCC HUT, Bromelain (A. comosus): 1&#8217;600&#8217;000 FCC PU, Lactase (A. oryzae): 4&#8217;000 FCC ALU, Cellulase (A. niger): 4&#8217;000 FCC LU, Lipase (C. rugosa): 5&#8217;000 FIP, Alpha Galactosidase (A. niger): 300 GalU, Hemicellulase (A. niger): 8&#8217;000 HCU, Pectinase (A. niger): 50 endo-PGU, Protease 3.0 (A. niger): 20 SAPU, Xylanase (T. longibrachiatum): 1&#8217;000 XU). Weitere Zutaten: mikrokristalline Cellulose, pflanzliche Cellulose (Kapsel), Maltodextrin, mittelkettige Triglyceride. Enth\u00e4lt Weizen, Soja.<\/p>\n<p class=\"chcg-capsule-shell\">Kapselh\u00fclle: Pflanzliche Cellulose<\/p>\n<\/p><\/div>\n<div class=\"chcg-dosage\">\n<h3>Verzehrempfehlung<\/h3>\n<p>Eine (1) Kapsel ein- bis zweimal t\u00e4glich vor den Hauptmahlzeiten einnehmen, oder gem\u00e4ss Empfehlung einer Fachperson f\u00fcr Gesundheit.<\/p>\n<\/p><\/div>\n<div class=\"chcg-warnings\">\n<h3>Warnhinweise<\/h3>\n<p>Ausserhalb der Reichweite von Kindern aufbewahren. Die empfohlene Dosierung nicht \u00fcberschreiten. Nicht kaufen, wenn die Aussenversiegelung gebrochen oder besch\u00e4digt ist. Bei der Einnahme von Nahrungserg\u00e4nzungsmitteln wenden Sie sich bitte an Ihren Arzt bzw. Ihre \u00c4rztin, wenn Sie sich in \u00e4rztlicher Behandlung befinden, schwanger sind oder stillen. Um ein schwerwiegendes unerw\u00fcnschtes Ereignis zu melden oder Produktinformationen zu erhalten, wenden Sie sich bitte an: 1-866-280-2852.<\/p>\n<\/p><\/div>\n<div class=\"chcg-allergens\">\n<h3>Allergeninformationen<\/h3>\n<p>Enth\u00e4lt Weizen, Soja.<\/p>\n<\/p><\/div>\n<div class=\"chcg-storage\">\n<h3>Lagerung<\/h3>\n<p>K\u00fchl und trocken lagern. Ausserhalb der Reichweite von Kindern aufbewahren.<\/p>\n<\/p><\/div>\n<div class=\"chcg-dietary\">\n<h3>Ern\u00e4hrungshinweise<\/h3>\n<ul>\n<li>Vegetarisch<\/li>\n<li>Laktosefrei<\/li>\n<\/ul><\/div>\n<\/div>\n","protected":false},"excerpt":{"rendered":"<p>Enhanced Super Digestive Enzymes von Life Extension unterst\u00fctzen die Verdauung mit einer Mischung aus 10 pflanzlichen Enzymen. 60 vegetarische Kapseln pro Packung, einzunehmen vor den Hauptmahlzeiten.<\/p>\n","protected":false},"featured_media":1244,"comment_status":"closed","ping_status":"open","template":"","meta":[],"product_brand":[202],"product_cat":[48,25,102,21],"product_tag":[],"class_list":{"0":"post-1243","1":"product","2":"type-product","3":"status-publish","4":"has-post-thumbnail","6":"product_brand-life-extension","7":"product_cat-gesunde-ernaehrung","8":"product_cat-gesundheit-und-wohlbefinden","9":"product_cat-verdauungsgesundheit","10":"product_cat-vitamine-und-mineralstoffe","12":"first","13":"outofstock","14":"taxable","15":"shipping-taxable","16":"purchasable","17":"product-type-simple"},"yoast_head":"<!-- This site is optimized with the Yoast SEO plugin v27.5 - https:\/\/yoast.com\/product\/yoast-seo-wordpress\/ -->\n<title>Enhanced Super Digestive Enzymes \u2013 Life Extension | ecosupplements.ch<\/title>\n<meta name=\"description\" content=\"10 pflanzliche Verdauungsenzyme in 60 vegetarischen Kapseln von Life Extension \u2013 f\u00fcr eine umfassende Unterst\u00fctzung der Verdauung. Jetzt bestellen.\" \/>\n<meta name=\"robots\" content=\"index, follow, max-snippet:-1, max-image-preview:large, max-video-preview:-1\" \/>\n<link rel=\"canonical\" href=\"https:\/\/ecosupplements.ch\/?product=enhanced-super-digestive-enzymes-60-vcaps\" \/>\n<meta property=\"og:locale\" content=\"de_DE\" \/>\n<meta property=\"og:type\" content=\"article\" \/>\n<meta property=\"og:title\" content=\"Enhanced Super Digestive Enzymes \u2013 Life Extension | ecosupplements.ch\" \/>\n<meta property=\"og:description\" content=\"10 pflanzliche Verdauungsenzyme in 60 vegetarischen Kapseln von Life Extension \u2013 f\u00fcr eine umfassende Unterst\u00fctzung der Verdauung. Jetzt bestellen.\" \/>\n<meta property=\"og:url\" content=\"https:\/\/ecosupplements.ch\/?product=enhanced-super-digestive-enzymes-60-vcaps\" \/>\n<meta property=\"og:site_name\" content=\"Eco Supplements\" \/>\n<meta property=\"article:modified_time\" content=\"2026-05-13T07:24:46+00:00\" \/>\n<meta property=\"og:image\" content=\"https:\/\/ecosupplements.ch\/wp-content\/uploads\/2026\/05\/Enhanced-Super-Digestive-Enzymes-60-vcaps.jpg\" \/>\n\t<meta property=\"og:image:width\" content=\"553\" \/>\n\t<meta property=\"og:image:height\" content=\"1000\" \/>\n\t<meta property=\"og:image:type\" content=\"image\/jpeg\" \/>\n<meta name=\"twitter:card\" content=\"summary_large_image\" \/>\n<meta name=\"twitter:label1\" content=\"Price\" \/>\n\t<meta name=\"twitter:data1\" content=\"&#067;&#072;&#070;&nbsp;21.85\" \/>\n\t<meta name=\"twitter:label2\" content=\"Availability\" \/>\n\t<meta name=\"twitter:data2\" content=\"Out of stock\" \/>\n<script type=\"application\/ld+json\" class=\"yoast-schema-graph\">{\"@context\":\"https:\\\/\\\/schema.org\",\"@graph\":[{\"@type\":\"WebPage\",\"@id\":\"https:\\\/\\\/ecosupplements.ch\\\/?product=enhanced-super-digestive-enzymes-60-vcaps\",\"url\":\"https:\\\/\\\/ecosupplements.ch\\\/?product=enhanced-super-digestive-enzymes-60-vcaps\",\"name\":\"Enhanced Super Digestive Enzymes \u2013 Life Extension | ecosupplements.ch\",\"isPartOf\":{\"@id\":\"https:\\\/\\\/ecosupplements.ch\\\/#website\"},\"primaryImageOfPage\":{\"@id\":\"https:\\\/\\\/ecosupplements.ch\\\/?product=enhanced-super-digestive-enzymes-60-vcaps#primaryimage\"},\"image\":{\"@id\":\"https:\\\/\\\/ecosupplements.ch\\\/?product=enhanced-super-digestive-enzymes-60-vcaps#primaryimage\"},\"thumbnailUrl\":\"https:\\\/\\\/ecosupplements.ch\\\/wp-content\\\/uploads\\\/2026\\\/05\\\/Enhanced-Super-Digestive-Enzymes-60-vcaps.jpg\",\"datePublished\":\"2026-05-11T14:27:57+00:00\",\"dateModified\":\"2026-05-13T07:24:46+00:00\",\"description\":\"10 pflanzliche Verdauungsenzyme in 60 vegetarischen Kapseln von Life Extension \u2013 f\u00fcr eine umfassende Unterst\u00fctzung der Verdauung. Jetzt bestellen.\",\"breadcrumb\":{\"@id\":\"https:\\\/\\\/ecosupplements.ch\\\/?product=enhanced-super-digestive-enzymes-60-vcaps#breadcrumb\"},\"inLanguage\":\"de-CH\",\"potentialAction\":[{\"@type\":\"ReadAction\",\"target\":[\"https:\\\/\\\/ecosupplements.ch\\\/?product=enhanced-super-digestive-enzymes-60-vcaps\"]}]},{\"@type\":\"ImageObject\",\"inLanguage\":\"de-CH\",\"@id\":\"https:\\\/\\\/ecosupplements.ch\\\/?product=enhanced-super-digestive-enzymes-60-vcaps#primaryimage\",\"url\":\"https:\\\/\\\/ecosupplements.ch\\\/wp-content\\\/uploads\\\/2026\\\/05\\\/Enhanced-Super-Digestive-Enzymes-60-vcaps.jpg\",\"contentUrl\":\"https:\\\/\\\/ecosupplements.ch\\\/wp-content\\\/uploads\\\/2026\\\/05\\\/Enhanced-Super-Digestive-Enzymes-60-vcaps.jpg\",\"width\":553,\"height\":1000,\"caption\":\"Enhanced Super Digestive Enzymes - 60 vcaps\"},{\"@type\":\"BreadcrumbList\",\"@id\":\"https:\\\/\\\/ecosupplements.ch\\\/?product=enhanced-super-digestive-enzymes-60-vcaps#breadcrumb\",\"itemListElement\":[{\"@type\":\"ListItem\",\"position\":1,\"name\":\"Home\",\"item\":\"https:\\\/\\\/ecosupplements.ch\\\/\"},{\"@type\":\"ListItem\",\"position\":2,\"name\":\"Shop\",\"item\":\"https:\\\/\\\/ecosupplements.ch\\\/?page_id=14\"},{\"@type\":\"ListItem\",\"position\":3,\"name\":\"Enhanced Super Digestive Enzymes &#8211; 60 vcaps\"}]},{\"@type\":\"WebSite\",\"@id\":\"https:\\\/\\\/ecosupplements.ch\\\/#website\",\"url\":\"https:\\\/\\\/ecosupplements.ch\\\/\",\"name\":\"Eco Supplements\",\"description\":\"\",\"potentialAction\":[{\"@type\":\"SearchAction\",\"target\":{\"@type\":\"EntryPoint\",\"urlTemplate\":\"https:\\\/\\\/ecosupplements.ch\\\/?s={search_term_string}\"},\"query-input\":{\"@type\":\"PropertyValueSpecification\",\"valueRequired\":true,\"valueName\":\"search_term_string\"}}],\"inLanguage\":\"de-CH\"}]}<\/script>\n<meta property=\"product:price:amount\" content=\"21.85\" \/>\n<meta property=\"product:price:currency\" content=\"CHF\" \/>\n<meta property=\"og:availability\" content=\"out of stock\" \/>\n<meta property=\"product:availability\" content=\"out of stock\" \/>\n<meta property=\"product:retailer_item_id\" content=\"737870202165\" \/>\n<meta property=\"product:condition\" content=\"new\" \/>\n<!-- \/ Yoast SEO plugin. -->","yoast_head_json":{"title":"Enhanced Super Digestive Enzymes \u2013 Life Extension | ecosupplements.ch","description":"10 pflanzliche Verdauungsenzyme in 60 vegetarischen Kapseln von Life Extension \u2013 f\u00fcr eine umfassende Unterst\u00fctzung der Verdauung. Jetzt bestellen.","robots":{"index":"index","follow":"follow","max-snippet":"max-snippet:-1","max-image-preview":"max-image-preview:large","max-video-preview":"max-video-preview:-1"},"canonical":"https:\/\/ecosupplements.ch\/?product=enhanced-super-digestive-enzymes-60-vcaps","og_locale":"de_DE","og_type":"article","og_title":"Enhanced Super Digestive Enzymes \u2013 Life Extension | ecosupplements.ch","og_description":"10 pflanzliche Verdauungsenzyme in 60 vegetarischen Kapseln von Life Extension \u2013 f\u00fcr eine umfassende Unterst\u00fctzung der Verdauung. Jetzt bestellen.","og_url":"https:\/\/ecosupplements.ch\/?product=enhanced-super-digestive-enzymes-60-vcaps","og_site_name":"Eco Supplements","article_modified_time":"2026-05-13T07:24:46+00:00","og_image":[{"width":553,"height":1000,"url":"https:\/\/ecosupplements.ch\/wp-content\/uploads\/2026\/05\/Enhanced-Super-Digestive-Enzymes-60-vcaps.jpg","type":"image\/jpeg"}],"twitter_card":"summary_large_image","twitter_misc":{"Price":"&#67;&#72;&#70;&nbsp;21.85","Availability":"Out of stock"},"schema":{"@context":"https:\/\/schema.org","@graph":[{"@type":"WebPage","@id":"https:\/\/ecosupplements.ch\/?product=enhanced-super-digestive-enzymes-60-vcaps","url":"https:\/\/ecosupplements.ch\/?product=enhanced-super-digestive-enzymes-60-vcaps","name":"Enhanced Super Digestive Enzymes \u2013 Life Extension | ecosupplements.ch","isPartOf":{"@id":"https:\/\/ecosupplements.ch\/#website"},"primaryImageOfPage":{"@id":"https:\/\/ecosupplements.ch\/?product=enhanced-super-digestive-enzymes-60-vcaps#primaryimage"},"image":{"@id":"https:\/\/ecosupplements.ch\/?product=enhanced-super-digestive-enzymes-60-vcaps#primaryimage"},"thumbnailUrl":"https:\/\/ecosupplements.ch\/wp-content\/uploads\/2026\/05\/Enhanced-Super-Digestive-Enzymes-60-vcaps.jpg","datePublished":"2026-05-11T14:27:57+00:00","dateModified":"2026-05-13T07:24:46+00:00","description":"10 pflanzliche Verdauungsenzyme in 60 vegetarischen Kapseln von Life Extension \u2013 f\u00fcr eine umfassende Unterst\u00fctzung der Verdauung. Jetzt bestellen.","breadcrumb":{"@id":"https:\/\/ecosupplements.ch\/?product=enhanced-super-digestive-enzymes-60-vcaps#breadcrumb"},"inLanguage":"de-CH","potentialAction":[{"@type":"ReadAction","target":["https:\/\/ecosupplements.ch\/?product=enhanced-super-digestive-enzymes-60-vcaps"]}]},{"@type":"ImageObject","inLanguage":"de-CH","@id":"https:\/\/ecosupplements.ch\/?product=enhanced-super-digestive-enzymes-60-vcaps#primaryimage","url":"https:\/\/ecosupplements.ch\/wp-content\/uploads\/2026\/05\/Enhanced-Super-Digestive-Enzymes-60-vcaps.jpg","contentUrl":"https:\/\/ecosupplements.ch\/wp-content\/uploads\/2026\/05\/Enhanced-Super-Digestive-Enzymes-60-vcaps.jpg","width":553,"height":1000,"caption":"Enhanced Super Digestive Enzymes - 60 vcaps"},{"@type":"BreadcrumbList","@id":"https:\/\/ecosupplements.ch\/?product=enhanced-super-digestive-enzymes-60-vcaps#breadcrumb","itemListElement":[{"@type":"ListItem","position":1,"name":"Home","item":"https:\/\/ecosupplements.ch\/"},{"@type":"ListItem","position":2,"name":"Shop","item":"https:\/\/ecosupplements.ch\/?page_id=14"},{"@type":"ListItem","position":3,"name":"Enhanced Super Digestive Enzymes &#8211; 60 vcaps"}]},{"@type":"WebSite","@id":"https:\/\/ecosupplements.ch\/#website","url":"https:\/\/ecosupplements.ch\/","name":"Eco Supplements","description":"","potentialAction":[{"@type":"SearchAction","target":{"@type":"EntryPoint","urlTemplate":"https:\/\/ecosupplements.ch\/?s={search_term_string}"},"query-input":{"@type":"PropertyValueSpecification","valueRequired":true,"valueName":"search_term_string"}}],"inLanguage":"de-CH"}]},"product_price_amount":"21.85","product_price_currency":"CHF","og_availability":"out of stock","product_availability":"out of stock","product_retailer_item_id":"737870202165","product_condition":"new"},"_links":{"self":[{"href":"https:\/\/ecosupplements.ch\/index.php?rest_route=\/wp\/v2\/product\/1243","targetHints":{"allow":["GET"]}}],"collection":[{"href":"https:\/\/ecosupplements.ch\/index.php?rest_route=\/wp\/v2\/product"}],"about":[{"href":"https:\/\/ecosupplements.ch\/index.php?rest_route=\/wp\/v2\/types\/product"}],"replies":[{"embeddable":true,"href":"https:\/\/ecosupplements.ch\/index.php?rest_route=%2Fwp%2Fv2%2Fcomments&post=1243"}],"wp:featuredmedia":[{"embeddable":true,"href":"https:\/\/ecosupplements.ch\/index.php?rest_route=\/wp\/v2\/media\/1244"}],"wp:attachment":[{"href":"https:\/\/ecosupplements.ch\/index.php?rest_route=%2Fwp%2Fv2%2Fmedia&parent=1243"}],"wp:term":[{"taxonomy":"product_brand","embeddable":true,"href":"https:\/\/ecosupplements.ch\/index.php?rest_route=%2Fwp%2Fv2%2Fproduct_brand&post=1243"},{"taxonomy":"product_cat","embeddable":true,"href":"https:\/\/ecosupplements.ch\/index.php?rest_route=%2Fwp%2Fv2%2Fproduct_cat&post=1243"},{"taxonomy":"product_tag","embeddable":true,"href":"https:\/\/ecosupplements.ch\/index.php?rest_route=%2Fwp%2Fv2%2Fproduct_tag&post=1243"}],"curies":[{"name":"wp","href":"https:\/\/api.w.org\/{rel}","templated":true}]}}