{"id":1245,"date":"2026-05-11T14:27:58","date_gmt":"2026-05-11T14:27:58","guid":{"rendered":"https:\/\/ecosupplements.ch\/?product=macuguard-ocular-support-with-saffron-astaxanthin-60-softgels"},"modified":"2026-05-13T07:24:21","modified_gmt":"2026-05-13T07:24:21","slug":"macuguard-ocular-support-with-saffron-astaxanthin-60-softgels","status":"publish","type":"product","link":"https:\/\/ecosupplements.ch\/?product=macuguard-ocular-support-with-saffron-astaxanthin-60-softgels","title":{"rendered":"MacuGuard Ocular Support with Saffron &amp; Astaxanthin &#8211; 60 softgels"},"content":{"rendered":"<div class=\"chcg-product-description\">\n<h2 class=\"chcg-heading\">\u00dcber Life Extension \u2013 MacuGuard Ocular Support mit Saffron &amp; Astaxanthin \u2013 60 Softgels<\/h2>\n<div class=\"chcg-intro\">\n<p>MacuGuard Ocular Support von Life Extension ist eine sorgf\u00e4ltig entwickelte Formel zur Unterst\u00fctzung der Augengesundheit. Sie kombiniert eine einzigartige MacuGuard-Eigenformel mit Lutein, Meso-Zeaxanthin und Trans-Zeaxanthin aus Ringelblumenextrakt \u2013 wichtigen Carotinoiden, die sich in der Makula des Auges konzentrieren und dazu beitragen, die Netzhaut vor oxidativem Stress zu sch\u00fctzen.<\/p>\n<p>Erg\u00e4nzt wird die Formel durch Safranextrakt, nat\u00fcrliches Astaxanthin aus Haematococcus-pluvialis-Algen sowie C3G (Cyanidin-3-Glucosid) aus europ\u00e4ischem Schwarzen Johannisbeerextrakt \u2013 allesamt Wirkstoffe, die in wissenschaftlichen Studien auf ihre Bedeutung f\u00fcr die Sehfunktion und den Schutz der Augen untersucht wurden. Astaxanthin gilt als eines der st\u00e4rksten nat\u00fcrlichen Antioxidantien \u00fcberhaupt.<\/p>\n<p>Um eine optimale Aufnahme zu gew\u00e4hrleisten, ist die Formel gezielt mit Phospholipiden angereichert, die die Bioverf\u00fcgbarkeit von Lutein nachweislich verbessern. Mit 60 Softgels umfasst diese Packung einen vollst\u00e4ndigen 60-Tage-Vorrat bei t\u00e4glicher Einnahme.<\/p>\n<\/p><\/div>\n<div class=\"chcg-nutrition\">\n<h3>N\u00e4hrwertangaben<\/h3>\n<table class=\"chcg-nutrition-table\">\n<thead>\n<tr>\n<th>N\u00e4hrstoff<\/th>\n<th>Pro Portion (1 Softgel)<\/th>\n<\/tr>\n<\/thead>\n<tbody>\n<tr>\n<td>MacuGuard Eigenformel (Ringelblumenextrakt (Bl\u00fcte) [liefert 10 mg freies Lutein, 4 mg Meso-Zeaxanthin &amp; Trans-Zeaxanthin], Phospholipide, Gemischte Carotinoide [liefert 1,24 mg Alpha-Carotin])<\/td>\n<td>173 mg **<\/td>\n<\/tr>\n<tr>\n<td>\u2013 Davon: Freies Lutein<\/td>\n<td>10 mg **<\/td>\n<\/tr>\n<tr>\n<td>\u2013 Davon: Meso-Zeaxanthin &amp; Trans-Zeaxanthin<\/td>\n<td>4 mg **<\/td>\n<\/tr>\n<tr>\n<td>\u2013 Davon: Alpha-Carotin<\/td>\n<td>1,24 mg **<\/td>\n<\/tr>\n<tr>\n<td>Safranextrakt (Narben)<\/td>\n<td>20 mg **<\/td>\n<\/tr>\n<tr>\n<td>Nat\u00fcrliches Astaxanthin [aus CO\u2082-Extrakt der Haematococcus-pluvialis-Alge]<\/td>\n<td>6 mg **<\/td>\n<\/tr>\n<tr>\n<td>C3G (Cyanidin-3-Glucosid) [aus europ\u00e4ischem Schwarzen Johannisbeerextrakt (Frucht)]<\/td>\n<td>2,2 mg **<\/td>\n<\/tr>\n<\/tbody>\n<\/table>\n<p class=\"chcg-footnote\">** Kein etablierter Tagesreferenzwert vorhanden.<\/p>\n<\/p><\/div>\n<div class=\"chcg-ingredients\">\n<h3>Zutaten<\/h3>\n<p>MacuGuard Eigenformel (Ringelblumenextrakt (Bl\u00fcte) (liefert 10 mg freies Lutein, 4 mg Meso-Zeaxanthin &amp; Trans-Zeaxanthin), Phospholipide, Gemischte Carotinoide (liefert 1,24 mg Alpha-Carotin)) 173 mg, Safranextrakt (Narben) 20 mg, Nat\u00fcrliches Astaxanthin [aus CO\u2082-Extrakt der Haematococcus-pluvialis-Alge] 6 mg, C3G (Cyanidin-3-Glucosid) [aus europ\u00e4ischem Schwarzen Johannisbeerextrakt (Frucht)] 2,2 mg. Weitere Zutaten: Natives Oliven\u00f6l extra, Gelatine, Glycerin, Distel\u00f6l, Palm\u00f6l, gereinigtes Wasser, Bienenwachs, Akaziengummi, Annatto-Farbstoff, Kartoffelmaltodextrin.<\/p>\n<p class=\"chcg-capsule-shell\">Kapselh\u00fclle: Softgel-Kapsel (Gelatine, Glycerin, gereinigtes Wasser)<\/p>\n<\/p><\/div>\n<div class=\"chcg-dosage\">\n<h3>Verzehrempfehlung<\/h3>\n<p>T\u00e4glich 1 Softgel mit einer Mahlzeit einnehmen oder gem\u00e4ss Empfehlung einer medizinischen Fachperson. Gem\u00e4ss wissenschaftlichen Studien wird diese Formel gezielt mit Phospholipiden angereichert, um die Absorption von Lutein zu verbessern.<\/p>\n<\/p><\/div>\n<div class=\"chcg-warnings\">\n<h3>Warnhinweise<\/h3>\n<p>AUSSERHALB DER REICHWEITE VON KINDERN AUFBEWAHREN. DIE EMPFOHLENE TAGESDOSIS NICHT \u00dcBERSCHREITEN. Nicht kaufen, wenn die \u00e4ussere Schutzversiegelung gebrochen oder besch\u00e4digt ist. Bei der Einnahme von Nahrungserg\u00e4nzungsmitteln wird empfohlen, einen Arzt zu konsultieren, wenn Sie sich in \u00e4rztlicher Behandlung befinden oder wenn Sie schwanger sind oder stillen. Um ein schwerwiegendes unerw\u00fcnschtes Ereignis zu melden oder Produktinformationen zu erhalten, wenden Sie sich an: 1-866-280-2852. Diese Aussagen wurden nicht von der US-amerikanischen Lebensmittel- und Arzneimittelbeh\u00f6rde (FDA) bewertet. Diese Produkte sind nicht dazu bestimmt, Krankheiten zu diagnostizieren, zu behandeln, zu heilen oder zu verhindern.<\/p>\n<\/p><\/div>\n<div class=\"chcg-allergens\">\n<h3>Allergeninformationen<\/h3>\n<p>Auf dem Etikett sind keine Allergene explizit deklariert. Das Produkt enth\u00e4lt Gelatine (Herkunft aus Rind und\/oder Schwein nicht spezifiziert) sowie Bienenwachs. Gentechnikfrei (Non-GMO). Glutenfrei.<\/p>\n<\/p><\/div>\n<div class=\"chcg-storage\">\n<h3>Lagerung<\/h3>\n<p>An einem k\u00fchlen, trockenen Ort lagern. Ausserhalb der Reichweite von Kindern aufbewahren.<\/p>\n<\/p><\/div>\n<div class=\"chcg-dietary\">\n<h3>Ern\u00e4hrungshinweise<\/h3>\n<ul>\n<li>Glutenfrei<\/li>\n<li>Laktosefrei<\/li>\n<\/ul><\/div>\n<\/div>\n","protected":false},"excerpt":{"rendered":"<p>MacuGuard Ocular Support von Life Extension unterst\u00fctzt die Augengesundheit mit Lutein, Meso-Zeaxanthin, Astaxanthin und Safranextrakt. Eine t\u00e4gliche Softgel-Kapsel \u2013 60 Softgels pro Packung, gentechnikfrei und glutenfrei.<\/p>\n","protected":false},"featured_media":1246,"comment_status":"closed","ping_status":"open","template":"","meta":[],"product_brand":[202],"product_cat":[34,37,48,25,102,98,21],"product_tag":[],"class_list":{"0":"post-1245","1":"product","2":"type-product","3":"status-publish","4":"has-post-thumbnail","6":"product_brand-life-extension","7":"product_cat-antioxidantien","8":"product_cat-augengesundheit","9":"product_cat-gesunde-ernaehrung","10":"product_cat-gesundheit-und-wohlbefinden","11":"product_cat-verdauungsgesundheit","12":"product_cat-vitalitaet","13":"product_cat-vitamine-und-mineralstoffe","15":"first","16":"outofstock","17":"taxable","18":"shipping-taxable","19":"purchasable","20":"product-type-simple"},"yoast_head":"<!-- This site is optimized with the Yoast SEO plugin v27.5 - https:\/\/yoast.com\/product\/yoast-seo-wordpress\/ -->\n<title>MacuGuard mit Saffron &amp; Astaxanthin \u2013 Life Extension | ecosupplements.ch<\/title>\n<meta name=\"description\" content=\"MacuGuard Ocular Support mit Lutein, Astaxanthin &amp; Safranextrakt \u2013 60 Softgels von Life Extension f\u00fcr die t\u00e4gliche Unterst\u00fctzung der Augengesundheit. Jetzt bestellen.\" \/>\n<meta name=\"robots\" content=\"index, follow, max-snippet:-1, max-image-preview:large, max-video-preview:-1\" \/>\n<link rel=\"canonical\" href=\"https:\/\/ecosupplements.ch\/?product=macuguard-ocular-support-with-saffron-astaxanthin-60-softgels\" \/>\n<meta property=\"og:locale\" content=\"de_DE\" \/>\n<meta property=\"og:type\" content=\"article\" \/>\n<meta property=\"og:title\" content=\"MacuGuard mit Saffron &amp; Astaxanthin \u2013 Life Extension | ecosupplements.ch\" \/>\n<meta property=\"og:description\" content=\"MacuGuard Ocular Support mit Lutein, Astaxanthin &amp; Safranextrakt \u2013 60 Softgels von Life Extension f\u00fcr die t\u00e4gliche Unterst\u00fctzung der Augengesundheit. Jetzt bestellen.\" \/>\n<meta property=\"og:url\" content=\"https:\/\/ecosupplements.ch\/?product=macuguard-ocular-support-with-saffron-astaxanthin-60-softgels\" \/>\n<meta property=\"og:site_name\" content=\"Eco Supplements\" \/>\n<meta property=\"article:modified_time\" content=\"2026-05-13T07:24:21+00:00\" \/>\n<meta property=\"og:image\" content=\"https:\/\/ecosupplements.ch\/wp-content\/uploads\/2026\/05\/MacuGuard-Ocular-Support-with-Saffron-Astaxanthin-60-softgels.jpg\" \/>\n\t<meta property=\"og:image:width\" content=\"200\" \/>\n\t<meta property=\"og:image:height\" content=\"400\" \/>\n\t<meta property=\"og:image:type\" content=\"image\/jpeg\" \/>\n<meta name=\"twitter:card\" content=\"summary_large_image\" \/>\n<meta name=\"twitter:label1\" content=\"Price\" \/>\n\t<meta name=\"twitter:data1\" content=\"&#067;&#072;&#070;&nbsp;44.33\" \/>\n\t<meta name=\"twitter:label2\" content=\"Availability\" \/>\n\t<meta name=\"twitter:data2\" content=\"Out of stock\" \/>\n<script type=\"application\/ld+json\" class=\"yoast-schema-graph\">{\"@context\":\"https:\\\/\\\/schema.org\",\"@graph\":[{\"@type\":\"WebPage\",\"@id\":\"https:\\\/\\\/ecosupplements.ch\\\/?product=macuguard-ocular-support-with-saffron-astaxanthin-60-softgels\",\"url\":\"https:\\\/\\\/ecosupplements.ch\\\/?product=macuguard-ocular-support-with-saffron-astaxanthin-60-softgels\",\"name\":\"MacuGuard mit Saffron & Astaxanthin \u2013 Life Extension | ecosupplements.ch\",\"isPartOf\":{\"@id\":\"https:\\\/\\\/ecosupplements.ch\\\/#website\"},\"primaryImageOfPage\":{\"@id\":\"https:\\\/\\\/ecosupplements.ch\\\/?product=macuguard-ocular-support-with-saffron-astaxanthin-60-softgels#primaryimage\"},\"image\":{\"@id\":\"https:\\\/\\\/ecosupplements.ch\\\/?product=macuguard-ocular-support-with-saffron-astaxanthin-60-softgels#primaryimage\"},\"thumbnailUrl\":\"https:\\\/\\\/ecosupplements.ch\\\/wp-content\\\/uploads\\\/2026\\\/05\\\/MacuGuard-Ocular-Support-with-Saffron-Astaxanthin-60-softgels.jpg\",\"datePublished\":\"2026-05-11T14:27:58+00:00\",\"dateModified\":\"2026-05-13T07:24:21+00:00\",\"description\":\"MacuGuard Ocular Support mit Lutein, Astaxanthin & Safranextrakt \u2013 60 Softgels von Life Extension f\u00fcr die t\u00e4gliche Unterst\u00fctzung der Augengesundheit. Jetzt bestellen.\",\"breadcrumb\":{\"@id\":\"https:\\\/\\\/ecosupplements.ch\\\/?product=macuguard-ocular-support-with-saffron-astaxanthin-60-softgels#breadcrumb\"},\"inLanguage\":\"de-CH\",\"potentialAction\":[{\"@type\":\"ReadAction\",\"target\":[\"https:\\\/\\\/ecosupplements.ch\\\/?product=macuguard-ocular-support-with-saffron-astaxanthin-60-softgels\"]}]},{\"@type\":\"ImageObject\",\"inLanguage\":\"de-CH\",\"@id\":\"https:\\\/\\\/ecosupplements.ch\\\/?product=macuguard-ocular-support-with-saffron-astaxanthin-60-softgels#primaryimage\",\"url\":\"https:\\\/\\\/ecosupplements.ch\\\/wp-content\\\/uploads\\\/2026\\\/05\\\/MacuGuard-Ocular-Support-with-Saffron-Astaxanthin-60-softgels.jpg\",\"contentUrl\":\"https:\\\/\\\/ecosupplements.ch\\\/wp-content\\\/uploads\\\/2026\\\/05\\\/MacuGuard-Ocular-Support-with-Saffron-Astaxanthin-60-softgels.jpg\",\"width\":200,\"height\":400,\"caption\":\"MacuGuard Ocular Support with Saffron & Astaxanthin - 60 softgels\"},{\"@type\":\"BreadcrumbList\",\"@id\":\"https:\\\/\\\/ecosupplements.ch\\\/?product=macuguard-ocular-support-with-saffron-astaxanthin-60-softgels#breadcrumb\",\"itemListElement\":[{\"@type\":\"ListItem\",\"position\":1,\"name\":\"Home\",\"item\":\"https:\\\/\\\/ecosupplements.ch\\\/\"},{\"@type\":\"ListItem\",\"position\":2,\"name\":\"Shop\",\"item\":\"https:\\\/\\\/ecosupplements.ch\\\/?page_id=14\"},{\"@type\":\"ListItem\",\"position\":3,\"name\":\"MacuGuard Ocular Support with Saffron &amp; Astaxanthin &#8211; 60 softgels\"}]},{\"@type\":\"WebSite\",\"@id\":\"https:\\\/\\\/ecosupplements.ch\\\/#website\",\"url\":\"https:\\\/\\\/ecosupplements.ch\\\/\",\"name\":\"Eco Supplements\",\"description\":\"\",\"potentialAction\":[{\"@type\":\"SearchAction\",\"target\":{\"@type\":\"EntryPoint\",\"urlTemplate\":\"https:\\\/\\\/ecosupplements.ch\\\/?s={search_term_string}\"},\"query-input\":{\"@type\":\"PropertyValueSpecification\",\"valueRequired\":true,\"valueName\":\"search_term_string\"}}],\"inLanguage\":\"de-CH\"}]}<\/script>\n<meta property=\"product:price:amount\" content=\"44.33\" \/>\n<meta property=\"product:price:currency\" content=\"CHF\" \/>\n<meta property=\"og:availability\" content=\"out of stock\" \/>\n<meta property=\"product:availability\" content=\"out of stock\" \/>\n<meta property=\"product:retailer_item_id\" content=\"737870199366\" \/>\n<meta property=\"product:condition\" content=\"new\" \/>\n<!-- \/ Yoast SEO plugin. -->","yoast_head_json":{"title":"MacuGuard mit Saffron & Astaxanthin \u2013 Life Extension | ecosupplements.ch","description":"MacuGuard Ocular Support mit Lutein, Astaxanthin & Safranextrakt \u2013 60 Softgels von Life Extension f\u00fcr die t\u00e4gliche Unterst\u00fctzung der Augengesundheit. Jetzt bestellen.","robots":{"index":"index","follow":"follow","max-snippet":"max-snippet:-1","max-image-preview":"max-image-preview:large","max-video-preview":"max-video-preview:-1"},"canonical":"https:\/\/ecosupplements.ch\/?product=macuguard-ocular-support-with-saffron-astaxanthin-60-softgels","og_locale":"de_DE","og_type":"article","og_title":"MacuGuard mit Saffron & Astaxanthin \u2013 Life Extension | ecosupplements.ch","og_description":"MacuGuard Ocular Support mit Lutein, Astaxanthin & Safranextrakt \u2013 60 Softgels von Life Extension f\u00fcr die t\u00e4gliche Unterst\u00fctzung der Augengesundheit. Jetzt bestellen.","og_url":"https:\/\/ecosupplements.ch\/?product=macuguard-ocular-support-with-saffron-astaxanthin-60-softgels","og_site_name":"Eco Supplements","article_modified_time":"2026-05-13T07:24:21+00:00","og_image":[{"width":200,"height":400,"url":"https:\/\/ecosupplements.ch\/wp-content\/uploads\/2026\/05\/MacuGuard-Ocular-Support-with-Saffron-Astaxanthin-60-softgels.jpg","type":"image\/jpeg"}],"twitter_card":"summary_large_image","twitter_misc":{"Price":"&#67;&#72;&#70;&nbsp;44.33","Availability":"Out of stock"},"schema":{"@context":"https:\/\/schema.org","@graph":[{"@type":"WebPage","@id":"https:\/\/ecosupplements.ch\/?product=macuguard-ocular-support-with-saffron-astaxanthin-60-softgels","url":"https:\/\/ecosupplements.ch\/?product=macuguard-ocular-support-with-saffron-astaxanthin-60-softgels","name":"MacuGuard mit Saffron & Astaxanthin \u2013 Life Extension | ecosupplements.ch","isPartOf":{"@id":"https:\/\/ecosupplements.ch\/#website"},"primaryImageOfPage":{"@id":"https:\/\/ecosupplements.ch\/?product=macuguard-ocular-support-with-saffron-astaxanthin-60-softgels#primaryimage"},"image":{"@id":"https:\/\/ecosupplements.ch\/?product=macuguard-ocular-support-with-saffron-astaxanthin-60-softgels#primaryimage"},"thumbnailUrl":"https:\/\/ecosupplements.ch\/wp-content\/uploads\/2026\/05\/MacuGuard-Ocular-Support-with-Saffron-Astaxanthin-60-softgels.jpg","datePublished":"2026-05-11T14:27:58+00:00","dateModified":"2026-05-13T07:24:21+00:00","description":"MacuGuard Ocular Support mit Lutein, Astaxanthin & Safranextrakt \u2013 60 Softgels von Life Extension f\u00fcr die t\u00e4gliche Unterst\u00fctzung der Augengesundheit. Jetzt bestellen.","breadcrumb":{"@id":"https:\/\/ecosupplements.ch\/?product=macuguard-ocular-support-with-saffron-astaxanthin-60-softgels#breadcrumb"},"inLanguage":"de-CH","potentialAction":[{"@type":"ReadAction","target":["https:\/\/ecosupplements.ch\/?product=macuguard-ocular-support-with-saffron-astaxanthin-60-softgels"]}]},{"@type":"ImageObject","inLanguage":"de-CH","@id":"https:\/\/ecosupplements.ch\/?product=macuguard-ocular-support-with-saffron-astaxanthin-60-softgels#primaryimage","url":"https:\/\/ecosupplements.ch\/wp-content\/uploads\/2026\/05\/MacuGuard-Ocular-Support-with-Saffron-Astaxanthin-60-softgels.jpg","contentUrl":"https:\/\/ecosupplements.ch\/wp-content\/uploads\/2026\/05\/MacuGuard-Ocular-Support-with-Saffron-Astaxanthin-60-softgels.jpg","width":200,"height":400,"caption":"MacuGuard Ocular Support with Saffron & Astaxanthin - 60 softgels"},{"@type":"BreadcrumbList","@id":"https:\/\/ecosupplements.ch\/?product=macuguard-ocular-support-with-saffron-astaxanthin-60-softgels#breadcrumb","itemListElement":[{"@type":"ListItem","position":1,"name":"Home","item":"https:\/\/ecosupplements.ch\/"},{"@type":"ListItem","position":2,"name":"Shop","item":"https:\/\/ecosupplements.ch\/?page_id=14"},{"@type":"ListItem","position":3,"name":"MacuGuard Ocular Support with Saffron &amp; Astaxanthin &#8211; 60 softgels"}]},{"@type":"WebSite","@id":"https:\/\/ecosupplements.ch\/#website","url":"https:\/\/ecosupplements.ch\/","name":"Eco Supplements","description":"","potentialAction":[{"@type":"SearchAction","target":{"@type":"EntryPoint","urlTemplate":"https:\/\/ecosupplements.ch\/?s={search_term_string}"},"query-input":{"@type":"PropertyValueSpecification","valueRequired":true,"valueName":"search_term_string"}}],"inLanguage":"de-CH"}]},"product_price_amount":"44.33","product_price_currency":"CHF","og_availability":"out of stock","product_availability":"out of stock","product_retailer_item_id":"737870199366","product_condition":"new"},"_links":{"self":[{"href":"https:\/\/ecosupplements.ch\/index.php?rest_route=\/wp\/v2\/product\/1245","targetHints":{"allow":["GET"]}}],"collection":[{"href":"https:\/\/ecosupplements.ch\/index.php?rest_route=\/wp\/v2\/product"}],"about":[{"href":"https:\/\/ecosupplements.ch\/index.php?rest_route=\/wp\/v2\/types\/product"}],"replies":[{"embeddable":true,"href":"https:\/\/ecosupplements.ch\/index.php?rest_route=%2Fwp%2Fv2%2Fcomments&post=1245"}],"wp:featuredmedia":[{"embeddable":true,"href":"https:\/\/ecosupplements.ch\/index.php?rest_route=\/wp\/v2\/media\/1246"}],"wp:attachment":[{"href":"https:\/\/ecosupplements.ch\/index.php?rest_route=%2Fwp%2Fv2%2Fmedia&parent=1245"}],"wp:term":[{"taxonomy":"product_brand","embeddable":true,"href":"https:\/\/ecosupplements.ch\/index.php?rest_route=%2Fwp%2Fv2%2Fproduct_brand&post=1245"},{"taxonomy":"product_cat","embeddable":true,"href":"https:\/\/ecosupplements.ch\/index.php?rest_route=%2Fwp%2Fv2%2Fproduct_cat&post=1245"},{"taxonomy":"product_tag","embeddable":true,"href":"https:\/\/ecosupplements.ch\/index.php?rest_route=%2Fwp%2Fv2%2Fproduct_tag&post=1245"}],"curies":[{"name":"wp","href":"https:\/\/api.w.org\/{rel}","templated":true}]}}