{"id":1260,"date":"2026-05-11T14:28:04","date_gmt":"2026-05-11T14:28:04","guid":{"rendered":"https:\/\/ecosupplements.ch\/?product=liquid-vitamin-b-complex-tangerine-240-ml"},"modified":"2026-05-13T07:25:52","modified_gmt":"2026-05-13T07:25:52","slug":"liquid-vitamin-b-complex-tangerine-240-ml","status":"publish","type":"product","link":"https:\/\/ecosupplements.ch\/?product=liquid-vitamin-b-complex-tangerine-240-ml","title":{"rendered":"Liquid Vitamin B-Complex, Tangerine &#8211; 240 ml."},"content":{"rendered":"<div class=\"chcg-product-description\">\n<h2 class=\"chcg-heading\">\u00dcber Nature&#8217;s Answer \u2013 Liquid Vitamin B-Complex, Tangerine \u2013 240 ml<\/h2>\n<div class=\"chcg-intro\">\n<p>Der Liquid Vitamin B-Complex von Nature&#8217;s Answer liefert ein umfassendes Spektrum an B-Vitaminen in fl\u00fcssiger Form mit frischem Mandarinen-Geschmack. Die fl\u00fcssige Darreichungsform erm\u00f6glicht eine einfache Dosierung und kann direkt eingenommen oder mit Wasser und Speisen vermischt werden \u2013 ideal f\u00fcr alle, die Kapseln oder Tabletten bevorzugen zu vermeiden.<\/p>\n<p>Die Formel enth\u00e4lt Vitamin B1 (Thiamin), B2 (Riboflavin), Niacin, Vitamin B6, Fols\u00e4ure, Vitamin B12, Biotin und Pantothens\u00e4ure \u2013 erg\u00e4nzt durch Vitamin C, Cholin, Inositol und PABA. Thiamin, Riboflavin, Niacin, Vitamin B6, Folat, Vitamin B12, Biotin und Pantothens\u00e4ure tragen zu einem normalen Energiestoffwechsel bei. Vitamin B6, B12 und Folat unterst\u00fctzen die normale Funktion des Immunsystems sowie die Verringerung von M\u00fcdigkeit und Ersch\u00f6pfung.<\/p>\n<p>Bereichert mit dem propriet\u00e4ren Quik-Sorb\u00ae-Blend aus Ingwerwurzel, Amla-Frucht und Capsicum, wird dieses Pr\u00e4parat mit Bio-Agavennektar ges\u00fcsst und enth\u00e4lt weder Gluten noch Laktose \u2013 geeignet f\u00fcr vegane und vegetarische Ern\u00e4hrungsweisen.<\/p>\n<\/p><\/div>\n<div class=\"chcg-nutrition\">\n<h3>N\u00e4hrwertangaben<\/h3>\n<table class=\"chcg-nutrition-table\">\n<thead>\n<tr>\n<th>N\u00e4hrstoff<\/th>\n<th>Pro Portion (15 ml)<\/th>\n<\/tr>\n<\/thead>\n<tbody>\n<tr>\n<td>Kalorien<\/td>\n<td>25<\/td>\n<\/tr>\n<tr>\n<td>Kohlenhydrate gesamt<\/td>\n<td>6 g (2 %)<\/td>\n<\/tr>\n<tr>\n<td>\u2013 davon Zucker<\/td>\n<td>1 g<\/td>\n<\/tr>\n<tr>\n<td>Vitamin C (als Ascorbins\u00e4ure &amp; Calcium Ascorbat)<\/td>\n<td>120 mg (200 %)<\/td>\n<\/tr>\n<tr>\n<td>Thiamin \/ Vitamin B1 (als Thiaminhydrochlorid)<\/td>\n<td>50 mg (3 333 %)<\/td>\n<\/tr>\n<tr>\n<td>Riboflavin \/ Vitamin B2 (als Riboflavin-S-Phosphat)<\/td>\n<td>50 mg (2 941 %)<\/td>\n<\/tr>\n<tr>\n<td>Niacin (als Niacinamid)<\/td>\n<td>70 mg (350 %)<\/td>\n<\/tr>\n<tr>\n<td>Vitamin B6 (als Pyridoxin-HCl)<\/td>\n<td>50 mg (2 500 %)<\/td>\n<\/tr>\n<tr>\n<td>Folat (als Fols\u00e4ure)<\/td>\n<td>400 mcg (100 %)<\/td>\n<\/tr>\n<tr>\n<td>Vitamin B12 (als Cyanocobalamin)<\/td>\n<td>70 mcg (1 167 %)<\/td>\n<\/tr>\n<tr>\n<td>Biotin<\/td>\n<td>100 mcg (33 %)<\/td>\n<\/tr>\n<tr>\n<td>Pantothens\u00e4ure (als D-Calciumpantothenat)<\/td>\n<td>70 mg (700 %)<\/td>\n<\/tr>\n<tr>\n<td>Cholin (als Cholinbitartrat)<\/td>\n<td>70 mg *<\/td>\n<\/tr>\n<tr>\n<td>Inositol<\/td>\n<td>70 mg *<\/td>\n<\/tr>\n<tr>\n<td>Sojaprotein<\/td>\n<td>50 mg *<\/td>\n<\/tr>\n<tr>\n<td>PABA (para-Aminobenzoes\u00e4ure)<\/td>\n<td>20 mg *<\/td>\n<\/tr>\n<\/tbody>\n<\/table>\n<p class=\"chcg-footnote\">% Tageswerte basieren auf einer Ern\u00e4hrung mit 2 000 Kalorien pro Tag.<\/p>\n<p class=\"chcg-footnote\">* Kein Referenzwert (Tageswert) festgelegt f\u00fcr Cholin, Inositol, Sojaprotein und PABA.<\/p>\n<\/p><\/div>\n<div class=\"chcg-ingredients\">\n<h3>Zutaten<\/h3>\n<p>Gereinigtes Wasser, pflanzliches Glycerin, Bio-Agavennektar, Xanthan, Kaliumsorbat (Konservierungsmittel), Mandarinen-\u00d6l, Quik-Sorb\u00ae (Ingwerwurzel, Amla-Frucht, Capsicum-Frucht).<\/p>\n<p>Enth\u00e4lt: Soja.<\/p>\n<\/p><\/div>\n<div class=\"chcg-dosage\">\n<h3>Verzehrempfehlung<\/h3>\n<p>Als Nahrungserg\u00e4nzungsmittel t\u00e4glich einen (1) Essl\u00f6ffel (15 ml) zu einer Mahlzeit einnehmen. Kann mit Wasser oder Speisen vermischt werden. Vor Gebrauch gut sch\u00fctteln.<\/p>\n<\/p><\/div>\n<div class=\"chcg-warnings\">\n<h3>Warnhinweise<\/h3>\n<p>Ausserhalb der Reichweite von Kindern aufbewahren. Nicht verwenden, wenn das Sicherheitssiegel besch\u00e4digt oder nicht vorhanden ist. Bei Schwangerschaft, Stillzeit, Einnahme von Medikamenten, geplanten medizinischen Eingriffen oder bestehenden Erkrankungen vor der Anwendung eine Fachperson f\u00fcr Gesundheit konsultieren.<\/p>\n<\/p><\/div>\n<div class=\"chcg-allergens\">\n<h3>Allergeninformationen<\/h3>\n<p>Enth\u00e4lt: Soja.<\/p>\n<\/p><\/div>\n<div class=\"chcg-storage\">\n<h3>Lagerung<\/h3>\n<p>Nach dem \u00d6ffnen im K\u00fchlschrank aufbewahren.<\/p>\n<\/p><\/div>\n<div class=\"chcg-dietary\">\n<h3>Ern\u00e4hrungshinweise<\/h3>\n<ul>\n<li>Vegan<\/li>\n<li>Vegetarisch<\/li>\n<li>Glutenfrei<\/li>\n<li>Laktosefrei<\/li>\n<\/ul><\/div>\n<\/div>\n","protected":false},"excerpt":{"rendered":"<p>Fl\u00fcssiger Vitamin-B-Komplex von Nature&#8217;s Answer mit Mandarinen-Geschmack \u2013 240 ml (16 Portionen). Enth\u00e4lt alle wichtigen B-Vitamine, Vitamin C, Cholin und Inositol. Vegan, glutenfrei und laktosefrei.<\/p>\n","protected":false},"featured_media":1261,"comment_status":"closed","ping_status":"open","template":"","meta":[],"product_brand":[266],"product_cat":[48,25,22,21],"product_tag":[],"class_list":{"0":"post-1260","1":"product","2":"type-product","3":"status-publish","4":"has-post-thumbnail","6":"product_brand-natures-answer","7":"product_cat-gesunde-ernaehrung","8":"product_cat-gesundheit-und-wohlbefinden","9":"product_cat-vegane-produkte","10":"product_cat-vitamine-und-mineralstoffe","12":"first","13":"outofstock","14":"sale","15":"taxable","16":"shipping-taxable","17":"purchasable","18":"product-type-simple"},"yoast_head":"<!-- This site is optimized with the Yoast SEO plugin v27.5 - https:\/\/yoast.com\/product\/yoast-seo-wordpress\/ -->\n<title>Liquid Vitamin B-Complex Tangerine \u2013 Nature&#039;s Answer | ecosupplements.ch<\/title>\n<meta name=\"description\" content=\"Fl\u00fcssiger B-Komplex mit Mandarinen-Geschmack \u2013 alle wichtigen B-Vitamine plus Vitamin C in 240 ml. Vegan &amp; glutenfrei. Jetzt bestellen.\" \/>\n<meta name=\"robots\" content=\"index, follow, max-snippet:-1, max-image-preview:large, max-video-preview:-1\" \/>\n<link rel=\"canonical\" href=\"https:\/\/ecosupplements.ch\/?product=liquid-vitamin-b-complex-tangerine-240-ml\" \/>\n<meta property=\"og:locale\" content=\"de_DE\" \/>\n<meta property=\"og:type\" content=\"article\" \/>\n<meta property=\"og:title\" content=\"Liquid Vitamin B-Complex Tangerine \u2013 Nature&#039;s Answer | ecosupplements.ch\" \/>\n<meta property=\"og:description\" content=\"Fl\u00fcssiger B-Komplex mit Mandarinen-Geschmack \u2013 alle wichtigen B-Vitamine plus Vitamin C in 240 ml. Vegan &amp; glutenfrei. Jetzt bestellen.\" \/>\n<meta property=\"og:url\" content=\"https:\/\/ecosupplements.ch\/?product=liquid-vitamin-b-complex-tangerine-240-ml\" \/>\n<meta property=\"og:site_name\" content=\"Eco Supplements\" \/>\n<meta property=\"article:modified_time\" content=\"2026-05-13T07:25:52+00:00\" \/>\n<meta property=\"og:image\" content=\"https:\/\/ecosupplements.ch\/wp-content\/uploads\/2026\/05\/Liquid-Vitamin-B-Complex-Tangerine-240-ml.jpg\" \/>\n\t<meta property=\"og:image:width\" content=\"600\" \/>\n\t<meta property=\"og:image:height\" content=\"600\" \/>\n\t<meta property=\"og:image:type\" content=\"image\/jpeg\" \/>\n<meta name=\"twitter:card\" content=\"summary_large_image\" \/>\n<meta name=\"twitter:label1\" content=\"Price\" \/>\n\t<meta name=\"twitter:data1\" content=\"&#067;&#072;&#070;&nbsp;15.76\" \/>\n\t<meta name=\"twitter:label2\" content=\"Availability\" \/>\n\t<meta name=\"twitter:data2\" content=\"Out of stock\" \/>\n<script type=\"application\/ld+json\" class=\"yoast-schema-graph\">{\"@context\":\"https:\\\/\\\/schema.org\",\"@graph\":[{\"@type\":\"WebPage\",\"@id\":\"https:\\\/\\\/ecosupplements.ch\\\/?product=liquid-vitamin-b-complex-tangerine-240-ml\",\"url\":\"https:\\\/\\\/ecosupplements.ch\\\/?product=liquid-vitamin-b-complex-tangerine-240-ml\",\"name\":\"Liquid Vitamin B-Complex Tangerine \u2013 Nature's Answer | ecosupplements.ch\",\"isPartOf\":{\"@id\":\"https:\\\/\\\/ecosupplements.ch\\\/#website\"},\"primaryImageOfPage\":{\"@id\":\"https:\\\/\\\/ecosupplements.ch\\\/?product=liquid-vitamin-b-complex-tangerine-240-ml#primaryimage\"},\"image\":{\"@id\":\"https:\\\/\\\/ecosupplements.ch\\\/?product=liquid-vitamin-b-complex-tangerine-240-ml#primaryimage\"},\"thumbnailUrl\":\"https:\\\/\\\/ecosupplements.ch\\\/wp-content\\\/uploads\\\/2026\\\/05\\\/Liquid-Vitamin-B-Complex-Tangerine-240-ml.jpg\",\"datePublished\":\"2026-05-11T14:28:04+00:00\",\"dateModified\":\"2026-05-13T07:25:52+00:00\",\"description\":\"Fl\u00fcssiger B-Komplex mit Mandarinen-Geschmack \u2013 alle wichtigen B-Vitamine plus Vitamin C in 240 ml. Vegan &amp; glutenfrei. Jetzt bestellen.\",\"breadcrumb\":{\"@id\":\"https:\\\/\\\/ecosupplements.ch\\\/?product=liquid-vitamin-b-complex-tangerine-240-ml#breadcrumb\"},\"inLanguage\":\"de-CH\",\"potentialAction\":[{\"@type\":\"ReadAction\",\"target\":[\"https:\\\/\\\/ecosupplements.ch\\\/?product=liquid-vitamin-b-complex-tangerine-240-ml\"]}]},{\"@type\":\"ImageObject\",\"inLanguage\":\"de-CH\",\"@id\":\"https:\\\/\\\/ecosupplements.ch\\\/?product=liquid-vitamin-b-complex-tangerine-240-ml#primaryimage\",\"url\":\"https:\\\/\\\/ecosupplements.ch\\\/wp-content\\\/uploads\\\/2026\\\/05\\\/Liquid-Vitamin-B-Complex-Tangerine-240-ml.jpg\",\"contentUrl\":\"https:\\\/\\\/ecosupplements.ch\\\/wp-content\\\/uploads\\\/2026\\\/05\\\/Liquid-Vitamin-B-Complex-Tangerine-240-ml.jpg\",\"width\":600,\"height\":600,\"caption\":\"Liquid Vitamin B-Complex\"},{\"@type\":\"BreadcrumbList\",\"@id\":\"https:\\\/\\\/ecosupplements.ch\\\/?product=liquid-vitamin-b-complex-tangerine-240-ml#breadcrumb\",\"itemListElement\":[{\"@type\":\"ListItem\",\"position\":1,\"name\":\"Home\",\"item\":\"https:\\\/\\\/ecosupplements.ch\\\/\"},{\"@type\":\"ListItem\",\"position\":2,\"name\":\"Shop\",\"item\":\"https:\\\/\\\/ecosupplements.ch\\\/?page_id=14\"},{\"@type\":\"ListItem\",\"position\":3,\"name\":\"Liquid Vitamin B-Complex, Tangerine &#8211; 240 ml.\"}]},{\"@type\":\"WebSite\",\"@id\":\"https:\\\/\\\/ecosupplements.ch\\\/#website\",\"url\":\"https:\\\/\\\/ecosupplements.ch\\\/\",\"name\":\"Eco Supplements\",\"description\":\"\",\"potentialAction\":[{\"@type\":\"SearchAction\",\"target\":{\"@type\":\"EntryPoint\",\"urlTemplate\":\"https:\\\/\\\/ecosupplements.ch\\\/?s={search_term_string}\"},\"query-input\":{\"@type\":\"PropertyValueSpecification\",\"valueRequired\":true,\"valueName\":\"search_term_string\"}}],\"inLanguage\":\"de-CH\"}]}<\/script>\n<meta property=\"product:price:amount\" content=\"15.76\" \/>\n<meta property=\"product:price:currency\" content=\"CHF\" \/>\n<meta property=\"og:availability\" content=\"out of stock\" \/>\n<meta property=\"product:availability\" content=\"out of stock\" \/>\n<meta property=\"product:retailer_item_id\" content=\"083000261053\" \/>\n<meta property=\"product:condition\" content=\"new\" \/>\n<!-- \/ Yoast SEO plugin. -->","yoast_head_json":{"title":"Liquid Vitamin B-Complex Tangerine \u2013 Nature's Answer | ecosupplements.ch","description":"Fl\u00fcssiger B-Komplex mit Mandarinen-Geschmack \u2013 alle wichtigen B-Vitamine plus Vitamin C in 240 ml. Vegan &amp; glutenfrei. Jetzt bestellen.","robots":{"index":"index","follow":"follow","max-snippet":"max-snippet:-1","max-image-preview":"max-image-preview:large","max-video-preview":"max-video-preview:-1"},"canonical":"https:\/\/ecosupplements.ch\/?product=liquid-vitamin-b-complex-tangerine-240-ml","og_locale":"de_DE","og_type":"article","og_title":"Liquid Vitamin B-Complex Tangerine \u2013 Nature's Answer | ecosupplements.ch","og_description":"Fl\u00fcssiger B-Komplex mit Mandarinen-Geschmack \u2013 alle wichtigen B-Vitamine plus Vitamin C in 240 ml. Vegan &amp; glutenfrei. Jetzt bestellen.","og_url":"https:\/\/ecosupplements.ch\/?product=liquid-vitamin-b-complex-tangerine-240-ml","og_site_name":"Eco Supplements","article_modified_time":"2026-05-13T07:25:52+00:00","og_image":[{"width":600,"height":600,"url":"https:\/\/ecosupplements.ch\/wp-content\/uploads\/2026\/05\/Liquid-Vitamin-B-Complex-Tangerine-240-ml.jpg","type":"image\/jpeg"}],"twitter_card":"summary_large_image","twitter_misc":{"Price":"&#67;&#72;&#70;&nbsp;15.76","Availability":"Out of stock"},"schema":{"@context":"https:\/\/schema.org","@graph":[{"@type":"WebPage","@id":"https:\/\/ecosupplements.ch\/?product=liquid-vitamin-b-complex-tangerine-240-ml","url":"https:\/\/ecosupplements.ch\/?product=liquid-vitamin-b-complex-tangerine-240-ml","name":"Liquid Vitamin B-Complex Tangerine \u2013 Nature's Answer | ecosupplements.ch","isPartOf":{"@id":"https:\/\/ecosupplements.ch\/#website"},"primaryImageOfPage":{"@id":"https:\/\/ecosupplements.ch\/?product=liquid-vitamin-b-complex-tangerine-240-ml#primaryimage"},"image":{"@id":"https:\/\/ecosupplements.ch\/?product=liquid-vitamin-b-complex-tangerine-240-ml#primaryimage"},"thumbnailUrl":"https:\/\/ecosupplements.ch\/wp-content\/uploads\/2026\/05\/Liquid-Vitamin-B-Complex-Tangerine-240-ml.jpg","datePublished":"2026-05-11T14:28:04+00:00","dateModified":"2026-05-13T07:25:52+00:00","description":"Fl\u00fcssiger B-Komplex mit Mandarinen-Geschmack \u2013 alle wichtigen B-Vitamine plus Vitamin C in 240 ml. Vegan &amp; glutenfrei. Jetzt bestellen.","breadcrumb":{"@id":"https:\/\/ecosupplements.ch\/?product=liquid-vitamin-b-complex-tangerine-240-ml#breadcrumb"},"inLanguage":"de-CH","potentialAction":[{"@type":"ReadAction","target":["https:\/\/ecosupplements.ch\/?product=liquid-vitamin-b-complex-tangerine-240-ml"]}]},{"@type":"ImageObject","inLanguage":"de-CH","@id":"https:\/\/ecosupplements.ch\/?product=liquid-vitamin-b-complex-tangerine-240-ml#primaryimage","url":"https:\/\/ecosupplements.ch\/wp-content\/uploads\/2026\/05\/Liquid-Vitamin-B-Complex-Tangerine-240-ml.jpg","contentUrl":"https:\/\/ecosupplements.ch\/wp-content\/uploads\/2026\/05\/Liquid-Vitamin-B-Complex-Tangerine-240-ml.jpg","width":600,"height":600,"caption":"Liquid Vitamin B-Complex"},{"@type":"BreadcrumbList","@id":"https:\/\/ecosupplements.ch\/?product=liquid-vitamin-b-complex-tangerine-240-ml#breadcrumb","itemListElement":[{"@type":"ListItem","position":1,"name":"Home","item":"https:\/\/ecosupplements.ch\/"},{"@type":"ListItem","position":2,"name":"Shop","item":"https:\/\/ecosupplements.ch\/?page_id=14"},{"@type":"ListItem","position":3,"name":"Liquid Vitamin B-Complex, Tangerine &#8211; 240 ml."}]},{"@type":"WebSite","@id":"https:\/\/ecosupplements.ch\/#website","url":"https:\/\/ecosupplements.ch\/","name":"Eco Supplements","description":"","potentialAction":[{"@type":"SearchAction","target":{"@type":"EntryPoint","urlTemplate":"https:\/\/ecosupplements.ch\/?s={search_term_string}"},"query-input":{"@type":"PropertyValueSpecification","valueRequired":true,"valueName":"search_term_string"}}],"inLanguage":"de-CH"}]},"product_price_amount":"15.76","product_price_currency":"CHF","og_availability":"out of stock","product_availability":"out of stock","product_retailer_item_id":"083000261053","product_condition":"new"},"_links":{"self":[{"href":"https:\/\/ecosupplements.ch\/index.php?rest_route=\/wp\/v2\/product\/1260","targetHints":{"allow":["GET"]}}],"collection":[{"href":"https:\/\/ecosupplements.ch\/index.php?rest_route=\/wp\/v2\/product"}],"about":[{"href":"https:\/\/ecosupplements.ch\/index.php?rest_route=\/wp\/v2\/types\/product"}],"replies":[{"embeddable":true,"href":"https:\/\/ecosupplements.ch\/index.php?rest_route=%2Fwp%2Fv2%2Fcomments&post=1260"}],"wp:featuredmedia":[{"embeddable":true,"href":"https:\/\/ecosupplements.ch\/index.php?rest_route=\/wp\/v2\/media\/1261"}],"wp:attachment":[{"href":"https:\/\/ecosupplements.ch\/index.php?rest_route=%2Fwp%2Fv2%2Fmedia&parent=1260"}],"wp:term":[{"taxonomy":"product_brand","embeddable":true,"href":"https:\/\/ecosupplements.ch\/index.php?rest_route=%2Fwp%2Fv2%2Fproduct_brand&post=1260"},{"taxonomy":"product_cat","embeddable":true,"href":"https:\/\/ecosupplements.ch\/index.php?rest_route=%2Fwp%2Fv2%2Fproduct_cat&post=1260"},{"taxonomy":"product_tag","embeddable":true,"href":"https:\/\/ecosupplements.ch\/index.php?rest_route=%2Fwp%2Fv2%2Fproduct_tag&post=1260"}],"curies":[{"name":"wp","href":"https:\/\/api.w.org\/{rel}","templated":true}]}}