{"id":1371,"date":"2026-05-11T14:28:52","date_gmt":"2026-05-11T14:28:52","guid":{"rendered":"https:\/\/ecosupplements.ch\/?product=alldeynn-vitarose-120-tablets"},"modified":"2026-05-13T07:25:01","modified_gmt":"2026-05-13T07:25:01","slug":"alldeynn-vitarose-120-tablets","status":"publish","type":"product","link":"https:\/\/ecosupplements.ch\/?product=alldeynn-vitarose-120-tablets","title":{"rendered":"AllDeynn Vitarose &#8211; 120 tablets"},"content":{"rendered":"<div class=\"chcg-product-description\">\n<h2 class=\"chcg-heading\">\u00dcber Allnutrition \u2013 AllDeynn Vitarose \u2013 120 Tabletten<\/h2>\n<div class=\"chcg-intro\">\n<p>AllDeynn Vitarose von Allnutrition ist ein umfassendes Multivitamin- und Mineralstoffpr\u00e4parat, das speziell f\u00fcr Frauen entwickelt wurde. Es vereint \u00fcber 30 sorgf\u00e4ltig ausgew\u00e4hlte Wirkstoffe \u2013 darunter essentielle Vitamine, Mineralstoffe sowie pflanzliche Extrakte \u2013 in einer praktischen Tablette f\u00fcr den t\u00e4glichen Einsatz.<\/p>\n<p>Ein besonderes Merkmal des Produkts ist der enthaltene Oxxynea\u00ae-Pflanzenkomplex, der Extrakte aus neun verschiedenen Pflanzen wie Olivenbl\u00e4ttern, Traubenkernen, Granatapfel und gr\u00fcnem Tee vereint. Erg\u00e4nzt wird die Formel durch Hagebuttenextrakt, L-Cystein, Cholin, Inositol, MSM sowie Bitterorangenextrakt mit Hesperidin.<\/p>\n<p>Vitamin C tr\u00e4gt zur normalen Kollagenbildung und zur Verringerung von M\u00fcdigkeit und Ersch\u00f6pfung bei. Biotin, Zink und Selen unterst\u00fctzen die normale Erhaltung von Haaren, Haut und N\u00e4geln. Vitamin D tr\u00e4gt zur normalen Funktion des Immunsystems bei. Das Produkt ist in einer Packung mit 120 Tabletten erh\u00e4ltlich, was einem Vorrat f\u00fcr 30 Tage entspricht.<\/p>\n<\/p><\/div>\n<div class=\"chcg-nutrition\">\n<h3>N\u00e4hrwertangaben<\/h3>\n<table class=\"chcg-nutrition-table\">\n<thead>\n<tr>\n<th>N\u00e4hrstoff<\/th>\n<th>Pro Portion (2 Tabletten) \/ %NRV<\/th>\n<\/tr>\n<\/thead>\n<tbody>\n<tr>\n<td>Oxxynea\u00ae Pflanzenextrakte<\/td>\n<td>200 mg \/ \u2013<\/td>\n<\/tr>\n<tr>\n<td>Vitamin A<\/td>\n<td>800 \u00b5g \/ 100%<\/td>\n<\/tr>\n<tr>\n<td>Vitamin E<\/td>\n<td>12 mg \/ 100%<\/td>\n<\/tr>\n<tr>\n<td>Calcium<\/td>\n<td>420 mg \/ 53%<\/td>\n<\/tr>\n<tr>\n<td>Magnesium<\/td>\n<td>57 mg \/ 15%<\/td>\n<\/tr>\n<tr>\n<td>Biotin<\/td>\n<td>780 \u00b5g \/ 1560%<\/td>\n<\/tr>\n<tr>\n<td>Pantothens\u00e4ure<\/td>\n<td>27 mg \/ 450%<\/td>\n<\/tr>\n<tr>\n<td>Riboflavin<\/td>\n<td>9 mg \/ 643%<\/td>\n<\/tr>\n<tr>\n<td>Eisen<\/td>\n<td>6 mg \/ 43%<\/td>\n<\/tr>\n<tr>\n<td>Zink<\/td>\n<td>10 mg \/ 100%<\/td>\n<\/tr>\n<tr>\n<td>Thiamin<\/td>\n<td>8 mg \/ 727%<\/td>\n<\/tr>\n<tr>\n<td>Niacin<\/td>\n<td>20 mg \/ 125%<\/td>\n<\/tr>\n<tr>\n<td>Vitamin B6<\/td>\n<td>2,50 mg \/ 178%<\/td>\n<\/tr>\n<tr>\n<td>Vitamin B12<\/td>\n<td>25 \u00b5g \/ 1000%<\/td>\n<\/tr>\n<tr>\n<td>Vitamin D<\/td>\n<td>50 \u00b5g \/ 1000%<\/td>\n<\/tr>\n<tr>\n<td>Mangan<\/td>\n<td>0,70 mg \/ 35%<\/td>\n<\/tr>\n<tr>\n<td>Kupfer<\/td>\n<td>1 mg \/ 100%<\/td>\n<\/tr>\n<tr>\n<td>Jod<\/td>\n<td>100 \u00b5g \/ 67%<\/td>\n<\/tr>\n<tr>\n<td>Chrom<\/td>\n<td>200 \u00b5g \/ 500%<\/td>\n<\/tr>\n<tr>\n<td>Selen<\/td>\n<td>70 \u00b5g \/ 127%<\/td>\n<\/tr>\n<tr>\n<td>Fols\u00e4ure<\/td>\n<td>600 \u00b5g \/ 300%<\/td>\n<\/tr>\n<tr>\n<td>Vitamin K<\/td>\n<td>20 \u00b5g \/ 27%<\/td>\n<\/tr>\n<tr>\n<td>L-Cystein<\/td>\n<td>10 mg \/ \u2013<\/td>\n<\/tr>\n<tr>\n<td>Cholin<\/td>\n<td>50 mg \/ \u2013<\/td>\n<\/tr>\n<tr>\n<td>Inositol<\/td>\n<td>50 mg \/ \u2013<\/td>\n<\/tr>\n<tr>\n<td>Beta-Carotin<\/td>\n<td>7 mg \/ \u2013<\/td>\n<\/tr>\n<tr>\n<td>Hagebuttenextrakt<\/td>\n<td>90 mg \/ \u2013<\/td>\n<\/tr>\n<tr>\n<td>\u2013 davon Vitamin C<\/td>\n<td>63 mg \/ \u2013<\/td>\n<\/tr>\n<tr>\n<td>MSM<\/td>\n<td>25 mg \/ \u2013<\/td>\n<\/tr>\n<tr>\n<td>Bitterorangenextrakt<\/td>\n<td>30 mg \/ \u2013<\/td>\n<\/tr>\n<tr>\n<td>\u2013 davon Hesperidin<\/td>\n<td>15 mg \/ \u2013<\/td>\n<\/tr>\n<\/tbody>\n<\/table>\n<p class=\"chcg-footnote\">NRV = Nutrient Reference Value (N\u00e4hrstoffbezugswert). \u2013 = Kein N\u00e4hrstoffbezugswert festgelegt.<\/p>\n<\/p><\/div>\n<div class=\"chcg-ingredients\">\n<h3>Zutaten<\/h3>\n<p>Calciumcarbonat aus Austernschalen [Weichtiere], Magnesiumsalze der Zitronens\u00e4ure, Oxxynea\u00ae-Pflanzenextrakte (25% europ\u00e4ischer Olivenblattextrakt Olea europaea, 17,5% Traubenkernextrakt Vitis vinifera, 15% Granatapfelextrakt Punica granatum, 13% Gr\u00fcnteeextrakt Camellia sinensis, 8% Grapefruitextrakt Citrus paradisi, 7,5% Heidelbeerextrakt Vaccinium myrtillus, 5% weisser Traubenextrakt Vitis vinifera, 5% roter Traubenextrakt Vitis vinifera, 4% chinesischer Orangenextrakt Citrus sinensis) [Sulfite], Hagebuttenfr\u00fcchteextrakt Rosa canina, Cholinbitartrat, Zinkcitrat, Inositol, Tablettenbeschichtung: Chitosan, Vitamin E (d-Alpha-Tocopherol), Bitterorangenfr\u00fcchteextrakt Citrus aurantium, Pantothens\u00e4ure (d-Calciumpantothenat), Methylsulfonylmethan (MSM), Niacin (Nicotins\u00e4ureamid), Trennmittel: Siliziumdioxid, Vitamin D (Cholecalciferol), Eisen(II)-sulfat, Thiamin (Thiaminmononitrat), Riboflavin, L-Cystein, Kaliumiodid, Vitamin A (Retinylacetat), Beta-Carotin, Kupfer(II)-sulfat, Vitamin B6 (Pyridoxinhydrochlorid), Fols\u00e4ure, Biotin, Vitamin B12 (Cyanocobalamin), Mangansulfat, Chrom(III)-chlorid, Natriumselenit, Vitamin K (Menachinon).<\/p>\n<p class=\"chcg-capsule-shell\">Tablettenbeschichtung: Chitosan.<\/p>\n<\/p><\/div>\n<div class=\"chcg-dosage\">\n<h3>Verzehrempfehlung<\/h3>\n<p>Eine Portion (2 Tabletten) zweimal t\u00e4glich einnehmen \u2013 morgens und nachmittags nach einer Mahlzeit, mit reichlich Wasser. 2 Portionen pro Tag (4 Tabletten) nicht \u00fcberschreiten.<\/p>\n<\/p><\/div>\n<div class=\"chcg-warnings\">\n<h3>Warnhinweise<\/h3>\n<p>Nahrungserg\u00e4nzungsmittel. Das Produkt ist f\u00fcr Personen \u00fcber 18 Jahre bestimmt. Nicht einnehmen, wenn eine Allergie gegen einen der Inhaltsstoffe besteht. Die empfohlene Tagesdosis nicht \u00fcberschreiten. Ein Nahrungserg\u00e4nzungsmittel ist kein Ersatz f\u00fcr eine abwechslungsreiche Ern\u00e4hrung. Eine ausgewogene Ern\u00e4hrung und eine gesunde Lebensweise werden empfohlen. Das Produkt sollte nicht von Personen eingenommen werden, die Antikoagulanzien mit Vitamin-K-Antagonisten (z. B. Warfarin und Acenocoumarol) einnehmen. Vor der Anwendung wird empfohlen, einen 25-(OH)D-Bluttest durchzuf\u00fchren und einen Arzt oder Apotheker zu konsultieren. Ausserhalb der Reichweite von Kleinkindern aufbewahren.<\/p>\n<\/p><\/div>\n<div class=\"chcg-allergens\">\n<h3>Allergeninformationen<\/h3>\n<p>Enth\u00e4lt: Calciumcarbonat aus Austernschalen [Weichtiere], Oxxynea\u00ae-Pflanzenextrakte [Sulfite]. Kann Spuren enthalten von: glutenhaltigem Getreide, Soja, Milch, Eiern.<\/p>\n<\/p><\/div>\n<div class=\"chcg-storage\">\n<h3>Lagerung<\/h3>\n<p>An einem trockenen und k\u00fchlen Ort aufbewahren, ausserhalb der Reichweite von Kleinkindern. Verpackung nach Gebrauch stets verschliessen.<\/p>\n<\/p><\/div>\n<\/div>\n","protected":false},"excerpt":{"rendered":"<p>AllDeynn Vitarose von Allnutrition ist ein umfassendes Multivitamin-Pr\u00e4parat f\u00fcr Frauen mit \u00fcber 30 Wirkstoffen, darunter Oxxynea\u00ae-Pflanzenextrakte, Vitamine und Mineralstoffe. 120 Tabletten \u2013 Vorrat f\u00fcr 30 Tage.<\/p>\n","protected":false},"featured_media":1372,"comment_status":"closed","ping_status":"open","template":"","meta":[],"product_brand":[172],"product_cat":[48,25],"product_tag":[],"class_list":{"0":"post-1371","1":"product","2":"type-product","3":"status-publish","4":"has-post-thumbnail","6":"product_brand-allnutrition","7":"product_cat-gesunde-ernaehrung","8":"product_cat-gesundheit-und-wohlbefinden","10":"first","11":"outofstock","12":"taxable","13":"shipping-taxable","14":"purchasable","15":"product-type-simple"},"yoast_head":"<!-- This site is optimized with the Yoast SEO plugin v27.5 - https:\/\/yoast.com\/product\/yoast-seo-wordpress\/ -->\n<title>AllDeynn Vitarose 120 Tabletten \u2013 Allnutrition | ecosupplements.ch<\/title>\n<meta name=\"description\" content=\"Multivitamin-Komplex f\u00fcr Frauen mit \u00fcber 30 Wirkstoffen, Oxxynea\u00ae-Pflanzenextrakten und essenziellen Mineralstoffen \u2013 120 Tabletten. Jetzt bestellen.\" \/>\n<meta name=\"robots\" content=\"index, follow, max-snippet:-1, max-image-preview:large, max-video-preview:-1\" \/>\n<link rel=\"canonical\" href=\"https:\/\/ecosupplements.ch\/?product=alldeynn-vitarose-120-tablets\" \/>\n<meta property=\"og:locale\" content=\"de_DE\" \/>\n<meta property=\"og:type\" content=\"article\" \/>\n<meta property=\"og:title\" content=\"AllDeynn Vitarose 120 Tabletten \u2013 Allnutrition | ecosupplements.ch\" \/>\n<meta property=\"og:description\" content=\"Multivitamin-Komplex f\u00fcr Frauen mit \u00fcber 30 Wirkstoffen, Oxxynea\u00ae-Pflanzenextrakten und essenziellen Mineralstoffen \u2013 120 Tabletten. Jetzt bestellen.\" \/>\n<meta property=\"og:url\" content=\"https:\/\/ecosupplements.ch\/?product=alldeynn-vitarose-120-tablets\" \/>\n<meta property=\"og:site_name\" content=\"Eco Supplements\" \/>\n<meta property=\"article:modified_time\" content=\"2026-05-13T07:25:01+00:00\" \/>\n<meta property=\"og:image\" content=\"https:\/\/ecosupplements.ch\/wp-content\/uploads\/2026\/05\/AllDeynn-Vitarose-120-tablets.jpg\" \/>\n\t<meta property=\"og:image:width\" content=\"692\" \/>\n\t<meta property=\"og:image:height\" content=\"681\" \/>\n\t<meta property=\"og:image:type\" content=\"image\/jpeg\" \/>\n<meta name=\"twitter:card\" content=\"summary_large_image\" \/>\n<meta name=\"twitter:label1\" content=\"Price\" \/>\n\t<meta name=\"twitter:data1\" content=\"&#067;&#072;&#070;&nbsp;12.46\" \/>\n\t<meta name=\"twitter:label2\" content=\"Availability\" \/>\n\t<meta name=\"twitter:data2\" content=\"Out of stock\" \/>\n<script type=\"application\/ld+json\" class=\"yoast-schema-graph\">{\"@context\":\"https:\\\/\\\/schema.org\",\"@graph\":[{\"@type\":\"WebPage\",\"@id\":\"https:\\\/\\\/ecosupplements.ch\\\/?product=alldeynn-vitarose-120-tablets\",\"url\":\"https:\\\/\\\/ecosupplements.ch\\\/?product=alldeynn-vitarose-120-tablets\",\"name\":\"AllDeynn Vitarose 120 Tabletten \u2013 Allnutrition | ecosupplements.ch\",\"isPartOf\":{\"@id\":\"https:\\\/\\\/ecosupplements.ch\\\/#website\"},\"primaryImageOfPage\":{\"@id\":\"https:\\\/\\\/ecosupplements.ch\\\/?product=alldeynn-vitarose-120-tablets#primaryimage\"},\"image\":{\"@id\":\"https:\\\/\\\/ecosupplements.ch\\\/?product=alldeynn-vitarose-120-tablets#primaryimage\"},\"thumbnailUrl\":\"https:\\\/\\\/ecosupplements.ch\\\/wp-content\\\/uploads\\\/2026\\\/05\\\/AllDeynn-Vitarose-120-tablets.jpg\",\"datePublished\":\"2026-05-11T14:28:52+00:00\",\"dateModified\":\"2026-05-13T07:25:01+00:00\",\"description\":\"Multivitamin-Komplex f\u00fcr Frauen mit \u00fcber 30 Wirkstoffen, Oxxynea\u00ae-Pflanzenextrakten und essenziellen Mineralstoffen \u2013 120 Tabletten. Jetzt bestellen.\",\"breadcrumb\":{\"@id\":\"https:\\\/\\\/ecosupplements.ch\\\/?product=alldeynn-vitarose-120-tablets#breadcrumb\"},\"inLanguage\":\"de-CH\",\"potentialAction\":[{\"@type\":\"ReadAction\",\"target\":[\"https:\\\/\\\/ecosupplements.ch\\\/?product=alldeynn-vitarose-120-tablets\"]}]},{\"@type\":\"ImageObject\",\"inLanguage\":\"de-CH\",\"@id\":\"https:\\\/\\\/ecosupplements.ch\\\/?product=alldeynn-vitarose-120-tablets#primaryimage\",\"url\":\"https:\\\/\\\/ecosupplements.ch\\\/wp-content\\\/uploads\\\/2026\\\/05\\\/AllDeynn-Vitarose-120-tablets.jpg\",\"contentUrl\":\"https:\\\/\\\/ecosupplements.ch\\\/wp-content\\\/uploads\\\/2026\\\/05\\\/AllDeynn-Vitarose-120-tablets.jpg\",\"width\":692,\"height\":681,\"caption\":\"AllDeynn Vitarose - 120 tablets\"},{\"@type\":\"BreadcrumbList\",\"@id\":\"https:\\\/\\\/ecosupplements.ch\\\/?product=alldeynn-vitarose-120-tablets#breadcrumb\",\"itemListElement\":[{\"@type\":\"ListItem\",\"position\":1,\"name\":\"Home\",\"item\":\"https:\\\/\\\/ecosupplements.ch\\\/\"},{\"@type\":\"ListItem\",\"position\":2,\"name\":\"Shop\",\"item\":\"https:\\\/\\\/ecosupplements.ch\\\/?page_id=14\"},{\"@type\":\"ListItem\",\"position\":3,\"name\":\"AllDeynn Vitarose &#8211; 120 tablets\"}]},{\"@type\":\"WebSite\",\"@id\":\"https:\\\/\\\/ecosupplements.ch\\\/#website\",\"url\":\"https:\\\/\\\/ecosupplements.ch\\\/\",\"name\":\"Eco Supplements\",\"description\":\"\",\"potentialAction\":[{\"@type\":\"SearchAction\",\"target\":{\"@type\":\"EntryPoint\",\"urlTemplate\":\"https:\\\/\\\/ecosupplements.ch\\\/?s={search_term_string}\"},\"query-input\":{\"@type\":\"PropertyValueSpecification\",\"valueRequired\":true,\"valueName\":\"search_term_string\"}}],\"inLanguage\":\"de-CH\"}]}<\/script>\n<meta property=\"product:price:amount\" content=\"12.46\" \/>\n<meta property=\"product:price:currency\" content=\"CHF\" \/>\n<meta property=\"og:availability\" content=\"out of stock\" \/>\n<meta property=\"product:availability\" content=\"out of stock\" \/>\n<meta property=\"product:retailer_item_id\" content=\"5902837737737\" \/>\n<meta property=\"product:condition\" content=\"new\" \/>\n<!-- \/ Yoast SEO plugin. -->","yoast_head_json":{"title":"AllDeynn Vitarose 120 Tabletten \u2013 Allnutrition | ecosupplements.ch","description":"Multivitamin-Komplex f\u00fcr Frauen mit \u00fcber 30 Wirkstoffen, Oxxynea\u00ae-Pflanzenextrakten und essenziellen Mineralstoffen \u2013 120 Tabletten. Jetzt bestellen.","robots":{"index":"index","follow":"follow","max-snippet":"max-snippet:-1","max-image-preview":"max-image-preview:large","max-video-preview":"max-video-preview:-1"},"canonical":"https:\/\/ecosupplements.ch\/?product=alldeynn-vitarose-120-tablets","og_locale":"de_DE","og_type":"article","og_title":"AllDeynn Vitarose 120 Tabletten \u2013 Allnutrition | ecosupplements.ch","og_description":"Multivitamin-Komplex f\u00fcr Frauen mit \u00fcber 30 Wirkstoffen, Oxxynea\u00ae-Pflanzenextrakten und essenziellen Mineralstoffen \u2013 120 Tabletten. Jetzt bestellen.","og_url":"https:\/\/ecosupplements.ch\/?product=alldeynn-vitarose-120-tablets","og_site_name":"Eco Supplements","article_modified_time":"2026-05-13T07:25:01+00:00","og_image":[{"width":692,"height":681,"url":"https:\/\/ecosupplements.ch\/wp-content\/uploads\/2026\/05\/AllDeynn-Vitarose-120-tablets.jpg","type":"image\/jpeg"}],"twitter_card":"summary_large_image","twitter_misc":{"Price":"&#67;&#72;&#70;&nbsp;12.46","Availability":"Out of stock"},"schema":{"@context":"https:\/\/schema.org","@graph":[{"@type":"WebPage","@id":"https:\/\/ecosupplements.ch\/?product=alldeynn-vitarose-120-tablets","url":"https:\/\/ecosupplements.ch\/?product=alldeynn-vitarose-120-tablets","name":"AllDeynn Vitarose 120 Tabletten \u2013 Allnutrition | ecosupplements.ch","isPartOf":{"@id":"https:\/\/ecosupplements.ch\/#website"},"primaryImageOfPage":{"@id":"https:\/\/ecosupplements.ch\/?product=alldeynn-vitarose-120-tablets#primaryimage"},"image":{"@id":"https:\/\/ecosupplements.ch\/?product=alldeynn-vitarose-120-tablets#primaryimage"},"thumbnailUrl":"https:\/\/ecosupplements.ch\/wp-content\/uploads\/2026\/05\/AllDeynn-Vitarose-120-tablets.jpg","datePublished":"2026-05-11T14:28:52+00:00","dateModified":"2026-05-13T07:25:01+00:00","description":"Multivitamin-Komplex f\u00fcr Frauen mit \u00fcber 30 Wirkstoffen, Oxxynea\u00ae-Pflanzenextrakten und essenziellen Mineralstoffen \u2013 120 Tabletten. Jetzt bestellen.","breadcrumb":{"@id":"https:\/\/ecosupplements.ch\/?product=alldeynn-vitarose-120-tablets#breadcrumb"},"inLanguage":"de-CH","potentialAction":[{"@type":"ReadAction","target":["https:\/\/ecosupplements.ch\/?product=alldeynn-vitarose-120-tablets"]}]},{"@type":"ImageObject","inLanguage":"de-CH","@id":"https:\/\/ecosupplements.ch\/?product=alldeynn-vitarose-120-tablets#primaryimage","url":"https:\/\/ecosupplements.ch\/wp-content\/uploads\/2026\/05\/AllDeynn-Vitarose-120-tablets.jpg","contentUrl":"https:\/\/ecosupplements.ch\/wp-content\/uploads\/2026\/05\/AllDeynn-Vitarose-120-tablets.jpg","width":692,"height":681,"caption":"AllDeynn Vitarose - 120 tablets"},{"@type":"BreadcrumbList","@id":"https:\/\/ecosupplements.ch\/?product=alldeynn-vitarose-120-tablets#breadcrumb","itemListElement":[{"@type":"ListItem","position":1,"name":"Home","item":"https:\/\/ecosupplements.ch\/"},{"@type":"ListItem","position":2,"name":"Shop","item":"https:\/\/ecosupplements.ch\/?page_id=14"},{"@type":"ListItem","position":3,"name":"AllDeynn Vitarose &#8211; 120 tablets"}]},{"@type":"WebSite","@id":"https:\/\/ecosupplements.ch\/#website","url":"https:\/\/ecosupplements.ch\/","name":"Eco Supplements","description":"","potentialAction":[{"@type":"SearchAction","target":{"@type":"EntryPoint","urlTemplate":"https:\/\/ecosupplements.ch\/?s={search_term_string}"},"query-input":{"@type":"PropertyValueSpecification","valueRequired":true,"valueName":"search_term_string"}}],"inLanguage":"de-CH"}]},"product_price_amount":"12.46","product_price_currency":"CHF","og_availability":"out of stock","product_availability":"out of stock","product_retailer_item_id":"5902837737737","product_condition":"new"},"_links":{"self":[{"href":"https:\/\/ecosupplements.ch\/index.php?rest_route=\/wp\/v2\/product\/1371","targetHints":{"allow":["GET"]}}],"collection":[{"href":"https:\/\/ecosupplements.ch\/index.php?rest_route=\/wp\/v2\/product"}],"about":[{"href":"https:\/\/ecosupplements.ch\/index.php?rest_route=\/wp\/v2\/types\/product"}],"replies":[{"embeddable":true,"href":"https:\/\/ecosupplements.ch\/index.php?rest_route=%2Fwp%2Fv2%2Fcomments&post=1371"}],"wp:featuredmedia":[{"embeddable":true,"href":"https:\/\/ecosupplements.ch\/index.php?rest_route=\/wp\/v2\/media\/1372"}],"wp:attachment":[{"href":"https:\/\/ecosupplements.ch\/index.php?rest_route=%2Fwp%2Fv2%2Fmedia&parent=1371"}],"wp:term":[{"taxonomy":"product_brand","embeddable":true,"href":"https:\/\/ecosupplements.ch\/index.php?rest_route=%2Fwp%2Fv2%2Fproduct_brand&post=1371"},{"taxonomy":"product_cat","embeddable":true,"href":"https:\/\/ecosupplements.ch\/index.php?rest_route=%2Fwp%2Fv2%2Fproduct_cat&post=1371"},{"taxonomy":"product_tag","embeddable":true,"href":"https:\/\/ecosupplements.ch\/index.php?rest_route=%2Fwp%2Fv2%2Fproduct_tag&post=1371"}],"curies":[{"name":"wp","href":"https:\/\/api.w.org\/{rel}","templated":true}]}}