{"id":1377,"date":"2026-05-11T14:28:55","date_gmt":"2026-05-11T14:28:55","guid":{"rendered":"https:\/\/ecosupplements.ch\/?product=bacopa-monnieri-90-caps"},"modified":"2026-05-13T07:25:02","modified_gmt":"2026-05-13T07:25:02","slug":"bacopa-monnieri-90-caps","status":"publish","type":"product","link":"https:\/\/ecosupplements.ch\/?product=bacopa-monnieri-90-caps","title":{"rendered":"Bacopa Monnieri &#8211; 90 caps"},"content":{"rendered":"<div class=\"chcg-product-description\">\n<h2 class=\"chcg-heading\">\u00dcber Allnutrition \u2013 Bacopa Monnieri \u2013 90 Kapseln<\/h2>\n<div class=\"chcg-intro\">\n<p>Bacopa Monnieri, auch bekannt als Wasserhysop, ist eine traditionelle Pflanze, die seit Jahrhunderten in der ayurvedischen Medizin gesch\u00e4tzt wird. Der in diesen Kapseln enthaltene Extrakt liefert pro Tagesportion 250 mg Bacopa-Monnieri-Extrakt, davon 125 mg Bacosides \u2013 die charakteristischen Wirkstoffe der Pflanze.<\/p>\n<p>Bacosides sind bioaktive Verbindungen, die zur Qualit\u00e4t und Standardisierung des Extrakts beitragen. Das Produkt von Allnutrition bietet eine praktische und pr\u00e4zise dosierte Form, um Bacopa Monnieri in den Alltag zu integrieren.<\/p>\n<p>Mit 90 Kapseln pro Packung und einer empfohlenen Tagesdosis von einer Kapsel deckt dieses Nahrungserg\u00e4nzungsmittel einen Vorrat von 90 Tagen ab \u2013 ideal f\u00fcr eine langfristige und konsequente Anwendung.<\/p>\n<\/p><\/div>\n<div class=\"chcg-nutrition\">\n<h3>N\u00e4hrwertangaben<\/h3>\n<table class=\"chcg-nutrition-table\">\n<thead>\n<tr>\n<th>N\u00e4hrstoff<\/th>\n<th>Pro Portion (1 Kapsel)<\/th>\n<\/tr>\n<\/thead>\n<tbody>\n<tr>\n<td>Extrakt aus Wasserhysop Bacopa Monnieri<\/td>\n<td>250 mg<\/td>\n<\/tr>\n<tr>\n<td>\u2013 davon Bacosides<\/td>\n<td>125 mg<\/td>\n<\/tr>\n<\/tbody>\n<\/table>\n<p class=\"chcg-footnote\">* Kein festgelegter Tagesreferenzwert.<\/p>\n<\/p><\/div>\n<div class=\"chcg-ingredients\">\n<h3>Zutaten<\/h3>\n<p>Extrakt aus Wasserhysop Bacopa Monnieri (davon Bacosides), Extrakt aus Wasserhysop Bacopa monnieri, Kapselh\u00fclle (Wasser, Gelatine, Farbstoff: Eisenoxide und -hydroxide), Trennmittel: Siliziumdioxid, F\u00fcllstoff: mikrokristalline Cellulose; Trennmittel: Magnesiumsalze von Fetts\u00e4uren. Kann Derivate von Folgendem enthalten: glutenhaltige Getreide, Soja, Milch, Ei.<\/p>\n<p class=\"chcg-capsule-shell\">Kapselh\u00fclle: Wasser, Gelatine, Farbstoff: Eisenoxide und -hydroxide.<\/p>\n<\/p><\/div>\n<div class=\"chcg-dosage\">\n<h3>Verzehrempfehlung<\/h3>\n<p>T\u00e4glich eine Kapsel einnehmen und mit Wasser hinunterschlucken.<\/p>\n<\/p><\/div>\n<div class=\"chcg-warnings\">\n<h3>Warnhinweise<\/h3>\n<p>Das Nahrungserg\u00e4nzungsmittel ist f\u00fcr Personen \u00fcber 18 Jahre bestimmt. Nicht verzehren, wenn Sie gegen einen der Inhaltsstoffe allergisch sind. Die empfohlene Tagesdosis nicht \u00fcberschreiten. Das Nahrungserg\u00e4nzungsmittel kann nicht als Ersatz f\u00fcr eine abwechslungsreiche Ern\u00e4hrung verwendet werden. Eine ausgewogene Ern\u00e4hrung und ein gesunder Lebensstil werden empfohlen. Verpackung nach Gebrauch stets verschliessen.<\/p>\n<\/p><\/div>\n<div class=\"chcg-allergens\">\n<h3>Allergeninformationen<\/h3>\n<p>Kann Derivate von Folgendem enthalten: glutenhaltige Getreide, Soja, Milch, Ei.<\/p>\n<\/p><\/div>\n<div class=\"chcg-storage\">\n<h3>Lagerung<\/h3>\n<p>An einem trockenen und k\u00fchlen Ort lagern, ausser Reichweite von Kleinkindern aufbewahren.<\/p>\n<\/p><\/div>\n<\/div>\n","protected":false},"excerpt":{"rendered":"<p>Bacopa Monnieri von Allnutrition liefert 250 mg standardisierten Wasserhysop-Extrakt pro Kapsel, davon 125 mg Bacosides. Praktische Packung mit 90 Kapseln f\u00fcr einen dreimonatigen Vorrat.<\/p>\n","protected":false},"featured_media":1378,"comment_status":"closed","ping_status":"open","template":"","meta":[],"product_brand":[172],"product_cat":[48,25,42,165,137,21],"product_tag":[],"class_list":{"0":"post-1377","1":"product","2":"type-product","3":"status-publish","4":"has-post-thumbnail","6":"product_brand-allnutrition","7":"product_cat-gesunde-ernaehrung","8":"product_cat-gesundheit-und-wohlbefinden","9":"product_cat-mentale-konzentration-und-gedaechtnis","10":"product_cat-humorforbedring","11":"product_cat-forbedring-af-humoret","12":"product_cat-vitamine-und-mineralstoffe","14":"first","15":"outofstock","16":"taxable","17":"shipping-taxable","18":"purchasable","19":"product-type-simple"},"yoast_head":"<!-- This site is optimized with the Yoast SEO plugin v27.5 - https:\/\/yoast.com\/product\/yoast-seo-wordpress\/ -->\n<title>Bacopa Monnieri 90 Kapseln \u2013 Allnutrition | ecosupplements.ch<\/title>\n<meta name=\"description\" content=\"Bacopa Monnieri von Allnutrition mit 250 mg Extrakt und 125 mg Bacosides pro Kapsel \u2013 90 Kapseln f\u00fcr 3 Monate. Jetzt bestellen.\" \/>\n<meta name=\"robots\" content=\"index, follow, max-snippet:-1, max-image-preview:large, max-video-preview:-1\" \/>\n<link rel=\"canonical\" href=\"https:\/\/ecosupplements.ch\/?product=bacopa-monnieri-90-caps\" \/>\n<meta property=\"og:locale\" content=\"de_DE\" \/>\n<meta property=\"og:type\" content=\"article\" \/>\n<meta property=\"og:title\" content=\"Bacopa Monnieri 90 Kapseln \u2013 Allnutrition | ecosupplements.ch\" \/>\n<meta property=\"og:description\" content=\"Bacopa Monnieri von Allnutrition mit 250 mg Extrakt und 125 mg Bacosides pro Kapsel \u2013 90 Kapseln f\u00fcr 3 Monate. Jetzt bestellen.\" \/>\n<meta property=\"og:url\" content=\"https:\/\/ecosupplements.ch\/?product=bacopa-monnieri-90-caps\" \/>\n<meta property=\"og:site_name\" content=\"Eco Supplements\" \/>\n<meta property=\"article:modified_time\" content=\"2026-05-13T07:25:02+00:00\" \/>\n<meta property=\"og:image\" content=\"https:\/\/ecosupplements.ch\/wp-content\/uploads\/2026\/05\/Bacopa-Monnieri-90-caps.jpg\" \/>\n\t<meta property=\"og:image:width\" content=\"648\" \/>\n\t<meta property=\"og:image:height\" content=\"648\" \/>\n\t<meta property=\"og:image:type\" content=\"image\/jpeg\" \/>\n<meta name=\"twitter:card\" content=\"summary_large_image\" \/>\n<meta name=\"twitter:label1\" content=\"Price\" \/>\n\t<meta name=\"twitter:data1\" content=\"&#067;&#072;&#070;&nbsp;11.42\" \/>\n\t<meta name=\"twitter:label2\" content=\"Availability\" \/>\n\t<meta name=\"twitter:data2\" content=\"Out of stock\" \/>\n<script type=\"application\/ld+json\" class=\"yoast-schema-graph\">{\"@context\":\"https:\\\/\\\/schema.org\",\"@graph\":[{\"@type\":\"WebPage\",\"@id\":\"https:\\\/\\\/ecosupplements.ch\\\/?product=bacopa-monnieri-90-caps\",\"url\":\"https:\\\/\\\/ecosupplements.ch\\\/?product=bacopa-monnieri-90-caps\",\"name\":\"Bacopa Monnieri 90 Kapseln \u2013 Allnutrition | ecosupplements.ch\",\"isPartOf\":{\"@id\":\"https:\\\/\\\/ecosupplements.ch\\\/#website\"},\"primaryImageOfPage\":{\"@id\":\"https:\\\/\\\/ecosupplements.ch\\\/?product=bacopa-monnieri-90-caps#primaryimage\"},\"image\":{\"@id\":\"https:\\\/\\\/ecosupplements.ch\\\/?product=bacopa-monnieri-90-caps#primaryimage\"},\"thumbnailUrl\":\"https:\\\/\\\/ecosupplements.ch\\\/wp-content\\\/uploads\\\/2026\\\/05\\\/Bacopa-Monnieri-90-caps.jpg\",\"datePublished\":\"2026-05-11T14:28:55+00:00\",\"dateModified\":\"2026-05-13T07:25:02+00:00\",\"description\":\"Bacopa Monnieri von Allnutrition mit 250 mg Extrakt und 125 mg Bacosides pro Kapsel \u2013 90 Kapseln f\u00fcr 3 Monate. Jetzt bestellen.\",\"breadcrumb\":{\"@id\":\"https:\\\/\\\/ecosupplements.ch\\\/?product=bacopa-monnieri-90-caps#breadcrumb\"},\"inLanguage\":\"de-CH\",\"potentialAction\":[{\"@type\":\"ReadAction\",\"target\":[\"https:\\\/\\\/ecosupplements.ch\\\/?product=bacopa-monnieri-90-caps\"]}]},{\"@type\":\"ImageObject\",\"inLanguage\":\"de-CH\",\"@id\":\"https:\\\/\\\/ecosupplements.ch\\\/?product=bacopa-monnieri-90-caps#primaryimage\",\"url\":\"https:\\\/\\\/ecosupplements.ch\\\/wp-content\\\/uploads\\\/2026\\\/05\\\/Bacopa-Monnieri-90-caps.jpg\",\"contentUrl\":\"https:\\\/\\\/ecosupplements.ch\\\/wp-content\\\/uploads\\\/2026\\\/05\\\/Bacopa-Monnieri-90-caps.jpg\",\"width\":648,\"height\":648,\"caption\":\"Bacopa Monnieri - 90 caps\"},{\"@type\":\"BreadcrumbList\",\"@id\":\"https:\\\/\\\/ecosupplements.ch\\\/?product=bacopa-monnieri-90-caps#breadcrumb\",\"itemListElement\":[{\"@type\":\"ListItem\",\"position\":1,\"name\":\"Home\",\"item\":\"https:\\\/\\\/ecosupplements.ch\\\/\"},{\"@type\":\"ListItem\",\"position\":2,\"name\":\"Shop\",\"item\":\"https:\\\/\\\/ecosupplements.ch\\\/?page_id=14\"},{\"@type\":\"ListItem\",\"position\":3,\"name\":\"Bacopa Monnieri &#8211; 90 caps\"}]},{\"@type\":\"WebSite\",\"@id\":\"https:\\\/\\\/ecosupplements.ch\\\/#website\",\"url\":\"https:\\\/\\\/ecosupplements.ch\\\/\",\"name\":\"Eco Supplements\",\"description\":\"\",\"potentialAction\":[{\"@type\":\"SearchAction\",\"target\":{\"@type\":\"EntryPoint\",\"urlTemplate\":\"https:\\\/\\\/ecosupplements.ch\\\/?s={search_term_string}\"},\"query-input\":{\"@type\":\"PropertyValueSpecification\",\"valueRequired\":true,\"valueName\":\"search_term_string\"}}],\"inLanguage\":\"de-CH\"}]}<\/script>\n<meta property=\"product:price:amount\" content=\"11.42\" \/>\n<meta property=\"product:price:currency\" content=\"CHF\" \/>\n<meta property=\"og:availability\" content=\"out of stock\" \/>\n<meta property=\"product:availability\" content=\"out of stock\" \/>\n<meta property=\"product:retailer_item_id\" content=\"5902837724591\" \/>\n<meta property=\"product:condition\" content=\"new\" \/>\n<!-- \/ Yoast SEO plugin. -->","yoast_head_json":{"title":"Bacopa Monnieri 90 Kapseln \u2013 Allnutrition | ecosupplements.ch","description":"Bacopa Monnieri von Allnutrition mit 250 mg Extrakt und 125 mg Bacosides pro Kapsel \u2013 90 Kapseln f\u00fcr 3 Monate. Jetzt bestellen.","robots":{"index":"index","follow":"follow","max-snippet":"max-snippet:-1","max-image-preview":"max-image-preview:large","max-video-preview":"max-video-preview:-1"},"canonical":"https:\/\/ecosupplements.ch\/?product=bacopa-monnieri-90-caps","og_locale":"de_DE","og_type":"article","og_title":"Bacopa Monnieri 90 Kapseln \u2013 Allnutrition | ecosupplements.ch","og_description":"Bacopa Monnieri von Allnutrition mit 250 mg Extrakt und 125 mg Bacosides pro Kapsel \u2013 90 Kapseln f\u00fcr 3 Monate. Jetzt bestellen.","og_url":"https:\/\/ecosupplements.ch\/?product=bacopa-monnieri-90-caps","og_site_name":"Eco Supplements","article_modified_time":"2026-05-13T07:25:02+00:00","og_image":[{"width":648,"height":648,"url":"https:\/\/ecosupplements.ch\/wp-content\/uploads\/2026\/05\/Bacopa-Monnieri-90-caps.jpg","type":"image\/jpeg"}],"twitter_card":"summary_large_image","twitter_misc":{"Price":"&#67;&#72;&#70;&nbsp;11.42","Availability":"Out of stock"},"schema":{"@context":"https:\/\/schema.org","@graph":[{"@type":"WebPage","@id":"https:\/\/ecosupplements.ch\/?product=bacopa-monnieri-90-caps","url":"https:\/\/ecosupplements.ch\/?product=bacopa-monnieri-90-caps","name":"Bacopa Monnieri 90 Kapseln \u2013 Allnutrition | ecosupplements.ch","isPartOf":{"@id":"https:\/\/ecosupplements.ch\/#website"},"primaryImageOfPage":{"@id":"https:\/\/ecosupplements.ch\/?product=bacopa-monnieri-90-caps#primaryimage"},"image":{"@id":"https:\/\/ecosupplements.ch\/?product=bacopa-monnieri-90-caps#primaryimage"},"thumbnailUrl":"https:\/\/ecosupplements.ch\/wp-content\/uploads\/2026\/05\/Bacopa-Monnieri-90-caps.jpg","datePublished":"2026-05-11T14:28:55+00:00","dateModified":"2026-05-13T07:25:02+00:00","description":"Bacopa Monnieri von Allnutrition mit 250 mg Extrakt und 125 mg Bacosides pro Kapsel \u2013 90 Kapseln f\u00fcr 3 Monate. Jetzt bestellen.","breadcrumb":{"@id":"https:\/\/ecosupplements.ch\/?product=bacopa-monnieri-90-caps#breadcrumb"},"inLanguage":"de-CH","potentialAction":[{"@type":"ReadAction","target":["https:\/\/ecosupplements.ch\/?product=bacopa-monnieri-90-caps"]}]},{"@type":"ImageObject","inLanguage":"de-CH","@id":"https:\/\/ecosupplements.ch\/?product=bacopa-monnieri-90-caps#primaryimage","url":"https:\/\/ecosupplements.ch\/wp-content\/uploads\/2026\/05\/Bacopa-Monnieri-90-caps.jpg","contentUrl":"https:\/\/ecosupplements.ch\/wp-content\/uploads\/2026\/05\/Bacopa-Monnieri-90-caps.jpg","width":648,"height":648,"caption":"Bacopa Monnieri - 90 caps"},{"@type":"BreadcrumbList","@id":"https:\/\/ecosupplements.ch\/?product=bacopa-monnieri-90-caps#breadcrumb","itemListElement":[{"@type":"ListItem","position":1,"name":"Home","item":"https:\/\/ecosupplements.ch\/"},{"@type":"ListItem","position":2,"name":"Shop","item":"https:\/\/ecosupplements.ch\/?page_id=14"},{"@type":"ListItem","position":3,"name":"Bacopa Monnieri &#8211; 90 caps"}]},{"@type":"WebSite","@id":"https:\/\/ecosupplements.ch\/#website","url":"https:\/\/ecosupplements.ch\/","name":"Eco Supplements","description":"","potentialAction":[{"@type":"SearchAction","target":{"@type":"EntryPoint","urlTemplate":"https:\/\/ecosupplements.ch\/?s={search_term_string}"},"query-input":{"@type":"PropertyValueSpecification","valueRequired":true,"valueName":"search_term_string"}}],"inLanguage":"de-CH"}]},"product_price_amount":"11.42","product_price_currency":"CHF","og_availability":"out of stock","product_availability":"out of stock","product_retailer_item_id":"5902837724591","product_condition":"new"},"_links":{"self":[{"href":"https:\/\/ecosupplements.ch\/index.php?rest_route=\/wp\/v2\/product\/1377","targetHints":{"allow":["GET"]}}],"collection":[{"href":"https:\/\/ecosupplements.ch\/index.php?rest_route=\/wp\/v2\/product"}],"about":[{"href":"https:\/\/ecosupplements.ch\/index.php?rest_route=\/wp\/v2\/types\/product"}],"replies":[{"embeddable":true,"href":"https:\/\/ecosupplements.ch\/index.php?rest_route=%2Fwp%2Fv2%2Fcomments&post=1377"}],"wp:featuredmedia":[{"embeddable":true,"href":"https:\/\/ecosupplements.ch\/index.php?rest_route=\/wp\/v2\/media\/1378"}],"wp:attachment":[{"href":"https:\/\/ecosupplements.ch\/index.php?rest_route=%2Fwp%2Fv2%2Fmedia&parent=1377"}],"wp:term":[{"taxonomy":"product_brand","embeddable":true,"href":"https:\/\/ecosupplements.ch\/index.php?rest_route=%2Fwp%2Fv2%2Fproduct_brand&post=1377"},{"taxonomy":"product_cat","embeddable":true,"href":"https:\/\/ecosupplements.ch\/index.php?rest_route=%2Fwp%2Fv2%2Fproduct_cat&post=1377"},{"taxonomy":"product_tag","embeddable":true,"href":"https:\/\/ecosupplements.ch\/index.php?rest_route=%2Fwp%2Fv2%2Fproduct_tag&post=1377"}],"curies":[{"name":"wp","href":"https:\/\/api.w.org\/{rel}","templated":true}]}}