{"id":1401,"date":"2026-05-11T14:29:05","date_gmt":"2026-05-11T14:29:05","guid":{"rendered":"https:\/\/ecosupplements.ch\/?product=creatine-muscle-max-lemon-250g"},"modified":"2026-05-13T07:25:44","modified_gmt":"2026-05-13T07:25:44","slug":"creatine-muscle-max-lemon-250g","status":"publish","type":"product","link":"https:\/\/ecosupplements.ch\/?product=creatine-muscle-max-lemon-250g","title":{"rendered":"Creatine Muscle Max, Lemon &#8211; 250g"},"content":{"rendered":"<div class=\"chcg-product-description\">\n<h2 class=\"chcg-heading\">\u00dcber Allnutrition \u2013 Creatine Muscle Max, Zitrone \u2013 250g<\/h2>\n<div class=\"chcg-intro\">\n<p>Das Allnutrition Creatine Muscle Max ist ein hochwertiges Kreatin-Pulver im erfrischenden Zitronengeschmack, das speziell f\u00fcr k\u00f6rperlich aktive Menschen entwickelt wurde. Mit 4050 mg Creatin-Monohydrat pro Portion \u2013 davon 3565 mg reines Kreatin \u2013 liefert es eine pr\u00e4zise dosierte Menge des am besten erforschten Supplements im Kraftsport- und Fitnessbereich.<\/p>\n<p>Erg\u00e4nzt wird die Formel durch 450 mg Taurin pro Portion, eine Aminos\u00e4ure, die nat\u00fcrlicherweise im menschlichen K\u00f6rper vorkommt. Die Kombination aus Kreatin-Monohydrat und Taurin macht dieses Pulver zu einem praktischen Begleiter f\u00fcr Trainingstage und trainingsfreie Tage gleichermassen.<\/p>\n<p>Das Pulver l\u00f6st sich in 200 ml Wasser auf und \u00fcberzeugt mit einem frischen Zitronengeschmack. Dank der kompakten 250-g-Dose mit 41 Portionen ist Creatine Muscle Max ideal f\u00fcr einen ersten Einstieg oder als kompakte Reisegr\u00f6sse.<\/p>\n<\/p><\/div>\n<div class=\"chcg-nutrition\">\n<h3>N\u00e4hrwertangaben<\/h3>\n<table class=\"chcg-nutrition-table\">\n<thead>\n<tr>\n<th>N\u00e4hrstoff<\/th>\n<th>Pro 100 g<\/th>\n<th>Pro Portion (6 g \/ 1 Messl\u00f6ffel)<\/th>\n<\/tr>\n<\/thead>\n<tbody>\n<tr>\n<td>Kreatin-Monohydrat<\/td>\n<td>67 500 mg<\/td>\n<td>4 050 mg<\/td>\n<\/tr>\n<tr>\n<td>\u2013 davon Kreatin<\/td>\n<td>59 416 mg<\/td>\n<td>3 565 mg<\/td>\n<\/tr>\n<tr>\n<td>Taurin<\/td>\n<td>7 500 mg<\/td>\n<td>450 mg<\/td>\n<\/tr>\n<\/tbody>\n<\/table>\n<p class=\"chcg-footnote\">* Kein festgelegter Tagesreferenzwert vorhanden.<\/p>\n<\/p><\/div>\n<div class=\"chcg-ingredients\">\n<h3>Zutaten<\/h3>\n<p>Kreatin-Monohydrat (davon Kreatin), Taurin, S\u00e4uerungsmittel: Zitronens\u00e4ure, Aromen, S\u00fcssungsmittel: Sucralose<\/p>\n<\/p><\/div>\n<div class=\"chcg-dosage\">\n<h3>Verzehrempfehlung<\/h3>\n<p>Eine Portion entspricht 6 g des Produkts (1 Messl\u00f6ffel), aufgel\u00f6st in 200 ml Wasser. An Trainingstagen: eine Portion vor dem Training. An trainingsfreien Tagen: eine Portion morgens auf n\u00fcchternen Magen. Die empfohlene Tagesdosis von einer Portion nicht \u00fcberschreiten.<\/p>\n<\/p><\/div>\n<div class=\"chcg-warnings\">\n<h3>Warnhinweise<\/h3>\n<p>Nahrungserg\u00e4nzungsmittel. Mit S\u00fcssungsmittel. Dieses Produkt ist f\u00fcr k\u00f6rperlich aktive Personen \u00fcber 18 Jahre bestimmt. Nicht verzehren, wenn eine Allergie gegen\u00fcber einem der Inhaltsstoffe besteht. Die empfohlene Tagesdosis nicht \u00fcberschreiten. Nahrungserg\u00e4nzungsmittel sind kein Ersatz f\u00fcr eine abwechslungsreiche Ern\u00e4hrung. Eine ausgewogene Ern\u00e4hrung und eine gesunde Lebensweise werden empfohlen. Verpackung nach dem Gebrauch stets verschlossen halten.<\/p>\n<\/p><\/div>\n<div class=\"chcg-allergens\">\n<h3>Allergeninformationen<\/h3>\n<p>Kann Spuren von Eiern, N\u00fcssen, Sesamsamen, Sellerie und glutenhaltigem Getreide enthalten.<\/p>\n<\/p><\/div>\n<div class=\"chcg-storage\">\n<h3>Lagerung<\/h3>\n<p>An einem trockenen und k\u00fchlen Ort aufbewahren, ausserhalb der Reichweite von Kleinkindern.<\/p>\n<\/p><\/div>\n<\/div>\n","protected":false},"excerpt":{"rendered":"<p>Creatine Muscle Max von Allnutrition liefert 4050 mg Kreatin-Monohydrat und 450 mg Taurin pro Portion. Das Zitronenpulver (250 g \/ 41 Portionen) l\u00f6st sich einfach in Wasser auf \u2013 ideal f\u00fcr aktive Sportlerinnen und Sportler.<\/p>\n","protected":false},"featured_media":1402,"comment_status":"closed","ping_status":"open","template":"","meta":[],"product_brand":[172],"product_cat":[90,48,75,70],"product_tag":[],"class_list":{"0":"post-1401","1":"product","2":"type-product","3":"status-publish","4":"has-post-thumbnail","6":"product_brand-allnutrition","7":"product_cat-fitness-training","8":"product_cat-gesunde-ernaehrung","9":"product_cat-kreatinmonohydrat","10":"product_cat-kreatinpraeparate","12":"first","13":"outofstock","14":"taxable","15":"shipping-taxable","16":"purchasable","17":"product-type-simple"},"yoast_head":"<!-- This site is optimized with the Yoast SEO plugin v27.5 - https:\/\/yoast.com\/product\/yoast-seo-wordpress\/ -->\n<title>Creatine Muscle Max Zitrone 250g \u2013 Allnutrition | ecosupplements.ch<\/title>\n<meta name=\"description\" content=\"Kreatin-Pulver mit 4050 mg Kreatin-Monohydrat und Taurin pro Portion, im frischen Zitronengeschmack \u2013 250 g, 41 Portionen. Jetzt bestellen.\" \/>\n<meta name=\"robots\" content=\"index, follow, max-snippet:-1, max-image-preview:large, max-video-preview:-1\" \/>\n<link rel=\"canonical\" href=\"https:\/\/ecosupplements.ch\/?product=creatine-muscle-max-lemon-250g\" \/>\n<meta property=\"og:locale\" content=\"de_DE\" \/>\n<meta property=\"og:type\" content=\"article\" \/>\n<meta property=\"og:title\" content=\"Creatine Muscle Max Zitrone 250g \u2013 Allnutrition | ecosupplements.ch\" \/>\n<meta property=\"og:description\" content=\"Kreatin-Pulver mit 4050 mg Kreatin-Monohydrat und Taurin pro Portion, im frischen Zitronengeschmack \u2013 250 g, 41 Portionen. Jetzt bestellen.\" \/>\n<meta property=\"og:url\" content=\"https:\/\/ecosupplements.ch\/?product=creatine-muscle-max-lemon-250g\" \/>\n<meta property=\"og:site_name\" content=\"Eco Supplements\" \/>\n<meta property=\"article:modified_time\" content=\"2026-05-13T07:25:44+00:00\" \/>\n<meta property=\"og:image\" content=\"https:\/\/ecosupplements.ch\/wp-content\/uploads\/2026\/05\/Creatine-Muscle-Max-Lemon-250g.jpg\" \/>\n\t<meta property=\"og:image:width\" content=\"762\" \/>\n\t<meta property=\"og:image:height\" content=\"697\" \/>\n\t<meta property=\"og:image:type\" content=\"image\/jpeg\" \/>\n<meta name=\"twitter:card\" content=\"summary_large_image\" \/>\n<meta name=\"twitter:label1\" content=\"Price\" \/>\n\t<meta name=\"twitter:data1\" content=\"&#067;&#072;&#070;&nbsp;9.32\" \/>\n\t<meta name=\"twitter:label2\" content=\"Availability\" \/>\n\t<meta name=\"twitter:data2\" content=\"Out of stock\" \/>\n<script type=\"application\/ld+json\" class=\"yoast-schema-graph\">{\"@context\":\"https:\\\/\\\/schema.org\",\"@graph\":[{\"@type\":\"WebPage\",\"@id\":\"https:\\\/\\\/ecosupplements.ch\\\/?product=creatine-muscle-max-lemon-250g\",\"url\":\"https:\\\/\\\/ecosupplements.ch\\\/?product=creatine-muscle-max-lemon-250g\",\"name\":\"Creatine Muscle Max Zitrone 250g \u2013 Allnutrition | ecosupplements.ch\",\"isPartOf\":{\"@id\":\"https:\\\/\\\/ecosupplements.ch\\\/#website\"},\"primaryImageOfPage\":{\"@id\":\"https:\\\/\\\/ecosupplements.ch\\\/?product=creatine-muscle-max-lemon-250g#primaryimage\"},\"image\":{\"@id\":\"https:\\\/\\\/ecosupplements.ch\\\/?product=creatine-muscle-max-lemon-250g#primaryimage\"},\"thumbnailUrl\":\"https:\\\/\\\/ecosupplements.ch\\\/wp-content\\\/uploads\\\/2026\\\/05\\\/Creatine-Muscle-Max-Lemon-250g.jpg\",\"datePublished\":\"2026-05-11T14:29:05+00:00\",\"dateModified\":\"2026-05-13T07:25:44+00:00\",\"description\":\"Kreatin-Pulver mit 4050 mg Kreatin-Monohydrat und Taurin pro Portion, im frischen Zitronengeschmack \u2013 250 g, 41 Portionen. Jetzt bestellen.\",\"breadcrumb\":{\"@id\":\"https:\\\/\\\/ecosupplements.ch\\\/?product=creatine-muscle-max-lemon-250g#breadcrumb\"},\"inLanguage\":\"de-CH\",\"potentialAction\":[{\"@type\":\"ReadAction\",\"target\":[\"https:\\\/\\\/ecosupplements.ch\\\/?product=creatine-muscle-max-lemon-250g\"]}]},{\"@type\":\"ImageObject\",\"inLanguage\":\"de-CH\",\"@id\":\"https:\\\/\\\/ecosupplements.ch\\\/?product=creatine-muscle-max-lemon-250g#primaryimage\",\"url\":\"https:\\\/\\\/ecosupplements.ch\\\/wp-content\\\/uploads\\\/2026\\\/05\\\/Creatine-Muscle-Max-Lemon-250g.jpg\",\"contentUrl\":\"https:\\\/\\\/ecosupplements.ch\\\/wp-content\\\/uploads\\\/2026\\\/05\\\/Creatine-Muscle-Max-Lemon-250g.jpg\",\"width\":762,\"height\":697,\"caption\":\"Creatine Muscle Max\"},{\"@type\":\"BreadcrumbList\",\"@id\":\"https:\\\/\\\/ecosupplements.ch\\\/?product=creatine-muscle-max-lemon-250g#breadcrumb\",\"itemListElement\":[{\"@type\":\"ListItem\",\"position\":1,\"name\":\"Home\",\"item\":\"https:\\\/\\\/ecosupplements.ch\\\/\"},{\"@type\":\"ListItem\",\"position\":2,\"name\":\"Shop\",\"item\":\"https:\\\/\\\/ecosupplements.ch\\\/?page_id=14\"},{\"@type\":\"ListItem\",\"position\":3,\"name\":\"Creatine Muscle Max, Lemon &#8211; 250g\"}]},{\"@type\":\"WebSite\",\"@id\":\"https:\\\/\\\/ecosupplements.ch\\\/#website\",\"url\":\"https:\\\/\\\/ecosupplements.ch\\\/\",\"name\":\"Eco Supplements\",\"description\":\"\",\"potentialAction\":[{\"@type\":\"SearchAction\",\"target\":{\"@type\":\"EntryPoint\",\"urlTemplate\":\"https:\\\/\\\/ecosupplements.ch\\\/?s={search_term_string}\"},\"query-input\":{\"@type\":\"PropertyValueSpecification\",\"valueRequired\":true,\"valueName\":\"search_term_string\"}}],\"inLanguage\":\"de-CH\"}]}<\/script>\n<meta property=\"product:price:amount\" content=\"9.32\" \/>\n<meta property=\"product:price:currency\" content=\"CHF\" \/>\n<meta property=\"og:availability\" content=\"out of stock\" \/>\n<meta property=\"product:availability\" content=\"out of stock\" \/>\n<meta property=\"product:retailer_item_id\" content=\"5902837745664\" \/>\n<meta property=\"product:condition\" content=\"new\" \/>\n<!-- \/ Yoast SEO plugin. -->","yoast_head_json":{"title":"Creatine Muscle Max Zitrone 250g \u2013 Allnutrition | ecosupplements.ch","description":"Kreatin-Pulver mit 4050 mg Kreatin-Monohydrat und Taurin pro Portion, im frischen Zitronengeschmack \u2013 250 g, 41 Portionen. Jetzt bestellen.","robots":{"index":"index","follow":"follow","max-snippet":"max-snippet:-1","max-image-preview":"max-image-preview:large","max-video-preview":"max-video-preview:-1"},"canonical":"https:\/\/ecosupplements.ch\/?product=creatine-muscle-max-lemon-250g","og_locale":"de_DE","og_type":"article","og_title":"Creatine Muscle Max Zitrone 250g \u2013 Allnutrition | ecosupplements.ch","og_description":"Kreatin-Pulver mit 4050 mg Kreatin-Monohydrat und Taurin pro Portion, im frischen Zitronengeschmack \u2013 250 g, 41 Portionen. Jetzt bestellen.","og_url":"https:\/\/ecosupplements.ch\/?product=creatine-muscle-max-lemon-250g","og_site_name":"Eco Supplements","article_modified_time":"2026-05-13T07:25:44+00:00","og_image":[{"width":762,"height":697,"url":"https:\/\/ecosupplements.ch\/wp-content\/uploads\/2026\/05\/Creatine-Muscle-Max-Lemon-250g.jpg","type":"image\/jpeg"}],"twitter_card":"summary_large_image","twitter_misc":{"Price":"&#67;&#72;&#70;&nbsp;9.32","Availability":"Out of stock"},"schema":{"@context":"https:\/\/schema.org","@graph":[{"@type":"WebPage","@id":"https:\/\/ecosupplements.ch\/?product=creatine-muscle-max-lemon-250g","url":"https:\/\/ecosupplements.ch\/?product=creatine-muscle-max-lemon-250g","name":"Creatine Muscle Max Zitrone 250g \u2013 Allnutrition | ecosupplements.ch","isPartOf":{"@id":"https:\/\/ecosupplements.ch\/#website"},"primaryImageOfPage":{"@id":"https:\/\/ecosupplements.ch\/?product=creatine-muscle-max-lemon-250g#primaryimage"},"image":{"@id":"https:\/\/ecosupplements.ch\/?product=creatine-muscle-max-lemon-250g#primaryimage"},"thumbnailUrl":"https:\/\/ecosupplements.ch\/wp-content\/uploads\/2026\/05\/Creatine-Muscle-Max-Lemon-250g.jpg","datePublished":"2026-05-11T14:29:05+00:00","dateModified":"2026-05-13T07:25:44+00:00","description":"Kreatin-Pulver mit 4050 mg Kreatin-Monohydrat und Taurin pro Portion, im frischen Zitronengeschmack \u2013 250 g, 41 Portionen. Jetzt bestellen.","breadcrumb":{"@id":"https:\/\/ecosupplements.ch\/?product=creatine-muscle-max-lemon-250g#breadcrumb"},"inLanguage":"de-CH","potentialAction":[{"@type":"ReadAction","target":["https:\/\/ecosupplements.ch\/?product=creatine-muscle-max-lemon-250g"]}]},{"@type":"ImageObject","inLanguage":"de-CH","@id":"https:\/\/ecosupplements.ch\/?product=creatine-muscle-max-lemon-250g#primaryimage","url":"https:\/\/ecosupplements.ch\/wp-content\/uploads\/2026\/05\/Creatine-Muscle-Max-Lemon-250g.jpg","contentUrl":"https:\/\/ecosupplements.ch\/wp-content\/uploads\/2026\/05\/Creatine-Muscle-Max-Lemon-250g.jpg","width":762,"height":697,"caption":"Creatine Muscle Max"},{"@type":"BreadcrumbList","@id":"https:\/\/ecosupplements.ch\/?product=creatine-muscle-max-lemon-250g#breadcrumb","itemListElement":[{"@type":"ListItem","position":1,"name":"Home","item":"https:\/\/ecosupplements.ch\/"},{"@type":"ListItem","position":2,"name":"Shop","item":"https:\/\/ecosupplements.ch\/?page_id=14"},{"@type":"ListItem","position":3,"name":"Creatine Muscle Max, Lemon &#8211; 250g"}]},{"@type":"WebSite","@id":"https:\/\/ecosupplements.ch\/#website","url":"https:\/\/ecosupplements.ch\/","name":"Eco Supplements","description":"","potentialAction":[{"@type":"SearchAction","target":{"@type":"EntryPoint","urlTemplate":"https:\/\/ecosupplements.ch\/?s={search_term_string}"},"query-input":{"@type":"PropertyValueSpecification","valueRequired":true,"valueName":"search_term_string"}}],"inLanguage":"de-CH"}]},"product_price_amount":"9.32","product_price_currency":"CHF","og_availability":"out of stock","product_availability":"out of stock","product_retailer_item_id":"5902837745664","product_condition":"new"},"_links":{"self":[{"href":"https:\/\/ecosupplements.ch\/index.php?rest_route=\/wp\/v2\/product\/1401","targetHints":{"allow":["GET"]}}],"collection":[{"href":"https:\/\/ecosupplements.ch\/index.php?rest_route=\/wp\/v2\/product"}],"about":[{"href":"https:\/\/ecosupplements.ch\/index.php?rest_route=\/wp\/v2\/types\/product"}],"replies":[{"embeddable":true,"href":"https:\/\/ecosupplements.ch\/index.php?rest_route=%2Fwp%2Fv2%2Fcomments&post=1401"}],"wp:featuredmedia":[{"embeddable":true,"href":"https:\/\/ecosupplements.ch\/index.php?rest_route=\/wp\/v2\/media\/1402"}],"wp:attachment":[{"href":"https:\/\/ecosupplements.ch\/index.php?rest_route=%2Fwp%2Fv2%2Fmedia&parent=1401"}],"wp:term":[{"taxonomy":"product_brand","embeddable":true,"href":"https:\/\/ecosupplements.ch\/index.php?rest_route=%2Fwp%2Fv2%2Fproduct_brand&post=1401"},{"taxonomy":"product_cat","embeddable":true,"href":"https:\/\/ecosupplements.ch\/index.php?rest_route=%2Fwp%2Fv2%2Fproduct_cat&post=1401"},{"taxonomy":"product_tag","embeddable":true,"href":"https:\/\/ecosupplements.ch\/index.php?rest_route=%2Fwp%2Fv2%2Fproduct_tag&post=1401"}],"curies":[{"name":"wp","href":"https:\/\/api.w.org\/{rel}","templated":true}]}}