{"id":1481,"date":"2026-05-11T14:29:40","date_gmt":"2026-05-11T14:29:40","guid":{"rendered":"https:\/\/ecosupplements.ch\/?product=vegan-pea-protein-chocolate-500g"},"modified":"2026-05-13T07:25:06","modified_gmt":"2026-05-13T07:25:06","slug":"vegan-pea-protein-chocolate-500g","status":"publish","type":"product","link":"https:\/\/ecosupplements.ch\/?product=vegan-pea-protein-chocolate-500g","title":{"rendered":"Vegan Pea Protein, Chocolate &#8211; 500g"},"content":{"rendered":"<div class=\"chcg-product-description\">\n<h2 class=\"chcg-heading\">\u00dcber Allnutrition \u2013 Vegan Pea Protein, Chocolate \u2013 500g<\/h2>\n<div class=\"chcg-intro\">\n<p>Das Allnutrition Vegan Pea Protein in der Geschmacksrichtung Chocolate ist ein hochwertiges, pflanzliches Proteinpulver, das speziell f\u00fcr k\u00f6rperlich aktive Menschen entwickelt wurde. Mit 22 g Protein pro Portion (30 g) liefert es eine ausgezeichnete Grundlage zur Unterst\u00fctzung des normalen Muskelaufbaus und -erhalts \u2013 ganz ohne tierische Inhaltsstoffe.<\/p>\n<p>Die einzigartige Proteinkombination aus Erbsen-, Reis-, Mandel- und Hanfproteinkonzentrat sorgt f\u00fcr ein ausgewogenes Aminos\u00e4ureprofil. Dank des niedrigen Fett- und Zuckergehalts eignet sich dieses Pulver hervorragend als Erg\u00e4nzung zu einer ausgewogenen, pflanzlichen Ern\u00e4hrung.<\/p>\n<p>Das Pulver l\u00e4sst sich vielseitig einsetzen: als cremiger Proteinshake mit Wasser oder als s\u00e4ttigende Pudding-Alternative \u2013 so passt es flexibel in jeden Alltag. Die angenehme Schokoladennote macht es zu einem genussvollen Begleiter nach dem Training.<\/p>\n<\/p><\/div>\n<div class=\"chcg-nutrition\">\n<h3>N\u00e4hrwertangaben<\/h3>\n<table class=\"chcg-nutrition-table\">\n<thead>\n<tr>\n<th>N\u00e4hrstoff<\/th>\n<th>Pro Portion (30 g)<\/th>\n<\/tr>\n<\/thead>\n<tbody>\n<tr>\n<td>Energie<\/td>\n<td>496 kJ \/ 119 kcal<\/td>\n<\/tr>\n<tr>\n<td>Fett<\/td>\n<td>0.80 g<\/td>\n<\/tr>\n<tr>\n<td>\u2013 davon ges\u00e4ttigte Fetts\u00e4uren<\/td>\n<td>1 g<\/td>\n<\/tr>\n<tr>\n<td>Kohlenhydrate<\/td>\n<td>6.40 g<\/td>\n<\/tr>\n<tr>\n<td>\u2013 davon Zucker<\/td>\n<td>2.40 g<\/td>\n<\/tr>\n<tr>\n<td>Protein<\/td>\n<td>22 g<\/td>\n<\/tr>\n<tr>\n<td>Salz<\/td>\n<td>0.15 g<\/td>\n<\/tr>\n<tr>\n<td>Erbsenproteinkonzentrat<\/td>\n<td>24 g<\/td>\n<\/tr>\n<tr>\n<td>Reisproteinkonzentrat<\/td>\n<td>0.80 g<\/td>\n<\/tr>\n<tr>\n<td>Mandelproteinkonzentrat<\/td>\n<td>0.20 g<\/td>\n<\/tr>\n<tr>\n<td>Hanfproteinkonzentrat<\/td>\n<td>0.20 g<\/td>\n<\/tr>\n<\/tbody>\n<\/table><\/div>\n<div class=\"chcg-ingredients\">\n<h3>Zutaten<\/h3>\n<p>Erbsenproteinkonzentrat, Reisproteinkonzentrat, Mandelproteinkonzentrat, Hanfproteinkonzentrat, Proteinkomplex (Erbsenproteinkonzentrat, Reisproteinkonzentrat, Mandelproteinkonzentrat, Hanfproteinkonzentrat), nicht hydriertes Kokos\u00f6l in Pulverform, Verdickungsmittel: Cellulosegummi, Xanthangummi; Aromen, S\u00fcssstoffe: Sucralose, Acesulfam K; Trennmittel: Siliciumdioxid, Kakao, Natriumchlorid.<\/p>\n<\/p><\/div>\n<div class=\"chcg-dosage\">\n<h3>Verzehrempfehlung<\/h3>\n<p>F\u00fcr die Zubereitung eines Proteinshakes eine Portion (30 g) in 300\u2013350 ml Wasser aufl\u00f6sen. F\u00fcr die Konsistenz eines Puddings eine Portion (30 g) in 200 ml Wasser aufl\u00f6sen. Eine Portion pro Tag nicht \u00fcberschreiten.<\/p>\n<\/p><\/div>\n<div class=\"chcg-warnings\">\n<h3>Warnhinweise<\/h3>\n<p>Enth\u00e4lt nat\u00fcrlich vorkommende Zucker. Das Produkt ist f\u00fcr k\u00f6rperlich aktive Personen \u00fcber 18 Jahre bestimmt. Nicht verwenden, wenn Sie allergisch auf einen der Inhaltsstoffe des Produkts reagieren. Die empfohlene Tagesdosis nicht \u00fcberschreiten. Nahrungserg\u00e4nzungsmittel sollten nicht als Ersatz f\u00fcr eine abwechslungsreiche und ausgewogene Ern\u00e4hrung verwendet werden. Eine ausgewogene Ern\u00e4hrung und eine gesunde Lebensweise werden empfohlen.<\/p>\n<\/p><\/div>\n<div class=\"chcg-allergens\">\n<h3>Allergeninformationen<\/h3>\n<p>Kann Spuren von folgenden Stoffen enthalten: glutenhaltige Getreide, Soja, Milch, Ei.<\/p>\n<\/p><\/div>\n<div class=\"chcg-storage\">\n<h3>Lagerung<\/h3>\n<p>An einem k\u00fchlen, trockenen Ort, vor direktem Sonnenlicht gesch\u00fctzt, aufbewahren. Verpackung nach Gebrauch stets verschliessen. Ausserhalb der Reichweite von Kindern aufbewahren.<\/p>\n<\/p><\/div>\n<div class=\"chcg-dietary\">\n<h3>Ern\u00e4hrungshinweise<\/h3>\n<ul>\n<li>Vegan<\/li>\n<li>Vegetarisch<\/li>\n<\/ul><\/div>\n<\/div>\n","protected":false},"excerpt":{"rendered":"<p>Allnutrition Vegan Pea Protein Chocolate liefert 22 g pflanzliches Protein pro Portion aus Erbsen-, Reis-, Mandel- und Hanfprotein. Das Pulver (500 g \/ 16 Portionen) eignet sich als Shake oder Pudding.<\/p>\n","protected":false},"featured_media":1482,"comment_status":"closed","ping_status":"open","template":"","meta":[],"product_brand":[172],"product_cat":[90,48,65,50,22],"product_tag":[],"class_list":{"0":"post-1481","1":"product","2":"type-product","3":"status-publish","4":"has-post-thumbnail","6":"product_brand-allnutrition","7":"product_cat-fitness-training","8":"product_cat-gesunde-ernaehrung","9":"product_cat-pflanzliche-proteine","10":"product_cat-proteine","11":"product_cat-vegane-produkte","13":"first","14":"outofstock","15":"taxable","16":"shipping-taxable","17":"purchasable","18":"product-type-simple"},"yoast_head":"<!-- This site is optimized with the Yoast SEO plugin v27.5 - https:\/\/yoast.com\/product\/yoast-seo-wordpress\/ -->\n<title>Vegan Pea Protein Chocolate \u2013 Allnutrition | ecosupplements.ch<\/title>\n<meta name=\"description\" content=\"22 g pflanzliches Protein pro Portion \u2013 Allnutrition Vegan Pea Protein Chocolate Pulver, 500 g (16 Portionen). Jetzt bestellen.\" \/>\n<meta name=\"robots\" content=\"index, follow, max-snippet:-1, max-image-preview:large, max-video-preview:-1\" \/>\n<link rel=\"canonical\" href=\"https:\/\/ecosupplements.ch\/?product=vegan-pea-protein-chocolate-500g\" \/>\n<meta property=\"og:locale\" content=\"de_DE\" \/>\n<meta property=\"og:type\" content=\"article\" \/>\n<meta property=\"og:title\" content=\"Vegan Pea Protein Chocolate \u2013 Allnutrition | ecosupplements.ch\" \/>\n<meta property=\"og:description\" content=\"22 g pflanzliches Protein pro Portion \u2013 Allnutrition Vegan Pea Protein Chocolate Pulver, 500 g (16 Portionen). Jetzt bestellen.\" \/>\n<meta property=\"og:url\" content=\"https:\/\/ecosupplements.ch\/?product=vegan-pea-protein-chocolate-500g\" \/>\n<meta property=\"og:site_name\" content=\"Eco Supplements\" \/>\n<meta property=\"article:modified_time\" content=\"2026-05-13T07:25:06+00:00\" \/>\n<meta property=\"og:image\" content=\"https:\/\/ecosupplements.ch\/wp-content\/uploads\/2026\/05\/Vegan-Pea-Protein-Chocolate-500g.jpg\" \/>\n\t<meta property=\"og:image:width\" content=\"600\" \/>\n\t<meta property=\"og:image:height\" content=\"600\" \/>\n\t<meta property=\"og:image:type\" content=\"image\/jpeg\" \/>\n<meta name=\"twitter:card\" content=\"summary_large_image\" \/>\n<meta name=\"twitter:label1\" content=\"Price\" \/>\n\t<meta name=\"twitter:data1\" content=\"&#067;&#072;&#070;&nbsp;14.04\" \/>\n\t<meta name=\"twitter:label2\" content=\"Availability\" \/>\n\t<meta name=\"twitter:data2\" content=\"Out of stock\" \/>\n<script type=\"application\/ld+json\" class=\"yoast-schema-graph\">{\"@context\":\"https:\\\/\\\/schema.org\",\"@graph\":[{\"@type\":\"WebPage\",\"@id\":\"https:\\\/\\\/ecosupplements.ch\\\/?product=vegan-pea-protein-chocolate-500g\",\"url\":\"https:\\\/\\\/ecosupplements.ch\\\/?product=vegan-pea-protein-chocolate-500g\",\"name\":\"Vegan Pea Protein Chocolate \u2013 Allnutrition | ecosupplements.ch\",\"isPartOf\":{\"@id\":\"https:\\\/\\\/ecosupplements.ch\\\/#website\"},\"primaryImageOfPage\":{\"@id\":\"https:\\\/\\\/ecosupplements.ch\\\/?product=vegan-pea-protein-chocolate-500g#primaryimage\"},\"image\":{\"@id\":\"https:\\\/\\\/ecosupplements.ch\\\/?product=vegan-pea-protein-chocolate-500g#primaryimage\"},\"thumbnailUrl\":\"https:\\\/\\\/ecosupplements.ch\\\/wp-content\\\/uploads\\\/2026\\\/05\\\/Vegan-Pea-Protein-Chocolate-500g.jpg\",\"datePublished\":\"2026-05-11T14:29:40+00:00\",\"dateModified\":\"2026-05-13T07:25:06+00:00\",\"description\":\"22 g pflanzliches Protein pro Portion \u2013 Allnutrition Vegan Pea Protein Chocolate Pulver, 500 g (16 Portionen). Jetzt bestellen.\",\"breadcrumb\":{\"@id\":\"https:\\\/\\\/ecosupplements.ch\\\/?product=vegan-pea-protein-chocolate-500g#breadcrumb\"},\"inLanguage\":\"de-CH\",\"potentialAction\":[{\"@type\":\"ReadAction\",\"target\":[\"https:\\\/\\\/ecosupplements.ch\\\/?product=vegan-pea-protein-chocolate-500g\"]}]},{\"@type\":\"ImageObject\",\"inLanguage\":\"de-CH\",\"@id\":\"https:\\\/\\\/ecosupplements.ch\\\/?product=vegan-pea-protein-chocolate-500g#primaryimage\",\"url\":\"https:\\\/\\\/ecosupplements.ch\\\/wp-content\\\/uploads\\\/2026\\\/05\\\/Vegan-Pea-Protein-Chocolate-500g.jpg\",\"contentUrl\":\"https:\\\/\\\/ecosupplements.ch\\\/wp-content\\\/uploads\\\/2026\\\/05\\\/Vegan-Pea-Protein-Chocolate-500g.jpg\",\"width\":600,\"height\":600,\"caption\":\"Vegan Pea Protein\"},{\"@type\":\"BreadcrumbList\",\"@id\":\"https:\\\/\\\/ecosupplements.ch\\\/?product=vegan-pea-protein-chocolate-500g#breadcrumb\",\"itemListElement\":[{\"@type\":\"ListItem\",\"position\":1,\"name\":\"Home\",\"item\":\"https:\\\/\\\/ecosupplements.ch\\\/\"},{\"@type\":\"ListItem\",\"position\":2,\"name\":\"Shop\",\"item\":\"https:\\\/\\\/ecosupplements.ch\\\/?page_id=14\"},{\"@type\":\"ListItem\",\"position\":3,\"name\":\"Vegan Pea Protein, Chocolate &#8211; 500g\"}]},{\"@type\":\"WebSite\",\"@id\":\"https:\\\/\\\/ecosupplements.ch\\\/#website\",\"url\":\"https:\\\/\\\/ecosupplements.ch\\\/\",\"name\":\"Eco Supplements\",\"description\":\"\",\"potentialAction\":[{\"@type\":\"SearchAction\",\"target\":{\"@type\":\"EntryPoint\",\"urlTemplate\":\"https:\\\/\\\/ecosupplements.ch\\\/?s={search_term_string}\"},\"query-input\":{\"@type\":\"PropertyValueSpecification\",\"valueRequired\":true,\"valueName\":\"search_term_string\"}}],\"inLanguage\":\"de-CH\"}]}<\/script>\n<meta property=\"product:price:amount\" content=\"14.04\" \/>\n<meta property=\"product:price:currency\" content=\"CHF\" \/>\n<meta property=\"og:availability\" content=\"out of stock\" \/>\n<meta property=\"product:availability\" content=\"out of stock\" \/>\n<meta property=\"product:retailer_item_id\" content=\"5902837735610\" \/>\n<meta property=\"product:condition\" content=\"new\" \/>\n<!-- \/ Yoast SEO plugin. -->","yoast_head_json":{"title":"Vegan Pea Protein Chocolate \u2013 Allnutrition | ecosupplements.ch","description":"22 g pflanzliches Protein pro Portion \u2013 Allnutrition Vegan Pea Protein Chocolate Pulver, 500 g (16 Portionen). Jetzt bestellen.","robots":{"index":"index","follow":"follow","max-snippet":"max-snippet:-1","max-image-preview":"max-image-preview:large","max-video-preview":"max-video-preview:-1"},"canonical":"https:\/\/ecosupplements.ch\/?product=vegan-pea-protein-chocolate-500g","og_locale":"de_DE","og_type":"article","og_title":"Vegan Pea Protein Chocolate \u2013 Allnutrition | ecosupplements.ch","og_description":"22 g pflanzliches Protein pro Portion \u2013 Allnutrition Vegan Pea Protein Chocolate Pulver, 500 g (16 Portionen). Jetzt bestellen.","og_url":"https:\/\/ecosupplements.ch\/?product=vegan-pea-protein-chocolate-500g","og_site_name":"Eco Supplements","article_modified_time":"2026-05-13T07:25:06+00:00","og_image":[{"width":600,"height":600,"url":"https:\/\/ecosupplements.ch\/wp-content\/uploads\/2026\/05\/Vegan-Pea-Protein-Chocolate-500g.jpg","type":"image\/jpeg"}],"twitter_card":"summary_large_image","twitter_misc":{"Price":"&#67;&#72;&#70;&nbsp;14.04","Availability":"Out of stock"},"schema":{"@context":"https:\/\/schema.org","@graph":[{"@type":"WebPage","@id":"https:\/\/ecosupplements.ch\/?product=vegan-pea-protein-chocolate-500g","url":"https:\/\/ecosupplements.ch\/?product=vegan-pea-protein-chocolate-500g","name":"Vegan Pea Protein Chocolate \u2013 Allnutrition | ecosupplements.ch","isPartOf":{"@id":"https:\/\/ecosupplements.ch\/#website"},"primaryImageOfPage":{"@id":"https:\/\/ecosupplements.ch\/?product=vegan-pea-protein-chocolate-500g#primaryimage"},"image":{"@id":"https:\/\/ecosupplements.ch\/?product=vegan-pea-protein-chocolate-500g#primaryimage"},"thumbnailUrl":"https:\/\/ecosupplements.ch\/wp-content\/uploads\/2026\/05\/Vegan-Pea-Protein-Chocolate-500g.jpg","datePublished":"2026-05-11T14:29:40+00:00","dateModified":"2026-05-13T07:25:06+00:00","description":"22 g pflanzliches Protein pro Portion \u2013 Allnutrition Vegan Pea Protein Chocolate Pulver, 500 g (16 Portionen). Jetzt bestellen.","breadcrumb":{"@id":"https:\/\/ecosupplements.ch\/?product=vegan-pea-protein-chocolate-500g#breadcrumb"},"inLanguage":"de-CH","potentialAction":[{"@type":"ReadAction","target":["https:\/\/ecosupplements.ch\/?product=vegan-pea-protein-chocolate-500g"]}]},{"@type":"ImageObject","inLanguage":"de-CH","@id":"https:\/\/ecosupplements.ch\/?product=vegan-pea-protein-chocolate-500g#primaryimage","url":"https:\/\/ecosupplements.ch\/wp-content\/uploads\/2026\/05\/Vegan-Pea-Protein-Chocolate-500g.jpg","contentUrl":"https:\/\/ecosupplements.ch\/wp-content\/uploads\/2026\/05\/Vegan-Pea-Protein-Chocolate-500g.jpg","width":600,"height":600,"caption":"Vegan Pea Protein"},{"@type":"BreadcrumbList","@id":"https:\/\/ecosupplements.ch\/?product=vegan-pea-protein-chocolate-500g#breadcrumb","itemListElement":[{"@type":"ListItem","position":1,"name":"Home","item":"https:\/\/ecosupplements.ch\/"},{"@type":"ListItem","position":2,"name":"Shop","item":"https:\/\/ecosupplements.ch\/?page_id=14"},{"@type":"ListItem","position":3,"name":"Vegan Pea Protein, Chocolate &#8211; 500g"}]},{"@type":"WebSite","@id":"https:\/\/ecosupplements.ch\/#website","url":"https:\/\/ecosupplements.ch\/","name":"Eco Supplements","description":"","potentialAction":[{"@type":"SearchAction","target":{"@type":"EntryPoint","urlTemplate":"https:\/\/ecosupplements.ch\/?s={search_term_string}"},"query-input":{"@type":"PropertyValueSpecification","valueRequired":true,"valueName":"search_term_string"}}],"inLanguage":"de-CH"}]},"product_price_amount":"14.04","product_price_currency":"CHF","og_availability":"out of stock","product_availability":"out of stock","product_retailer_item_id":"5902837735610","product_condition":"new"},"_links":{"self":[{"href":"https:\/\/ecosupplements.ch\/index.php?rest_route=\/wp\/v2\/product\/1481","targetHints":{"allow":["GET"]}}],"collection":[{"href":"https:\/\/ecosupplements.ch\/index.php?rest_route=\/wp\/v2\/product"}],"about":[{"href":"https:\/\/ecosupplements.ch\/index.php?rest_route=\/wp\/v2\/types\/product"}],"replies":[{"embeddable":true,"href":"https:\/\/ecosupplements.ch\/index.php?rest_route=%2Fwp%2Fv2%2Fcomments&post=1481"}],"wp:featuredmedia":[{"embeddable":true,"href":"https:\/\/ecosupplements.ch\/index.php?rest_route=\/wp\/v2\/media\/1482"}],"wp:attachment":[{"href":"https:\/\/ecosupplements.ch\/index.php?rest_route=%2Fwp%2Fv2%2Fmedia&parent=1481"}],"wp:term":[{"taxonomy":"product_brand","embeddable":true,"href":"https:\/\/ecosupplements.ch\/index.php?rest_route=%2Fwp%2Fv2%2Fproduct_brand&post=1481"},{"taxonomy":"product_cat","embeddable":true,"href":"https:\/\/ecosupplements.ch\/index.php?rest_route=%2Fwp%2Fv2%2Fproduct_cat&post=1481"},{"taxonomy":"product_tag","embeddable":true,"href":"https:\/\/ecosupplements.ch\/index.php?rest_route=%2Fwp%2Fv2%2Fproduct_tag&post=1481"}],"curies":[{"name":"wp","href":"https:\/\/api.w.org\/{rel}","templated":true}]}}