{"id":1562,"date":"2026-05-11T14:30:16","date_gmt":"2026-05-11T14:30:16","guid":{"rendered":"https:\/\/ecosupplements.ch\/?product=glycine-amino-acid-powder-100g"},"modified":"2026-05-13T07:24:26","modified_gmt":"2026-05-13T07:24:26","slug":"glycine-amino-acid-powder-100g","status":"publish","type":"product","link":"https:\/\/ecosupplements.ch\/?product=glycine-amino-acid-powder-100g","title":{"rendered":"Glycine, Amino Acid Powder &#8211; 100g"},"content":{"rendered":"<div class=\"chcg-product-description\">\n<h2 class=\"chcg-heading\">\u00dcber Carlson Labs \u2013 Glycine, Amino Acid Pulver \u2013 100g<\/h2>\n<div class=\"chcg-intro\">\n<p>Glycine ist eine nicht-essentielle Aminos\u00e4ure, die im K\u00f6rper vielf\u00e4ltige Aufgaben \u00fcbernimmt und als Baustein von Proteinen eine zentrale Rolle im Stoffwechsel spielt. Das Glycine Pulver von Carlson Labs bietet eine reine, unkomplizierte Formulierung ohne Zusatzstoffe \u2013 ideal f\u00fcr alle, die ihren t\u00e4glichen Bedarf gezielt erg\u00e4nzen m\u00f6chten.<\/p>\n<p>Dank der feinen Pulverform l\u00e4sst sich das Produkt einfach in Speisen oder Getr\u00e4nke einr\u00fchren. Jede Portion liefert 2.000 mg reines Glycine \u2013 ohne unn\u00f6tige F\u00fcllstoffe oder Zus\u00e4tze. Die praktische Dose mit 50 Portionen erm\u00f6glicht eine unkomplizierte, langfristige Anwendung im Alltag.<\/p>\n<p>Carlson Labs steht seit Jahrzehnten f\u00fcr hochwertige Nahrungserg\u00e4nzungsmittel mit kompromissloser Qualit\u00e4tskontrolle. Dieses Glycine Pulver wird ohne Gluten und ohne Laktose hergestellt und eignet sich somit f\u00fcr Menschen mit entsprechenden Unvertr\u00e4glichkeiten.<\/p>\n<\/p><\/div>\n<div class=\"chcg-nutrition\">\n<h3>N\u00e4hrwertangaben<\/h3>\n<table class=\"chcg-nutrition-table\">\n<thead>\n<tr>\n<th>N\u00e4hrstoff<\/th>\n<th>Pro Portion (2 g)<\/th>\n<\/tr>\n<\/thead>\n<tbody>\n<tr>\n<td>Glycine<\/td>\n<td>2 g (2.000 mg)*<\/td>\n<\/tr>\n<\/tbody>\n<\/table>\n<p class=\"chcg-footnote\">* Kein festgelegter Tagesbedarf (Tagesreferenzwert nicht etabliert).<\/p>\n<p class=\"chcg-footnote\">Portionsgr\u00f6sse: 1\/2 Teel\u00f6ffel (1 geh\u00e4ufter Messl\u00f6ffel, 2 g) | Ca. 50 Portionen pro Dose.<\/p>\n<\/p><\/div>\n<div class=\"chcg-ingredients\">\n<h3>Zutaten<\/h3>\n<p>Glycine. Weitere Zutaten: Keine.<\/p>\n<\/p><\/div>\n<div class=\"chcg-dosage\">\n<h3>Verzehrempfehlung<\/h3>\n<p>Erwachsene: t\u00e4glich 1\/2 Teel\u00f6ffel (1 geh\u00e4uften Messl\u00f6ffel) in Speisen oder Fl\u00fcssigkeiten einr\u00fchren. Jede Portion enth\u00e4lt 2 g Glycine.<\/p>\n<\/p><\/div>\n<div class=\"chcg-warnings\">\n<h3>Warnhinweise<\/h3>\n<p>Dose nach Gebrauch fest verschlossen halten. Von W\u00e4rme und Feuchtigkeit fernhalten. Nicht einnehmen bei Schwangerschaft, Stillzeit oder \u00dcberempfindlichkeit gegen\u00fcber Glycine. Ausserhalb der Reichweite von Kindern aufbewahren. Dieses Produkt wird nach Gewicht und nicht nach Volumen verkauft.<\/p>\n<\/p><\/div>\n<div class=\"chcg-allergens\">\n<h3>Allergeninformationen<\/h3>\n<p>Keine Allergene deklariert. Nicht einnehmen, wenn Sie gegen\u00fcber Glycine empfindlich sind.<\/p>\n<\/p><\/div>\n<div class=\"chcg-storage\">\n<h3>Lagerung<\/h3>\n<p>Von W\u00e4rme und Feuchtigkeit fernhalten. Dose nach Gebrauch fest verschlossen halten.<\/p>\n<\/p><\/div>\n<div class=\"chcg-dietary\">\n<h3>Ern\u00e4hrungshinweise<\/h3>\n<ul>\n<li>Glutenfrei<\/li>\n<li>Laktosefrei<\/li>\n<\/ul><\/div>\n<\/div>\n","protected":false},"excerpt":{"rendered":"<p>Reines Glycine Pulver von Carlson Labs \u2013 2.000 mg pro Portion, ohne Zusatzstoffe. 100 g Dose mit ca. 50 Portionen, glutenfrei und laktosefrei. Einfach in Speisen oder Getr\u00e4nke einr\u00fchren.<\/p>\n","protected":false},"featured_media":1563,"comment_status":"closed","ping_status":"open","template":"","meta":[],"product_brand":[176],"product_cat":[517,514,516,90,48],"product_tag":[],"class_list":{"0":"post-1562","1":"product","2":"type-product","3":"status-publish","4":"has-post-thumbnail","6":"product_brand-carlson-labs","7":"product_cat-aminosaeuremischungen-aminosaeuren-und-bcaas","8":"product_cat-aminosaeuren-und-bcaas","9":"product_cat-einzelne-aminosaeuren-aminosaeuren-und-bcaas","10":"product_cat-fitness-training","11":"product_cat-gesunde-ernaehrung","13":"first","14":"outofstock","15":"taxable","16":"shipping-taxable","17":"purchasable","18":"product-type-simple"},"yoast_head":"<!-- This site is optimized with the Yoast SEO plugin v27.5 - https:\/\/yoast.com\/product\/yoast-seo-wordpress\/ -->\n<title>Glycine Amino Acid Pulver 100g \u2013 Carlson Labs | ecosupplements.ch<\/title>\n<meta name=\"description\" content=\"Reines Glycine Pulver von Carlson Labs \u2013 2.000 mg pro Portion, glutenfrei, ohne Zusatzstoffe. 100 g \/ ca. 50 Portionen. Jetzt bestellen.\" \/>\n<meta name=\"robots\" content=\"index, follow, max-snippet:-1, max-image-preview:large, max-video-preview:-1\" \/>\n<link rel=\"canonical\" href=\"https:\/\/ecosupplements.ch\/?product=glycine-amino-acid-powder-100g\" \/>\n<meta property=\"og:locale\" content=\"de_DE\" \/>\n<meta property=\"og:type\" content=\"article\" \/>\n<meta property=\"og:title\" content=\"Glycine Amino Acid Pulver 100g \u2013 Carlson Labs | ecosupplements.ch\" \/>\n<meta property=\"og:description\" content=\"Reines Glycine Pulver von Carlson Labs \u2013 2.000 mg pro Portion, glutenfrei, ohne Zusatzstoffe. 100 g \/ ca. 50 Portionen. Jetzt bestellen.\" \/>\n<meta property=\"og:url\" content=\"https:\/\/ecosupplements.ch\/?product=glycine-amino-acid-powder-100g\" \/>\n<meta property=\"og:site_name\" content=\"Eco Supplements\" \/>\n<meta property=\"article:modified_time\" content=\"2026-05-13T07:24:26+00:00\" \/>\n<meta property=\"og:image\" content=\"https:\/\/ecosupplements.ch\/wp-content\/uploads\/2026\/05\/Glycine-Amino-Acid-Powder-100g.jpg\" \/>\n\t<meta property=\"og:image:width\" content=\"686\" \/>\n\t<meta property=\"og:image:height\" content=\"800\" \/>\n\t<meta property=\"og:image:type\" content=\"image\/jpeg\" \/>\n<meta name=\"twitter:card\" content=\"summary_large_image\" \/>\n<meta name=\"twitter:label1\" content=\"Price\" \/>\n\t<meta name=\"twitter:data1\" content=\"&#067;&#072;&#070;&nbsp;15.14\" \/>\n\t<meta name=\"twitter:label2\" content=\"Availability\" \/>\n\t<meta name=\"twitter:data2\" content=\"Out of stock\" \/>\n<script type=\"application\/ld+json\" class=\"yoast-schema-graph\">{\"@context\":\"https:\\\/\\\/schema.org\",\"@graph\":[{\"@type\":\"WebPage\",\"@id\":\"https:\\\/\\\/ecosupplements.ch\\\/?product=glycine-amino-acid-powder-100g\",\"url\":\"https:\\\/\\\/ecosupplements.ch\\\/?product=glycine-amino-acid-powder-100g\",\"name\":\"Glycine Amino Acid Pulver 100g \u2013 Carlson Labs | ecosupplements.ch\",\"isPartOf\":{\"@id\":\"https:\\\/\\\/ecosupplements.ch\\\/#website\"},\"primaryImageOfPage\":{\"@id\":\"https:\\\/\\\/ecosupplements.ch\\\/?product=glycine-amino-acid-powder-100g#primaryimage\"},\"image\":{\"@id\":\"https:\\\/\\\/ecosupplements.ch\\\/?product=glycine-amino-acid-powder-100g#primaryimage\"},\"thumbnailUrl\":\"https:\\\/\\\/ecosupplements.ch\\\/wp-content\\\/uploads\\\/2026\\\/05\\\/Glycine-Amino-Acid-Powder-100g.jpg\",\"datePublished\":\"2026-05-11T14:30:16+00:00\",\"dateModified\":\"2026-05-13T07:24:26+00:00\",\"description\":\"Reines Glycine Pulver von Carlson Labs \u2013 2.000 mg pro Portion, glutenfrei, ohne Zusatzstoffe. 100 g \\\/ ca. 50 Portionen. Jetzt bestellen.\",\"breadcrumb\":{\"@id\":\"https:\\\/\\\/ecosupplements.ch\\\/?product=glycine-amino-acid-powder-100g#breadcrumb\"},\"inLanguage\":\"de-CH\",\"potentialAction\":[{\"@type\":\"ReadAction\",\"target\":[\"https:\\\/\\\/ecosupplements.ch\\\/?product=glycine-amino-acid-powder-100g\"]}]},{\"@type\":\"ImageObject\",\"inLanguage\":\"de-CH\",\"@id\":\"https:\\\/\\\/ecosupplements.ch\\\/?product=glycine-amino-acid-powder-100g#primaryimage\",\"url\":\"https:\\\/\\\/ecosupplements.ch\\\/wp-content\\\/uploads\\\/2026\\\/05\\\/Glycine-Amino-Acid-Powder-100g.jpg\",\"contentUrl\":\"https:\\\/\\\/ecosupplements.ch\\\/wp-content\\\/uploads\\\/2026\\\/05\\\/Glycine-Amino-Acid-Powder-100g.jpg\",\"width\":686,\"height\":800,\"caption\":\"Glycine\"},{\"@type\":\"BreadcrumbList\",\"@id\":\"https:\\\/\\\/ecosupplements.ch\\\/?product=glycine-amino-acid-powder-100g#breadcrumb\",\"itemListElement\":[{\"@type\":\"ListItem\",\"position\":1,\"name\":\"Home\",\"item\":\"https:\\\/\\\/ecosupplements.ch\\\/\"},{\"@type\":\"ListItem\",\"position\":2,\"name\":\"Shop\",\"item\":\"https:\\\/\\\/ecosupplements.ch\\\/?page_id=14\"},{\"@type\":\"ListItem\",\"position\":3,\"name\":\"Glycine, Amino Acid Powder &#8211; 100g\"}]},{\"@type\":\"WebSite\",\"@id\":\"https:\\\/\\\/ecosupplements.ch\\\/#website\",\"url\":\"https:\\\/\\\/ecosupplements.ch\\\/\",\"name\":\"Eco Supplements\",\"description\":\"\",\"potentialAction\":[{\"@type\":\"SearchAction\",\"target\":{\"@type\":\"EntryPoint\",\"urlTemplate\":\"https:\\\/\\\/ecosupplements.ch\\\/?s={search_term_string}\"},\"query-input\":{\"@type\":\"PropertyValueSpecification\",\"valueRequired\":true,\"valueName\":\"search_term_string\"}}],\"inLanguage\":\"de-CH\"}]}<\/script>\n<meta property=\"product:price:amount\" content=\"15.14\" \/>\n<meta property=\"product:price:currency\" content=\"CHF\" \/>\n<meta property=\"og:availability\" content=\"out of stock\" \/>\n<meta property=\"product:availability\" content=\"out of stock\" \/>\n<meta property=\"product:retailer_item_id\" content=\"088395068355\" \/>\n<meta property=\"product:condition\" content=\"new\" \/>\n<!-- \/ Yoast SEO plugin. -->","yoast_head_json":{"title":"Glycine Amino Acid Pulver 100g \u2013 Carlson Labs | ecosupplements.ch","description":"Reines Glycine Pulver von Carlson Labs \u2013 2.000 mg pro Portion, glutenfrei, ohne Zusatzstoffe. 100 g \/ ca. 50 Portionen. Jetzt bestellen.","robots":{"index":"index","follow":"follow","max-snippet":"max-snippet:-1","max-image-preview":"max-image-preview:large","max-video-preview":"max-video-preview:-1"},"canonical":"https:\/\/ecosupplements.ch\/?product=glycine-amino-acid-powder-100g","og_locale":"de_DE","og_type":"article","og_title":"Glycine Amino Acid Pulver 100g \u2013 Carlson Labs | ecosupplements.ch","og_description":"Reines Glycine Pulver von Carlson Labs \u2013 2.000 mg pro Portion, glutenfrei, ohne Zusatzstoffe. 100 g \/ ca. 50 Portionen. Jetzt bestellen.","og_url":"https:\/\/ecosupplements.ch\/?product=glycine-amino-acid-powder-100g","og_site_name":"Eco Supplements","article_modified_time":"2026-05-13T07:24:26+00:00","og_image":[{"width":686,"height":800,"url":"https:\/\/ecosupplements.ch\/wp-content\/uploads\/2026\/05\/Glycine-Amino-Acid-Powder-100g.jpg","type":"image\/jpeg"}],"twitter_card":"summary_large_image","twitter_misc":{"Price":"&#67;&#72;&#70;&nbsp;15.14","Availability":"Out of stock"},"schema":{"@context":"https:\/\/schema.org","@graph":[{"@type":"WebPage","@id":"https:\/\/ecosupplements.ch\/?product=glycine-amino-acid-powder-100g","url":"https:\/\/ecosupplements.ch\/?product=glycine-amino-acid-powder-100g","name":"Glycine Amino Acid Pulver 100g \u2013 Carlson Labs | ecosupplements.ch","isPartOf":{"@id":"https:\/\/ecosupplements.ch\/#website"},"primaryImageOfPage":{"@id":"https:\/\/ecosupplements.ch\/?product=glycine-amino-acid-powder-100g#primaryimage"},"image":{"@id":"https:\/\/ecosupplements.ch\/?product=glycine-amino-acid-powder-100g#primaryimage"},"thumbnailUrl":"https:\/\/ecosupplements.ch\/wp-content\/uploads\/2026\/05\/Glycine-Amino-Acid-Powder-100g.jpg","datePublished":"2026-05-11T14:30:16+00:00","dateModified":"2026-05-13T07:24:26+00:00","description":"Reines Glycine Pulver von Carlson Labs \u2013 2.000 mg pro Portion, glutenfrei, ohne Zusatzstoffe. 100 g \/ ca. 50 Portionen. Jetzt bestellen.","breadcrumb":{"@id":"https:\/\/ecosupplements.ch\/?product=glycine-amino-acid-powder-100g#breadcrumb"},"inLanguage":"de-CH","potentialAction":[{"@type":"ReadAction","target":["https:\/\/ecosupplements.ch\/?product=glycine-amino-acid-powder-100g"]}]},{"@type":"ImageObject","inLanguage":"de-CH","@id":"https:\/\/ecosupplements.ch\/?product=glycine-amino-acid-powder-100g#primaryimage","url":"https:\/\/ecosupplements.ch\/wp-content\/uploads\/2026\/05\/Glycine-Amino-Acid-Powder-100g.jpg","contentUrl":"https:\/\/ecosupplements.ch\/wp-content\/uploads\/2026\/05\/Glycine-Amino-Acid-Powder-100g.jpg","width":686,"height":800,"caption":"Glycine"},{"@type":"BreadcrumbList","@id":"https:\/\/ecosupplements.ch\/?product=glycine-amino-acid-powder-100g#breadcrumb","itemListElement":[{"@type":"ListItem","position":1,"name":"Home","item":"https:\/\/ecosupplements.ch\/"},{"@type":"ListItem","position":2,"name":"Shop","item":"https:\/\/ecosupplements.ch\/?page_id=14"},{"@type":"ListItem","position":3,"name":"Glycine, Amino Acid Powder &#8211; 100g"}]},{"@type":"WebSite","@id":"https:\/\/ecosupplements.ch\/#website","url":"https:\/\/ecosupplements.ch\/","name":"Eco Supplements","description":"","potentialAction":[{"@type":"SearchAction","target":{"@type":"EntryPoint","urlTemplate":"https:\/\/ecosupplements.ch\/?s={search_term_string}"},"query-input":{"@type":"PropertyValueSpecification","valueRequired":true,"valueName":"search_term_string"}}],"inLanguage":"de-CH"}]},"product_price_amount":"15.14","product_price_currency":"CHF","og_availability":"out of stock","product_availability":"out of stock","product_retailer_item_id":"088395068355","product_condition":"new"},"_links":{"self":[{"href":"https:\/\/ecosupplements.ch\/index.php?rest_route=\/wp\/v2\/product\/1562","targetHints":{"allow":["GET"]}}],"collection":[{"href":"https:\/\/ecosupplements.ch\/index.php?rest_route=\/wp\/v2\/product"}],"about":[{"href":"https:\/\/ecosupplements.ch\/index.php?rest_route=\/wp\/v2\/types\/product"}],"replies":[{"embeddable":true,"href":"https:\/\/ecosupplements.ch\/index.php?rest_route=%2Fwp%2Fv2%2Fcomments&post=1562"}],"wp:featuredmedia":[{"embeddable":true,"href":"https:\/\/ecosupplements.ch\/index.php?rest_route=\/wp\/v2\/media\/1563"}],"wp:attachment":[{"href":"https:\/\/ecosupplements.ch\/index.php?rest_route=%2Fwp%2Fv2%2Fmedia&parent=1562"}],"wp:term":[{"taxonomy":"product_brand","embeddable":true,"href":"https:\/\/ecosupplements.ch\/index.php?rest_route=%2Fwp%2Fv2%2Fproduct_brand&post=1562"},{"taxonomy":"product_cat","embeddable":true,"href":"https:\/\/ecosupplements.ch\/index.php?rest_route=%2Fwp%2Fv2%2Fproduct_cat&post=1562"},{"taxonomy":"product_tag","embeddable":true,"href":"https:\/\/ecosupplements.ch\/index.php?rest_route=%2Fwp%2Fv2%2Fproduct_tag&post=1562"}],"curies":[{"name":"wp","href":"https:\/\/api.w.org\/{rel}","templated":true}]}}