{"id":1695,"date":"2026-05-11T14:31:14","date_gmt":"2026-05-11T14:31:14","guid":{"rendered":"https:\/\/ecosupplements.ch\/?product=joint-support-90-tablets"},"modified":"2026-05-12T17:35:35","modified_gmt":"2026-05-12T17:35:35","slug":"joint-support-90-tablets","status":"publish","type":"product","link":"https:\/\/ecosupplements.ch\/?product=joint-support-90-tablets","title":{"rendered":"Joint Support &#8211; 90 tablets"},"content":{"rendered":"<div class=\"chcg-product-description\">\n<h2 class=\"chcg-heading\">\u00dcber Dorian Yates \u2013 Joint Support \u2013 90 Tabletten<\/h2>\n<div class=\"chcg-intro\">\n<p>Dorian Yates Joint Support ist eine sorgf\u00e4ltig zusammengestellte Nahrungserg\u00e4nzung, die speziell f\u00fcr Menschen entwickelt wurde, die ihre Gelenke gezielt unterst\u00fctzen m\u00f6chten \u2013 sei es im Alltag, beim Sport oder in intensiven Trainingsphasen. Mit einer Kombination aus bew\u00e4hrten und gut erforschten Wirkstoffen liefert jede Tagesdosis pr\u00e4zise dosierte Inhaltsstoffe f\u00fcr eine umfassende Gelenkpflege.<\/p>\n<p>Die Formel enth\u00e4lt 1000 mg Glucosaminsulfat, 1000 mg MethylSulfonylMethan (MSM) sowie 400 mg Palmitoylethanolamid (PEA) pro Tagesdosis. Erg\u00e4nzt wird diese Kombination durch 15 \u00b5g Vitamin D3 (300 % des Tagesbedarfs), das zur Erhaltung normaler Knochen und einer normalen Muskelfunktion beitr\u00e4gt.<\/p>\n<p>Die praktische Darreichungsform als Tablette erm\u00f6glicht eine einfache und pr\u00e4zise Dosierung im Alltag. Eine Packung enth\u00e4lt 90 Tabletten \u2013 das entspricht 30 Tagesdosen.<\/p>\n<\/p><\/div>\n<div class=\"chcg-nutrition\">\n<h3>N\u00e4hrwertangaben<\/h3>\n<table class=\"chcg-nutrition-table\">\n<thead>\n<tr>\n<th>N\u00e4hrstoff<\/th>\n<th>Pro Portion (3 Tabletten)<\/th>\n<\/tr>\n<\/thead>\n<tbody>\n<tr>\n<td>Vitamin D3<\/td>\n<td>15 \u00b5g (300 % NRV)<\/td>\n<\/tr>\n<tr>\n<td>MethylSulfonylMethan (MSM)<\/td>\n<td>1000 mg<\/td>\n<\/tr>\n<tr>\n<td>Glucosaminsulfat<\/td>\n<td>1000 mg<\/td>\n<\/tr>\n<tr>\n<td>\u2013 davon Glucosamin<\/td>\n<td>600 mg<\/td>\n<\/tr>\n<tr>\n<td>Palmitoylethanolamid<\/td>\n<td>400 mg<\/td>\n<\/tr>\n<\/tbody>\n<\/table>\n<p class=\"chcg-footnote\">NRV = Referenzwert f\u00fcr die N\u00e4hrstoffzufuhr gem\u00e4ss EU-Verordnung 1169\/2011.<\/p>\n<\/p><\/div>\n<div class=\"chcg-ingredients\">\n<h3>Zutaten<\/h3>\n<p>Vitamin D3, MethylSulfonylMethan (MSM), Glucosaminsulfat (davon Glucosamin), Palmitoylethanolamid. Weitere Zutaten: F\u00fcllstoff (Cellulose), Methylsulfonylmethan (MSM), Glucosaminsulfat (aus Meeresfr\u00fcchten\/Schalentieren), Maltodextrin, Palmitoylethanolamid, Trennmittel (Siliziumdioxid, Calciumsalze der Orthophosphors\u00e4ure), \u00dcberzugsmittel [Cellulose, Farbstoffe (Titandioxid, Ponceau 4R**, Tartrazin**, Indigocarmin)], Cholecalciferol.<\/p>\n<p class=\"chcg-footnote\">** Ponceau 4R, Tartrazin: Kann die Aktivit\u00e4t und Aufmerksamkeit bei Kindern beeintr\u00e4chtigen.<\/p>\n<\/p><\/div>\n<div class=\"chcg-dosage\">\n<h3>Verzehrempfehlung<\/h3>\n<p>T\u00e4glich 3 Tabletten mit ausreichend Wasser oder einer anderen Fl\u00fcssigkeit einnehmen. Portionsgr\u00f6sse: 3 Tabletten. Portionen pro Packung: 30.<\/p>\n<\/p><\/div>\n<div class=\"chcg-warnings\">\n<h3>Warnhinweise<\/h3>\n<p>Nahrungserg\u00e4nzungsmittel sind kein Ersatz f\u00fcr eine ausgewogene Ern\u00e4hrung und eine gesunde Lebensweise. Die empfohlene Tagesdosis nicht \u00fcberschreiten. Ausserhalb der Reichweite von Kindern aufbewahren. Ponceau 4R, Tartrazin: Kann die Aktivit\u00e4t und Aufmerksamkeit bei Kindern beeintr\u00e4chtigen.<\/p>\n<\/p><\/div>\n<div class=\"chcg-allergens\">\n<h3>Allergeninformationen<\/h3>\n<p>Glucosaminsulfat stammt aus Schalentieren. Hergestellt in einem Betrieb, der auch Gluten, Milch, Soja, Ei und N\u00fcsse verarbeitet. Ponceau 4R, Tartrazin: Kann die Aktivit\u00e4t und Aufmerksamkeit bei Kindern beeintr\u00e4chtigen.<\/p>\n<\/p><\/div>\n<div class=\"chcg-storage\">\n<h3>Lagerung<\/h3>\n<p>K\u00fchl und trocken lagern. Vor direktem Sonnenlicht sch\u00fctzen. Ausserhalb der Reichweite von Kindern aufbewahren.<\/p>\n<\/p><\/div>\n<\/div>\n","protected":false},"excerpt":{"rendered":"<p>Dorian Yates Joint Support liefert pro Tagesdosis 1000 mg MSM, 1000 mg Glucosaminsulfat, 400 mg Palmitoylethanolamid sowie Vitamin D3 zur Unterst\u00fctzung von Knochen und Muskeln. 90 Tabletten \u2013 30 Tagesdosen.<\/p>\n","protected":false},"featured_media":1696,"comment_status":"closed","ping_status":"open","template":"","meta":[],"product_brand":[451],"product_cat":[15],"product_tag":[],"class_list":{"0":"post-1695","1":"product","2":"type-product","3":"status-publish","4":"has-post-thumbnail","6":"product_brand-dorian-yates","7":"product_cat-uncategorized","9":"first","10":"outofstock","11":"taxable","12":"shipping-taxable","13":"purchasable","14":"product-type-simple"},"yoast_head":"<!-- This site is optimized with the Yoast SEO plugin v27.5 - https:\/\/yoast.com\/product\/yoast-seo-wordpress\/ -->\n<title>Joint Support 90 Tabletten \u2013 Dorian Yates | ecosupplements.ch<\/title>\n<meta name=\"description\" content=\"Dorian Yates Joint Support mit MSM, Glucosaminsulfat, PEA und Vitamin D3 \u2013 90 Tabletten f\u00fcr 30 Tagesdosen. Jetzt bestellen.\" \/>\n<meta name=\"robots\" content=\"index, follow, max-snippet:-1, max-image-preview:large, max-video-preview:-1\" \/>\n<link rel=\"canonical\" href=\"https:\/\/ecosupplements.ch\/?product=joint-support-90-tablets\" \/>\n<meta property=\"og:locale\" content=\"de_DE\" \/>\n<meta property=\"og:type\" content=\"article\" \/>\n<meta property=\"og:title\" content=\"Joint Support 90 Tabletten \u2013 Dorian Yates | ecosupplements.ch\" \/>\n<meta property=\"og:description\" content=\"Dorian Yates Joint Support mit MSM, Glucosaminsulfat, PEA und Vitamin D3 \u2013 90 Tabletten f\u00fcr 30 Tagesdosen. Jetzt bestellen.\" \/>\n<meta property=\"og:url\" content=\"https:\/\/ecosupplements.ch\/?product=joint-support-90-tablets\" \/>\n<meta property=\"og:site_name\" content=\"Eco Supplements\" \/>\n<meta property=\"article:modified_time\" content=\"2026-05-12T17:35:35+00:00\" \/>\n<meta property=\"og:image\" content=\"https:\/\/ecosupplements.ch\/wp-content\/uploads\/2026\/05\/Joint-Support-90-tablets.jpg\" \/>\n\t<meta property=\"og:image:width\" content=\"594\" \/>\n\t<meta property=\"og:image:height\" content=\"774\" \/>\n\t<meta property=\"og:image:type\" content=\"image\/jpeg\" \/>\n<meta name=\"twitter:card\" content=\"summary_large_image\" \/>\n<meta name=\"twitter:label1\" content=\"Price\" \/>\n\t<meta name=\"twitter:data1\" content=\"&#067;&#072;&#070;&nbsp;17.03\" \/>\n\t<meta name=\"twitter:label2\" content=\"Availability\" \/>\n\t<meta name=\"twitter:data2\" content=\"Out of stock\" \/>\n<script type=\"application\/ld+json\" class=\"yoast-schema-graph\">{\"@context\":\"https:\\\/\\\/schema.org\",\"@graph\":[{\"@type\":\"WebPage\",\"@id\":\"https:\\\/\\\/ecosupplements.ch\\\/?product=joint-support-90-tablets\",\"url\":\"https:\\\/\\\/ecosupplements.ch\\\/?product=joint-support-90-tablets\",\"name\":\"Joint Support 90 Tabletten \u2013 Dorian Yates | ecosupplements.ch\",\"isPartOf\":{\"@id\":\"https:\\\/\\\/ecosupplements.ch\\\/#website\"},\"primaryImageOfPage\":{\"@id\":\"https:\\\/\\\/ecosupplements.ch\\\/?product=joint-support-90-tablets#primaryimage\"},\"image\":{\"@id\":\"https:\\\/\\\/ecosupplements.ch\\\/?product=joint-support-90-tablets#primaryimage\"},\"thumbnailUrl\":\"https:\\\/\\\/ecosupplements.ch\\\/wp-content\\\/uploads\\\/2026\\\/05\\\/Joint-Support-90-tablets.jpg\",\"datePublished\":\"2026-05-11T14:31:14+00:00\",\"dateModified\":\"2026-05-12T17:35:35+00:00\",\"description\":\"Dorian Yates Joint Support mit MSM, Glucosaminsulfat, PEA und Vitamin D3 \u2013 90 Tabletten f\u00fcr 30 Tagesdosen. Jetzt bestellen.\",\"breadcrumb\":{\"@id\":\"https:\\\/\\\/ecosupplements.ch\\\/?product=joint-support-90-tablets#breadcrumb\"},\"inLanguage\":\"de-CH\",\"potentialAction\":[{\"@type\":\"ReadAction\",\"target\":[\"https:\\\/\\\/ecosupplements.ch\\\/?product=joint-support-90-tablets\"]}]},{\"@type\":\"ImageObject\",\"inLanguage\":\"de-CH\",\"@id\":\"https:\\\/\\\/ecosupplements.ch\\\/?product=joint-support-90-tablets#primaryimage\",\"url\":\"https:\\\/\\\/ecosupplements.ch\\\/wp-content\\\/uploads\\\/2026\\\/05\\\/Joint-Support-90-tablets.jpg\",\"contentUrl\":\"https:\\\/\\\/ecosupplements.ch\\\/wp-content\\\/uploads\\\/2026\\\/05\\\/Joint-Support-90-tablets.jpg\",\"width\":594,\"height\":774,\"caption\":\"Joint Support - 90 tablets\"},{\"@type\":\"BreadcrumbList\",\"@id\":\"https:\\\/\\\/ecosupplements.ch\\\/?product=joint-support-90-tablets#breadcrumb\",\"itemListElement\":[{\"@type\":\"ListItem\",\"position\":1,\"name\":\"Home\",\"item\":\"https:\\\/\\\/ecosupplements.ch\\\/\"},{\"@type\":\"ListItem\",\"position\":2,\"name\":\"Shop\",\"item\":\"https:\\\/\\\/ecosupplements.ch\\\/?page_id=14\"},{\"@type\":\"ListItem\",\"position\":3,\"name\":\"Joint Support &#8211; 90 tablets\"}]},{\"@type\":\"WebSite\",\"@id\":\"https:\\\/\\\/ecosupplements.ch\\\/#website\",\"url\":\"https:\\\/\\\/ecosupplements.ch\\\/\",\"name\":\"Eco Supplements\",\"description\":\"\",\"potentialAction\":[{\"@type\":\"SearchAction\",\"target\":{\"@type\":\"EntryPoint\",\"urlTemplate\":\"https:\\\/\\\/ecosupplements.ch\\\/?s={search_term_string}\"},\"query-input\":{\"@type\":\"PropertyValueSpecification\",\"valueRequired\":true,\"valueName\":\"search_term_string\"}}],\"inLanguage\":\"de-CH\"}]}<\/script>\n<meta property=\"product:price:amount\" content=\"17.03\" \/>\n<meta property=\"product:price:currency\" content=\"CHF\" \/>\n<meta property=\"og:availability\" content=\"out of stock\" \/>\n<meta property=\"product:availability\" content=\"out of stock\" \/>\n<meta property=\"product:retailer_item_id\" content=\"5060763893092\" \/>\n<meta property=\"product:condition\" content=\"new\" \/>\n<!-- \/ Yoast SEO plugin. -->","yoast_head_json":{"title":"Joint Support 90 Tabletten \u2013 Dorian Yates | ecosupplements.ch","description":"Dorian Yates Joint Support mit MSM, Glucosaminsulfat, PEA und Vitamin D3 \u2013 90 Tabletten f\u00fcr 30 Tagesdosen. Jetzt bestellen.","robots":{"index":"index","follow":"follow","max-snippet":"max-snippet:-1","max-image-preview":"max-image-preview:large","max-video-preview":"max-video-preview:-1"},"canonical":"https:\/\/ecosupplements.ch\/?product=joint-support-90-tablets","og_locale":"de_DE","og_type":"article","og_title":"Joint Support 90 Tabletten \u2013 Dorian Yates | ecosupplements.ch","og_description":"Dorian Yates Joint Support mit MSM, Glucosaminsulfat, PEA und Vitamin D3 \u2013 90 Tabletten f\u00fcr 30 Tagesdosen. Jetzt bestellen.","og_url":"https:\/\/ecosupplements.ch\/?product=joint-support-90-tablets","og_site_name":"Eco Supplements","article_modified_time":"2026-05-12T17:35:35+00:00","og_image":[{"width":594,"height":774,"url":"https:\/\/ecosupplements.ch\/wp-content\/uploads\/2026\/05\/Joint-Support-90-tablets.jpg","type":"image\/jpeg"}],"twitter_card":"summary_large_image","twitter_misc":{"Price":"&#67;&#72;&#70;&nbsp;17.03","Availability":"Out of stock"},"schema":{"@context":"https:\/\/schema.org","@graph":[{"@type":"WebPage","@id":"https:\/\/ecosupplements.ch\/?product=joint-support-90-tablets","url":"https:\/\/ecosupplements.ch\/?product=joint-support-90-tablets","name":"Joint Support 90 Tabletten \u2013 Dorian Yates | ecosupplements.ch","isPartOf":{"@id":"https:\/\/ecosupplements.ch\/#website"},"primaryImageOfPage":{"@id":"https:\/\/ecosupplements.ch\/?product=joint-support-90-tablets#primaryimage"},"image":{"@id":"https:\/\/ecosupplements.ch\/?product=joint-support-90-tablets#primaryimage"},"thumbnailUrl":"https:\/\/ecosupplements.ch\/wp-content\/uploads\/2026\/05\/Joint-Support-90-tablets.jpg","datePublished":"2026-05-11T14:31:14+00:00","dateModified":"2026-05-12T17:35:35+00:00","description":"Dorian Yates Joint Support mit MSM, Glucosaminsulfat, PEA und Vitamin D3 \u2013 90 Tabletten f\u00fcr 30 Tagesdosen. Jetzt bestellen.","breadcrumb":{"@id":"https:\/\/ecosupplements.ch\/?product=joint-support-90-tablets#breadcrumb"},"inLanguage":"de-CH","potentialAction":[{"@type":"ReadAction","target":["https:\/\/ecosupplements.ch\/?product=joint-support-90-tablets"]}]},{"@type":"ImageObject","inLanguage":"de-CH","@id":"https:\/\/ecosupplements.ch\/?product=joint-support-90-tablets#primaryimage","url":"https:\/\/ecosupplements.ch\/wp-content\/uploads\/2026\/05\/Joint-Support-90-tablets.jpg","contentUrl":"https:\/\/ecosupplements.ch\/wp-content\/uploads\/2026\/05\/Joint-Support-90-tablets.jpg","width":594,"height":774,"caption":"Joint Support - 90 tablets"},{"@type":"BreadcrumbList","@id":"https:\/\/ecosupplements.ch\/?product=joint-support-90-tablets#breadcrumb","itemListElement":[{"@type":"ListItem","position":1,"name":"Home","item":"https:\/\/ecosupplements.ch\/"},{"@type":"ListItem","position":2,"name":"Shop","item":"https:\/\/ecosupplements.ch\/?page_id=14"},{"@type":"ListItem","position":3,"name":"Joint Support &#8211; 90 tablets"}]},{"@type":"WebSite","@id":"https:\/\/ecosupplements.ch\/#website","url":"https:\/\/ecosupplements.ch\/","name":"Eco Supplements","description":"","potentialAction":[{"@type":"SearchAction","target":{"@type":"EntryPoint","urlTemplate":"https:\/\/ecosupplements.ch\/?s={search_term_string}"},"query-input":{"@type":"PropertyValueSpecification","valueRequired":true,"valueName":"search_term_string"}}],"inLanguage":"de-CH"}]},"product_price_amount":"17.03","product_price_currency":"CHF","og_availability":"out of stock","product_availability":"out of stock","product_retailer_item_id":"5060763893092","product_condition":"new"},"_links":{"self":[{"href":"https:\/\/ecosupplements.ch\/index.php?rest_route=\/wp\/v2\/product\/1695","targetHints":{"allow":["GET"]}}],"collection":[{"href":"https:\/\/ecosupplements.ch\/index.php?rest_route=\/wp\/v2\/product"}],"about":[{"href":"https:\/\/ecosupplements.ch\/index.php?rest_route=\/wp\/v2\/types\/product"}],"replies":[{"embeddable":true,"href":"https:\/\/ecosupplements.ch\/index.php?rest_route=%2Fwp%2Fv2%2Fcomments&post=1695"}],"wp:featuredmedia":[{"embeddable":true,"href":"https:\/\/ecosupplements.ch\/index.php?rest_route=\/wp\/v2\/media\/1696"}],"wp:attachment":[{"href":"https:\/\/ecosupplements.ch\/index.php?rest_route=%2Fwp%2Fv2%2Fmedia&parent=1695"}],"wp:term":[{"taxonomy":"product_brand","embeddable":true,"href":"https:\/\/ecosupplements.ch\/index.php?rest_route=%2Fwp%2Fv2%2Fproduct_brand&post=1695"},{"taxonomy":"product_cat","embeddable":true,"href":"https:\/\/ecosupplements.ch\/index.php?rest_route=%2Fwp%2Fv2%2Fproduct_cat&post=1695"},{"taxonomy":"product_tag","embeddable":true,"href":"https:\/\/ecosupplements.ch\/index.php?rest_route=%2Fwp%2Fv2%2Fproduct_tag&post=1695"}],"curies":[{"name":"wp","href":"https:\/\/api.w.org\/{rel}","templated":true}]}}