{"id":1697,"date":"2026-05-11T14:31:14","date_gmt":"2026-05-11T14:31:14","guid":{"rendered":"https:\/\/ecosupplements.ch\/?product=acid-soothe-90-caps"},"modified":"2026-05-13T07:25:37","modified_gmt":"2026-05-13T07:25:37","slug":"acid-soothe-90-caps","status":"publish","type":"product","link":"https:\/\/ecosupplements.ch\/?product=acid-soothe-90-caps","title":{"rendered":"Acid Soothe &#8211; 90 caps"},"content":{"rendered":"<div class=\"chcg-product-description\">\n<h2 class=\"chcg-heading\">\u00dcber Enzymedica \u2013 Acid Soothe \u2013 90 Kapseln<\/h2>\n<div class=\"chcg-intro\">\n<p>Enzymedica Acid Soothe ist ein sorgf\u00e4ltig zusammengestelltes Nahrungserg\u00e4nzungsmittel, das auf die Unterst\u00fctzung der Verdauungsgesundheit ausgerichtet ist. Die Formel kombiniert bew\u00e4hrte pflanzliche Extrakte wie Marshmallow-Wurzel und Papayablatt mit gezielt ausgew\u00e4hlten Enzymen, die eine reibungslose Verdauung unterst\u00fctzen k\u00f6nnen.<\/p>\n<p>Zinc Carnosine, eine gut vertr\u00e4gliche Verbindung aus Zink und Carnosin, erg\u00e4nzt die pflanzlichen Wirkstoffe. Zink tr\u00e4gt zur normalen Funktion des Immunsystems sowie zur Erhaltung normaler Knochen bei. Gotu Kola (Centella asiatica) ist ein traditionell genutztes Kraut, das seit Jahrhunderten in der asiatischen Pflanzenheilkunde gesch\u00e4tzt wird.<\/p>\n<p>Die Thera-blend\u2122-Enzyme \u2013 Amylase, Cellulase und Lipase \u2013 sind so konzipiert, dass sie in einem breiten pH-Bereich aktiv sind und damit eine umfassende Unterst\u00fctzung der Verdauung verschiedener N\u00e4hrstoffe bieten. Acid Soothe ist vollst\u00e4ndig pflanzlich, glutenfrei und ohne k\u00fcnstliche Zusatzstoffe formuliert.<\/p>\n<\/p><\/div>\n<div class=\"chcg-nutrition\">\n<h3>N\u00e4hrwertangaben<\/h3>\n<table class=\"chcg-nutrition-table\">\n<thead>\n<tr>\n<th>N\u00e4hrstoff<\/th>\n<th>Pro Portion (1 Kapsel)<\/th>\n<\/tr>\n<\/thead>\n<tbody>\n<tr>\n<td>Zink (als Zinc Carnosine)<\/td>\n<td>2 mg (20% NRV)<\/td>\n<\/tr>\n<tr>\n<td>Marshmallow-Wurzel<\/td>\n<td>95 mg*<\/td>\n<\/tr>\n<tr>\n<td>Papayablatt<\/td>\n<td>95 mg*<\/td>\n<\/tr>\n<tr>\n<td>Gotu Kola (oberirdische Teile)<\/td>\n<td>48 mg*<\/td>\n<\/tr>\n<tr>\n<td>Amylase Thera-blend<\/td>\n<td>3000 DU*<\/td>\n<\/tr>\n<tr>\n<td>Zinc Carnosine<\/td>\n<td>10 mg*<\/td>\n<\/tr>\n<tr>\n<td>Cellulase Thera-blend<\/td>\n<td>600 CU*<\/td>\n<\/tr>\n<tr>\n<td>Lipase Thera-blend<\/td>\n<td>200 FIP*<\/td>\n<\/tr>\n<\/tbody>\n<\/table>\n<p class=\"chcg-footnote\">* Kein festgelegter Tagesbedarf (NRV).<\/p>\n<\/p><\/div>\n<div class=\"chcg-ingredients\">\n<h3>Zutaten<\/h3>\n<p>Zink (als Zinc Carnosine) 2 mg, Marshmallow-Wurzel 95 mg, Papayablatt 95 mg, Gotu Kola (oberirdische Teile) 48 mg, Amylase Thera-blend 3000 DU, Zinc Carnosine 10 mg, Cellulase Thera-blend 600 CU, Lipase Thera-blend 200 FIP.<\/p>\n<p class=\"chcg-capsule-shell\">Kapselh\u00fclle: 100% vegetarische Kapsel (Cellulose, Wasser).<\/p>\n<\/p><\/div>\n<div class=\"chcg-dosage\">\n<h3>Verzehrempfehlung<\/h3>\n<p>1 Kapsel am Ende einer Mahlzeit einnehmen.<\/p>\n<\/p><\/div>\n<div class=\"chcg-warnings\">\n<h3>Warnhinweise<\/h3>\n<p>Vor der Anwendung einen Arzt konsultieren, wenn Sie schwanger sind oder stillen. Beh\u00e4lter geschlossen und trocken lagern; \u00fcberm\u00e4ssige Hitze vermeiden. Nicht verwenden, wenn das Sicherheitssiegel besch\u00e4digt oder nicht vorhanden ist. Ausserhalb der Reichweite von Kindern aufbewahren.<\/p>\n<\/p><\/div>\n<div class=\"chcg-allergens\">\n<h3>Allergeninformationen<\/h3>\n<p>Enth\u00e4lt kein Ei, keine Milchprodukte, keine Konservierungsstoffe, kein Salz, keine Saccharose, kein Soja, keinen Weizen, keine Hefe, keine N\u00fcsse, keinen Mais, kein Gluten, kein Kasein, keine Kartoffel, keinen Reis, keine k\u00fcnstlichen Farb- oder Aromastoffe.<\/p>\n<\/p><\/div>\n<div class=\"chcg-storage\">\n<h3>Lagerung<\/h3>\n<p>Beh\u00e4lter geschlossen und trocken lagern; \u00fcberm\u00e4ssige Hitze vermeiden.<\/p>\n<\/p><\/div>\n<div class=\"chcg-dietary\">\n<h3>Ern\u00e4hrungshinweise<\/h3>\n<ul>\n<li>Vegan<\/li>\n<li>Vegetarisch<\/li>\n<li>Glutenfrei<\/li>\n<li>Laktosefrei<\/li>\n<\/ul><\/div>\n<\/div>\n","protected":false},"excerpt":{"rendered":"<p>Enzymedica Acid Soothe unterst\u00fctzt die Verdauungsgesundheit mit Enzymen, Zink und pflanzlichen Extrakten wie Marshmallow-Wurzel und Papayablatt. Vegan, glutenfrei \u2013 90 Kapseln pro Packung.<\/p>\n","protected":false},"featured_media":1698,"comment_status":"closed","ping_status":"open","template":"","meta":[],"product_brand":[178],"product_cat":[129,48,25,22,102],"product_tag":[],"class_list":{"0":"post-1697","1":"product","2":"type-product","3":"status-publish","4":"has-post-thumbnail","6":"product_brand-enzymedica","7":"product_cat-acidophilus","8":"product_cat-gesunde-ernaehrung","9":"product_cat-gesundheit-und-wohlbefinden","10":"product_cat-vegane-produkte","11":"product_cat-verdauungsgesundheit","13":"first","14":"outofstock","15":"taxable","16":"shipping-taxable","17":"purchasable","18":"product-type-simple"},"yoast_head":"<!-- This site is optimized with the Yoast SEO plugin v27.5 - https:\/\/yoast.com\/product\/yoast-seo-wordpress\/ -->\n<title>Acid Soothe 90 Kapseln \u2013 Enzymedica | ecosupplements.ch<\/title>\n<meta name=\"description\" content=\"Acid Soothe von Enzymedica kombiniert Verdauungsenzyme und Zink mit pflanzlichen Extrakten \u2013 vegan, glutenfrei, 90 Kapseln. Jetzt bestellen.\" \/>\n<meta name=\"robots\" content=\"index, follow, max-snippet:-1, max-image-preview:large, max-video-preview:-1\" \/>\n<link rel=\"canonical\" href=\"https:\/\/ecosupplements.ch\/?product=acid-soothe-90-caps\" \/>\n<meta property=\"og:locale\" content=\"de_DE\" \/>\n<meta property=\"og:type\" content=\"article\" \/>\n<meta property=\"og:title\" content=\"Acid Soothe 90 Kapseln \u2013 Enzymedica | ecosupplements.ch\" \/>\n<meta property=\"og:description\" content=\"Acid Soothe von Enzymedica kombiniert Verdauungsenzyme und Zink mit pflanzlichen Extrakten \u2013 vegan, glutenfrei, 90 Kapseln. Jetzt bestellen.\" \/>\n<meta property=\"og:url\" content=\"https:\/\/ecosupplements.ch\/?product=acid-soothe-90-caps\" \/>\n<meta property=\"og:site_name\" content=\"Eco Supplements\" \/>\n<meta property=\"article:modified_time\" content=\"2026-05-13T07:25:37+00:00\" \/>\n<meta property=\"og:image\" content=\"https:\/\/ecosupplements.ch\/wp-content\/uploads\/2026\/05\/Acid-Soothe-90-caps.jpg\" \/>\n\t<meta property=\"og:image:width\" content=\"311\" \/>\n\t<meta property=\"og:image:height\" content=\"500\" \/>\n\t<meta property=\"og:image:type\" content=\"image\/jpeg\" \/>\n<meta name=\"twitter:card\" content=\"summary_large_image\" \/>\n<meta name=\"twitter:label1\" content=\"Price\" \/>\n\t<meta name=\"twitter:data1\" content=\"&#067;&#072;&#070;&nbsp;26.41\" \/>\n\t<meta name=\"twitter:label2\" content=\"Availability\" \/>\n\t<meta name=\"twitter:data2\" content=\"Out of stock\" \/>\n<script type=\"application\/ld+json\" class=\"yoast-schema-graph\">{\"@context\":\"https:\\\/\\\/schema.org\",\"@graph\":[{\"@type\":\"WebPage\",\"@id\":\"https:\\\/\\\/ecosupplements.ch\\\/?product=acid-soothe-90-caps\",\"url\":\"https:\\\/\\\/ecosupplements.ch\\\/?product=acid-soothe-90-caps\",\"name\":\"Acid Soothe 90 Kapseln \u2013 Enzymedica | ecosupplements.ch\",\"isPartOf\":{\"@id\":\"https:\\\/\\\/ecosupplements.ch\\\/#website\"},\"primaryImageOfPage\":{\"@id\":\"https:\\\/\\\/ecosupplements.ch\\\/?product=acid-soothe-90-caps#primaryimage\"},\"image\":{\"@id\":\"https:\\\/\\\/ecosupplements.ch\\\/?product=acid-soothe-90-caps#primaryimage\"},\"thumbnailUrl\":\"https:\\\/\\\/ecosupplements.ch\\\/wp-content\\\/uploads\\\/2026\\\/05\\\/Acid-Soothe-90-caps.jpg\",\"datePublished\":\"2026-05-11T14:31:14+00:00\",\"dateModified\":\"2026-05-13T07:25:37+00:00\",\"description\":\"Acid Soothe von Enzymedica kombiniert Verdauungsenzyme und Zink mit pflanzlichen Extrakten \u2013 vegan, glutenfrei, 90 Kapseln. Jetzt bestellen.\",\"breadcrumb\":{\"@id\":\"https:\\\/\\\/ecosupplements.ch\\\/?product=acid-soothe-90-caps#breadcrumb\"},\"inLanguage\":\"de-CH\",\"potentialAction\":[{\"@type\":\"ReadAction\",\"target\":[\"https:\\\/\\\/ecosupplements.ch\\\/?product=acid-soothe-90-caps\"]}]},{\"@type\":\"ImageObject\",\"inLanguage\":\"de-CH\",\"@id\":\"https:\\\/\\\/ecosupplements.ch\\\/?product=acid-soothe-90-caps#primaryimage\",\"url\":\"https:\\\/\\\/ecosupplements.ch\\\/wp-content\\\/uploads\\\/2026\\\/05\\\/Acid-Soothe-90-caps.jpg\",\"contentUrl\":\"https:\\\/\\\/ecosupplements.ch\\\/wp-content\\\/uploads\\\/2026\\\/05\\\/Acid-Soothe-90-caps.jpg\",\"width\":311,\"height\":500,\"caption\":\"Acid Soothe - 90 caps\"},{\"@type\":\"BreadcrumbList\",\"@id\":\"https:\\\/\\\/ecosupplements.ch\\\/?product=acid-soothe-90-caps#breadcrumb\",\"itemListElement\":[{\"@type\":\"ListItem\",\"position\":1,\"name\":\"Home\",\"item\":\"https:\\\/\\\/ecosupplements.ch\\\/\"},{\"@type\":\"ListItem\",\"position\":2,\"name\":\"Shop\",\"item\":\"https:\\\/\\\/ecosupplements.ch\\\/?page_id=14\"},{\"@type\":\"ListItem\",\"position\":3,\"name\":\"Acid Soothe &#8211; 90 caps\"}]},{\"@type\":\"WebSite\",\"@id\":\"https:\\\/\\\/ecosupplements.ch\\\/#website\",\"url\":\"https:\\\/\\\/ecosupplements.ch\\\/\",\"name\":\"Eco Supplements\",\"description\":\"\",\"potentialAction\":[{\"@type\":\"SearchAction\",\"target\":{\"@type\":\"EntryPoint\",\"urlTemplate\":\"https:\\\/\\\/ecosupplements.ch\\\/?s={search_term_string}\"},\"query-input\":{\"@type\":\"PropertyValueSpecification\",\"valueRequired\":true,\"valueName\":\"search_term_string\"}}],\"inLanguage\":\"de-CH\"}]}<\/script>\n<meta property=\"product:price:amount\" content=\"26.41\" \/>\n<meta property=\"product:price:currency\" content=\"CHF\" \/>\n<meta property=\"og:availability\" content=\"out of stock\" \/>\n<meta property=\"product:availability\" content=\"out of stock\" \/>\n<meta property=\"product:retailer_item_id\" content=\"670480981207\" \/>\n<meta property=\"product:condition\" content=\"new\" \/>\n<!-- \/ Yoast SEO plugin. -->","yoast_head_json":{"title":"Acid Soothe 90 Kapseln \u2013 Enzymedica | ecosupplements.ch","description":"Acid Soothe von Enzymedica kombiniert Verdauungsenzyme und Zink mit pflanzlichen Extrakten \u2013 vegan, glutenfrei, 90 Kapseln. Jetzt bestellen.","robots":{"index":"index","follow":"follow","max-snippet":"max-snippet:-1","max-image-preview":"max-image-preview:large","max-video-preview":"max-video-preview:-1"},"canonical":"https:\/\/ecosupplements.ch\/?product=acid-soothe-90-caps","og_locale":"de_DE","og_type":"article","og_title":"Acid Soothe 90 Kapseln \u2013 Enzymedica | ecosupplements.ch","og_description":"Acid Soothe von Enzymedica kombiniert Verdauungsenzyme und Zink mit pflanzlichen Extrakten \u2013 vegan, glutenfrei, 90 Kapseln. Jetzt bestellen.","og_url":"https:\/\/ecosupplements.ch\/?product=acid-soothe-90-caps","og_site_name":"Eco Supplements","article_modified_time":"2026-05-13T07:25:37+00:00","og_image":[{"width":311,"height":500,"url":"https:\/\/ecosupplements.ch\/wp-content\/uploads\/2026\/05\/Acid-Soothe-90-caps.jpg","type":"image\/jpeg"}],"twitter_card":"summary_large_image","twitter_misc":{"Price":"&#67;&#72;&#70;&nbsp;26.41","Availability":"Out of stock"},"schema":{"@context":"https:\/\/schema.org","@graph":[{"@type":"WebPage","@id":"https:\/\/ecosupplements.ch\/?product=acid-soothe-90-caps","url":"https:\/\/ecosupplements.ch\/?product=acid-soothe-90-caps","name":"Acid Soothe 90 Kapseln \u2013 Enzymedica | ecosupplements.ch","isPartOf":{"@id":"https:\/\/ecosupplements.ch\/#website"},"primaryImageOfPage":{"@id":"https:\/\/ecosupplements.ch\/?product=acid-soothe-90-caps#primaryimage"},"image":{"@id":"https:\/\/ecosupplements.ch\/?product=acid-soothe-90-caps#primaryimage"},"thumbnailUrl":"https:\/\/ecosupplements.ch\/wp-content\/uploads\/2026\/05\/Acid-Soothe-90-caps.jpg","datePublished":"2026-05-11T14:31:14+00:00","dateModified":"2026-05-13T07:25:37+00:00","description":"Acid Soothe von Enzymedica kombiniert Verdauungsenzyme und Zink mit pflanzlichen Extrakten \u2013 vegan, glutenfrei, 90 Kapseln. Jetzt bestellen.","breadcrumb":{"@id":"https:\/\/ecosupplements.ch\/?product=acid-soothe-90-caps#breadcrumb"},"inLanguage":"de-CH","potentialAction":[{"@type":"ReadAction","target":["https:\/\/ecosupplements.ch\/?product=acid-soothe-90-caps"]}]},{"@type":"ImageObject","inLanguage":"de-CH","@id":"https:\/\/ecosupplements.ch\/?product=acid-soothe-90-caps#primaryimage","url":"https:\/\/ecosupplements.ch\/wp-content\/uploads\/2026\/05\/Acid-Soothe-90-caps.jpg","contentUrl":"https:\/\/ecosupplements.ch\/wp-content\/uploads\/2026\/05\/Acid-Soothe-90-caps.jpg","width":311,"height":500,"caption":"Acid Soothe - 90 caps"},{"@type":"BreadcrumbList","@id":"https:\/\/ecosupplements.ch\/?product=acid-soothe-90-caps#breadcrumb","itemListElement":[{"@type":"ListItem","position":1,"name":"Home","item":"https:\/\/ecosupplements.ch\/"},{"@type":"ListItem","position":2,"name":"Shop","item":"https:\/\/ecosupplements.ch\/?page_id=14"},{"@type":"ListItem","position":3,"name":"Acid Soothe &#8211; 90 caps"}]},{"@type":"WebSite","@id":"https:\/\/ecosupplements.ch\/#website","url":"https:\/\/ecosupplements.ch\/","name":"Eco Supplements","description":"","potentialAction":[{"@type":"SearchAction","target":{"@type":"EntryPoint","urlTemplate":"https:\/\/ecosupplements.ch\/?s={search_term_string}"},"query-input":{"@type":"PropertyValueSpecification","valueRequired":true,"valueName":"search_term_string"}}],"inLanguage":"de-CH"}]},"product_price_amount":"26.41","product_price_currency":"CHF","og_availability":"out of stock","product_availability":"out of stock","product_retailer_item_id":"670480981207","product_condition":"new"},"_links":{"self":[{"href":"https:\/\/ecosupplements.ch\/index.php?rest_route=\/wp\/v2\/product\/1697","targetHints":{"allow":["GET"]}}],"collection":[{"href":"https:\/\/ecosupplements.ch\/index.php?rest_route=\/wp\/v2\/product"}],"about":[{"href":"https:\/\/ecosupplements.ch\/index.php?rest_route=\/wp\/v2\/types\/product"}],"replies":[{"embeddable":true,"href":"https:\/\/ecosupplements.ch\/index.php?rest_route=%2Fwp%2Fv2%2Fcomments&post=1697"}],"wp:featuredmedia":[{"embeddable":true,"href":"https:\/\/ecosupplements.ch\/index.php?rest_route=\/wp\/v2\/media\/1698"}],"wp:attachment":[{"href":"https:\/\/ecosupplements.ch\/index.php?rest_route=%2Fwp%2Fv2%2Fmedia&parent=1697"}],"wp:term":[{"taxonomy":"product_brand","embeddable":true,"href":"https:\/\/ecosupplements.ch\/index.php?rest_route=%2Fwp%2Fv2%2Fproduct_brand&post=1697"},{"taxonomy":"product_cat","embeddable":true,"href":"https:\/\/ecosupplements.ch\/index.php?rest_route=%2Fwp%2Fv2%2Fproduct_cat&post=1697"},{"taxonomy":"product_tag","embeddable":true,"href":"https:\/\/ecosupplements.ch\/index.php?rest_route=%2Fwp%2Fv2%2Fproduct_tag&post=1697"}],"curies":[{"name":"wp","href":"https:\/\/api.w.org\/{rel}","templated":true}]}}