{"id":1723,"date":"2026-05-11T14:31:24","date_gmt":"2026-05-11T14:31:24","guid":{"rendered":"https:\/\/ecosupplements.ch\/?product=dr-formulated-probiotics-urinary-tract-60-vcaps"},"modified":"2026-05-13T07:24:37","modified_gmt":"2026-05-13T07:24:37","slug":"dr-formulated-probiotics-urinary-tract-60-vcaps","status":"publish","type":"product","link":"https:\/\/ecosupplements.ch\/?product=dr-formulated-probiotics-urinary-tract-60-vcaps","title":{"rendered":"Dr. Formulated Probiotics Urinary Tract+ &#8211; 60 vcaps"},"content":{"rendered":"<div class=\"chcg-product-description\">\n<h2 class=\"chcg-heading\">\u00dcber Garden of Life \u2013 Dr. Formulated Probiotics Urinary Tract+ \u2013 60 Kapseln<\/h2>\n<div class=\"chcg-intro\">\n<p>Die Dr. Formulated Probiotics Urinary Tract+ von Garden of Life ist eine speziell f\u00fcr Frauen entwickelte Probiotika-Formel, die 50 Milliarden KBE aus 16 sorgf\u00e4ltig ausgew\u00e4hlten Lactobacillus- und Bifidobacterium-Kulturen vereint. Diese umfassende Mischung unterst\u00fctzt das nat\u00fcrliche mikrobielle Gleichgewicht und tr\u00e4gt zur Aufrechterhaltung einer gesunden Darmflora bei.<\/p>\n<p>Erg\u00e4nzt wird die Formel durch 500 mg Organic Pacran\u00ae Ganzkranbeere, eine zertifiziert biologische Preiselbeere (Frucht), sowie eine organische pr\u00e4biotische Ballaststoffmischung aus biologischer Kartoffel (resistente St\u00e4rke) und biologischer Akazienballaststoff. Vitamin D3 \u2013 gewonnen aus einer Kultur von Saccharomyces cerevisiae \u2013 liefert 25 mcg (1.000 IU) pro Portion, was 500 % des Tagesbedarfs entspricht, und tr\u00e4gt zu einer normalen Funktion des Immunsystems bei.<\/p>\n<p>Die vegetarischen Kapseln sind glutenfrei, laktosefrei und ohne Gentechnik (Non-GMO) hergestellt. Dank der stabilen Lagerf\u00e4higkeit bei Raumtemperatur ist dieses Produkt auch f\u00fcr unterwegs ideal geeignet.<\/p>\n<\/p><\/div>\n<div class=\"chcg-nutrition\">\n<h3>N\u00e4hrwertangaben<\/h3>\n<table class=\"chcg-nutrition-table\">\n<thead>\n<tr>\n<th>N\u00e4hrstoff<\/th>\n<th>Pro Portion (2 Kapseln)<\/th>\n<\/tr>\n<\/thead>\n<tbody>\n<tr>\n<td>Vitamin D (als D3, aus Kultur von S. cerevisiae)<\/td>\n<td>25 mcg (1.000 IU) | 500 % NRV<\/td>\n<\/tr>\n<tr>\n<td>Women&#8217;s Probiotic Blend<\/td>\n<td>164 mg | *<\/td>\n<\/tr>\n<tr>\n<td>\u2013 Gesamte probiotische Kulturen<\/td>\n<td>50 Milliarden KBE<\/td>\n<\/tr>\n<tr>\n<td>\u2013 Gesamte Lacto-Kulturen<\/td>\n<td>45 Milliarden KBE<\/td>\n<\/tr>\n<tr>\n<td>\u2013 Gesamte Bifido-Kulturen<\/td>\n<td>5 Milliarden KBE<\/td>\n<\/tr>\n<tr>\n<td>Organic Pacran\u00ae Ganzkranbeere (Frucht)<\/td>\n<td>500 mg | *<\/td>\n<\/tr>\n<tr>\n<td>Organische pr\u00e4biotische Ballaststoffmischung<\/td>\n<td>439 mg | *<\/td>\n<\/tr>\n<tr>\n<td>\u2013 Biologische Kartoffel [resistente St\u00e4rke] (Knolle)<\/td>\n<td>\u2013<\/td>\n<\/tr>\n<tr>\n<td>\u2013 Biologischer Akazienballaststoff (A. senegal)<\/td>\n<td>\u2013<\/td>\n<\/tr>\n<\/tbody>\n<\/table>\n<p class=\"chcg-footnote\">* Kein festgelegter Tagesbedarf.<\/p>\n<p class=\"chcg-footnote\">Portionsgr\u00f6sse: 2 Kapseln | Portionen pro Packung: 30<\/p>\n<\/p><\/div>\n<div class=\"chcg-ingredients\">\n<h3>Zutaten<\/h3>\n<p>Probiotische Mischung: Lactobacillus plantarum, Lactobacillus acidophilus, Lactobacillus paracasei, Lactobacillus rhamnosus, Lactobacillus gasseri, Lactobacillus casei, Lactobacillus acidophilus NCFM\u00ae, Lactobacillus reuteri, Lactobacillus brevis, Lactobacillus bulgaricus, Lactobacillus salivarius, Bifidobacterium lactis, Bifidobacterium bifidum, Bifidobacterium breve, Bifidobacterium infantis, Bifidobacterium longum; Organic Pacran\u00ae Ganzkranbeere (Frucht); Organische pr\u00e4biotische Ballaststoffmischung: Biologische Kartoffel [resistente St\u00e4rke] (Knolle), Biologischer Akazienballaststoff (A. senegal); Vitamin D (als D3) aus Kultur von S. cerevisiae.<\/p>\n<p class=\"chcg-capsule-shell\">Kapselh\u00fclle: Non-GMO pflanzliche Cellulose (Kapsel).<\/p>\n<\/p><\/div>\n<div class=\"chcg-dosage\">\n<h3>Verzehrempfehlung<\/h3>\n<p>Erwachsene nehmen t\u00e4glich 2 Kapseln ein. Kann mit oder ohne Mahlzeit eingenommen werden. Die Kapseln k\u00f6nnen ge\u00f6ffnet werden; der Inhalt kann direkt mit Wasser oder frischen S\u00e4ften eingenommen werden. Nicht f\u00fcr Kinder geeignet.<\/p>\n<\/p><\/div>\n<div class=\"chcg-warnings\">\n<h3>Warnhinweise<\/h3>\n<p>Wie bei allen Nahrungserg\u00e4nzungsmitteln sollten Sie vor der Einnahme dieses Produkts Ihren Arzt oder Ihre \u00c4rztin konsultieren, insbesondere wenn Sie schwanger sind, stillen, einen chirurgischen Eingriff planen oder regelm\u00e4ssig Medikamente einnehmen. Nicht verwenden, wenn Sie an einer immungeschw\u00e4chten Erkrankung leiden. Konsultieren Sie vor der Einnahme einen Arzt oder eine \u00c4rztin, wenn Sie Fieber, Erbrechen, blutigen Durchfall oder starke Bauchschmerzen haben. Wenn Verdauungsbeschwerden auftreten, sich verschlimmern oder l\u00e4nger als 3 Tage anhalten, brechen Sie die Einnahme ab und konsultieren Sie einen Arzt oder eine \u00c4rztin. Konsultieren Sie vor der Einnahme einen Arzt oder eine \u00c4rztin, wenn Sie blutverd\u00fcnnende Medikamente einnehmen, eine Vorgeschichte von Nierensteinen oder wiederkehrenden Harnwegsinfektionen haben.<\/p>\n<\/p><\/div>\n<div class=\"chcg-allergens\">\n<h3>Allergeninformationen<\/h3>\n<p>Hergestellt ohne Milch- oder Sojabestandteile, Erdn\u00fcsse, Baumn\u00fcsse oder Schalentiere. Hergestellt in einem Betrieb, der auch Soja, Milchprodukte, Erdn\u00fcsse, Baumn\u00fcsse und Schalentiere verarbeitet.<\/p>\n<\/p><\/div>\n<div class=\"chcg-storage\">\n<h3>Lagerung<\/h3>\n<p>Lagerstabil. Keine K\u00fchlung erforderlich. In der mit Trockenmittel ausgekleideten Flasche, vor W\u00e4rme und Feuchtigkeit gesch\u00fctzt, lagern.<\/p>\n<\/p><\/div>\n<div class=\"chcg-dietary\">\n<h3>Ern\u00e4hrungshinweise<\/h3>\n<ul>\n<li>Vegetarisch<\/li>\n<li>Glutenfrei<\/li>\n<li>Laktosefrei<\/li>\n<\/ul><\/div>\n<\/div>\n","protected":false},"excerpt":{"rendered":"<p>Dr. Formulated Probiotics Urinary Tract+ von Garden of Life liefert 50 Milliarden KBE aus 16 Kulturen sowie Organic Pacran\u00ae Kranbeere und Vitamin D3 \u2013 in 60 vegetarischen Kapseln, glutenfrei und ohne K\u00fchlung.<\/p>\n","protected":false},"featured_media":1724,"comment_status":"closed","ping_status":"open","template":"","meta":[],"product_brand":[183],"product_cat":[129,48,25,169,104,102,21],"product_tag":[],"class_list":{"0":"post-1723","1":"product","2":"type-product","3":"status-publish","4":"has-post-thumbnail","6":"product_brand-garden-of-life","7":"product_cat-acidophilus","8":"product_cat-gesunde-ernaehrung","9":"product_cat-gesundheit-und-wohlbefinden","10":"product_cat-nordische-vitalitaet","11":"product_cat-probiotika","12":"product_cat-verdauungsgesundheit","13":"product_cat-vitamine-und-mineralstoffe","15":"first","16":"outofstock","17":"taxable","18":"shipping-taxable","19":"purchasable","20":"product-type-simple"},"yoast_head":"<!-- This site is optimized with the Yoast SEO plugin v27.5 - https:\/\/yoast.com\/product\/yoast-seo-wordpress\/ -->\n<title>Dr. Formulated Probiotics Urinary Tract+ \u2013 Garden of Life | ecosupplements.ch<\/title>\n<meta name=\"description\" content=\"50 Milliarden KBE Probiotika plus Organic Pacran\u00ae Kranbeere und Vitamin D3 in 60 vegetarischen Kapseln. Glutenfrei, lagerstabil. Jetzt bestellen.\" \/>\n<meta name=\"robots\" content=\"index, follow, max-snippet:-1, max-image-preview:large, max-video-preview:-1\" \/>\n<link rel=\"canonical\" href=\"https:\/\/ecosupplements.ch\/?product=dr-formulated-probiotics-urinary-tract-60-vcaps\" \/>\n<meta property=\"og:locale\" content=\"de_DE\" \/>\n<meta property=\"og:type\" content=\"article\" \/>\n<meta property=\"og:title\" content=\"Dr. Formulated Probiotics Urinary Tract+ \u2013 Garden of Life | ecosupplements.ch\" \/>\n<meta property=\"og:description\" content=\"50 Milliarden KBE Probiotika plus Organic Pacran\u00ae Kranbeere und Vitamin D3 in 60 vegetarischen Kapseln. Glutenfrei, lagerstabil. Jetzt bestellen.\" \/>\n<meta property=\"og:url\" content=\"https:\/\/ecosupplements.ch\/?product=dr-formulated-probiotics-urinary-tract-60-vcaps\" \/>\n<meta property=\"og:site_name\" content=\"Eco Supplements\" \/>\n<meta property=\"article:modified_time\" content=\"2026-05-13T07:24:37+00:00\" \/>\n<meta property=\"og:image\" content=\"https:\/\/ecosupplements.ch\/wp-content\/uploads\/2026\/05\/Dr.-Formulated-Probiotics-Urinary-Tract-60-vcaps.png\" \/>\n\t<meta property=\"og:image:width\" content=\"1000\" \/>\n\t<meta property=\"og:image:height\" content=\"1000\" \/>\n\t<meta property=\"og:image:type\" content=\"image\/jpeg\" \/>\n<meta name=\"twitter:card\" content=\"summary_large_image\" \/>\n<meta name=\"twitter:label1\" content=\"Price\" \/>\n\t<meta name=\"twitter:data1\" content=\"&#067;&#072;&#070;&nbsp;47.34\" \/>\n\t<meta name=\"twitter:label2\" content=\"Availability\" \/>\n\t<meta name=\"twitter:data2\" content=\"Out of stock\" \/>\n<script type=\"application\/ld+json\" class=\"yoast-schema-graph\">{\"@context\":\"https:\\\/\\\/schema.org\",\"@graph\":[{\"@type\":\"WebPage\",\"@id\":\"https:\\\/\\\/ecosupplements.ch\\\/?product=dr-formulated-probiotics-urinary-tract-60-vcaps\",\"url\":\"https:\\\/\\\/ecosupplements.ch\\\/?product=dr-formulated-probiotics-urinary-tract-60-vcaps\",\"name\":\"Dr. Formulated Probiotics Urinary Tract+ \u2013 Garden of Life | ecosupplements.ch\",\"isPartOf\":{\"@id\":\"https:\\\/\\\/ecosupplements.ch\\\/#website\"},\"primaryImageOfPage\":{\"@id\":\"https:\\\/\\\/ecosupplements.ch\\\/?product=dr-formulated-probiotics-urinary-tract-60-vcaps#primaryimage\"},\"image\":{\"@id\":\"https:\\\/\\\/ecosupplements.ch\\\/?product=dr-formulated-probiotics-urinary-tract-60-vcaps#primaryimage\"},\"thumbnailUrl\":\"https:\\\/\\\/ecosupplements.ch\\\/wp-content\\\/uploads\\\/2026\\\/05\\\/Dr.-Formulated-Probiotics-Urinary-Tract-60-vcaps.png\",\"datePublished\":\"2026-05-11T14:31:24+00:00\",\"dateModified\":\"2026-05-13T07:24:37+00:00\",\"description\":\"50 Milliarden KBE Probiotika plus Organic Pacran\u00ae Kranbeere und Vitamin D3 in 60 vegetarischen Kapseln. Glutenfrei, lagerstabil. Jetzt bestellen.\",\"breadcrumb\":{\"@id\":\"https:\\\/\\\/ecosupplements.ch\\\/?product=dr-formulated-probiotics-urinary-tract-60-vcaps#breadcrumb\"},\"inLanguage\":\"de-CH\",\"potentialAction\":[{\"@type\":\"ReadAction\",\"target\":[\"https:\\\/\\\/ecosupplements.ch\\\/?product=dr-formulated-probiotics-urinary-tract-60-vcaps\"]}]},{\"@type\":\"ImageObject\",\"inLanguage\":\"de-CH\",\"@id\":\"https:\\\/\\\/ecosupplements.ch\\\/?product=dr-formulated-probiotics-urinary-tract-60-vcaps#primaryimage\",\"url\":\"https:\\\/\\\/ecosupplements.ch\\\/wp-content\\\/uploads\\\/2026\\\/05\\\/Dr.-Formulated-Probiotics-Urinary-Tract-60-vcaps.png\",\"contentUrl\":\"https:\\\/\\\/ecosupplements.ch\\\/wp-content\\\/uploads\\\/2026\\\/05\\\/Dr.-Formulated-Probiotics-Urinary-Tract-60-vcaps.png\",\"width\":1000,\"height\":1000,\"caption\":\"Dr. Formulated Probiotics Urinary Tract+ - 60 vcaps\"},{\"@type\":\"BreadcrumbList\",\"@id\":\"https:\\\/\\\/ecosupplements.ch\\\/?product=dr-formulated-probiotics-urinary-tract-60-vcaps#breadcrumb\",\"itemListElement\":[{\"@type\":\"ListItem\",\"position\":1,\"name\":\"Home\",\"item\":\"https:\\\/\\\/ecosupplements.ch\\\/\"},{\"@type\":\"ListItem\",\"position\":2,\"name\":\"Shop\",\"item\":\"https:\\\/\\\/ecosupplements.ch\\\/?page_id=14\"},{\"@type\":\"ListItem\",\"position\":3,\"name\":\"Dr. Formulated Probiotics Urinary Tract+ &#8211; 60 vcaps\"}]},{\"@type\":\"WebSite\",\"@id\":\"https:\\\/\\\/ecosupplements.ch\\\/#website\",\"url\":\"https:\\\/\\\/ecosupplements.ch\\\/\",\"name\":\"Eco Supplements\",\"description\":\"\",\"potentialAction\":[{\"@type\":\"SearchAction\",\"target\":{\"@type\":\"EntryPoint\",\"urlTemplate\":\"https:\\\/\\\/ecosupplements.ch\\\/?s={search_term_string}\"},\"query-input\":{\"@type\":\"PropertyValueSpecification\",\"valueRequired\":true,\"valueName\":\"search_term_string\"}}],\"inLanguage\":\"de-CH\"}]}<\/script>\n<meta property=\"product:price:amount\" content=\"47.34\" \/>\n<meta property=\"product:price:currency\" content=\"CHF\" \/>\n<meta property=\"og:availability\" content=\"out of stock\" \/>\n<meta property=\"product:availability\" content=\"out of stock\" \/>\n<meta property=\"product:retailer_item_id\" content=\"658010120067\" \/>\n<meta property=\"product:condition\" content=\"new\" \/>\n<!-- \/ Yoast SEO plugin. -->","yoast_head_json":{"title":"Dr. Formulated Probiotics Urinary Tract+ \u2013 Garden of Life | ecosupplements.ch","description":"50 Milliarden KBE Probiotika plus Organic Pacran\u00ae Kranbeere und Vitamin D3 in 60 vegetarischen Kapseln. Glutenfrei, lagerstabil. Jetzt bestellen.","robots":{"index":"index","follow":"follow","max-snippet":"max-snippet:-1","max-image-preview":"max-image-preview:large","max-video-preview":"max-video-preview:-1"},"canonical":"https:\/\/ecosupplements.ch\/?product=dr-formulated-probiotics-urinary-tract-60-vcaps","og_locale":"de_DE","og_type":"article","og_title":"Dr. Formulated Probiotics Urinary Tract+ \u2013 Garden of Life | ecosupplements.ch","og_description":"50 Milliarden KBE Probiotika plus Organic Pacran\u00ae Kranbeere und Vitamin D3 in 60 vegetarischen Kapseln. Glutenfrei, lagerstabil. Jetzt bestellen.","og_url":"https:\/\/ecosupplements.ch\/?product=dr-formulated-probiotics-urinary-tract-60-vcaps","og_site_name":"Eco Supplements","article_modified_time":"2026-05-13T07:24:37+00:00","og_image":[{"width":1000,"height":1000,"url":"https:\/\/ecosupplements.ch\/wp-content\/uploads\/2026\/05\/Dr.-Formulated-Probiotics-Urinary-Tract-60-vcaps.png","type":"image\/jpeg"}],"twitter_card":"summary_large_image","twitter_misc":{"Price":"&#67;&#72;&#70;&nbsp;47.34","Availability":"Out of stock"},"schema":{"@context":"https:\/\/schema.org","@graph":[{"@type":"WebPage","@id":"https:\/\/ecosupplements.ch\/?product=dr-formulated-probiotics-urinary-tract-60-vcaps","url":"https:\/\/ecosupplements.ch\/?product=dr-formulated-probiotics-urinary-tract-60-vcaps","name":"Dr. Formulated Probiotics Urinary Tract+ \u2013 Garden of Life | ecosupplements.ch","isPartOf":{"@id":"https:\/\/ecosupplements.ch\/#website"},"primaryImageOfPage":{"@id":"https:\/\/ecosupplements.ch\/?product=dr-formulated-probiotics-urinary-tract-60-vcaps#primaryimage"},"image":{"@id":"https:\/\/ecosupplements.ch\/?product=dr-formulated-probiotics-urinary-tract-60-vcaps#primaryimage"},"thumbnailUrl":"https:\/\/ecosupplements.ch\/wp-content\/uploads\/2026\/05\/Dr.-Formulated-Probiotics-Urinary-Tract-60-vcaps.png","datePublished":"2026-05-11T14:31:24+00:00","dateModified":"2026-05-13T07:24:37+00:00","description":"50 Milliarden KBE Probiotika plus Organic Pacran\u00ae Kranbeere und Vitamin D3 in 60 vegetarischen Kapseln. Glutenfrei, lagerstabil. Jetzt bestellen.","breadcrumb":{"@id":"https:\/\/ecosupplements.ch\/?product=dr-formulated-probiotics-urinary-tract-60-vcaps#breadcrumb"},"inLanguage":"de-CH","potentialAction":[{"@type":"ReadAction","target":["https:\/\/ecosupplements.ch\/?product=dr-formulated-probiotics-urinary-tract-60-vcaps"]}]},{"@type":"ImageObject","inLanguage":"de-CH","@id":"https:\/\/ecosupplements.ch\/?product=dr-formulated-probiotics-urinary-tract-60-vcaps#primaryimage","url":"https:\/\/ecosupplements.ch\/wp-content\/uploads\/2026\/05\/Dr.-Formulated-Probiotics-Urinary-Tract-60-vcaps.png","contentUrl":"https:\/\/ecosupplements.ch\/wp-content\/uploads\/2026\/05\/Dr.-Formulated-Probiotics-Urinary-Tract-60-vcaps.png","width":1000,"height":1000,"caption":"Dr. Formulated Probiotics Urinary Tract+ - 60 vcaps"},{"@type":"BreadcrumbList","@id":"https:\/\/ecosupplements.ch\/?product=dr-formulated-probiotics-urinary-tract-60-vcaps#breadcrumb","itemListElement":[{"@type":"ListItem","position":1,"name":"Home","item":"https:\/\/ecosupplements.ch\/"},{"@type":"ListItem","position":2,"name":"Shop","item":"https:\/\/ecosupplements.ch\/?page_id=14"},{"@type":"ListItem","position":3,"name":"Dr. Formulated Probiotics Urinary Tract+ &#8211; 60 vcaps"}]},{"@type":"WebSite","@id":"https:\/\/ecosupplements.ch\/#website","url":"https:\/\/ecosupplements.ch\/","name":"Eco Supplements","description":"","potentialAction":[{"@type":"SearchAction","target":{"@type":"EntryPoint","urlTemplate":"https:\/\/ecosupplements.ch\/?s={search_term_string}"},"query-input":{"@type":"PropertyValueSpecification","valueRequired":true,"valueName":"search_term_string"}}],"inLanguage":"de-CH"}]},"product_price_amount":"47.34","product_price_currency":"CHF","og_availability":"out of stock","product_availability":"out of stock","product_retailer_item_id":"658010120067","product_condition":"new"},"_links":{"self":[{"href":"https:\/\/ecosupplements.ch\/index.php?rest_route=\/wp\/v2\/product\/1723","targetHints":{"allow":["GET"]}}],"collection":[{"href":"https:\/\/ecosupplements.ch\/index.php?rest_route=\/wp\/v2\/product"}],"about":[{"href":"https:\/\/ecosupplements.ch\/index.php?rest_route=\/wp\/v2\/types\/product"}],"replies":[{"embeddable":true,"href":"https:\/\/ecosupplements.ch\/index.php?rest_route=%2Fwp%2Fv2%2Fcomments&post=1723"}],"wp:featuredmedia":[{"embeddable":true,"href":"https:\/\/ecosupplements.ch\/index.php?rest_route=\/wp\/v2\/media\/1724"}],"wp:attachment":[{"href":"https:\/\/ecosupplements.ch\/index.php?rest_route=%2Fwp%2Fv2%2Fmedia&parent=1723"}],"wp:term":[{"taxonomy":"product_brand","embeddable":true,"href":"https:\/\/ecosupplements.ch\/index.php?rest_route=%2Fwp%2Fv2%2Fproduct_brand&post=1723"},{"taxonomy":"product_cat","embeddable":true,"href":"https:\/\/ecosupplements.ch\/index.php?rest_route=%2Fwp%2Fv2%2Fproduct_cat&post=1723"},{"taxonomy":"product_tag","embeddable":true,"href":"https:\/\/ecosupplements.ch\/index.php?rest_route=%2Fwp%2Fv2%2Fproduct_tag&post=1723"}],"curies":[{"name":"wp","href":"https:\/\/api.w.org\/{rel}","templated":true}]}}