{"id":1749,"date":"2026-05-11T14:31:35","date_gmt":"2026-05-11T14:31:35","guid":{"rendered":"https:\/\/ecosupplements.ch\/?product=vitamin-code-raw-one-for-men-75-vcaps"},"modified":"2026-05-13T07:25:14","modified_gmt":"2026-05-13T07:25:14","slug":"vitamin-code-raw-one-for-men-75-vcaps","status":"publish","type":"product","link":"https:\/\/ecosupplements.ch\/?product=vitamin-code-raw-one-for-men-75-vcaps","title":{"rendered":"Vitamin Code RAW ONE for Men &#8211; 75 vcaps"},"content":{"rendered":"<div class=\"chcg-product-description\">\n<h2 class=\"chcg-heading\">\u00dcber Garden of Life \u2013 Vitamin Code RAW ONE for Men \u2013 75 Kapseln<\/h2>\n<div class=\"chcg-intro\">\n<p>Vitamin Code RAW ONE for Men von Garden of Life ist ein umfassendes Multivitaminpr\u00e4parat, das speziell auf die Bed\u00fcrfnisse von M\u00e4nnern ausgerichtet ist. Die einzigartige RAW-Formel liefert pro Tageskapsel 20 Vitamine und Mineralstoffe in ihrer nat\u00fcrlichen Form \u2013 gewonnen aus Kulturmedien wie <em>Saccharomyces cerevisiae<\/em>, aus Naturstoffen wie Amla-Beere sowie aus pflanzlichen Quellen wie Sonnenblumen\u00f6l. Jeder N\u00e4hrstoff wird so bereitgestellt, wie er in der Natur vorkommt \u2013 eingebettet in ein n\u00e4hrstoffreiches Gesamtgef\u00fcge.<\/p>\n<p>Erg\u00e4nzt wird die Formel durch eine RAW Organic Fruit &amp; Vegetable Blend aus 23 biologisch angebauten Fr\u00fcchten und Gem\u00fcsen sowie einer RAW Probiotic &amp; Enzyme Blend mit 500 Millionen KBE der Kulturen <em>Lactobacillus bulgaricus<\/em> und <em>Lactobacillus plantarum<\/em> sowie einer breiten Palette von Verdauungsenzymen. Dieses Zusammenspiel unterst\u00fctzt eine ausgewogene t\u00e4gliche N\u00e4hrstoffversorgung auf nat\u00fcrlicher Basis.<\/p>\n<p>Vitamin Code RAW ONE for Men ist als vegetarische Kapsel erh\u00e4ltlich, die auch ge\u00f6ffnet und deren Inhalt in Wasser oder Saft einger\u00fchrt werden kann. Das Produkt ist glutenfrei und laktosefrei \u2013 ideal f\u00fcr M\u00e4nner, die ihre t\u00e4gliche Ern\u00e4hrung mit einem hochwertigen, naturnahen Multivitaminpr\u00e4parat erg\u00e4nzen m\u00f6chten.<\/p>\n<\/p><\/div>\n<div class=\"chcg-nutrition\">\n<h3>N\u00e4hrwertangaben<\/h3>\n<table class=\"chcg-nutrition-table\">\n<thead>\n<tr>\n<th>N\u00e4hrstoff<\/th>\n<th>Pro Portion (1 Kapsel)<\/th>\n<\/tr>\n<\/thead>\n<tbody>\n<tr>\n<td>Vitamin A (als Beta-Carotin)<\/td>\n<td>900 \u00b5g (113% NRV)<\/td>\n<\/tr>\n<tr>\n<td>Vitamin C (aus Amla-Beere)<\/td>\n<td>90 mg (113% NRV)<\/td>\n<\/tr>\n<tr>\n<td>Vitamin D (als D3 aus Kultur von S. cerevisiae)<\/td>\n<td>40 \u00b5g (800% NRV)<\/td>\n<\/tr>\n<tr>\n<td>Vitamin E (als d-alpha-Tocopherol aus Sonnenblumen\u00f6l)<\/td>\n<td>15 mg (125% NRV)<\/td>\n<\/tr>\n<tr>\n<td>Vitamin K (als K1 aus Kultur von S. cerevisiae)<\/td>\n<td>120 \u00b5g (160% NRV)<\/td>\n<\/tr>\n<tr>\n<td>Thiamin \/ Vitamin B1 (aus Kultur von S. cerevisiae)<\/td>\n<td>1,20 mg (109% NRV)<\/td>\n<\/tr>\n<tr>\n<td>Riboflavin \/ Vitamin B2 (aus Kultur von S. cerevisiae)<\/td>\n<td>1,30 mg (93% NRV)<\/td>\n<\/tr>\n<tr>\n<td>Niacin als Niacinamid (aus Kultur von S. cerevisiae)<\/td>\n<td>16 mg (100% NRV)<\/td>\n<\/tr>\n<tr>\n<td>Vitamin B6 (aus Kultur von S. cerevisiae)<\/td>\n<td>1,70 mg (121% NRV)<\/td>\n<\/tr>\n<tr>\n<td>Folat (aus Kultur von S. cerevisiae)<\/td>\n<td>400 \u00b5g DFE (200% NRV)<\/td>\n<\/tr>\n<tr>\n<td>Vitamin B12 als Methylcobalamin (aus Kultur von S. cerevisiae)<\/td>\n<td>9,60 \u00b5g (384% NRV)<\/td>\n<\/tr>\n<tr>\n<td>Biotin (aus Kultur von S. cerevisiae)<\/td>\n<td>30 \u00b5g (60% NRV)<\/td>\n<\/tr>\n<tr>\n<td>Pantothens\u00e4ure (aus Kultur von S. cerevisiae)<\/td>\n<td>5 mg (83% NRV)<\/td>\n<\/tr>\n<tr>\n<td>Zink (aus Brown Rice Chelate)<\/td>\n<td>11 mg (110% NRV)<\/td>\n<\/tr>\n<tr>\n<td>Selen (aus Kultur von S. cerevisiae)<\/td>\n<td>55 \u00b5g (100% NRV)<\/td>\n<\/tr>\n<tr>\n<td>Mangan (aus Brown Rice Chelate)<\/td>\n<td>2,30 mg (115% NRV)<\/td>\n<\/tr>\n<tr>\n<td>Chrom (aus Kultur von S. cerevisiae)<\/td>\n<td>35 \u00b5g (88% NRV)<\/td>\n<\/tr>\n<tr>\n<td>Molybd\u00e4n (aus Brown Rice Chelate)<\/td>\n<td>45 \u00b5g (90% NRV)<\/td>\n<\/tr>\n<tr>\n<td>RAW Organic Fruit &amp; Vegetable Blend<\/td>\n<td>23 biologisch angebaute Fr\u00fcchte und Gem\u00fcse<\/td>\n<\/tr>\n<tr>\n<td>RAW Probiotic &amp; Enzyme Blend (<em>Lactobacillus bulgaricus<\/em>, <em>Lactobacillus plantarum<\/em>)<\/td>\n<td>500 Millionen KBE<\/td>\n<\/tr>\n<\/tbody>\n<\/table>\n<p class=\"chcg-footnote\">NRV = N\u00e4hrstoffbezugswert (Nutrient Reference Value) gem\u00e4ss EU-Verordnung Nr. 1169\/2011.<\/p>\n<\/p><\/div>\n<div class=\"chcg-ingredients\">\n<h3>Zutaten<\/h3>\n<p>Vitamin A (als Beta-Carotin) 900 \u00b5g | Vitamin C (aus Amla-Beere) 90 mg | Vitamin D (als D3 aus Kultur von S. cerevisiae) 40 \u00b5g | Vitamin E (als d-alpha-Tocopherol aus Sonnenblumen\u00f6l) 15 mg | Vitamin K (als K1 aus Kultur von S. cerevisiae) 120 \u00b5g | Thiamin \/ Vitamin B1 (aus Kultur von S. cerevisiae) 1,20 mg | Riboflavin \/ Vitamin B2 (aus Kultur von S. cerevisiae) 1,30 mg | Niacin als Niacinamid (aus Kultur von S. cerevisiae) 16 mg | Vitamin B6 (aus Kultur von S. cerevisiae) 1,70 mg | Folat (aus Kultur von S. cerevisiae) 400 \u00b5g DFE | Vitamin B12 als Methylcobalamin (aus Kultur von S. cerevisiae) 9,60 \u00b5g | Biotin (aus Kultur von S. cerevisiae) 30 \u00b5g | Pantothens\u00e4ure (aus Kultur von S. cerevisiae) 5 mg | Zink (aus Brown Rice Chelate) 11 mg | Selen (aus Kultur von S. cerevisiae) 55 \u00b5g | Mangan (aus Brown Rice Chelate) 2,30 mg | Chrom (aus Kultur von S. cerevisiae) 35 \u00b5g | Molybd\u00e4n (aus Brown Rice Chelate) 45 \u00b5g | Bio-Emblic \/ Amla-Beere (<em>Phyllanthus emblica<\/em>) (Frucht) Extrakt | RAW Organic Fruit &amp; Vegetable Blend: Bio-Apfel (Frucht), Bio-Rote Bete (Wurzel), Bio-Brokkoli (Stiel &amp; Bl\u00fcte), Bio-Karotte (Wurzel), Bio-Spinat (Blatt), Bio-Tomate (Frucht), Bio-Erdbeere (Frucht), Bio-Sauerkirsche (Frucht), Bio-Brombeere (Frucht), Bio-Gr\u00fcne Paprika (Frucht), Bio-Rosenkohl (Blatt), Bio-Heidelbeere (Frucht), Bio-Ingwer (Wurzel), Bio-Knoblauch (Zwiebel), Bio-Fr\u00fchlingszwiebel (Zwiebel), Bio-Himbeere (Frucht), Bio-Petersilie (Blatt), Bio-Blumenkohl (Bl\u00fcte &amp; Stiel), Bio-Rotkohl (Blatt), Bio-Gr\u00fcnkohl (Blatt), Bio-Gurke (Frucht), Bio-Sellerie (Stiel), Bio-Spargel (Bl\u00fcte &amp; Stiel) | RAW Probiotic &amp; Enzyme Blend: Lipase, Protease, Aspergillopepsin, Beta-Glucanase, Cellulase, Bromelain, Phytase, Lactase, Papain, Peptidase, Pectinase, Hemicellulase, Xylanase, <em>Lactobacillus bulgaricus<\/em>, <em>Lactobacillus plantarum<\/em> (500 Millionen KBE). Weitere Zutaten: Pflanzliche Cellulose (Kapsel), Bio-Gummi arabicum.<\/p>\n<p class=\"chcg-capsule-shell\">Kapselh\u00fclle: Pflanzliche Cellulose<\/p>\n<\/p><\/div>\n<div class=\"chcg-dosage\">\n<h3>Verzehrempfehlung<\/h3>\n<p>Erwachsene nehmen t\u00e4glich 1 Kapsel. Kann mit oder ohne Mahlzeit eingenommen werden. Die Kapsel kann ge\u00f6ffnet und der Inhalt in Wasser oder Saft einger\u00fchrt werden. Nicht f\u00fcr Kinder bestimmt.<\/p>\n<\/p><\/div>\n<div class=\"chcg-warnings\">\n<h3>Warnhinweise<\/h3>\n<p>Wie bei allen Nahrungserg\u00e4nzungsmitteln sollten Sie vor der Einnahme dieses Produkts Ihren Arzt oder eine Fachperson des Gesundheitswesens konsultieren, insbesondere wenn Sie schwanger sind, stillen, das Produkt an Kinder abgeben, einen chirurgischen Eingriff planen, regelm\u00e4ssig Medikamente einnehmen oder anderweitig unter medizinischer Aufsicht stehen. Ausserhalb der Reichweite von Kindern aufbewahren. Nicht verwenden, wenn das Sicherheitssiegel besch\u00e4digt oder nicht vorhanden ist. Ein Nahrungserg\u00e4nzungsmittel sollte nicht als Ersatz f\u00fcr eine abwechslungsreiche und ausgewogene Ern\u00e4hrung sowie eine gesunde Lebensweise verwendet werden.<\/p>\n<\/p><\/div>\n<div class=\"chcg-allergens\">\n<h3>Allergeninformationen<\/h3>\n<p>Hergestellt ohne Milch- oder Sojabestandteile, Erdn\u00fcsse, Baumn\u00fcsse oder Schalentiere. Hergestellt in einem Betrieb, der auch Soja, Milchprodukte, Erdn\u00fcsse, Baumn\u00fcsse und Schalentiere verarbeitet.<\/p>\n<\/p><\/div>\n<div class=\"chcg-storage\">\n<h3>Lagerung<\/h3>\n<p>An einem k\u00fchlen, trockenen Ort aufbewahren.<\/p>\n<\/p><\/div>\n<div class=\"chcg-dietary\">\n<h3>Ern\u00e4hrungshinweise<\/h3>\n<ul>\n<li>Vegetarisch<\/li>\n<li>Glutenfrei<\/li>\n<li>Laktosefrei<\/li>\n<\/ul><\/div>\n<\/div>\n","protected":false},"excerpt":{"rendered":"<p>Vitamin Code RAW ONE for Men liefert 18 Vitamine und Mineralstoffe, Probiotika und eine Bio-Frucht- &amp; Gem\u00fcsemischung in einer vegetarischen Kapsel. 75 Kapseln f\u00fcr 75 Tage Versorgung. Glutenfrei und laktosefrei.<\/p>\n","protected":false},"featured_media":1750,"comment_status":"closed","ping_status":"open","template":"","meta":[],"product_brand":[183],"product_cat":[48,25,26,169,21],"product_tag":[],"class_list":{"0":"post-1749","1":"product","2":"type-product","3":"status-publish","4":"has-post-thumbnail","6":"product_brand-garden-of-life","7":"product_cat-gesunde-ernaehrung","8":"product_cat-gesundheit-und-wohlbefinden","9":"product_cat-multivitamine","10":"product_cat-nordische-vitalitaet","11":"product_cat-vitamine-und-mineralstoffe","13":"first","14":"outofstock","15":"taxable","16":"shipping-taxable","17":"purchasable","18":"product-type-simple"},"yoast_head":"<!-- This site is optimized with the Yoast SEO plugin v27.5 - https:\/\/yoast.com\/product\/yoast-seo-wordpress\/ -->\n<title>Vitamin Code RAW ONE for Men \u2013 Garden of Life | ecosupplements.ch<\/title>\n<meta name=\"description\" content=\"Hochwertiges Multivitamin f\u00fcr M\u00e4nner mit 20 N\u00e4hrstoffen, Probiotika und Bio-Fr\u00fcchten \u2013 75 vegetarische Kapseln, glutenfrei. Jetzt bestellen.\" \/>\n<meta name=\"robots\" content=\"index, follow, max-snippet:-1, max-image-preview:large, max-video-preview:-1\" \/>\n<link rel=\"canonical\" href=\"https:\/\/ecosupplements.ch\/?product=vitamin-code-raw-one-for-men-75-vcaps\" \/>\n<meta property=\"og:locale\" content=\"de_DE\" \/>\n<meta property=\"og:type\" content=\"article\" \/>\n<meta property=\"og:title\" content=\"Vitamin Code RAW ONE for Men \u2013 Garden of Life | ecosupplements.ch\" \/>\n<meta property=\"og:description\" content=\"Hochwertiges Multivitamin f\u00fcr M\u00e4nner mit 20 N\u00e4hrstoffen, Probiotika und Bio-Fr\u00fcchten \u2013 75 vegetarische Kapseln, glutenfrei. Jetzt bestellen.\" \/>\n<meta property=\"og:url\" content=\"https:\/\/ecosupplements.ch\/?product=vitamin-code-raw-one-for-men-75-vcaps\" \/>\n<meta property=\"og:site_name\" content=\"Eco Supplements\" \/>\n<meta property=\"article:modified_time\" content=\"2026-05-13T07:25:14+00:00\" \/>\n<meta property=\"og:image\" content=\"https:\/\/ecosupplements.ch\/wp-content\/uploads\/2026\/05\/Vitamin-Code-RAW-ONE-for-Men-75-vcaps.jpg\" \/>\n\t<meta property=\"og:image:width\" content=\"485\" \/>\n\t<meta property=\"og:image:height\" content=\"800\" \/>\n\t<meta property=\"og:image:type\" content=\"image\/jpeg\" \/>\n<meta name=\"twitter:card\" content=\"summary_large_image\" \/>\n<meta name=\"twitter:label1\" content=\"Price\" \/>\n\t<meta name=\"twitter:data1\" content=\"&#067;&#072;&#070;&nbsp;40.78\" \/>\n\t<meta name=\"twitter:label2\" content=\"Availability\" \/>\n\t<meta name=\"twitter:data2\" content=\"Out of stock\" \/>\n<script type=\"application\/ld+json\" class=\"yoast-schema-graph\">{\"@context\":\"https:\\\/\\\/schema.org\",\"@graph\":[{\"@type\":\"WebPage\",\"@id\":\"https:\\\/\\\/ecosupplements.ch\\\/?product=vitamin-code-raw-one-for-men-75-vcaps\",\"url\":\"https:\\\/\\\/ecosupplements.ch\\\/?product=vitamin-code-raw-one-for-men-75-vcaps\",\"name\":\"Vitamin Code RAW ONE for Men \u2013 Garden of Life | ecosupplements.ch\",\"isPartOf\":{\"@id\":\"https:\\\/\\\/ecosupplements.ch\\\/#website\"},\"primaryImageOfPage\":{\"@id\":\"https:\\\/\\\/ecosupplements.ch\\\/?product=vitamin-code-raw-one-for-men-75-vcaps#primaryimage\"},\"image\":{\"@id\":\"https:\\\/\\\/ecosupplements.ch\\\/?product=vitamin-code-raw-one-for-men-75-vcaps#primaryimage\"},\"thumbnailUrl\":\"https:\\\/\\\/ecosupplements.ch\\\/wp-content\\\/uploads\\\/2026\\\/05\\\/Vitamin-Code-RAW-ONE-for-Men-75-vcaps.jpg\",\"datePublished\":\"2026-05-11T14:31:35+00:00\",\"dateModified\":\"2026-05-13T07:25:14+00:00\",\"description\":\"Hochwertiges Multivitamin f\u00fcr M\u00e4nner mit 20 N\u00e4hrstoffen, Probiotika und Bio-Fr\u00fcchten \u2013 75 vegetarische Kapseln, glutenfrei. Jetzt bestellen.\",\"breadcrumb\":{\"@id\":\"https:\\\/\\\/ecosupplements.ch\\\/?product=vitamin-code-raw-one-for-men-75-vcaps#breadcrumb\"},\"inLanguage\":\"de-CH\",\"potentialAction\":[{\"@type\":\"ReadAction\",\"target\":[\"https:\\\/\\\/ecosupplements.ch\\\/?product=vitamin-code-raw-one-for-men-75-vcaps\"]}]},{\"@type\":\"ImageObject\",\"inLanguage\":\"de-CH\",\"@id\":\"https:\\\/\\\/ecosupplements.ch\\\/?product=vitamin-code-raw-one-for-men-75-vcaps#primaryimage\",\"url\":\"https:\\\/\\\/ecosupplements.ch\\\/wp-content\\\/uploads\\\/2026\\\/05\\\/Vitamin-Code-RAW-ONE-for-Men-75-vcaps.jpg\",\"contentUrl\":\"https:\\\/\\\/ecosupplements.ch\\\/wp-content\\\/uploads\\\/2026\\\/05\\\/Vitamin-Code-RAW-ONE-for-Men-75-vcaps.jpg\",\"width\":485,\"height\":800,\"caption\":\"Vitamin Code RAW ONE for Men - 75 vcaps\"},{\"@type\":\"BreadcrumbList\",\"@id\":\"https:\\\/\\\/ecosupplements.ch\\\/?product=vitamin-code-raw-one-for-men-75-vcaps#breadcrumb\",\"itemListElement\":[{\"@type\":\"ListItem\",\"position\":1,\"name\":\"Home\",\"item\":\"https:\\\/\\\/ecosupplements.ch\\\/\"},{\"@type\":\"ListItem\",\"position\":2,\"name\":\"Shop\",\"item\":\"https:\\\/\\\/ecosupplements.ch\\\/?page_id=14\"},{\"@type\":\"ListItem\",\"position\":3,\"name\":\"Vitamin Code RAW ONE for Men &#8211; 75 vcaps\"}]},{\"@type\":\"WebSite\",\"@id\":\"https:\\\/\\\/ecosupplements.ch\\\/#website\",\"url\":\"https:\\\/\\\/ecosupplements.ch\\\/\",\"name\":\"Eco Supplements\",\"description\":\"\",\"potentialAction\":[{\"@type\":\"SearchAction\",\"target\":{\"@type\":\"EntryPoint\",\"urlTemplate\":\"https:\\\/\\\/ecosupplements.ch\\\/?s={search_term_string}\"},\"query-input\":{\"@type\":\"PropertyValueSpecification\",\"valueRequired\":true,\"valueName\":\"search_term_string\"}}],\"inLanguage\":\"de-CH\"}]}<\/script>\n<meta property=\"product:price:amount\" content=\"40.78\" \/>\n<meta property=\"product:price:currency\" content=\"CHF\" \/>\n<meta property=\"og:availability\" content=\"out of stock\" \/>\n<meta property=\"product:availability\" content=\"out of stock\" \/>\n<meta property=\"product:retailer_item_id\" content=\"658010114028\" \/>\n<meta property=\"product:condition\" content=\"new\" \/>\n<!-- \/ Yoast SEO plugin. -->","yoast_head_json":{"title":"Vitamin Code RAW ONE for Men \u2013 Garden of Life | ecosupplements.ch","description":"Hochwertiges Multivitamin f\u00fcr M\u00e4nner mit 20 N\u00e4hrstoffen, Probiotika und Bio-Fr\u00fcchten \u2013 75 vegetarische Kapseln, glutenfrei. Jetzt bestellen.","robots":{"index":"index","follow":"follow","max-snippet":"max-snippet:-1","max-image-preview":"max-image-preview:large","max-video-preview":"max-video-preview:-1"},"canonical":"https:\/\/ecosupplements.ch\/?product=vitamin-code-raw-one-for-men-75-vcaps","og_locale":"de_DE","og_type":"article","og_title":"Vitamin Code RAW ONE for Men \u2013 Garden of Life | ecosupplements.ch","og_description":"Hochwertiges Multivitamin f\u00fcr M\u00e4nner mit 20 N\u00e4hrstoffen, Probiotika und Bio-Fr\u00fcchten \u2013 75 vegetarische Kapseln, glutenfrei. Jetzt bestellen.","og_url":"https:\/\/ecosupplements.ch\/?product=vitamin-code-raw-one-for-men-75-vcaps","og_site_name":"Eco Supplements","article_modified_time":"2026-05-13T07:25:14+00:00","og_image":[{"width":485,"height":800,"url":"https:\/\/ecosupplements.ch\/wp-content\/uploads\/2026\/05\/Vitamin-Code-RAW-ONE-for-Men-75-vcaps.jpg","type":"image\/jpeg"}],"twitter_card":"summary_large_image","twitter_misc":{"Price":"&#67;&#72;&#70;&nbsp;40.78","Availability":"Out of stock"},"schema":{"@context":"https:\/\/schema.org","@graph":[{"@type":"WebPage","@id":"https:\/\/ecosupplements.ch\/?product=vitamin-code-raw-one-for-men-75-vcaps","url":"https:\/\/ecosupplements.ch\/?product=vitamin-code-raw-one-for-men-75-vcaps","name":"Vitamin Code RAW ONE for Men \u2013 Garden of Life | ecosupplements.ch","isPartOf":{"@id":"https:\/\/ecosupplements.ch\/#website"},"primaryImageOfPage":{"@id":"https:\/\/ecosupplements.ch\/?product=vitamin-code-raw-one-for-men-75-vcaps#primaryimage"},"image":{"@id":"https:\/\/ecosupplements.ch\/?product=vitamin-code-raw-one-for-men-75-vcaps#primaryimage"},"thumbnailUrl":"https:\/\/ecosupplements.ch\/wp-content\/uploads\/2026\/05\/Vitamin-Code-RAW-ONE-for-Men-75-vcaps.jpg","datePublished":"2026-05-11T14:31:35+00:00","dateModified":"2026-05-13T07:25:14+00:00","description":"Hochwertiges Multivitamin f\u00fcr M\u00e4nner mit 20 N\u00e4hrstoffen, Probiotika und Bio-Fr\u00fcchten \u2013 75 vegetarische Kapseln, glutenfrei. Jetzt bestellen.","breadcrumb":{"@id":"https:\/\/ecosupplements.ch\/?product=vitamin-code-raw-one-for-men-75-vcaps#breadcrumb"},"inLanguage":"de-CH","potentialAction":[{"@type":"ReadAction","target":["https:\/\/ecosupplements.ch\/?product=vitamin-code-raw-one-for-men-75-vcaps"]}]},{"@type":"ImageObject","inLanguage":"de-CH","@id":"https:\/\/ecosupplements.ch\/?product=vitamin-code-raw-one-for-men-75-vcaps#primaryimage","url":"https:\/\/ecosupplements.ch\/wp-content\/uploads\/2026\/05\/Vitamin-Code-RAW-ONE-for-Men-75-vcaps.jpg","contentUrl":"https:\/\/ecosupplements.ch\/wp-content\/uploads\/2026\/05\/Vitamin-Code-RAW-ONE-for-Men-75-vcaps.jpg","width":485,"height":800,"caption":"Vitamin Code RAW ONE for Men - 75 vcaps"},{"@type":"BreadcrumbList","@id":"https:\/\/ecosupplements.ch\/?product=vitamin-code-raw-one-for-men-75-vcaps#breadcrumb","itemListElement":[{"@type":"ListItem","position":1,"name":"Home","item":"https:\/\/ecosupplements.ch\/"},{"@type":"ListItem","position":2,"name":"Shop","item":"https:\/\/ecosupplements.ch\/?page_id=14"},{"@type":"ListItem","position":3,"name":"Vitamin Code RAW ONE for Men &#8211; 75 vcaps"}]},{"@type":"WebSite","@id":"https:\/\/ecosupplements.ch\/#website","url":"https:\/\/ecosupplements.ch\/","name":"Eco Supplements","description":"","potentialAction":[{"@type":"SearchAction","target":{"@type":"EntryPoint","urlTemplate":"https:\/\/ecosupplements.ch\/?s={search_term_string}"},"query-input":{"@type":"PropertyValueSpecification","valueRequired":true,"valueName":"search_term_string"}}],"inLanguage":"de-CH"}]},"product_price_amount":"40.78","product_price_currency":"CHF","og_availability":"out of stock","product_availability":"out of stock","product_retailer_item_id":"658010114028","product_condition":"new"},"_links":{"self":[{"href":"https:\/\/ecosupplements.ch\/index.php?rest_route=\/wp\/v2\/product\/1749","targetHints":{"allow":["GET"]}}],"collection":[{"href":"https:\/\/ecosupplements.ch\/index.php?rest_route=\/wp\/v2\/product"}],"about":[{"href":"https:\/\/ecosupplements.ch\/index.php?rest_route=\/wp\/v2\/types\/product"}],"replies":[{"embeddable":true,"href":"https:\/\/ecosupplements.ch\/index.php?rest_route=%2Fwp%2Fv2%2Fcomments&post=1749"}],"wp:featuredmedia":[{"embeddable":true,"href":"https:\/\/ecosupplements.ch\/index.php?rest_route=\/wp\/v2\/media\/1750"}],"wp:attachment":[{"href":"https:\/\/ecosupplements.ch\/index.php?rest_route=%2Fwp%2Fv2%2Fmedia&parent=1749"}],"wp:term":[{"taxonomy":"product_brand","embeddable":true,"href":"https:\/\/ecosupplements.ch\/index.php?rest_route=%2Fwp%2Fv2%2Fproduct_brand&post=1749"},{"taxonomy":"product_cat","embeddable":true,"href":"https:\/\/ecosupplements.ch\/index.php?rest_route=%2Fwp%2Fv2%2Fproduct_cat&post=1749"},{"taxonomy":"product_tag","embeddable":true,"href":"https:\/\/ecosupplements.ch\/index.php?rest_route=%2Fwp%2Fv2%2Fproduct_tag&post=1749"}],"curies":[{"name":"wp","href":"https:\/\/api.w.org\/{rel}","templated":true}]}}