{"id":1753,"date":"2026-05-11T14:31:37","date_gmt":"2026-05-11T14:31:37","guid":{"rendered":"https:\/\/ecosupplements.ch\/?product=vitamin-code-women-120-vcaps"},"modified":"2026-05-13T07:25:15","modified_gmt":"2026-05-13T07:25:15","slug":"vitamin-code-women-120-vcaps","status":"publish","type":"product","link":"https:\/\/ecosupplements.ch\/?product=vitamin-code-women-120-vcaps","title":{"rendered":"Vitamin Code Women &#8211; 120 vcaps"},"content":{"rendered":"<div class=\"chcg-product-description\">\n<h2 class=\"chcg-heading\">\u00dcber Garden of Life \u2013 Vitamin Code Women \u2013 120 Kapseln<\/h2>\n<div class=\"chcg-intro\">\n<p>Vitamin Code Women von Garden of Life ist ein umfassendes Ganzkost-Multivitaminpr\u00e4parat, das speziell auf die Bed\u00fcrfnisse von Frauen abgestimmt ist. Die Formel enth\u00e4lt 23 Vitamine und Mineralien in lebendiger, RAW-Qualit\u00e4t \u2013 gewonnen aus einer Kultur von <em>Saccharomyces cerevisiae<\/em> und anderen nat\u00fcrlichen Quellen. Dank dieses einzigartigen Ansatzes bleiben die N\u00e4hrstoffe in ihrer nat\u00fcrlichen, n\u00e4hrstoffreichen Matrix erhalten, eingebettet in cofaktorhaltige Lebensmittel-Komplexe.<\/p>\n<p>Neben dem vollst\u00e4ndigen Vitamin-B-Komplex, Vitamin D3 in einer Dosierung von 50 mcg (2000 IU) sowie Eisen aus Brown-Rice-Chelat bietet das Produkt eine einzigartige Kombination aus einer RAW Probiotika- und Enzym-Mischung, einem RAW Antioxidantien-Komplex sowie einer RAW Bio-Obst- und Gem\u00fcsemischung. Erg\u00e4nzend enth\u00e4lt die Formel gemischte Carotinoide, Mixed Tocopherols und CoQ10.<\/p>\n<p>Die vegetarischen Kapseln sind ohne Gentechnik (Non-GMO), glutenfrei und ohne k\u00fcnstliche Farbstoffe oder Konservierungsmittel hergestellt. Vitamin Code Women eignet sich f\u00fcr Frauen, die ihre t\u00e4gliche N\u00e4hrstoffversorgung mit einem hochwertigen, lebensmittelbasierten Multivitaminpr\u00e4parat unterst\u00fctzen m\u00f6chten.<\/p>\n<\/p><\/div>\n<div class=\"chcg-nutrition\">\n<h3>N\u00e4hrwertangaben<\/h3>\n<table class=\"chcg-nutrition-table\">\n<thead>\n<tr>\n<th>N\u00e4hrstoff<\/th>\n<th>Pro Portion (4 Kapseln)<\/th>\n<\/tr>\n<\/thead>\n<tbody>\n<tr>\n<td>Kalorien<\/td>\n<td>6<\/td>\n<\/tr>\n<tr>\n<td>Gesamtkohlenhydrate<\/td>\n<td>1 g<\/td>\n<\/tr>\n<tr>\n<td>Protein<\/td>\n<td>1 g<\/td>\n<\/tr>\n<tr>\n<td>Vitamin A (als Beta-Carotin)<\/td>\n<td>900 mcg RAE (6000 IU) (100 %)<\/td>\n<\/tr>\n<tr>\n<td>Vitamin C (aus Kultur von S. cerevisiae)<\/td>\n<td>90 mg (100 %)<\/td>\n<\/tr>\n<tr>\n<td>Vitamin D (als D3 aus Kultur von S. cerevisiae)<\/td>\n<td>50 mcg (2000 IU) (250 %)<\/td>\n<\/tr>\n<tr>\n<td>Vitamin E (als d-alpha-Tocopherol aus Sonnenblumen\u00f6l)<\/td>\n<td>15 mg (100 %)<\/td>\n<\/tr>\n<tr>\n<td>Vitamin K (als K1 aus Kultur von S. cerevisiae)<\/td>\n<td>156 mcg (130 %)<\/td>\n<\/tr>\n<tr>\n<td>Thiamin B1 (aus Kultur von S. cerevisiae)<\/td>\n<td>3,24 mg (270 %)<\/td>\n<\/tr>\n<tr>\n<td>Riboflavin B2 (aus Kultur von S. cerevisiae)<\/td>\n<td>3,12 mg (240 %)<\/td>\n<\/tr>\n<tr>\n<td>Niacin (als Niacinamid aus Kultur von S. cerevisiae)<\/td>\n<td>16 mg (100 %)<\/td>\n<\/tr>\n<tr>\n<td>Vitamin B6 (aus Kultur von S. cerevisiae)<\/td>\n<td>3,4 mg (200 %)<\/td>\n<\/tr>\n<tr>\n<td>Folat (aus Kultur von S. cerevisiae)<\/td>\n<td>800 mcg DFE (200 %)<\/td>\n<\/tr>\n<tr>\n<td>Vitamin B12 (als Methylcobalamin aus Kultur von S. cerevisiae)<\/td>\n<td>40 mcg (1667 %)<\/td>\n<\/tr>\n<tr>\n<td>Biotin (aus Kultur von S. cerevisiae)<\/td>\n<td>30 mcg (100 %)<\/td>\n<\/tr>\n<tr>\n<td>Pantothens\u00e4ure (aus Kultur von S. cerevisiae)<\/td>\n<td>10 mg (200 %)<\/td>\n<\/tr>\n<tr>\n<td>Calcium<\/td>\n<td>21 mg (2 %)<\/td>\n<\/tr>\n<tr>\n<td>Eisen (aus Brown-Rice-Chelat)<\/td>\n<td>8 mg (44 %)<\/td>\n<\/tr>\n<tr>\n<td>Jod (aus Meeresalgen)<\/td>\n<td>75 mcg (50 %)<\/td>\n<\/tr>\n<tr>\n<td>Magnesium<\/td>\n<td>21 mg (5 %)<\/td>\n<\/tr>\n<tr>\n<td>Zink (aus Brown-Rice-Chelat)<\/td>\n<td>10 mg (91 %)<\/td>\n<\/tr>\n<tr>\n<td>Selen (aus Kultur von S. cerevisiae)<\/td>\n<td>55 mcg (100 %)<\/td>\n<\/tr>\n<tr>\n<td>Kupfer<\/td>\n<td>1,5 mg (167 %)<\/td>\n<\/tr>\n<tr>\n<td>Mangan (aus Brown-Rice-Chelat)<\/td>\n<td>2 mg (87 %)<\/td>\n<\/tr>\n<tr>\n<td>Chrom (aus Kultur von S. cerevisiae)<\/td>\n<td>120 mcg (343 %)<\/td>\n<\/tr>\n<tr>\n<td>Molybd\u00e4n (aus Kultur von S. cerevisiae)<\/td>\n<td>45 mcg (100 %)<\/td>\n<\/tr>\n<tr>\n<td>Vanadium (aus Kultur von S. cerevisiae)<\/td>\n<td>10 mcg (+)<\/td>\n<\/tr>\n<tr>\n<td>Bor (aus Kultur von S. cerevisiae)<\/td>\n<td>1 mg (+)<\/td>\n<\/tr>\n<tr>\n<td>Vitamin K2 (als Menachinon-4 aus Kultur von S. cerevisiae)<\/td>\n<td>20 mcg (+)<\/td>\n<\/tr>\n<tr>\n<td>Gemischte Carotinoide (alpha-Carotin, gamma-Carotin, Lycopene)<\/td>\n<td>11 mg (+)<\/td>\n<\/tr>\n<tr>\n<td>Mixed Tocopherols<\/td>\n<td>4 mg (+)<\/td>\n<\/tr>\n<tr>\n<td>RAW Probiotika- und Enzym-Mischung<\/td>\n<td>139 mg (+)<\/td>\n<\/tr>\n<tr>\n<td>RAW Antioxidantien- und Immununterst\u00fctzungs-Komplex<\/td>\n<td>78 mg (+)<\/td>\n<\/tr>\n<tr>\n<td>RAW Bio-Obst- und Gem\u00fcsemischung<\/td>\n<td>20 mg (+)<\/td>\n<\/tr>\n<tr>\n<td>Mineral-Enzym-Aktivatoren<\/td>\n<td>10 mg (+)<\/td>\n<\/tr>\n<tr>\n<td>CoQ10<\/td>\n<td>425 mcg (+)<\/td>\n<\/tr>\n<\/tbody>\n<\/table>\n<p class=\"chcg-footnote\">+ Kein festgelegter Tagesbedarf.<\/p>\n<p class=\"chcg-footnote\">Prozentangaben beziehen sich auf den Tagesbedarf f\u00fcr Erwachsene (2000 kcal).<\/p>\n<\/p><\/div>\n<div class=\"chcg-ingredients\">\n<h3>Zutaten<\/h3>\n<p>Vitamin A (als Beta-Carotin) | Vitamin C (aus Kultur von S. cerevisiae) | Vitamin D (als D3 aus Kultur von S. cerevisiae) | Vitamin E (als d-alpha-Tocopherol aus Sonnenblumen\u00f6l) | Vitamin K (als K1 aus Kultur von S. cerevisiae) | Thiamin (B1 aus Kultur von S. cerevisiae) | Riboflavin (B2 aus Kultur von S. cerevisiae) | Niacin (als Niacinamid aus Kultur von S. cerevisiae) | Vitamin B6 (aus Kultur von S. cerevisiae) | Folat (aus Kultur von S. cerevisiae) | Vitamin B12 (als Methylcobalamin aus Kultur von S. cerevisiae) | Biotin (aus Kultur von S. cerevisiae) | Pantothens\u00e4ure (aus Kultur von S. cerevisiae) | Calcium | Eisen (aus Brown-Rice-Chelat) | Jod (aus Meeresalgen) | Magnesium | Zink (aus Brown-Rice-Chelat) | Selen (aus Kultur von S. cerevisiae) | Kupfer | Mangan (aus Brown-Rice-Chelat) | Chrom (aus Kultur von S. cerevisiae) | Molybd\u00e4n (aus Kultur von S. cerevisiae) | Vanadium (aus Kultur von S. cerevisiae) | Bor (aus Kultur von S. cerevisiae) | Vitamin K2 (als Menachinon-4 aus Kultur von S. cerevisiae) | Biologisches Moringa (Blatt) mit gemischten Carotinoiden | Biologisches Vitex (Samen) mit Mixed Tocopherols | Gemischte Carotinoide (alpha-Carotin, gamma-Carotin, Lycopene) | Mixed Tocopherols (alpha-Tocotrienol, beta-Tocotrienol, gamma-Tocotrienol, delta-Tocotrienol, beta-Tocopherol, gamma-Tocopherol) | RAW Probiotika- und Enzym-Mischung 139 mg: Lipase, Protease, Aspergillopepsin, beta-Glucanase, Cellulase, Bromelain, Phytase, Lactase, Papain, Peptidase, Pectinase, Hemicellulase, Xylanase, Lactobacillus bulgaricus, Lactobacillus plantarum | RAW Antioxidantien- und Immununterst\u00fctzungs-Komplex 78 mg: Glutathion und SOD (Superoxid-Dismutase) aus Kultur von S. cerevisiae, CoQ10 aus fermentiertem Medium | RAW Bio-Obst- und Gem\u00fcsemischung 20 mg: Biologischer Apfel (Frucht), Biologische Rote Bete (Wurzel), Biologischer Brokkoli (St\u00e4ngel und Bl\u00fcte), Biologische Karotte (Wurzel), Biologischer Spinat (Blatt), Biologische Tomate (Frucht), Biologische Erdbeere (Frucht), Biologische Sauerkirsche (Frucht), Biologische Meeresalgen, Biologische Brombeere (Frucht), Biologische Gr\u00fcne Paprika (Frucht), Biologischer Rosenkohl (Blatt), Biologische Heidelbeere (Frucht), Biologischer Ingwer (Wurzel), Biologischer Knoblauch (Zwiebel), Biologische Fr\u00fchlingszwiebel (Zwiebel), Biologische Himbeere (Frucht), Biologische Petersilie (Blatt), Biologischer Blumenkohl (Bl\u00fcte und St\u00e4ngel), Biologischer Rotkohl (Blatt), Biologischer Gr\u00fcnkohl (Blatt), Biologische Gurke (Frucht), Biologischer Sellerie (St\u00e4ngel), Biologischer Spargel (Bl\u00fcte und St\u00e4ngel) | Mineral-Enzym-Aktivatoren 10 mg | Weitere Zutaten: Pflanzliche Cellulose (Kapsel), biologische Kartoffelst\u00e4rke, biologisches Gummi arabicum.<\/p>\n<p class=\"chcg-capsule-shell\">Kapselh\u00fclle: Pflanzliche Cellulose<\/p>\n<\/p><\/div>\n<div class=\"chcg-dosage\">\n<h3>Verzehrempfehlung<\/h3>\n<p>Erwachsene nehmen t\u00e4glich 4 Kapseln ein. Am besten je 2 Kapseln zweimal t\u00e4glich einnehmen. Kann mit oder ohne Mahlzeiten eingenommen werden. Die Kapseln k\u00f6nnen ge\u00f6ffnet und der Inhalt in Wasser oder Fruchtsaft gegeben werden. Nicht f\u00fcr Kinder vorgesehen.<\/p>\n<\/p><\/div>\n<div class=\"chcg-warnings\">\n<h3>Warnhinweise<\/h3>\n<p>Wie bei jedem Nahrungserg\u00e4nzungsmittel wird empfohlen, vor der Anwendung dieses Produkts eine medizinische Fachperson zu konsultieren, insbesondere wenn Sie schwanger sind, stillen, das Produkt an Kinder abgeben m\u00f6chten, eine Operation planen, regelm\u00e4ssig Medikamente einnehmen oder anderweitig unter \u00e4rztlicher Aufsicht stehen. Die versehentliche \u00dcberdosierung eisenhaltiger Produkte ist eine h\u00e4ufige Ursache f\u00fcr t\u00f6dliche Vergiftungen bei Kindern unter 6 Jahren. Ausserhalb der Reichweite von Kindern aufbewahren. Im Falle einer versehentlichen \u00dcberdosierung sofort einen Arzt oder ein Vergiftungszentrum kontaktieren. Nicht verwenden, wenn das Sicherheitssiegel besch\u00e4digt oder nicht vorhanden ist.<\/p>\n<\/p><\/div>\n<div class=\"chcg-allergens\">\n<h3>Allergeninformationen<\/h3>\n<p>Hergestellt ohne Milch- oder Sojainhaltsstoffe, Erdn\u00fcsse, Baumn\u00fcsse oder Schalentiere. Hergestellt in einem Betrieb, der auch Soja, Milch, Erdn\u00fcsse, Baumn\u00fcsse und Schalentiere verarbeitet. Keine k\u00fcnstlichen Farbstoffe oder Konservierungsmittel. Enth\u00e4lt kein Gluten und keine GVO.<\/p>\n<\/p><\/div>\n<div class=\"chcg-storage\">\n<h3>Lagerung<\/h3>\n<p>An einem k\u00fchlen, trockenen Ort aufbewahren.<\/p>\n<\/p><\/div>\n<div class=\"chcg-dietary\">\n<h3>Ern\u00e4hrungshinweise<\/h3>\n<ul>\n<li>Vegetarisch<\/li>\n<li>Glutenfrei<\/li>\n<li>Laktosefrei<\/li>\n<\/ul><\/div>\n<\/div>\n","protected":false},"excerpt":{"rendered":"<p>Vitamin Code Women von Garden of Life liefert 23 Vitamine und Mineralien in RAW-Qualit\u00e4t, inklusive Eisen, Vitamin D3 und B-Komplex \u2013 speziell f\u00fcr Frauen formuliert. 120 vegetarische Kapseln (30 Portionen). Glutenfrei, ohne GVO.<\/p>\n","protected":false},"featured_media":1754,"comment_status":"closed","ping_status":"open","template":"","meta":[],"product_brand":[183],"product_cat":[77,48,25,26,32,169,171,21],"product_tag":[],"class_list":{"0":"post-1753","1":"product","2":"type-product","3":"status-publish","4":"has-post-thumbnail","6":"product_brand-garden-of-life","7":"product_cat-kvinders-vitaminer","8":"product_cat-gesunde-ernaehrung","9":"product_cat-gesundheit-und-wohlbefinden","10":"product_cat-multivitamine","11":"product_cat-nahrungsergaenzungsmittel-fuer-frauen","12":"product_cat-nordische-vitalitaet","13":"product_cat-vitamine-und-mineralien","14":"product_cat-vitamine-und-mineralstoffe","16":"first","17":"outofstock","18":"taxable","19":"shipping-taxable","20":"purchasable","21":"product-type-simple"},"yoast_head":"<!-- This site is optimized with the Yoast SEO plugin v27.5 - https:\/\/yoast.com\/product\/yoast-seo-wordpress\/ -->\n<title>Vitamin Code Women 120 Kapseln \u2013 Garden of Life | ecosupplements.ch<\/title>\n<meta name=\"robots\" content=\"index, follow, max-snippet:-1, max-image-preview:large, max-video-preview:-1\" \/>\n<link rel=\"canonical\" href=\"https:\/\/ecosupplements.ch\/?product=vitamin-code-women-120-vcaps\" \/>\n<meta property=\"og:locale\" content=\"de_DE\" \/>\n<meta property=\"og:type\" content=\"article\" \/>\n<meta property=\"og:title\" content=\"Vitamin Code Women 120 Kapseln \u2013 Garden of Life | ecosupplements.ch\" \/>\n<meta property=\"og:description\" content=\"Vitamin Code Women von Garden of Life liefert 23 Vitamine und Mineralien in RAW-Qualit\u00e4t, inklusive Eisen, Vitamin D3 und B-Komplex \u2013 speziell f\u00fcr Frauen formuliert. 120 vegetarische Kapseln (30 Portionen). Glutenfrei, ohne GVO.\" \/>\n<meta property=\"og:url\" content=\"https:\/\/ecosupplements.ch\/?product=vitamin-code-women-120-vcaps\" \/>\n<meta property=\"og:site_name\" content=\"Eco Supplements\" \/>\n<meta property=\"article:modified_time\" content=\"2026-05-13T07:25:15+00:00\" \/>\n<meta property=\"og:image\" content=\"https:\/\/ecosupplements.ch\/wp-content\/uploads\/2026\/05\/Vitamin-Code-Women-120-vcaps.jpg\" \/>\n\t<meta property=\"og:image:width\" content=\"600\" \/>\n\t<meta property=\"og:image:height\" content=\"600\" \/>\n\t<meta property=\"og:image:type\" content=\"image\/jpeg\" \/>\n<meta name=\"twitter:card\" content=\"summary_large_image\" \/>\n<meta name=\"twitter:label1\" content=\"Price\" \/>\n\t<meta name=\"twitter:data1\" content=\"&#067;&#072;&#070;&nbsp;46.81\" \/>\n\t<meta name=\"twitter:label2\" content=\"Availability\" \/>\n\t<meta name=\"twitter:data2\" content=\"Out of stock\" \/>\n<script type=\"application\/ld+json\" class=\"yoast-schema-graph\">{\"@context\":\"https:\\\/\\\/schema.org\",\"@graph\":[{\"@type\":\"WebPage\",\"@id\":\"https:\\\/\\\/ecosupplements.ch\\\/?product=vitamin-code-women-120-vcaps\",\"url\":\"https:\\\/\\\/ecosupplements.ch\\\/?product=vitamin-code-women-120-vcaps\",\"name\":\"Vitamin Code Women 120 Kapseln \u2013 Garden of Life | ecosupplements.ch\",\"isPartOf\":{\"@id\":\"https:\\\/\\\/ecosupplements.ch\\\/#website\"},\"primaryImageOfPage\":{\"@id\":\"https:\\\/\\\/ecosupplements.ch\\\/?product=vitamin-code-women-120-vcaps#primaryimage\"},\"image\":{\"@id\":\"https:\\\/\\\/ecosupplements.ch\\\/?product=vitamin-code-women-120-vcaps#primaryimage\"},\"thumbnailUrl\":\"https:\\\/\\\/ecosupplements.ch\\\/wp-content\\\/uploads\\\/2026\\\/05\\\/Vitamin-Code-Women-120-vcaps.jpg\",\"datePublished\":\"2026-05-11T14:31:37+00:00\",\"dateModified\":\"2026-05-13T07:25:15+00:00\",\"breadcrumb\":{\"@id\":\"https:\\\/\\\/ecosupplements.ch\\\/?product=vitamin-code-women-120-vcaps#breadcrumb\"},\"inLanguage\":\"de-CH\",\"potentialAction\":[{\"@type\":\"ReadAction\",\"target\":[\"https:\\\/\\\/ecosupplements.ch\\\/?product=vitamin-code-women-120-vcaps\"]}]},{\"@type\":\"ImageObject\",\"inLanguage\":\"de-CH\",\"@id\":\"https:\\\/\\\/ecosupplements.ch\\\/?product=vitamin-code-women-120-vcaps#primaryimage\",\"url\":\"https:\\\/\\\/ecosupplements.ch\\\/wp-content\\\/uploads\\\/2026\\\/05\\\/Vitamin-Code-Women-120-vcaps.jpg\",\"contentUrl\":\"https:\\\/\\\/ecosupplements.ch\\\/wp-content\\\/uploads\\\/2026\\\/05\\\/Vitamin-Code-Women-120-vcaps.jpg\",\"width\":600,\"height\":600,\"caption\":\"Vitamin Code Women - 120 vcaps\"},{\"@type\":\"BreadcrumbList\",\"@id\":\"https:\\\/\\\/ecosupplements.ch\\\/?product=vitamin-code-women-120-vcaps#breadcrumb\",\"itemListElement\":[{\"@type\":\"ListItem\",\"position\":1,\"name\":\"Home\",\"item\":\"https:\\\/\\\/ecosupplements.ch\\\/\"},{\"@type\":\"ListItem\",\"position\":2,\"name\":\"Shop\",\"item\":\"https:\\\/\\\/ecosupplements.ch\\\/?page_id=14\"},{\"@type\":\"ListItem\",\"position\":3,\"name\":\"Vitamin Code Women &#8211; 120 vcaps\"}]},{\"@type\":\"WebSite\",\"@id\":\"https:\\\/\\\/ecosupplements.ch\\\/#website\",\"url\":\"https:\\\/\\\/ecosupplements.ch\\\/\",\"name\":\"Eco Supplements\",\"description\":\"\",\"potentialAction\":[{\"@type\":\"SearchAction\",\"target\":{\"@type\":\"EntryPoint\",\"urlTemplate\":\"https:\\\/\\\/ecosupplements.ch\\\/?s={search_term_string}\"},\"query-input\":{\"@type\":\"PropertyValueSpecification\",\"valueRequired\":true,\"valueName\":\"search_term_string\"}}],\"inLanguage\":\"de-CH\"}]}<\/script>\n<meta property=\"product:price:amount\" content=\"46.81\" \/>\n<meta property=\"product:price:currency\" content=\"CHF\" \/>\n<meta property=\"og:availability\" content=\"out of stock\" \/>\n<meta property=\"product:availability\" content=\"out of stock\" \/>\n<meta property=\"product:retailer_item_id\" content=\"658010113663\" \/>\n<meta property=\"product:condition\" content=\"new\" \/>\n<!-- \/ Yoast SEO plugin. -->","yoast_head_json":{"title":"Vitamin Code Women 120 Kapseln \u2013 Garden of Life | ecosupplements.ch","robots":{"index":"index","follow":"follow","max-snippet":"max-snippet:-1","max-image-preview":"max-image-preview:large","max-video-preview":"max-video-preview:-1"},"canonical":"https:\/\/ecosupplements.ch\/?product=vitamin-code-women-120-vcaps","og_locale":"de_DE","og_type":"article","og_title":"Vitamin Code Women 120 Kapseln \u2013 Garden of Life | ecosupplements.ch","og_description":"Vitamin Code Women von Garden of Life liefert 23 Vitamine und Mineralien in RAW-Qualit\u00e4t, inklusive Eisen, Vitamin D3 und B-Komplex \u2013 speziell f\u00fcr Frauen formuliert. 120 vegetarische Kapseln (30 Portionen). Glutenfrei, ohne GVO.","og_url":"https:\/\/ecosupplements.ch\/?product=vitamin-code-women-120-vcaps","og_site_name":"Eco Supplements","article_modified_time":"2026-05-13T07:25:15+00:00","og_image":[{"width":600,"height":600,"url":"https:\/\/ecosupplements.ch\/wp-content\/uploads\/2026\/05\/Vitamin-Code-Women-120-vcaps.jpg","type":"image\/jpeg"}],"twitter_card":"summary_large_image","twitter_misc":{"Price":"&#67;&#72;&#70;&nbsp;46.81","Availability":"Out of stock"},"schema":{"@context":"https:\/\/schema.org","@graph":[{"@type":"WebPage","@id":"https:\/\/ecosupplements.ch\/?product=vitamin-code-women-120-vcaps","url":"https:\/\/ecosupplements.ch\/?product=vitamin-code-women-120-vcaps","name":"Vitamin Code Women 120 Kapseln \u2013 Garden of Life | ecosupplements.ch","isPartOf":{"@id":"https:\/\/ecosupplements.ch\/#website"},"primaryImageOfPage":{"@id":"https:\/\/ecosupplements.ch\/?product=vitamin-code-women-120-vcaps#primaryimage"},"image":{"@id":"https:\/\/ecosupplements.ch\/?product=vitamin-code-women-120-vcaps#primaryimage"},"thumbnailUrl":"https:\/\/ecosupplements.ch\/wp-content\/uploads\/2026\/05\/Vitamin-Code-Women-120-vcaps.jpg","datePublished":"2026-05-11T14:31:37+00:00","dateModified":"2026-05-13T07:25:15+00:00","breadcrumb":{"@id":"https:\/\/ecosupplements.ch\/?product=vitamin-code-women-120-vcaps#breadcrumb"},"inLanguage":"de-CH","potentialAction":[{"@type":"ReadAction","target":["https:\/\/ecosupplements.ch\/?product=vitamin-code-women-120-vcaps"]}]},{"@type":"ImageObject","inLanguage":"de-CH","@id":"https:\/\/ecosupplements.ch\/?product=vitamin-code-women-120-vcaps#primaryimage","url":"https:\/\/ecosupplements.ch\/wp-content\/uploads\/2026\/05\/Vitamin-Code-Women-120-vcaps.jpg","contentUrl":"https:\/\/ecosupplements.ch\/wp-content\/uploads\/2026\/05\/Vitamin-Code-Women-120-vcaps.jpg","width":600,"height":600,"caption":"Vitamin Code Women - 120 vcaps"},{"@type":"BreadcrumbList","@id":"https:\/\/ecosupplements.ch\/?product=vitamin-code-women-120-vcaps#breadcrumb","itemListElement":[{"@type":"ListItem","position":1,"name":"Home","item":"https:\/\/ecosupplements.ch\/"},{"@type":"ListItem","position":2,"name":"Shop","item":"https:\/\/ecosupplements.ch\/?page_id=14"},{"@type":"ListItem","position":3,"name":"Vitamin Code Women &#8211; 120 vcaps"}]},{"@type":"WebSite","@id":"https:\/\/ecosupplements.ch\/#website","url":"https:\/\/ecosupplements.ch\/","name":"Eco Supplements","description":"","potentialAction":[{"@type":"SearchAction","target":{"@type":"EntryPoint","urlTemplate":"https:\/\/ecosupplements.ch\/?s={search_term_string}"},"query-input":{"@type":"PropertyValueSpecification","valueRequired":true,"valueName":"search_term_string"}}],"inLanguage":"de-CH"}]},"product_price_amount":"46.81","product_price_currency":"CHF","og_availability":"out of stock","product_availability":"out of stock","product_retailer_item_id":"658010113663","product_condition":"new"},"_links":{"self":[{"href":"https:\/\/ecosupplements.ch\/index.php?rest_route=\/wp\/v2\/product\/1753","targetHints":{"allow":["GET"]}}],"collection":[{"href":"https:\/\/ecosupplements.ch\/index.php?rest_route=\/wp\/v2\/product"}],"about":[{"href":"https:\/\/ecosupplements.ch\/index.php?rest_route=\/wp\/v2\/types\/product"}],"replies":[{"embeddable":true,"href":"https:\/\/ecosupplements.ch\/index.php?rest_route=%2Fwp%2Fv2%2Fcomments&post=1753"}],"wp:featuredmedia":[{"embeddable":true,"href":"https:\/\/ecosupplements.ch\/index.php?rest_route=\/wp\/v2\/media\/1754"}],"wp:attachment":[{"href":"https:\/\/ecosupplements.ch\/index.php?rest_route=%2Fwp%2Fv2%2Fmedia&parent=1753"}],"wp:term":[{"taxonomy":"product_brand","embeddable":true,"href":"https:\/\/ecosupplements.ch\/index.php?rest_route=%2Fwp%2Fv2%2Fproduct_brand&post=1753"},{"taxonomy":"product_cat","embeddable":true,"href":"https:\/\/ecosupplements.ch\/index.php?rest_route=%2Fwp%2Fv2%2Fproduct_cat&post=1753"},{"taxonomy":"product_tag","embeddable":true,"href":"https:\/\/ecosupplements.ch\/index.php?rest_route=%2Fwp%2Fv2%2Fproduct_tag&post=1753"}],"curies":[{"name":"wp","href":"https:\/\/api.w.org\/{rel}","templated":true}]}}