{"id":1855,"date":"2026-05-11T14:32:21","date_gmt":"2026-05-11T14:32:21","guid":{"rendered":"https:\/\/ecosupplements.ch\/?product=magnesium-375mg-90-tabs"},"modified":"2026-05-13T07:25:38","modified_gmt":"2026-05-13T07:25:38","slug":"magnesium-375mg-90-tabs","status":"publish","type":"product","link":"https:\/\/ecosupplements.ch\/?product=magnesium-375mg-90-tabs","title":{"rendered":"Magnesium, 375mg &#8211; 90 tabs"},"content":{"rendered":"<div class=\"chcg-product-description\">\n<h2 class=\"chcg-heading\">\u00dcber Holland &amp; Barrett \u2013 Magnesium, 375mg \u2013 90 Tabletten<\/h2>\n<div class=\"chcg-intro\">\n<p>Magnesium ist ein essenzielles Mineral, das an \u00fcber 300 enzymatischen Prozessen im K\u00f6rper beteiligt ist. Es tr\u00e4gt zur normalen Muskelfunktion, zur Verringerung von M\u00fcdigkeit und Ersch\u00f6pfung sowie zur Aufrechterhaltung einer normalen psychischen Funktion bei. Zudem unterst\u00fctzt es den Elektrolythaushalt und eine normale Eiweiss-Synthese.<\/p>\n<p>Jede Tablette von Holland &amp; Barrett liefert 375 mg Magnesium \u2013 das entspricht 100 % des empfohlenen Tagesbedarfs (NRW). Die praktische Einmaldosis pro Tag macht die Einnahme besonders unkompliziert und l\u00e4sst sich leicht in den Alltag integrieren.<\/p>\n<p>Die Tabletten sind vegan und vegetarisch geeignet und enthalten keine k\u00fcnstlichen Aromen, Farb- oder S\u00fcssungsmittel sowie keine Konservierungsstoffe, St\u00e4rke, Mais, Hefe oder Schweinezutaten.<\/p>\n<\/p><\/div>\n<div class=\"chcg-nutrition\">\n<h3>N\u00e4hrwertangaben<\/h3>\n<table class=\"chcg-nutrition-table\">\n<thead>\n<tr>\n<th>N\u00e4hrstoff<\/th>\n<th>Pro Portion (1 Tablette)<\/th>\n<\/tr>\n<\/thead>\n<tbody>\n<tr>\n<td>Magnesium<\/td>\n<td>375 mg (100% NRW*)<\/td>\n<\/tr>\n<\/tbody>\n<\/table>\n<p class=\"chcg-footnote\">* NRW \u2013 N\u00e4hrstoff-Referenzwert<\/p>\n<\/p><\/div>\n<div class=\"chcg-ingredients\">\n<h3>Zutaten<\/h3>\n<p>Magnesiumoxid, F\u00fcllstoff (mikrokristalline Cellulose), \u00dcberzugsmittel (Hydroxypropylmethylcellulose, Polydextrose), Trennmittel (Stearins\u00e4ure, Magnesiumstearat), Farbstoff (Calciumcarbonat), Verdickungsmittel (Natriumcarboxymethylcellulose), mittelkettige Triglyceride.<\/p>\n<\/p><\/div>\n<div class=\"chcg-dosage\">\n<h3>Verzehrempfehlung<\/h3>\n<p>1 Tablette pro Tag einnehmen, vorzugsweise zu einer Mahlzeit. Die angegebene Tagesdosis nicht \u00fcberschreiten.<\/p>\n<\/p><\/div>\n<div class=\"chcg-warnings\">\n<h3>Warnhinweise<\/h3>\n<p>Nahrungserg\u00e4nzungsmittel d\u00fcrfen nicht als Ersatz f\u00fcr eine abwechslungsreiche und ausgewogene Ern\u00e4hrung und eine gesunde Lebensweise verwendet werden. Wenn Sie schwanger sind, stillen, Medikamente einnehmen oder unter \u00e4rztlicher Aufsicht stehen, konsultieren Sie bitte vor der Einnahme einen Arzt oder eine medizinische Fachperson. Setzen Sie das Produkt ab und konsultieren Sie einen Arzt, wenn Nebenwirkungen auftreten. Ausserhalb der Sicht- und Reichweite von Kindern aufbewahren. Nicht verwenden, wenn die Schutzfolie unter dem Verschluss besch\u00e4digt oder nicht vorhanden ist. Die Farbe dieser Tabletten kann von Natur aus variieren und sich im Laufe der Zeit verdunkeln.<\/p>\n<\/p><\/div>\n<div class=\"chcg-allergens\">\n<h3>Allergeninformationen<\/h3>\n<p>Keine Allergene deklariert. Das Produkt enth\u00e4lt keine k\u00fcnstlichen Aromen, Farb- oder S\u00fcssungsmittel, keine Konservierungsstoffe, keine St\u00e4rke, keinen Mais, keine Hefe und keine Schweinezutaten.<\/p>\n<\/p><\/div>\n<div class=\"chcg-dietary\">\n<h3>Ern\u00e4hrungshinweise<\/h3>\n<ul>\n<li>Vegan<\/li>\n<li>Vegetarisch<\/li>\n<\/ul><\/div>\n<\/div>\n","protected":false},"excerpt":{"rendered":"<p>Holland &amp; Barrett Magnesium 375mg liefert 100% des empfohlenen Tagesbedarfs pro Tablette und unterst\u00fctzt normale Muskelfunktion sowie die Verringerung von M\u00fcdigkeit. 90 vegane Tabletten f\u00fcr eine unkomplizierte t\u00e4gliche Einnahme.<\/p>\n","protected":false},"featured_media":1856,"comment_status":"closed","ping_status":"open","template":"","meta":[],"product_brand":[197],"product_cat":[48,25,21],"product_tag":[],"class_list":{"0":"post-1855","1":"product","2":"type-product","3":"status-publish","4":"has-post-thumbnail","6":"product_brand-holland-barrett","7":"product_cat-gesunde-ernaehrung","8":"product_cat-gesundheit-und-wohlbefinden","9":"product_cat-vitamine-und-mineralstoffe","11":"first","12":"outofstock","13":"taxable","14":"shipping-taxable","15":"purchasable","16":"product-type-simple"},"yoast_head":"<!-- This site is optimized with the Yoast SEO plugin v27.5 - https:\/\/yoast.com\/product\/yoast-seo-wordpress\/ -->\n<title>Magnesium 375mg \u2013 Holland &amp; Barrett | ecosupplements.ch<\/title>\n<meta name=\"description\" content=\"Magnesium 375mg von Holland &amp; Barrett \u2013 100% NRW pro Tablette, unterst\u00fctzt Muskeln und reduziert M\u00fcdigkeit. 90 vegane Tabletten. Jetzt bestellen.\" \/>\n<meta name=\"robots\" content=\"index, follow, max-snippet:-1, max-image-preview:large, max-video-preview:-1\" \/>\n<link rel=\"canonical\" href=\"https:\/\/ecosupplements.ch\/?product=magnesium-375mg-90-tabs\" \/>\n<meta property=\"og:locale\" content=\"de_DE\" \/>\n<meta property=\"og:type\" content=\"article\" \/>\n<meta property=\"og:title\" content=\"Magnesium 375mg \u2013 Holland &amp; Barrett | ecosupplements.ch\" \/>\n<meta property=\"og:description\" content=\"Magnesium 375mg von Holland &amp; Barrett \u2013 100% NRW pro Tablette, unterst\u00fctzt Muskeln und reduziert M\u00fcdigkeit. 90 vegane Tabletten. Jetzt bestellen.\" \/>\n<meta property=\"og:url\" content=\"https:\/\/ecosupplements.ch\/?product=magnesium-375mg-90-tabs\" \/>\n<meta property=\"og:site_name\" content=\"Eco Supplements\" \/>\n<meta property=\"article:modified_time\" content=\"2026-05-13T07:25:38+00:00\" \/>\n<meta property=\"og:image\" content=\"https:\/\/ecosupplements.ch\/wp-content\/uploads\/2026\/05\/Magnesium-375mg-90-tabs.jpg\" \/>\n\t<meta property=\"og:image:width\" content=\"463\" \/>\n\t<meta property=\"og:image:height\" content=\"646\" \/>\n\t<meta property=\"og:image:type\" content=\"image\/jpeg\" \/>\n<meta name=\"twitter:card\" content=\"summary_large_image\" \/>\n<meta name=\"twitter:label1\" content=\"Price\" \/>\n\t<meta name=\"twitter:data1\" content=\"&#067;&#072;&#070;&nbsp;7.30\" \/>\n\t<meta name=\"twitter:label2\" content=\"Availability\" \/>\n\t<meta name=\"twitter:data2\" content=\"Out of stock\" \/>\n<script type=\"application\/ld+json\" class=\"yoast-schema-graph\">{\"@context\":\"https:\\\/\\\/schema.org\",\"@graph\":[{\"@type\":\"WebPage\",\"@id\":\"https:\\\/\\\/ecosupplements.ch\\\/?product=magnesium-375mg-90-tabs\",\"url\":\"https:\\\/\\\/ecosupplements.ch\\\/?product=magnesium-375mg-90-tabs\",\"name\":\"Magnesium 375mg \u2013 Holland & Barrett | ecosupplements.ch\",\"isPartOf\":{\"@id\":\"https:\\\/\\\/ecosupplements.ch\\\/#website\"},\"primaryImageOfPage\":{\"@id\":\"https:\\\/\\\/ecosupplements.ch\\\/?product=magnesium-375mg-90-tabs#primaryimage\"},\"image\":{\"@id\":\"https:\\\/\\\/ecosupplements.ch\\\/?product=magnesium-375mg-90-tabs#primaryimage\"},\"thumbnailUrl\":\"https:\\\/\\\/ecosupplements.ch\\\/wp-content\\\/uploads\\\/2026\\\/05\\\/Magnesium-375mg-90-tabs.jpg\",\"datePublished\":\"2026-05-11T14:32:21+00:00\",\"dateModified\":\"2026-05-13T07:25:38+00:00\",\"description\":\"Magnesium 375mg von Holland &amp; Barrett \u2013 100% NRW pro Tablette, unterst\u00fctzt Muskeln und reduziert M\u00fcdigkeit. 90 vegane Tabletten. Jetzt bestellen.\",\"breadcrumb\":{\"@id\":\"https:\\\/\\\/ecosupplements.ch\\\/?product=magnesium-375mg-90-tabs#breadcrumb\"},\"inLanguage\":\"de-CH\",\"potentialAction\":[{\"@type\":\"ReadAction\",\"target\":[\"https:\\\/\\\/ecosupplements.ch\\\/?product=magnesium-375mg-90-tabs\"]}]},{\"@type\":\"ImageObject\",\"inLanguage\":\"de-CH\",\"@id\":\"https:\\\/\\\/ecosupplements.ch\\\/?product=magnesium-375mg-90-tabs#primaryimage\",\"url\":\"https:\\\/\\\/ecosupplements.ch\\\/wp-content\\\/uploads\\\/2026\\\/05\\\/Magnesium-375mg-90-tabs.jpg\",\"contentUrl\":\"https:\\\/\\\/ecosupplements.ch\\\/wp-content\\\/uploads\\\/2026\\\/05\\\/Magnesium-375mg-90-tabs.jpg\",\"width\":463,\"height\":646,\"caption\":\"Magnesium\"},{\"@type\":\"BreadcrumbList\",\"@id\":\"https:\\\/\\\/ecosupplements.ch\\\/?product=magnesium-375mg-90-tabs#breadcrumb\",\"itemListElement\":[{\"@type\":\"ListItem\",\"position\":1,\"name\":\"Home\",\"item\":\"https:\\\/\\\/ecosupplements.ch\\\/\"},{\"@type\":\"ListItem\",\"position\":2,\"name\":\"Shop\",\"item\":\"https:\\\/\\\/ecosupplements.ch\\\/?page_id=14\"},{\"@type\":\"ListItem\",\"position\":3,\"name\":\"Magnesium, 375mg &#8211; 90 tabs\"}]},{\"@type\":\"WebSite\",\"@id\":\"https:\\\/\\\/ecosupplements.ch\\\/#website\",\"url\":\"https:\\\/\\\/ecosupplements.ch\\\/\",\"name\":\"Eco Supplements\",\"description\":\"\",\"potentialAction\":[{\"@type\":\"SearchAction\",\"target\":{\"@type\":\"EntryPoint\",\"urlTemplate\":\"https:\\\/\\\/ecosupplements.ch\\\/?s={search_term_string}\"},\"query-input\":{\"@type\":\"PropertyValueSpecification\",\"valueRequired\":true,\"valueName\":\"search_term_string\"}}],\"inLanguage\":\"de-CH\"}]}<\/script>\n<meta property=\"product:price:amount\" content=\"7.30\" \/>\n<meta property=\"product:price:currency\" content=\"CHF\" \/>\n<meta property=\"og:availability\" content=\"out of stock\" \/>\n<meta property=\"product:availability\" content=\"out of stock\" \/>\n<meta property=\"product:retailer_item_id\" content=\"5059604615146\" \/>\n<meta property=\"product:condition\" content=\"new\" \/>\n<!-- \/ Yoast SEO plugin. -->","yoast_head_json":{"title":"Magnesium 375mg \u2013 Holland & Barrett | ecosupplements.ch","description":"Magnesium 375mg von Holland &amp; Barrett \u2013 100% NRW pro Tablette, unterst\u00fctzt Muskeln und reduziert M\u00fcdigkeit. 90 vegane Tabletten. Jetzt bestellen.","robots":{"index":"index","follow":"follow","max-snippet":"max-snippet:-1","max-image-preview":"max-image-preview:large","max-video-preview":"max-video-preview:-1"},"canonical":"https:\/\/ecosupplements.ch\/?product=magnesium-375mg-90-tabs","og_locale":"de_DE","og_type":"article","og_title":"Magnesium 375mg \u2013 Holland & Barrett | ecosupplements.ch","og_description":"Magnesium 375mg von Holland &amp; Barrett \u2013 100% NRW pro Tablette, unterst\u00fctzt Muskeln und reduziert M\u00fcdigkeit. 90 vegane Tabletten. Jetzt bestellen.","og_url":"https:\/\/ecosupplements.ch\/?product=magnesium-375mg-90-tabs","og_site_name":"Eco Supplements","article_modified_time":"2026-05-13T07:25:38+00:00","og_image":[{"width":463,"height":646,"url":"https:\/\/ecosupplements.ch\/wp-content\/uploads\/2026\/05\/Magnesium-375mg-90-tabs.jpg","type":"image\/jpeg"}],"twitter_card":"summary_large_image","twitter_misc":{"Price":"&#67;&#72;&#70;&nbsp;7.30","Availability":"Out of stock"},"schema":{"@context":"https:\/\/schema.org","@graph":[{"@type":"WebPage","@id":"https:\/\/ecosupplements.ch\/?product=magnesium-375mg-90-tabs","url":"https:\/\/ecosupplements.ch\/?product=magnesium-375mg-90-tabs","name":"Magnesium 375mg \u2013 Holland & Barrett | ecosupplements.ch","isPartOf":{"@id":"https:\/\/ecosupplements.ch\/#website"},"primaryImageOfPage":{"@id":"https:\/\/ecosupplements.ch\/?product=magnesium-375mg-90-tabs#primaryimage"},"image":{"@id":"https:\/\/ecosupplements.ch\/?product=magnesium-375mg-90-tabs#primaryimage"},"thumbnailUrl":"https:\/\/ecosupplements.ch\/wp-content\/uploads\/2026\/05\/Magnesium-375mg-90-tabs.jpg","datePublished":"2026-05-11T14:32:21+00:00","dateModified":"2026-05-13T07:25:38+00:00","description":"Magnesium 375mg von Holland &amp; Barrett \u2013 100% NRW pro Tablette, unterst\u00fctzt Muskeln und reduziert M\u00fcdigkeit. 90 vegane Tabletten. Jetzt bestellen.","breadcrumb":{"@id":"https:\/\/ecosupplements.ch\/?product=magnesium-375mg-90-tabs#breadcrumb"},"inLanguage":"de-CH","potentialAction":[{"@type":"ReadAction","target":["https:\/\/ecosupplements.ch\/?product=magnesium-375mg-90-tabs"]}]},{"@type":"ImageObject","inLanguage":"de-CH","@id":"https:\/\/ecosupplements.ch\/?product=magnesium-375mg-90-tabs#primaryimage","url":"https:\/\/ecosupplements.ch\/wp-content\/uploads\/2026\/05\/Magnesium-375mg-90-tabs.jpg","contentUrl":"https:\/\/ecosupplements.ch\/wp-content\/uploads\/2026\/05\/Magnesium-375mg-90-tabs.jpg","width":463,"height":646,"caption":"Magnesium"},{"@type":"BreadcrumbList","@id":"https:\/\/ecosupplements.ch\/?product=magnesium-375mg-90-tabs#breadcrumb","itemListElement":[{"@type":"ListItem","position":1,"name":"Home","item":"https:\/\/ecosupplements.ch\/"},{"@type":"ListItem","position":2,"name":"Shop","item":"https:\/\/ecosupplements.ch\/?page_id=14"},{"@type":"ListItem","position":3,"name":"Magnesium, 375mg &#8211; 90 tabs"}]},{"@type":"WebSite","@id":"https:\/\/ecosupplements.ch\/#website","url":"https:\/\/ecosupplements.ch\/","name":"Eco Supplements","description":"","potentialAction":[{"@type":"SearchAction","target":{"@type":"EntryPoint","urlTemplate":"https:\/\/ecosupplements.ch\/?s={search_term_string}"},"query-input":{"@type":"PropertyValueSpecification","valueRequired":true,"valueName":"search_term_string"}}],"inLanguage":"de-CH"}]},"product_price_amount":"7.30","product_price_currency":"CHF","og_availability":"out of stock","product_availability":"out of stock","product_retailer_item_id":"5059604615146","product_condition":"new"},"_links":{"self":[{"href":"https:\/\/ecosupplements.ch\/index.php?rest_route=\/wp\/v2\/product\/1855","targetHints":{"allow":["GET"]}}],"collection":[{"href":"https:\/\/ecosupplements.ch\/index.php?rest_route=\/wp\/v2\/product"}],"about":[{"href":"https:\/\/ecosupplements.ch\/index.php?rest_route=\/wp\/v2\/types\/product"}],"replies":[{"embeddable":true,"href":"https:\/\/ecosupplements.ch\/index.php?rest_route=%2Fwp%2Fv2%2Fcomments&post=1855"}],"wp:featuredmedia":[{"embeddable":true,"href":"https:\/\/ecosupplements.ch\/index.php?rest_route=\/wp\/v2\/media\/1856"}],"wp:attachment":[{"href":"https:\/\/ecosupplements.ch\/index.php?rest_route=%2Fwp%2Fv2%2Fmedia&parent=1855"}],"wp:term":[{"taxonomy":"product_brand","embeddable":true,"href":"https:\/\/ecosupplements.ch\/index.php?rest_route=%2Fwp%2Fv2%2Fproduct_brand&post=1855"},{"taxonomy":"product_cat","embeddable":true,"href":"https:\/\/ecosupplements.ch\/index.php?rest_route=%2Fwp%2Fv2%2Fproduct_cat&post=1855"},{"taxonomy":"product_tag","embeddable":true,"href":"https:\/\/ecosupplements.ch\/index.php?rest_route=%2Fwp%2Fv2%2Fproduct_tag&post=1855"}],"curies":[{"name":"wp","href":"https:\/\/api.w.org\/{rel}","templated":true}]}}