{"id":1871,"date":"2026-05-11T14:32:27","date_gmt":"2026-05-11T14:32:27","guid":{"rendered":"https:\/\/ecosupplements.ch\/?product=omega-3-fish-oil-1000mg-120-caps"},"modified":"2026-05-13T07:25:19","modified_gmt":"2026-05-13T07:25:19","slug":"omega-3-fish-oil-1000mg-120-caps","status":"publish","type":"product","link":"https:\/\/ecosupplements.ch\/?product=omega-3-fish-oil-1000mg-120-caps","title":{"rendered":"Omega 3 Fish Oil, 1000mg &#8211; 120 caps"},"content":{"rendered":"<div class=\"chcg-product-description\">\n<h2 class=\"chcg-heading\">\u00dcber Holland &amp; Barrett \u2013 Omega 3 Fish Oil, 1000mg \u2013 120 Kapseln<\/h2>\n<div class=\"chcg-intro\">\n<p>Das Omega 3 Fish Oil von Holland &amp; Barrett liefert pro Softgelkapsel 1000 mg hochwertiges Fisch\u00f6l, einschliesslich 180 mg EPA (Eicosapentaens\u00e4ure) und 120 mg DHA (Docosahexaens\u00e4ure). Diese mehrfach unges\u00e4ttigten Omega-3-Fetts\u00e4uren tragen zur normalen Herzfunktion bei \u2013 vorausgesetzt, es werden t\u00e4glich 250 mg EPA und DHA aufgenommen. DHA tr\u00e4gt ausserdem zur Erhaltung einer normalen Gehirnfunktion und einer normalen Sehkraft bei.<\/p>\n<p>Die praktische Softgelkapsel ist leicht zu schlucken und eignet sich ideal f\u00fcr die t\u00e4gliche Einnahme. Mit bis zu 120 Kapseln pro Packung deckt dieses Produkt einen Vorrat von 40 bis 120 Tagen \u2013 je nach individueller Dosierung. Das Fisch\u00f6l wird durch zugesetzte gemischte Tocopherole (Vitamin E) vor Oxidation gesch\u00fctzt, was eine gleichbleibend hohe Qualit\u00e4t gew\u00e4hrleistet.<\/p>\n<p>Omega-3-Fetts\u00e4uren sind essenziell, das heisst, der K\u00f6rper kann sie nicht selbst herstellen und ist auf die Zufuhr \u00fcber die Nahrung oder gezielte Erg\u00e4nzungsmittel angewiesen. Das Omega 3 Fish Oil von Holland &amp; Barrett ist eine bew\u00e4hrte M\u00f6glichkeit, den t\u00e4glichen Bedarf an EPA und DHA unkompliziert zu decken.<\/p>\n<\/p><\/div>\n<div class=\"chcg-nutrition\">\n<h3>N\u00e4hrwertangaben<\/h3>\n<table class=\"chcg-nutrition-table\">\n<thead>\n<tr>\n<th>N\u00e4hrstoff<\/th>\n<th>Pro Portion (1 Kapsel)<\/th>\n<\/tr>\n<\/thead>\n<tbody>\n<tr>\n<td>Fisch\u00f6l<\/td>\n<td>1000 mg<\/td>\n<\/tr>\n<tr>\n<td>\u2013 davon EPA (Eicosapentaens\u00e4ure)<\/td>\n<td>180 mg<\/td>\n<\/tr>\n<tr>\n<td>\u2013 davon DHA (Docosahexaens\u00e4ure)<\/td>\n<td>120 mg<\/td>\n<\/tr>\n<tr>\n<td>\u2013 davon gesamte Omega-3-Fetts\u00e4uren<\/td>\n<td>350 mg<\/td>\n<\/tr>\n<\/tbody>\n<\/table><\/div>\n<div class=\"chcg-ingredients\">\n<h3>Zutaten<\/h3>\n<p>Fisch\u00f6l (<strong>Fisch<\/strong>), Kapselh\u00fclle (Gelatine), Geliermittel (Glycerol), Wasser, Antioxidationsmittel (gemischte Tocopherole).<\/p>\n<p class=\"chcg-capsule-shell\">Kapselh\u00fclle: Gelatine<\/p>\n<\/p><\/div>\n<div class=\"chcg-dosage\">\n<h3>Verzehrempfehlung<\/h3>\n<p>1 bis 3 Kapseln t\u00e4glich einnehmen, vorzugsweise zu einer Mahlzeit. Die angegebene Tagesdosis nicht \u00fcberschreiten.<\/p>\n<\/p><\/div>\n<div class=\"chcg-warnings\">\n<h3>Warnhinweise<\/h3>\n<p>Nahrungserg\u00e4nzungsmittel sind kein Ersatz f\u00fcr eine abwechslungsreiche und ausgewogene Ern\u00e4hrung und eine gesunde Lebensweise. Wenn Sie schwanger sind, stillen, Medikamente einnehmen oder unter \u00e4rztlicher Aufsicht stehen, konsultieren Sie vor der Einnahme einen Arzt oder eine medizinische Fachperson. Bei unerw\u00fcnschten Reaktionen die Einnahme abbrechen und einen Arzt aufsuchen. Ausser Sicht- und Reichweite von Kindern aufbewahren. Nicht verwenden, wenn die Schutzversiegelung unter dem Deckel besch\u00e4digt oder fehlend ist.<\/p>\n<\/p><\/div>\n<div class=\"chcg-allergens\">\n<h3>Allergeninformationen<\/h3>\n<p>Enth\u00e4lt Fisch. Allergene sind in der Zutatenliste fett gedruckt.<\/p>\n<\/p><\/div>\n<div class=\"chcg-storage\">\n<h3>Lagerung<\/h3>\n<p>An einem k\u00fchlen, trockenen Ort aufbewahren.<\/p>\n<\/p><\/div>\n<\/div>\n","protected":false},"excerpt":{"rendered":"<p>Holland &amp; Barrett Omega 3 Fish Oil liefert 1000 mg Fisch\u00f6l pro Softgelkapsel, darunter 180 mg EPA und 120 mg DHA. Die Packung enth\u00e4lt 120 Kapseln f\u00fcr einen Vorrat von bis zu 120 Tagen.<\/p>\n","protected":false},"featured_media":1872,"comment_status":"closed","ping_status":"open","template":"","meta":[],"product_brand":[197],"product_cat":[48,25,21],"product_tag":[],"class_list":{"0":"post-1871","1":"product","2":"type-product","3":"status-publish","4":"has-post-thumbnail","6":"product_brand-holland-barrett","7":"product_cat-gesunde-ernaehrung","8":"product_cat-gesundheit-und-wohlbefinden","9":"product_cat-vitamine-und-mineralstoffe","11":"first","12":"outofstock","13":"taxable","14":"shipping-taxable","15":"purchasable","16":"product-type-simple"},"yoast_head":"<!-- This site is optimized with the Yoast SEO plugin v27.5 - https:\/\/yoast.com\/product\/yoast-seo-wordpress\/ -->\n<title>Omega 3 Fish Oil 1000mg \u2013 Holland &amp; Barrett | ecosupplements.ch<\/title>\n<meta name=\"description\" content=\"Omega 3 Fish Oil von Holland &amp; Barrett: 1000 mg Fisch\u00f6l mit EPA &amp; DHA pro Kapsel, 120 Softgelkapseln. Jetzt bestellen.\" \/>\n<meta name=\"robots\" content=\"index, follow, max-snippet:-1, max-image-preview:large, max-video-preview:-1\" \/>\n<link rel=\"canonical\" href=\"https:\/\/ecosupplements.ch\/?product=omega-3-fish-oil-1000mg-120-caps\" \/>\n<meta property=\"og:locale\" content=\"de_DE\" \/>\n<meta property=\"og:type\" content=\"article\" \/>\n<meta property=\"og:title\" content=\"Omega 3 Fish Oil 1000mg \u2013 Holland &amp; Barrett | ecosupplements.ch\" \/>\n<meta property=\"og:description\" content=\"Omega 3 Fish Oil von Holland &amp; Barrett: 1000 mg Fisch\u00f6l mit EPA &amp; DHA pro Kapsel, 120 Softgelkapseln. Jetzt bestellen.\" \/>\n<meta property=\"og:url\" content=\"https:\/\/ecosupplements.ch\/?product=omega-3-fish-oil-1000mg-120-caps\" \/>\n<meta property=\"og:site_name\" content=\"Eco Supplements\" \/>\n<meta property=\"article:modified_time\" content=\"2026-05-13T07:25:19+00:00\" \/>\n<meta property=\"og:image\" content=\"https:\/\/ecosupplements.ch\/wp-content\/uploads\/2026\/05\/Omega-3-Fish-Oil-1000mg-120-caps.jpg\" \/>\n\t<meta property=\"og:image:width\" content=\"547\" \/>\n\t<meta property=\"og:image:height\" content=\"721\" \/>\n\t<meta property=\"og:image:type\" content=\"image\/jpeg\" \/>\n<meta name=\"twitter:card\" content=\"summary_large_image\" \/>\n<meta name=\"twitter:label1\" content=\"Price\" \/>\n\t<meta name=\"twitter:data1\" content=\"&#067;&#072;&#070;&nbsp;23.25\" \/>\n\t<meta name=\"twitter:label2\" content=\"Availability\" \/>\n\t<meta name=\"twitter:data2\" content=\"Out of stock\" \/>\n<script type=\"application\/ld+json\" class=\"yoast-schema-graph\">{\"@context\":\"https:\\\/\\\/schema.org\",\"@graph\":[{\"@type\":\"WebPage\",\"@id\":\"https:\\\/\\\/ecosupplements.ch\\\/?product=omega-3-fish-oil-1000mg-120-caps\",\"url\":\"https:\\\/\\\/ecosupplements.ch\\\/?product=omega-3-fish-oil-1000mg-120-caps\",\"name\":\"Omega 3 Fish Oil 1000mg \u2013 Holland & Barrett | ecosupplements.ch\",\"isPartOf\":{\"@id\":\"https:\\\/\\\/ecosupplements.ch\\\/#website\"},\"primaryImageOfPage\":{\"@id\":\"https:\\\/\\\/ecosupplements.ch\\\/?product=omega-3-fish-oil-1000mg-120-caps#primaryimage\"},\"image\":{\"@id\":\"https:\\\/\\\/ecosupplements.ch\\\/?product=omega-3-fish-oil-1000mg-120-caps#primaryimage\"},\"thumbnailUrl\":\"https:\\\/\\\/ecosupplements.ch\\\/wp-content\\\/uploads\\\/2026\\\/05\\\/Omega-3-Fish-Oil-1000mg-120-caps.jpg\",\"datePublished\":\"2026-05-11T14:32:27+00:00\",\"dateModified\":\"2026-05-13T07:25:19+00:00\",\"description\":\"Omega 3 Fish Oil von Holland &amp; Barrett: 1000 mg Fisch\u00f6l mit EPA &amp; DHA pro Kapsel, 120 Softgelkapseln. Jetzt bestellen.\",\"breadcrumb\":{\"@id\":\"https:\\\/\\\/ecosupplements.ch\\\/?product=omega-3-fish-oil-1000mg-120-caps#breadcrumb\"},\"inLanguage\":\"de-CH\",\"potentialAction\":[{\"@type\":\"ReadAction\",\"target\":[\"https:\\\/\\\/ecosupplements.ch\\\/?product=omega-3-fish-oil-1000mg-120-caps\"]}]},{\"@type\":\"ImageObject\",\"inLanguage\":\"de-CH\",\"@id\":\"https:\\\/\\\/ecosupplements.ch\\\/?product=omega-3-fish-oil-1000mg-120-caps#primaryimage\",\"url\":\"https:\\\/\\\/ecosupplements.ch\\\/wp-content\\\/uploads\\\/2026\\\/05\\\/Omega-3-Fish-Oil-1000mg-120-caps.jpg\",\"contentUrl\":\"https:\\\/\\\/ecosupplements.ch\\\/wp-content\\\/uploads\\\/2026\\\/05\\\/Omega-3-Fish-Oil-1000mg-120-caps.jpg\",\"width\":547,\"height\":721,\"caption\":\"Omega 3 Fish Oil\"},{\"@type\":\"BreadcrumbList\",\"@id\":\"https:\\\/\\\/ecosupplements.ch\\\/?product=omega-3-fish-oil-1000mg-120-caps#breadcrumb\",\"itemListElement\":[{\"@type\":\"ListItem\",\"position\":1,\"name\":\"Home\",\"item\":\"https:\\\/\\\/ecosupplements.ch\\\/\"},{\"@type\":\"ListItem\",\"position\":2,\"name\":\"Shop\",\"item\":\"https:\\\/\\\/ecosupplements.ch\\\/?page_id=14\"},{\"@type\":\"ListItem\",\"position\":3,\"name\":\"Omega 3 Fish Oil, 1000mg &#8211; 120 caps\"}]},{\"@type\":\"WebSite\",\"@id\":\"https:\\\/\\\/ecosupplements.ch\\\/#website\",\"url\":\"https:\\\/\\\/ecosupplements.ch\\\/\",\"name\":\"Eco Supplements\",\"description\":\"\",\"potentialAction\":[{\"@type\":\"SearchAction\",\"target\":{\"@type\":\"EntryPoint\",\"urlTemplate\":\"https:\\\/\\\/ecosupplements.ch\\\/?s={search_term_string}\"},\"query-input\":{\"@type\":\"PropertyValueSpecification\",\"valueRequired\":true,\"valueName\":\"search_term_string\"}}],\"inLanguage\":\"de-CH\"}]}<\/script>\n<meta property=\"product:price:amount\" content=\"23.25\" \/>\n<meta property=\"product:price:currency\" content=\"CHF\" \/>\n<meta property=\"og:availability\" content=\"out of stock\" \/>\n<meta property=\"product:availability\" content=\"out of stock\" \/>\n<meta property=\"product:retailer_item_id\" content=\"5059604473074\" \/>\n<meta property=\"product:condition\" content=\"new\" \/>\n<!-- \/ Yoast SEO plugin. -->","yoast_head_json":{"title":"Omega 3 Fish Oil 1000mg \u2013 Holland & Barrett | ecosupplements.ch","description":"Omega 3 Fish Oil von Holland &amp; Barrett: 1000 mg Fisch\u00f6l mit EPA &amp; DHA pro Kapsel, 120 Softgelkapseln. Jetzt bestellen.","robots":{"index":"index","follow":"follow","max-snippet":"max-snippet:-1","max-image-preview":"max-image-preview:large","max-video-preview":"max-video-preview:-1"},"canonical":"https:\/\/ecosupplements.ch\/?product=omega-3-fish-oil-1000mg-120-caps","og_locale":"de_DE","og_type":"article","og_title":"Omega 3 Fish Oil 1000mg \u2013 Holland & Barrett | ecosupplements.ch","og_description":"Omega 3 Fish Oil von Holland &amp; Barrett: 1000 mg Fisch\u00f6l mit EPA &amp; DHA pro Kapsel, 120 Softgelkapseln. Jetzt bestellen.","og_url":"https:\/\/ecosupplements.ch\/?product=omega-3-fish-oil-1000mg-120-caps","og_site_name":"Eco Supplements","article_modified_time":"2026-05-13T07:25:19+00:00","og_image":[{"width":547,"height":721,"url":"https:\/\/ecosupplements.ch\/wp-content\/uploads\/2026\/05\/Omega-3-Fish-Oil-1000mg-120-caps.jpg","type":"image\/jpeg"}],"twitter_card":"summary_large_image","twitter_misc":{"Price":"&#67;&#72;&#70;&nbsp;23.25","Availability":"Out of stock"},"schema":{"@context":"https:\/\/schema.org","@graph":[{"@type":"WebPage","@id":"https:\/\/ecosupplements.ch\/?product=omega-3-fish-oil-1000mg-120-caps","url":"https:\/\/ecosupplements.ch\/?product=omega-3-fish-oil-1000mg-120-caps","name":"Omega 3 Fish Oil 1000mg \u2013 Holland & Barrett | ecosupplements.ch","isPartOf":{"@id":"https:\/\/ecosupplements.ch\/#website"},"primaryImageOfPage":{"@id":"https:\/\/ecosupplements.ch\/?product=omega-3-fish-oil-1000mg-120-caps#primaryimage"},"image":{"@id":"https:\/\/ecosupplements.ch\/?product=omega-3-fish-oil-1000mg-120-caps#primaryimage"},"thumbnailUrl":"https:\/\/ecosupplements.ch\/wp-content\/uploads\/2026\/05\/Omega-3-Fish-Oil-1000mg-120-caps.jpg","datePublished":"2026-05-11T14:32:27+00:00","dateModified":"2026-05-13T07:25:19+00:00","description":"Omega 3 Fish Oil von Holland &amp; Barrett: 1000 mg Fisch\u00f6l mit EPA &amp; DHA pro Kapsel, 120 Softgelkapseln. Jetzt bestellen.","breadcrumb":{"@id":"https:\/\/ecosupplements.ch\/?product=omega-3-fish-oil-1000mg-120-caps#breadcrumb"},"inLanguage":"de-CH","potentialAction":[{"@type":"ReadAction","target":["https:\/\/ecosupplements.ch\/?product=omega-3-fish-oil-1000mg-120-caps"]}]},{"@type":"ImageObject","inLanguage":"de-CH","@id":"https:\/\/ecosupplements.ch\/?product=omega-3-fish-oil-1000mg-120-caps#primaryimage","url":"https:\/\/ecosupplements.ch\/wp-content\/uploads\/2026\/05\/Omega-3-Fish-Oil-1000mg-120-caps.jpg","contentUrl":"https:\/\/ecosupplements.ch\/wp-content\/uploads\/2026\/05\/Omega-3-Fish-Oil-1000mg-120-caps.jpg","width":547,"height":721,"caption":"Omega 3 Fish Oil"},{"@type":"BreadcrumbList","@id":"https:\/\/ecosupplements.ch\/?product=omega-3-fish-oil-1000mg-120-caps#breadcrumb","itemListElement":[{"@type":"ListItem","position":1,"name":"Home","item":"https:\/\/ecosupplements.ch\/"},{"@type":"ListItem","position":2,"name":"Shop","item":"https:\/\/ecosupplements.ch\/?page_id=14"},{"@type":"ListItem","position":3,"name":"Omega 3 Fish Oil, 1000mg &#8211; 120 caps"}]},{"@type":"WebSite","@id":"https:\/\/ecosupplements.ch\/#website","url":"https:\/\/ecosupplements.ch\/","name":"Eco Supplements","description":"","potentialAction":[{"@type":"SearchAction","target":{"@type":"EntryPoint","urlTemplate":"https:\/\/ecosupplements.ch\/?s={search_term_string}"},"query-input":{"@type":"PropertyValueSpecification","valueRequired":true,"valueName":"search_term_string"}}],"inLanguage":"de-CH"}]},"product_price_amount":"23.25","product_price_currency":"CHF","og_availability":"out of stock","product_availability":"out of stock","product_retailer_item_id":"5059604473074","product_condition":"new"},"_links":{"self":[{"href":"https:\/\/ecosupplements.ch\/index.php?rest_route=\/wp\/v2\/product\/1871","targetHints":{"allow":["GET"]}}],"collection":[{"href":"https:\/\/ecosupplements.ch\/index.php?rest_route=\/wp\/v2\/product"}],"about":[{"href":"https:\/\/ecosupplements.ch\/index.php?rest_route=\/wp\/v2\/types\/product"}],"replies":[{"embeddable":true,"href":"https:\/\/ecosupplements.ch\/index.php?rest_route=%2Fwp%2Fv2%2Fcomments&post=1871"}],"wp:featuredmedia":[{"embeddable":true,"href":"https:\/\/ecosupplements.ch\/index.php?rest_route=\/wp\/v2\/media\/1872"}],"wp:attachment":[{"href":"https:\/\/ecosupplements.ch\/index.php?rest_route=%2Fwp%2Fv2%2Fmedia&parent=1871"}],"wp:term":[{"taxonomy":"product_brand","embeddable":true,"href":"https:\/\/ecosupplements.ch\/index.php?rest_route=%2Fwp%2Fv2%2Fproduct_brand&post=1871"},{"taxonomy":"product_cat","embeddable":true,"href":"https:\/\/ecosupplements.ch\/index.php?rest_route=%2Fwp%2Fv2%2Fproduct_cat&post=1871"},{"taxonomy":"product_tag","embeddable":true,"href":"https:\/\/ecosupplements.ch\/index.php?rest_route=%2Fwp%2Fv2%2Fproduct_tag&post=1871"}],"curies":[{"name":"wp","href":"https:\/\/api.w.org\/{rel}","templated":true}]}}