{"id":1955,"date":"2026-05-11T14:32:59","date_gmt":"2026-05-11T14:32:59","guid":{"rendered":"https:\/\/ecosupplements.ch\/?product=aloe-pure-600mg-20-vcaps"},"modified":"2026-05-13T07:24:43","modified_gmt":"2026-05-13T07:24:43","slug":"aloe-pure-600mg-20-vcaps","status":"publish","type":"product","link":"https:\/\/ecosupplements.ch\/?product=aloe-pure-600mg-20-vcaps","title":{"rendered":"Aloe Pure, 600mg &#8211; 20 vcaps"},"content":{"rendered":"<div class=\"chcg-product-description\">\n<h2 class=\"chcg-heading\">\u00dcber KIKI Health \u2013 Aloe Pure, 600mg \u2013 20 Vcaps<\/h2>\n<div class=\"chcg-intro\">\n<p>KIKI Health Aloe Pure liefert 600 mg reines, gefriergetrocknetes Aloe-Ferox-Ganzblatt (Aloe ferox Mill.) pro Kapsel \u2013 in h\u00f6chster Qualit\u00e4t und ohne unn\u00f6tige Zusatzstoffe. Aloe ferox, auch bekannt als Kap-Aloe, ist eine in S\u00fcdafrika beheimatete Pflanze, die seit Jahrhunderten f\u00fcr ihre nat\u00fcrlichen Eigenschaften gesch\u00e4tzt wird.<\/p>\n<p>Jede Kapsel enth\u00e4lt ausschliesslich 100 % gefriergetrocknetes Aloe-Ferox-Ganzblatt, wodurch die nat\u00fcrlichen Inhaltsstoffe der Pflanze vollst\u00e4ndig erhalten bleiben. Die Gefriertrocknung gilt als schonendste Methode zur Konservierung pflanzlicher Wirkstoffe und garantiert ein hochwertiges, konzentriertes Produkt.<\/p>\n<p>Das Produkt ist vegan, vegetarisch und glutenfrei, enth\u00e4lt keine k\u00fcnstlichen Farb- oder Konservierungsstoffe, keine S\u00fcssungsmittel und keine F\u00fcllstoffe \u2013 ideal f\u00fcr bewusste Konsumentinnen und Konsumenten, die Wert auf Reinheit und Nat\u00fcrlichkeit legen.<\/p>\n<\/p><\/div>\n<div class=\"chcg-nutrition\">\n<h3>N\u00e4hrwertangaben<\/h3>\n<table class=\"chcg-nutrition-table\">\n<thead>\n<tr>\n<th>N\u00e4hrstoff<\/th>\n<th>Pro Portion (1 Kapsel \/ 600 mg)<\/th>\n<\/tr>\n<\/thead>\n<tbody>\n<tr>\n<td>100% gefriergetrocknetes Aloe-Ferox-Ganzblatt (<em>Aloe ferox<\/em> Mill.)<\/td>\n<td>600 mg *<\/td>\n<\/tr>\n<\/tbody>\n<\/table>\n<p class=\"chcg-footnote\">* Kein N\u00e4hrstoffreferenzwert (NRV) festgelegt.<\/p>\n<\/p><\/div>\n<div class=\"chcg-ingredients\">\n<h3>Zutaten<\/h3>\n<p>100% gefriergetrocknetes Aloe-Ferox-Ganzblatt (<em>Aloe ferox<\/em> Mill.), Vegetarische Zellulose.<\/p>\n<p class=\"chcg-capsule-shell\">Kapselh\u00fclle: Hydroxypropylmethylcellulose (Hypromellose).<\/p>\n<\/p><\/div>\n<div class=\"chcg-dosage\">\n<h3>Verzehrempfehlung<\/h3>\n<p>Erwachsene: Eine (1) Kapsel t\u00e4glich zum Abendessen, f\u00fcr eine n\u00e4chtliche Reinigung. Eine Kapsel pro Tag \u00fcber 2 bis 4 Tage einnehmen und bei Bedarf weiterf\u00fchren.<\/p>\n<\/p><\/div>\n<div class=\"chcg-warnings\">\n<h3>Warnhinweise<\/h3>\n<p>Nicht mehr als eine (1) Kapsel pro Tag einnehmen. Aloe Pure nicht einnehmen, wenn regelm\u00e4ssiger Stuhlgang vorhanden ist oder bei Durchfall. Nahrungserg\u00e4nzungsmittel sind kein Ersatz f\u00fcr eine abwechslungsreiche Ern\u00e4hrung. Ausserhalb der Reichweite von Kindern aufbewahren. Die empfohlene Tagesdosis nicht \u00fcberschreiten. Kapseln nicht mit heissen Getr\u00e4nken einnehmen. Nicht empfohlen f\u00fcr Schwangere oder stillende M\u00fctter.<\/p>\n<\/p><\/div>\n<div class=\"chcg-allergens\">\n<h3>Allergeninformationen<\/h3>\n<p>Keine Allergene deklariert. Von Natur aus frei von Gluten und Weizen. Ohne k\u00fcnstliche Farbstoffe, Konservierungsstoffe, S\u00fcssungsmittel oder F\u00fcllstoffe.<\/p>\n<\/p><\/div>\n<div class=\"chcg-storage\">\n<h3>Lagerung<\/h3>\n<p>An einem k\u00fchlen, trockenen Ort, vor direkter Sonneneinstrahlung gesch\u00fctzt, aufbewahren. K\u00fchlung ist nicht erforderlich.<\/p>\n<\/p><\/div>\n<div class=\"chcg-dietary\">\n<h3>Ern\u00e4hrungshinweise<\/h3>\n<ul>\n<li>Vegan<\/li>\n<li>Vegetarisch<\/li>\n<li>Glutenfrei<\/li>\n<li>Laktosefrei<\/li>\n<\/ul><\/div>\n<\/div>\n","protected":false},"excerpt":{"rendered":"<p>KIKI Health Aloe Pure liefert 600 mg reines, gefriergetrocknetes Aloe-Ferox-Ganzblatt pro veganer Kapsel. Packung mit 20 Vcaps, vegan und glutenfrei.<\/p>\n","protected":false},"featured_media":1956,"comment_status":"closed","ping_status":"open","template":"","meta":[],"product_brand":[200],"product_cat":[48,25,44,22],"product_tag":[],"class_list":{"0":"post-1955","1":"product","2":"type-product","3":"status-publish","4":"has-post-thumbnail","6":"product_brand-kiki-health","7":"product_cat-gesunde-ernaehrung","8":"product_cat-gesundheit-und-wohlbefinden","9":"product_cat-pflanzliche-nahrungsergaenzungsmittel","10":"product_cat-vegane-produkte","12":"first","13":"outofstock","14":"taxable","15":"shipping-taxable","16":"purchasable","17":"product-type-simple"},"yoast_head":"<!-- This site is optimized with the Yoast SEO plugin v27.5 - https:\/\/yoast.com\/product\/yoast-seo-wordpress\/ -->\n<title>Aloe Pure 600mg \u2013 KIKI Health | ecosupplements.ch<\/title>\n<meta name=\"description\" content=\"KIKI Health Aloe Pure mit 600 mg gefriergetrocknetem Aloe ferox \u2013 vegan, glutenfrei, 20 Vcaps. Jetzt bestellen.\" \/>\n<meta name=\"robots\" content=\"index, follow, max-snippet:-1, max-image-preview:large, max-video-preview:-1\" \/>\n<link rel=\"canonical\" href=\"https:\/\/ecosupplements.ch\/?product=aloe-pure-600mg-20-vcaps\" \/>\n<meta property=\"og:locale\" content=\"de_DE\" \/>\n<meta property=\"og:type\" content=\"article\" \/>\n<meta property=\"og:title\" content=\"Aloe Pure 600mg \u2013 KIKI Health | ecosupplements.ch\" \/>\n<meta property=\"og:description\" content=\"KIKI Health Aloe Pure mit 600 mg gefriergetrocknetem Aloe ferox \u2013 vegan, glutenfrei, 20 Vcaps. Jetzt bestellen.\" \/>\n<meta property=\"og:url\" content=\"https:\/\/ecosupplements.ch\/?product=aloe-pure-600mg-20-vcaps\" \/>\n<meta property=\"og:site_name\" content=\"Eco Supplements\" \/>\n<meta property=\"article:modified_time\" content=\"2026-05-13T07:24:43+00:00\" \/>\n<meta property=\"og:image\" content=\"https:\/\/ecosupplements.ch\/wp-content\/uploads\/2026\/05\/Aloe-Pure-600mg-20-vcaps.jpg\" \/>\n\t<meta property=\"og:image:width\" content=\"600\" \/>\n\t<meta property=\"og:image:height\" content=\"600\" \/>\n\t<meta property=\"og:image:type\" content=\"image\/jpeg\" \/>\n<meta name=\"twitter:card\" content=\"summary_large_image\" \/>\n<meta name=\"twitter:label1\" content=\"Price\" \/>\n\t<meta name=\"twitter:data1\" content=\"&#067;&#072;&#070;&nbsp;14.39\" \/>\n\t<meta name=\"twitter:label2\" content=\"Availability\" \/>\n\t<meta name=\"twitter:data2\" content=\"Out of stock\" \/>\n<script type=\"application\/ld+json\" class=\"yoast-schema-graph\">{\"@context\":\"https:\\\/\\\/schema.org\",\"@graph\":[{\"@type\":\"WebPage\",\"@id\":\"https:\\\/\\\/ecosupplements.ch\\\/?product=aloe-pure-600mg-20-vcaps\",\"url\":\"https:\\\/\\\/ecosupplements.ch\\\/?product=aloe-pure-600mg-20-vcaps\",\"name\":\"Aloe Pure 600mg \u2013 KIKI Health | ecosupplements.ch\",\"isPartOf\":{\"@id\":\"https:\\\/\\\/ecosupplements.ch\\\/#website\"},\"primaryImageOfPage\":{\"@id\":\"https:\\\/\\\/ecosupplements.ch\\\/?product=aloe-pure-600mg-20-vcaps#primaryimage\"},\"image\":{\"@id\":\"https:\\\/\\\/ecosupplements.ch\\\/?product=aloe-pure-600mg-20-vcaps#primaryimage\"},\"thumbnailUrl\":\"https:\\\/\\\/ecosupplements.ch\\\/wp-content\\\/uploads\\\/2026\\\/05\\\/Aloe-Pure-600mg-20-vcaps.jpg\",\"datePublished\":\"2026-05-11T14:32:59+00:00\",\"dateModified\":\"2026-05-13T07:24:43+00:00\",\"description\":\"KIKI Health Aloe Pure mit 600 mg gefriergetrocknetem Aloe ferox \u2013 vegan, glutenfrei, 20 Vcaps. Jetzt bestellen.\",\"breadcrumb\":{\"@id\":\"https:\\\/\\\/ecosupplements.ch\\\/?product=aloe-pure-600mg-20-vcaps#breadcrumb\"},\"inLanguage\":\"de-CH\",\"potentialAction\":[{\"@type\":\"ReadAction\",\"target\":[\"https:\\\/\\\/ecosupplements.ch\\\/?product=aloe-pure-600mg-20-vcaps\"]}]},{\"@type\":\"ImageObject\",\"inLanguage\":\"de-CH\",\"@id\":\"https:\\\/\\\/ecosupplements.ch\\\/?product=aloe-pure-600mg-20-vcaps#primaryimage\",\"url\":\"https:\\\/\\\/ecosupplements.ch\\\/wp-content\\\/uploads\\\/2026\\\/05\\\/Aloe-Pure-600mg-20-vcaps.jpg\",\"contentUrl\":\"https:\\\/\\\/ecosupplements.ch\\\/wp-content\\\/uploads\\\/2026\\\/05\\\/Aloe-Pure-600mg-20-vcaps.jpg\",\"width\":600,\"height\":600,\"caption\":\"Aloe Pure\"},{\"@type\":\"BreadcrumbList\",\"@id\":\"https:\\\/\\\/ecosupplements.ch\\\/?product=aloe-pure-600mg-20-vcaps#breadcrumb\",\"itemListElement\":[{\"@type\":\"ListItem\",\"position\":1,\"name\":\"Home\",\"item\":\"https:\\\/\\\/ecosupplements.ch\\\/\"},{\"@type\":\"ListItem\",\"position\":2,\"name\":\"Shop\",\"item\":\"https:\\\/\\\/ecosupplements.ch\\\/?page_id=14\"},{\"@type\":\"ListItem\",\"position\":3,\"name\":\"Aloe Pure, 600mg &#8211; 20 vcaps\"}]},{\"@type\":\"WebSite\",\"@id\":\"https:\\\/\\\/ecosupplements.ch\\\/#website\",\"url\":\"https:\\\/\\\/ecosupplements.ch\\\/\",\"name\":\"Eco Supplements\",\"description\":\"\",\"potentialAction\":[{\"@type\":\"SearchAction\",\"target\":{\"@type\":\"EntryPoint\",\"urlTemplate\":\"https:\\\/\\\/ecosupplements.ch\\\/?s={search_term_string}\"},\"query-input\":{\"@type\":\"PropertyValueSpecification\",\"valueRequired\":true,\"valueName\":\"search_term_string\"}}],\"inLanguage\":\"de-CH\"}]}<\/script>\n<meta property=\"product:price:amount\" content=\"14.39\" \/>\n<meta property=\"product:price:currency\" content=\"CHF\" \/>\n<meta property=\"og:availability\" content=\"out of stock\" \/>\n<meta property=\"product:availability\" content=\"out of stock\" \/>\n<meta property=\"product:retailer_item_id\" content=\"5060018511191\" \/>\n<meta property=\"product:condition\" content=\"new\" \/>\n<!-- \/ Yoast SEO plugin. -->","yoast_head_json":{"title":"Aloe Pure 600mg \u2013 KIKI Health | ecosupplements.ch","description":"KIKI Health Aloe Pure mit 600 mg gefriergetrocknetem Aloe ferox \u2013 vegan, glutenfrei, 20 Vcaps. Jetzt bestellen.","robots":{"index":"index","follow":"follow","max-snippet":"max-snippet:-1","max-image-preview":"max-image-preview:large","max-video-preview":"max-video-preview:-1"},"canonical":"https:\/\/ecosupplements.ch\/?product=aloe-pure-600mg-20-vcaps","og_locale":"de_DE","og_type":"article","og_title":"Aloe Pure 600mg \u2013 KIKI Health | ecosupplements.ch","og_description":"KIKI Health Aloe Pure mit 600 mg gefriergetrocknetem Aloe ferox \u2013 vegan, glutenfrei, 20 Vcaps. Jetzt bestellen.","og_url":"https:\/\/ecosupplements.ch\/?product=aloe-pure-600mg-20-vcaps","og_site_name":"Eco Supplements","article_modified_time":"2026-05-13T07:24:43+00:00","og_image":[{"width":600,"height":600,"url":"https:\/\/ecosupplements.ch\/wp-content\/uploads\/2026\/05\/Aloe-Pure-600mg-20-vcaps.jpg","type":"image\/jpeg"}],"twitter_card":"summary_large_image","twitter_misc":{"Price":"&#67;&#72;&#70;&nbsp;14.39","Availability":"Out of stock"},"schema":{"@context":"https:\/\/schema.org","@graph":[{"@type":"WebPage","@id":"https:\/\/ecosupplements.ch\/?product=aloe-pure-600mg-20-vcaps","url":"https:\/\/ecosupplements.ch\/?product=aloe-pure-600mg-20-vcaps","name":"Aloe Pure 600mg \u2013 KIKI Health | ecosupplements.ch","isPartOf":{"@id":"https:\/\/ecosupplements.ch\/#website"},"primaryImageOfPage":{"@id":"https:\/\/ecosupplements.ch\/?product=aloe-pure-600mg-20-vcaps#primaryimage"},"image":{"@id":"https:\/\/ecosupplements.ch\/?product=aloe-pure-600mg-20-vcaps#primaryimage"},"thumbnailUrl":"https:\/\/ecosupplements.ch\/wp-content\/uploads\/2026\/05\/Aloe-Pure-600mg-20-vcaps.jpg","datePublished":"2026-05-11T14:32:59+00:00","dateModified":"2026-05-13T07:24:43+00:00","description":"KIKI Health Aloe Pure mit 600 mg gefriergetrocknetem Aloe ferox \u2013 vegan, glutenfrei, 20 Vcaps. Jetzt bestellen.","breadcrumb":{"@id":"https:\/\/ecosupplements.ch\/?product=aloe-pure-600mg-20-vcaps#breadcrumb"},"inLanguage":"de-CH","potentialAction":[{"@type":"ReadAction","target":["https:\/\/ecosupplements.ch\/?product=aloe-pure-600mg-20-vcaps"]}]},{"@type":"ImageObject","inLanguage":"de-CH","@id":"https:\/\/ecosupplements.ch\/?product=aloe-pure-600mg-20-vcaps#primaryimage","url":"https:\/\/ecosupplements.ch\/wp-content\/uploads\/2026\/05\/Aloe-Pure-600mg-20-vcaps.jpg","contentUrl":"https:\/\/ecosupplements.ch\/wp-content\/uploads\/2026\/05\/Aloe-Pure-600mg-20-vcaps.jpg","width":600,"height":600,"caption":"Aloe Pure"},{"@type":"BreadcrumbList","@id":"https:\/\/ecosupplements.ch\/?product=aloe-pure-600mg-20-vcaps#breadcrumb","itemListElement":[{"@type":"ListItem","position":1,"name":"Home","item":"https:\/\/ecosupplements.ch\/"},{"@type":"ListItem","position":2,"name":"Shop","item":"https:\/\/ecosupplements.ch\/?page_id=14"},{"@type":"ListItem","position":3,"name":"Aloe Pure, 600mg &#8211; 20 vcaps"}]},{"@type":"WebSite","@id":"https:\/\/ecosupplements.ch\/#website","url":"https:\/\/ecosupplements.ch\/","name":"Eco Supplements","description":"","potentialAction":[{"@type":"SearchAction","target":{"@type":"EntryPoint","urlTemplate":"https:\/\/ecosupplements.ch\/?s={search_term_string}"},"query-input":{"@type":"PropertyValueSpecification","valueRequired":true,"valueName":"search_term_string"}}],"inLanguage":"de-CH"}]},"product_price_amount":"14.39","product_price_currency":"CHF","og_availability":"out of stock","product_availability":"out of stock","product_retailer_item_id":"5060018511191","product_condition":"new"},"_links":{"self":[{"href":"https:\/\/ecosupplements.ch\/index.php?rest_route=\/wp\/v2\/product\/1955","targetHints":{"allow":["GET"]}}],"collection":[{"href":"https:\/\/ecosupplements.ch\/index.php?rest_route=\/wp\/v2\/product"}],"about":[{"href":"https:\/\/ecosupplements.ch\/index.php?rest_route=\/wp\/v2\/types\/product"}],"replies":[{"embeddable":true,"href":"https:\/\/ecosupplements.ch\/index.php?rest_route=%2Fwp%2Fv2%2Fcomments&post=1955"}],"wp:featuredmedia":[{"embeddable":true,"href":"https:\/\/ecosupplements.ch\/index.php?rest_route=\/wp\/v2\/media\/1956"}],"wp:attachment":[{"href":"https:\/\/ecosupplements.ch\/index.php?rest_route=%2Fwp%2Fv2%2Fmedia&parent=1955"}],"wp:term":[{"taxonomy":"product_brand","embeddable":true,"href":"https:\/\/ecosupplements.ch\/index.php?rest_route=%2Fwp%2Fv2%2Fproduct_brand&post=1955"},{"taxonomy":"product_cat","embeddable":true,"href":"https:\/\/ecosupplements.ch\/index.php?rest_route=%2Fwp%2Fv2%2Fproduct_cat&post=1955"},{"taxonomy":"product_tag","embeddable":true,"href":"https:\/\/ecosupplements.ch\/index.php?rest_route=%2Fwp%2Fv2%2Fproduct_tag&post=1955"}],"curies":[{"name":"wp","href":"https:\/\/api.w.org\/{rel}","templated":true}]}}