{"id":1977,"date":"2026-05-11T14:33:09","date_gmt":"2026-05-11T14:33:09","guid":{"rendered":"https:\/\/ecosupplements.ch\/?product=d-l-phenylalanine-500mg-100-vcaps"},"modified":"2026-05-13T07:24:45","modified_gmt":"2026-05-13T07:24:45","slug":"d-l-phenylalanine-500mg-100-vcaps","status":"publish","type":"product","link":"https:\/\/ecosupplements.ch\/?product=d-l-phenylalanine-500mg-100-vcaps","title":{"rendered":"D L-Phenylalanine, 500mg &#8211; 100 vcaps"},"content":{"rendered":"<div class=\"chcg-product-description\">\n<h2 class=\"chcg-heading\">\u00dcber Life Extension \u2013 D L-Phenylalanine, 500mg \u2013 100 Kapseln<\/h2>\n<div class=\"chcg-intro\">\n<p>D,L-Phenylalanin ist eine Kombination aus der nat\u00fcrlich vorkommenden L-Form und der synthetischen D-Form der essentiellen Aminos\u00e4ure Phenylalanin. Als essentielle Aminos\u00e4ure kann der K\u00f6rper Phenylalanin nicht selbst herstellen \u2013 sie muss \u00fcber die Nahrung oder gezielte Nahrungserg\u00e4nzung zugef\u00fchrt werden. Phenylalanin ist eine Vorstufe wichtiger Neurotransmitter und spielt eine Rolle im normalen Stoffwechsel des Nervensystems.<\/p>\n<p>Das Pr\u00e4parat von Life Extension liefert 500 mg D,L-Phenylalanin pro vegetarischer Kapsel und ist sowohl f\u00fcr Veganer als auch f\u00fcr Vegetarier geeignet. Die sorgf\u00e4ltig ausgew\u00e4hlten Zutaten sind frei von tierischen Bestandteilen \u2013 die Kapselh\u00fclle besteht aus pflanzlicher Zellulose.<\/p>\n<p>F\u00fcr eine optimale Nutzung empfiehlt Life Extension die Einnahme zusammen mit den Kofaktoren Vitamin B6 und Vitamin C. Mit 100 Kapseln pro Packung bietet dieses Produkt einen praktischen Vorrat f\u00fcr die t\u00e4gliche Anwendung.<\/p>\n<\/p><\/div>\n<div class=\"chcg-nutrition\">\n<h3>N\u00e4hrwertangaben<\/h3>\n<table class=\"chcg-nutrition-table\">\n<thead>\n<tr>\n<th>N\u00e4hrstoff<\/th>\n<th>Pro Portion (1 Kapsel)<\/th>\n<\/tr>\n<\/thead>\n<tbody>\n<tr>\n<td>D,L-Phenylalanine<\/td>\n<td>500 mg **<\/td>\n<\/tr>\n<\/tbody>\n<\/table>\n<p class=\"chcg-footnote\">** Kein etablierter Tagesreferenzwert vorhanden.<\/p>\n<\/p><\/div>\n<div class=\"chcg-ingredients\">\n<h3>Zutaten<\/h3>\n<p>D,L-Phenylalanine 500 mg. Weitere Zutaten: Pflanzliche Zellulose (Kapsel), pflanzliches Stearat, mikrokristalline Zellulose.<\/p>\n<p class=\"chcg-capsule-shell\">Kapselh\u00fclle: Pflanzliche Zellulose<\/p>\n<\/p><\/div>\n<div class=\"chcg-dosage\">\n<h3>Verzehrempfehlung<\/h3>\n<p>Eine (1) Kapsel t\u00e4glich auf n\u00fcchternen Magen am Morgen einnehmen oder gem\u00e4ss Empfehlung einer Fachperson aus dem Gesundheitsbereich. Die Wirkung ist am besten, wenn das Pr\u00e4parat zusammen mit den Kofaktoren Vitamin B6 und Vitamin C eingenommen wird.<\/p>\n<\/p><\/div>\n<div class=\"chcg-warnings\">\n<h3>Warnhinweise<\/h3>\n<p>Kann Angstzust\u00e4nde, hohen Blutdruck und Kopfschmerzen verursachen. Nicht verwenden bei Phenylketonurie. Phenylalanin oder Tyrosin nicht verwenden bei Krebs oder Muskeldystrophie. Da Phenylalanin bei Personen mit Bluthochdruck den Blutdruck erh\u00f6hen kann, ist bei Hypertonie vor der Einnahme eine Fachperson aus dem Gesundheitsbereich zu konsultieren. Bei Einnahme kurz vor dem Schlafengehen kann \u00dcberstimulation zu Schlaflosigkeit f\u00fchren. Ausserhalb der Reichweite von Kindern aufbewahren. Die empfohlene Dosierung nicht \u00fcberschreiten. Nicht kaufen, wenn das \u00e4ussere Siegel besch\u00e4digt oder gebrochen ist. Bei der Einnahme von Nahrungserg\u00e4nzungsmitteln ist eine \u00c4rztin oder ein Arzt zu konsultieren, wenn eine medizinische Behandlung stattfindet oder wenn Schwangerschaft oder Stillzeit vorliegt.<\/p>\n<\/p><\/div>\n<div class=\"chcg-allergens\">\n<h3>Allergeninformationen<\/h3>\n<p>Auf dem Etikett sind keine Allergene ausgewiesen.<\/p>\n<\/p><\/div>\n<div class=\"chcg-storage\">\n<h3>Lagerung<\/h3>\n<p>Fest verschlossen an einem k\u00fchlen, trockenen Ort aufbewahren.<\/p>\n<\/p><\/div>\n<div class=\"chcg-dietary\">\n<h3>Ern\u00e4hrungshinweise<\/h3>\n<ul>\n<li>Vegan<\/li>\n<li>Vegetarisch<\/li>\n<li>Glutenfrei<\/li>\n<\/ul><\/div>\n<\/div>\n","protected":false},"excerpt":{"rendered":"<p>D,L-Phenylalanine von Life Extension liefert 500 mg dieser essentiellen Aminos\u00e4ure pro vegetarischer Kapsel \u2013 vegan, glutenfrei und einfach dosierbar. 100 Kapseln pro Packung.<\/p>\n","protected":false},"featured_media":1978,"comment_status":"closed","ping_status":"open","template":"","meta":[],"product_brand":[202],"product_cat":[517,514,90,48,25,21],"product_tag":[],"class_list":{"0":"post-1977","1":"product","2":"type-product","3":"status-publish","4":"has-post-thumbnail","6":"product_brand-life-extension","7":"product_cat-aminosaeuremischungen-aminosaeuren-und-bcaas","8":"product_cat-aminosaeuren-und-bcaas","9":"product_cat-fitness-training","10":"product_cat-gesunde-ernaehrung","11":"product_cat-gesundheit-und-wohlbefinden","12":"product_cat-vitamine-und-mineralstoffe","14":"first","15":"outofstock","16":"taxable","17":"shipping-taxable","18":"purchasable","19":"product-type-simple"},"yoast_head":"<!-- This site is optimized with the Yoast SEO plugin v27.5 - https:\/\/yoast.com\/product\/yoast-seo-wordpress\/ -->\n<title>D L-Phenylalanine 500mg \u2013 Life Extension | ecosupplements.ch<\/title>\n<meta name=\"description\" content=\"500 mg D,L-Phenylalanine pro vegetarischer Kapsel von Life Extension \u2013 vegan und glutenfrei, 100 Kapseln. Jetzt bestellen.\" \/>\n<meta name=\"robots\" content=\"index, follow, max-snippet:-1, max-image-preview:large, max-video-preview:-1\" \/>\n<link rel=\"canonical\" href=\"https:\/\/ecosupplements.ch\/?product=d-l-phenylalanine-500mg-100-vcaps\" \/>\n<meta property=\"og:locale\" content=\"de_DE\" \/>\n<meta property=\"og:type\" content=\"article\" \/>\n<meta property=\"og:title\" content=\"D L-Phenylalanine 500mg \u2013 Life Extension | ecosupplements.ch\" \/>\n<meta property=\"og:description\" content=\"500 mg D,L-Phenylalanine pro vegetarischer Kapsel von Life Extension \u2013 vegan und glutenfrei, 100 Kapseln. Jetzt bestellen.\" \/>\n<meta property=\"og:url\" content=\"https:\/\/ecosupplements.ch\/?product=d-l-phenylalanine-500mg-100-vcaps\" \/>\n<meta property=\"og:site_name\" content=\"Eco Supplements\" \/>\n<meta property=\"article:modified_time\" content=\"2026-05-13T07:24:45+00:00\" \/>\n<meta property=\"og:image\" content=\"https:\/\/ecosupplements.ch\/wp-content\/uploads\/2026\/05\/D-L-Phenylalanine-500mg-100-vcaps.jpg\" \/>\n\t<meta property=\"og:image:width\" content=\"800\" \/>\n\t<meta property=\"og:image:height\" content=\"800\" \/>\n\t<meta property=\"og:image:type\" content=\"image\/jpeg\" \/>\n<meta name=\"twitter:card\" content=\"summary_large_image\" \/>\n<meta name=\"twitter:label1\" content=\"Price\" \/>\n\t<meta name=\"twitter:data1\" content=\"&#067;&#072;&#070;&nbsp;20.07\" \/>\n\t<meta name=\"twitter:label2\" content=\"Availability\" \/>\n\t<meta name=\"twitter:data2\" content=\"Out of stock\" \/>\n<script type=\"application\/ld+json\" class=\"yoast-schema-graph\">{\"@context\":\"https:\\\/\\\/schema.org\",\"@graph\":[{\"@type\":\"WebPage\",\"@id\":\"https:\\\/\\\/ecosupplements.ch\\\/?product=d-l-phenylalanine-500mg-100-vcaps\",\"url\":\"https:\\\/\\\/ecosupplements.ch\\\/?product=d-l-phenylalanine-500mg-100-vcaps\",\"name\":\"D L-Phenylalanine 500mg \u2013 Life Extension | ecosupplements.ch\",\"isPartOf\":{\"@id\":\"https:\\\/\\\/ecosupplements.ch\\\/#website\"},\"primaryImageOfPage\":{\"@id\":\"https:\\\/\\\/ecosupplements.ch\\\/?product=d-l-phenylalanine-500mg-100-vcaps#primaryimage\"},\"image\":{\"@id\":\"https:\\\/\\\/ecosupplements.ch\\\/?product=d-l-phenylalanine-500mg-100-vcaps#primaryimage\"},\"thumbnailUrl\":\"https:\\\/\\\/ecosupplements.ch\\\/wp-content\\\/uploads\\\/2026\\\/05\\\/D-L-Phenylalanine-500mg-100-vcaps.jpg\",\"datePublished\":\"2026-05-11T14:33:09+00:00\",\"dateModified\":\"2026-05-13T07:24:45+00:00\",\"description\":\"500 mg D,L-Phenylalanine pro vegetarischer Kapsel von Life Extension \u2013 vegan und glutenfrei, 100 Kapseln. Jetzt bestellen.\",\"breadcrumb\":{\"@id\":\"https:\\\/\\\/ecosupplements.ch\\\/?product=d-l-phenylalanine-500mg-100-vcaps#breadcrumb\"},\"inLanguage\":\"de-CH\",\"potentialAction\":[{\"@type\":\"ReadAction\",\"target\":[\"https:\\\/\\\/ecosupplements.ch\\\/?product=d-l-phenylalanine-500mg-100-vcaps\"]}]},{\"@type\":\"ImageObject\",\"inLanguage\":\"de-CH\",\"@id\":\"https:\\\/\\\/ecosupplements.ch\\\/?product=d-l-phenylalanine-500mg-100-vcaps#primaryimage\",\"url\":\"https:\\\/\\\/ecosupplements.ch\\\/wp-content\\\/uploads\\\/2026\\\/05\\\/D-L-Phenylalanine-500mg-100-vcaps.jpg\",\"contentUrl\":\"https:\\\/\\\/ecosupplements.ch\\\/wp-content\\\/uploads\\\/2026\\\/05\\\/D-L-Phenylalanine-500mg-100-vcaps.jpg\",\"width\":800,\"height\":800,\"caption\":\"D L-Phenylalanine\"},{\"@type\":\"BreadcrumbList\",\"@id\":\"https:\\\/\\\/ecosupplements.ch\\\/?product=d-l-phenylalanine-500mg-100-vcaps#breadcrumb\",\"itemListElement\":[{\"@type\":\"ListItem\",\"position\":1,\"name\":\"Home\",\"item\":\"https:\\\/\\\/ecosupplements.ch\\\/\"},{\"@type\":\"ListItem\",\"position\":2,\"name\":\"Shop\",\"item\":\"https:\\\/\\\/ecosupplements.ch\\\/?page_id=14\"},{\"@type\":\"ListItem\",\"position\":3,\"name\":\"D L-Phenylalanine, 500mg &#8211; 100 vcaps\"}]},{\"@type\":\"WebSite\",\"@id\":\"https:\\\/\\\/ecosupplements.ch\\\/#website\",\"url\":\"https:\\\/\\\/ecosupplements.ch\\\/\",\"name\":\"Eco Supplements\",\"description\":\"\",\"potentialAction\":[{\"@type\":\"SearchAction\",\"target\":{\"@type\":\"EntryPoint\",\"urlTemplate\":\"https:\\\/\\\/ecosupplements.ch\\\/?s={search_term_string}\"},\"query-input\":{\"@type\":\"PropertyValueSpecification\",\"valueRequired\":true,\"valueName\":\"search_term_string\"}}],\"inLanguage\":\"de-CH\"}]}<\/script>\n<meta property=\"product:price:amount\" content=\"20.07\" \/>\n<meta property=\"product:price:currency\" content=\"CHF\" \/>\n<meta property=\"og:availability\" content=\"out of stock\" \/>\n<meta property=\"product:availability\" content=\"out of stock\" \/>\n<meta property=\"product:retailer_item_id\" content=\"737870167112\" \/>\n<meta property=\"product:condition\" content=\"new\" \/>\n<!-- \/ Yoast SEO plugin. -->","yoast_head_json":{"title":"D L-Phenylalanine 500mg \u2013 Life Extension | ecosupplements.ch","description":"500 mg D,L-Phenylalanine pro vegetarischer Kapsel von Life Extension \u2013 vegan und glutenfrei, 100 Kapseln. Jetzt bestellen.","robots":{"index":"index","follow":"follow","max-snippet":"max-snippet:-1","max-image-preview":"max-image-preview:large","max-video-preview":"max-video-preview:-1"},"canonical":"https:\/\/ecosupplements.ch\/?product=d-l-phenylalanine-500mg-100-vcaps","og_locale":"de_DE","og_type":"article","og_title":"D L-Phenylalanine 500mg \u2013 Life Extension | ecosupplements.ch","og_description":"500 mg D,L-Phenylalanine pro vegetarischer Kapsel von Life Extension \u2013 vegan und glutenfrei, 100 Kapseln. Jetzt bestellen.","og_url":"https:\/\/ecosupplements.ch\/?product=d-l-phenylalanine-500mg-100-vcaps","og_site_name":"Eco Supplements","article_modified_time":"2026-05-13T07:24:45+00:00","og_image":[{"width":800,"height":800,"url":"https:\/\/ecosupplements.ch\/wp-content\/uploads\/2026\/05\/D-L-Phenylalanine-500mg-100-vcaps.jpg","type":"image\/jpeg"}],"twitter_card":"summary_large_image","twitter_misc":{"Price":"&#67;&#72;&#70;&nbsp;20.07","Availability":"Out of stock"},"schema":{"@context":"https:\/\/schema.org","@graph":[{"@type":"WebPage","@id":"https:\/\/ecosupplements.ch\/?product=d-l-phenylalanine-500mg-100-vcaps","url":"https:\/\/ecosupplements.ch\/?product=d-l-phenylalanine-500mg-100-vcaps","name":"D L-Phenylalanine 500mg \u2013 Life Extension | ecosupplements.ch","isPartOf":{"@id":"https:\/\/ecosupplements.ch\/#website"},"primaryImageOfPage":{"@id":"https:\/\/ecosupplements.ch\/?product=d-l-phenylalanine-500mg-100-vcaps#primaryimage"},"image":{"@id":"https:\/\/ecosupplements.ch\/?product=d-l-phenylalanine-500mg-100-vcaps#primaryimage"},"thumbnailUrl":"https:\/\/ecosupplements.ch\/wp-content\/uploads\/2026\/05\/D-L-Phenylalanine-500mg-100-vcaps.jpg","datePublished":"2026-05-11T14:33:09+00:00","dateModified":"2026-05-13T07:24:45+00:00","description":"500 mg D,L-Phenylalanine pro vegetarischer Kapsel von Life Extension \u2013 vegan und glutenfrei, 100 Kapseln. Jetzt bestellen.","breadcrumb":{"@id":"https:\/\/ecosupplements.ch\/?product=d-l-phenylalanine-500mg-100-vcaps#breadcrumb"},"inLanguage":"de-CH","potentialAction":[{"@type":"ReadAction","target":["https:\/\/ecosupplements.ch\/?product=d-l-phenylalanine-500mg-100-vcaps"]}]},{"@type":"ImageObject","inLanguage":"de-CH","@id":"https:\/\/ecosupplements.ch\/?product=d-l-phenylalanine-500mg-100-vcaps#primaryimage","url":"https:\/\/ecosupplements.ch\/wp-content\/uploads\/2026\/05\/D-L-Phenylalanine-500mg-100-vcaps.jpg","contentUrl":"https:\/\/ecosupplements.ch\/wp-content\/uploads\/2026\/05\/D-L-Phenylalanine-500mg-100-vcaps.jpg","width":800,"height":800,"caption":"D L-Phenylalanine"},{"@type":"BreadcrumbList","@id":"https:\/\/ecosupplements.ch\/?product=d-l-phenylalanine-500mg-100-vcaps#breadcrumb","itemListElement":[{"@type":"ListItem","position":1,"name":"Home","item":"https:\/\/ecosupplements.ch\/"},{"@type":"ListItem","position":2,"name":"Shop","item":"https:\/\/ecosupplements.ch\/?page_id=14"},{"@type":"ListItem","position":3,"name":"D L-Phenylalanine, 500mg &#8211; 100 vcaps"}]},{"@type":"WebSite","@id":"https:\/\/ecosupplements.ch\/#website","url":"https:\/\/ecosupplements.ch\/","name":"Eco Supplements","description":"","potentialAction":[{"@type":"SearchAction","target":{"@type":"EntryPoint","urlTemplate":"https:\/\/ecosupplements.ch\/?s={search_term_string}"},"query-input":{"@type":"PropertyValueSpecification","valueRequired":true,"valueName":"search_term_string"}}],"inLanguage":"de-CH"}]},"product_price_amount":"20.07","product_price_currency":"CHF","og_availability":"out of stock","product_availability":"out of stock","product_retailer_item_id":"737870167112","product_condition":"new"},"_links":{"self":[{"href":"https:\/\/ecosupplements.ch\/index.php?rest_route=\/wp\/v2\/product\/1977","targetHints":{"allow":["GET"]}}],"collection":[{"href":"https:\/\/ecosupplements.ch\/index.php?rest_route=\/wp\/v2\/product"}],"about":[{"href":"https:\/\/ecosupplements.ch\/index.php?rest_route=\/wp\/v2\/types\/product"}],"replies":[{"embeddable":true,"href":"https:\/\/ecosupplements.ch\/index.php?rest_route=%2Fwp%2Fv2%2Fcomments&post=1977"}],"wp:featuredmedia":[{"embeddable":true,"href":"https:\/\/ecosupplements.ch\/index.php?rest_route=\/wp\/v2\/media\/1978"}],"wp:attachment":[{"href":"https:\/\/ecosupplements.ch\/index.php?rest_route=%2Fwp%2Fv2%2Fmedia&parent=1977"}],"wp:term":[{"taxonomy":"product_brand","embeddable":true,"href":"https:\/\/ecosupplements.ch\/index.php?rest_route=%2Fwp%2Fv2%2Fproduct_brand&post=1977"},{"taxonomy":"product_cat","embeddable":true,"href":"https:\/\/ecosupplements.ch\/index.php?rest_route=%2Fwp%2Fv2%2Fproduct_cat&post=1977"},{"taxonomy":"product_tag","embeddable":true,"href":"https:\/\/ecosupplements.ch\/index.php?rest_route=%2Fwp%2Fv2%2Fproduct_tag&post=1977"}],"curies":[{"name":"wp","href":"https:\/\/api.w.org\/{rel}","templated":true}]}}