{"id":2054,"date":"2026-05-11T14:33:43","date_gmt":"2026-05-11T14:33:43","guid":{"rendered":"https:\/\/ecosupplements.ch\/?product=calm-kids-gummies-sweet-citrus-120-gummies"},"modified":"2026-05-13T07:25:46","modified_gmt":"2026-05-13T07:25:46","slug":"calm-kids-gummies-sweet-citrus-120-gummies","status":"publish","type":"product","link":"https:\/\/ecosupplements.ch\/?product=calm-kids-gummies-sweet-citrus-120-gummies","title":{"rendered":"Calm Kids Gummies, Sweet Citrus &#8211; 120 gummies"},"content":{"rendered":"<div class=\"chcg-product-description\">\n<h2 class=\"chcg-heading\">\u00dcber Natural Vitality \u2013 Calm Kids Gummies, Sweet Citrus \u2013 120 Gummies<\/h2>\n<div class=\"chcg-intro\">\n<p>Die Calm Kids Gummies von Natural Vitality sind speziell f\u00fcr Kinder ab 4 Jahren entwickelt worden und liefern Magnesium in Form von Magnesiumcitrat \u2013 einer gut vertr\u00e4glichen und leicht aufnehmbaren Form. Magnesium tr\u00e4gt zu einer normalen Muskelfunktion sowie zur Verringerung von M\u00fcdigkeit und Ersch\u00f6pfung bei. Die angenehme Sweet-Citrus-Note macht die t\u00e4gliche Einnahme f\u00fcr Kinder besonders einfach.<\/p>\n<p>Jede Gummib\u00e4rchen-Portion enth\u00e4lt 83 mg Magnesium, hergestellt ohne k\u00fcnstliche Aromen oder synthetische Farbstoffe. Die Gummies werden mit nat\u00fcrlichen Zutaten wie organischem Tapioka-Sirup, Bio-Rohrzucker und Bio-Annatto-Extrakt als Farbstoff hergestellt \u2013 f\u00fcr ein Produkt, das Eltern mit gutem Gewissen ihren Kindern geben k\u00f6nnen.<\/p>\n<p>Die praktische Verpackung mit 120 Gummies bietet einen Vorrat von bis zu 120 Tagen f\u00fcr Kinder zwischen 4 und 12 Jahren (1 Gummy pro Tag) bzw. 30 Tagen f\u00fcr Personen ab 13 Jahren (bis zu 4 Gummies pro Tag). Ein unkomplizierter Weg, den t\u00e4glichen Magnesiumbedarf zu unterst\u00fctzen.<\/p>\n<\/p><\/div>\n<div class=\"chcg-nutrition\">\n<h3>N\u00e4hrwertangaben<\/h3>\n<table class=\"chcg-nutrition-table\">\n<thead>\n<tr>\n<th>N\u00e4hrstoff<\/th>\n<th>Pro Portion (1 Gummy \/ 4 Gummies)<\/th>\n<\/tr>\n<\/thead>\n<tbody>\n<tr>\n<td>Kalorien<\/td>\n<td>5 kcal \/ 20 kcal<\/td>\n<\/tr>\n<tr>\n<td>Kohlenhydrate gesamt<\/td>\n<td>1 g \/ 4 g<\/td>\n<\/tr>\n<tr>\n<td>\u2013 davon Zucker gesamt<\/td>\n<td>1 g \/ 4 g<\/td>\n<\/tr>\n<tr>\n<td>\u2013 davon zugesetzter Zucker<\/td>\n<td>1 g \/ 4 g<\/td>\n<\/tr>\n<tr>\n<td>Magnesium (als Magnesiumcitrat)<\/td>\n<td>83 mg \/ 330 mg<\/td>\n<\/tr>\n<\/tbody>\n<\/table>\n<p class=\"chcg-footnote\">Portionsgr\u00f6sse: 1 Gummy (Kinder von 4 bis 12 Jahren) \/ 4 Gummies (ab 13 Jahren). Portionen pro Packung: 120 (Kinder 4\u201312) \/ 30 (ab 13 Jahren).<\/p>\n<\/p><\/div>\n<div class=\"chcg-ingredients\">\n<h3>Zutaten<\/h3>\n<p>Magnesium (als Magnesiumcitrat) 83 mg. Weitere Zutaten: Bio-Tapioka-Sirup, Bio-Rohrzucker, Wasser, Zitronens\u00e4ure, Agar, Bio-Tapiokast\u00e4rke, nat\u00fcrliche Aromen, Bio-Annatto-Extrakt (Farbstoff), Johannisbrotkernmehl.<\/p>\n<\/p><\/div>\n<div class=\"chcg-dosage\">\n<h3>Verzehrempfehlung<\/h3>\n<p>Kinder von 4 bis 12 Jahren: 1 Gummy pro Tag kauen und schlucken. Kinder ab 13 Jahren: bis zu 4 Gummies t\u00e4glich kauen und schlucken. Nicht empfohlen f\u00fcr Kinder unter 4 Jahren. Vollst\u00e4ndige Anweisungen sind dem Produktetikett zu entnehmen.<\/p>\n<\/p><\/div>\n<div class=\"chcg-warnings\">\n<h3>Warnhinweise<\/h3>\n<p>Nicht empfohlen f\u00fcr Kinder unter 4 Jahren. Konsultieren Sie den Kinderarzt Ihres Kindes, bevor Sie dieses Produkt verwenden, wenn Ihr Kind an Nierenproblemen oder einer Darmverschluss-Erkrankung leidet, Medikamente einnimmt oder an einer Erkrankung leidet. Dieses Produkt kann eine abf\u00fchrende Wirkung haben. Um ein Verschlucken zu vermeiden, geben Sie die Gummies nur an Kinder, die weiche Kauprodukte problemlos schlucken k\u00f6nnen. Kinder sollten die Gummies stets sitzend und unter Aufsicht eines Erwachsenen einnehmen. Ausserhalb der Reichweite von Kindern aufbewahren. Manipulationsschutz: Nicht verwenden, wenn das Sicherheitssiegel besch\u00e4digt oder nicht vorhanden ist.<\/p>\n<\/p><\/div>\n<div class=\"chcg-allergens\">\n<h3>Allergeninformationen<\/h3>\n<p>Enth\u00e4lt keine k\u00fcnstlichen Aromen oder synthetischen Farbstoffe. Keine Allergene auf dem Etikett deklariert. Glutenfrei.<\/p>\n<\/p><\/div>\n<div class=\"chcg-storage\">\n<h3>Lagerung<\/h3>\n<p>An einem k\u00fchlen, dunklen und trockenen Ort aufbewahren.<\/p>\n<\/p><\/div>\n<div class=\"chcg-dietary\">\n<h3>Ern\u00e4hrungshinweise<\/h3>\n<ul>\n<li>Vegan<\/li>\n<li>Vegetarisch<\/li>\n<li>Glutenfrei<\/li>\n<li>Laktosefrei<\/li>\n<\/ul><\/div>\n<\/div>\n","protected":false},"excerpt":{"rendered":"<p>Calm Kids Gummies von Natural Vitality liefern 83 mg Magnesiumcitrat pro Gummy zur Unterst\u00fctzung der normalen Muskelfunktion \u2013 in einer angenehmen Sweet-Citrus-Note. Praktische Packung mit 120 Gummies, vegan und glutenfrei.<\/p>\n","protected":false},"featured_media":2055,"comment_status":"closed","ping_status":"open","template":"","meta":[],"product_brand":[209],"product_cat":[48,25,56,26,22,21],"product_tag":[],"class_list":{"0":"post-2054","1":"product","2":"type-product","3":"status-publish","4":"has-post-thumbnail","6":"product_brand-natural-vitality","7":"product_cat-gesunde-ernaehrung","8":"product_cat-gesundheit-und-wohlbefinden","9":"product_cat-kindergesundheit","10":"product_cat-multivitamine","11":"product_cat-vegane-produkte","12":"product_cat-vitamine-und-mineralstoffe","14":"first","15":"outofstock","16":"taxable","17":"shipping-taxable","18":"purchasable","19":"product-type-simple"},"yoast_head":"<!-- This site is optimized with the Yoast SEO plugin v27.5 - https:\/\/yoast.com\/product\/yoast-seo-wordpress\/ -->\n<title>Calm Kids Gummies Sweet Citrus \u2013 Natural Vitality | ecosupplements.ch<\/title>\n<meta name=\"description\" content=\"Magnesiumcitrat-Gummies f\u00fcr Kinder ab 4 Jahren \u2013 vegan, glutenfrei, ohne k\u00fcnstliche Aromen. 120 Gummies im praktischen Vorrat. Jetzt bestellen.\" \/>\n<meta name=\"robots\" content=\"index, follow, max-snippet:-1, max-image-preview:large, max-video-preview:-1\" \/>\n<link rel=\"canonical\" href=\"https:\/\/ecosupplements.ch\/?product=calm-kids-gummies-sweet-citrus-120-gummies\" \/>\n<meta property=\"og:locale\" content=\"de_DE\" \/>\n<meta property=\"og:type\" content=\"article\" \/>\n<meta property=\"og:title\" content=\"Calm Kids Gummies Sweet Citrus \u2013 Natural Vitality | ecosupplements.ch\" \/>\n<meta property=\"og:description\" content=\"Magnesiumcitrat-Gummies f\u00fcr Kinder ab 4 Jahren \u2013 vegan, glutenfrei, ohne k\u00fcnstliche Aromen. 120 Gummies im praktischen Vorrat. Jetzt bestellen.\" \/>\n<meta property=\"og:url\" content=\"https:\/\/ecosupplements.ch\/?product=calm-kids-gummies-sweet-citrus-120-gummies\" \/>\n<meta property=\"og:site_name\" content=\"Eco Supplements\" \/>\n<meta property=\"article:modified_time\" content=\"2026-05-13T07:25:46+00:00\" \/>\n<meta property=\"og:image\" content=\"https:\/\/ecosupplements.ch\/wp-content\/uploads\/2026\/05\/Calm-Kids-Gummies-Sweet-Citrus-120-gummies.jpg\" \/>\n\t<meta property=\"og:image:width\" content=\"241\" \/>\n\t<meta property=\"og:image:height\" content=\"500\" \/>\n\t<meta property=\"og:image:type\" content=\"image\/jpeg\" \/>\n<meta name=\"twitter:card\" content=\"summary_large_image\" \/>\n<meta name=\"twitter:label1\" content=\"Price\" \/>\n\t<meta name=\"twitter:data1\" content=\"&#067;&#072;&#070;&nbsp;32.61\" \/>\n\t<meta name=\"twitter:label2\" content=\"Availability\" \/>\n\t<meta name=\"twitter:data2\" content=\"Out of stock\" \/>\n<script type=\"application\/ld+json\" class=\"yoast-schema-graph\">{\"@context\":\"https:\\\/\\\/schema.org\",\"@graph\":[{\"@type\":\"WebPage\",\"@id\":\"https:\\\/\\\/ecosupplements.ch\\\/?product=calm-kids-gummies-sweet-citrus-120-gummies\",\"url\":\"https:\\\/\\\/ecosupplements.ch\\\/?product=calm-kids-gummies-sweet-citrus-120-gummies\",\"name\":\"Calm Kids Gummies Sweet Citrus \u2013 Natural Vitality | ecosupplements.ch\",\"isPartOf\":{\"@id\":\"https:\\\/\\\/ecosupplements.ch\\\/#website\"},\"primaryImageOfPage\":{\"@id\":\"https:\\\/\\\/ecosupplements.ch\\\/?product=calm-kids-gummies-sweet-citrus-120-gummies#primaryimage\"},\"image\":{\"@id\":\"https:\\\/\\\/ecosupplements.ch\\\/?product=calm-kids-gummies-sweet-citrus-120-gummies#primaryimage\"},\"thumbnailUrl\":\"https:\\\/\\\/ecosupplements.ch\\\/wp-content\\\/uploads\\\/2026\\\/05\\\/Calm-Kids-Gummies-Sweet-Citrus-120-gummies.jpg\",\"datePublished\":\"2026-05-11T14:33:43+00:00\",\"dateModified\":\"2026-05-13T07:25:46+00:00\",\"description\":\"Magnesiumcitrat-Gummies f\u00fcr Kinder ab 4 Jahren \u2013 vegan, glutenfrei, ohne k\u00fcnstliche Aromen. 120 Gummies im praktischen Vorrat. Jetzt bestellen.\",\"breadcrumb\":{\"@id\":\"https:\\\/\\\/ecosupplements.ch\\\/?product=calm-kids-gummies-sweet-citrus-120-gummies#breadcrumb\"},\"inLanguage\":\"de-CH\",\"potentialAction\":[{\"@type\":\"ReadAction\",\"target\":[\"https:\\\/\\\/ecosupplements.ch\\\/?product=calm-kids-gummies-sweet-citrus-120-gummies\"]}]},{\"@type\":\"ImageObject\",\"inLanguage\":\"de-CH\",\"@id\":\"https:\\\/\\\/ecosupplements.ch\\\/?product=calm-kids-gummies-sweet-citrus-120-gummies#primaryimage\",\"url\":\"https:\\\/\\\/ecosupplements.ch\\\/wp-content\\\/uploads\\\/2026\\\/05\\\/Calm-Kids-Gummies-Sweet-Citrus-120-gummies.jpg\",\"contentUrl\":\"https:\\\/\\\/ecosupplements.ch\\\/wp-content\\\/uploads\\\/2026\\\/05\\\/Calm-Kids-Gummies-Sweet-Citrus-120-gummies.jpg\",\"width\":241,\"height\":500,\"caption\":\"Calm Kids Gummies\"},{\"@type\":\"BreadcrumbList\",\"@id\":\"https:\\\/\\\/ecosupplements.ch\\\/?product=calm-kids-gummies-sweet-citrus-120-gummies#breadcrumb\",\"itemListElement\":[{\"@type\":\"ListItem\",\"position\":1,\"name\":\"Home\",\"item\":\"https:\\\/\\\/ecosupplements.ch\\\/\"},{\"@type\":\"ListItem\",\"position\":2,\"name\":\"Shop\",\"item\":\"https:\\\/\\\/ecosupplements.ch\\\/?page_id=14\"},{\"@type\":\"ListItem\",\"position\":3,\"name\":\"Calm Kids Gummies, Sweet Citrus &#8211; 120 gummies\"}]},{\"@type\":\"WebSite\",\"@id\":\"https:\\\/\\\/ecosupplements.ch\\\/#website\",\"url\":\"https:\\\/\\\/ecosupplements.ch\\\/\",\"name\":\"Eco Supplements\",\"description\":\"\",\"potentialAction\":[{\"@type\":\"SearchAction\",\"target\":{\"@type\":\"EntryPoint\",\"urlTemplate\":\"https:\\\/\\\/ecosupplements.ch\\\/?s={search_term_string}\"},\"query-input\":{\"@type\":\"PropertyValueSpecification\",\"valueRequired\":true,\"valueName\":\"search_term_string\"}}],\"inLanguage\":\"de-CH\"}]}<\/script>\n<meta property=\"product:price:amount\" content=\"32.61\" \/>\n<meta property=\"product:price:currency\" content=\"CHF\" \/>\n<meta property=\"og:availability\" content=\"out of stock\" \/>\n<meta property=\"product:availability\" content=\"out of stock\" \/>\n<meta property=\"product:retailer_item_id\" content=\"183405043817\" \/>\n<meta property=\"product:condition\" content=\"new\" \/>\n<!-- \/ Yoast SEO plugin. -->","yoast_head_json":{"title":"Calm Kids Gummies Sweet Citrus \u2013 Natural Vitality | ecosupplements.ch","description":"Magnesiumcitrat-Gummies f\u00fcr Kinder ab 4 Jahren \u2013 vegan, glutenfrei, ohne k\u00fcnstliche Aromen. 120 Gummies im praktischen Vorrat. Jetzt bestellen.","robots":{"index":"index","follow":"follow","max-snippet":"max-snippet:-1","max-image-preview":"max-image-preview:large","max-video-preview":"max-video-preview:-1"},"canonical":"https:\/\/ecosupplements.ch\/?product=calm-kids-gummies-sweet-citrus-120-gummies","og_locale":"de_DE","og_type":"article","og_title":"Calm Kids Gummies Sweet Citrus \u2013 Natural Vitality | ecosupplements.ch","og_description":"Magnesiumcitrat-Gummies f\u00fcr Kinder ab 4 Jahren \u2013 vegan, glutenfrei, ohne k\u00fcnstliche Aromen. 120 Gummies im praktischen Vorrat. Jetzt bestellen.","og_url":"https:\/\/ecosupplements.ch\/?product=calm-kids-gummies-sweet-citrus-120-gummies","og_site_name":"Eco Supplements","article_modified_time":"2026-05-13T07:25:46+00:00","og_image":[{"width":241,"height":500,"url":"https:\/\/ecosupplements.ch\/wp-content\/uploads\/2026\/05\/Calm-Kids-Gummies-Sweet-Citrus-120-gummies.jpg","type":"image\/jpeg"}],"twitter_card":"summary_large_image","twitter_misc":{"Price":"&#67;&#72;&#70;&nbsp;32.61","Availability":"Out of stock"},"schema":{"@context":"https:\/\/schema.org","@graph":[{"@type":"WebPage","@id":"https:\/\/ecosupplements.ch\/?product=calm-kids-gummies-sweet-citrus-120-gummies","url":"https:\/\/ecosupplements.ch\/?product=calm-kids-gummies-sweet-citrus-120-gummies","name":"Calm Kids Gummies Sweet Citrus \u2013 Natural Vitality | ecosupplements.ch","isPartOf":{"@id":"https:\/\/ecosupplements.ch\/#website"},"primaryImageOfPage":{"@id":"https:\/\/ecosupplements.ch\/?product=calm-kids-gummies-sweet-citrus-120-gummies#primaryimage"},"image":{"@id":"https:\/\/ecosupplements.ch\/?product=calm-kids-gummies-sweet-citrus-120-gummies#primaryimage"},"thumbnailUrl":"https:\/\/ecosupplements.ch\/wp-content\/uploads\/2026\/05\/Calm-Kids-Gummies-Sweet-Citrus-120-gummies.jpg","datePublished":"2026-05-11T14:33:43+00:00","dateModified":"2026-05-13T07:25:46+00:00","description":"Magnesiumcitrat-Gummies f\u00fcr Kinder ab 4 Jahren \u2013 vegan, glutenfrei, ohne k\u00fcnstliche Aromen. 120 Gummies im praktischen Vorrat. Jetzt bestellen.","breadcrumb":{"@id":"https:\/\/ecosupplements.ch\/?product=calm-kids-gummies-sweet-citrus-120-gummies#breadcrumb"},"inLanguage":"de-CH","potentialAction":[{"@type":"ReadAction","target":["https:\/\/ecosupplements.ch\/?product=calm-kids-gummies-sweet-citrus-120-gummies"]}]},{"@type":"ImageObject","inLanguage":"de-CH","@id":"https:\/\/ecosupplements.ch\/?product=calm-kids-gummies-sweet-citrus-120-gummies#primaryimage","url":"https:\/\/ecosupplements.ch\/wp-content\/uploads\/2026\/05\/Calm-Kids-Gummies-Sweet-Citrus-120-gummies.jpg","contentUrl":"https:\/\/ecosupplements.ch\/wp-content\/uploads\/2026\/05\/Calm-Kids-Gummies-Sweet-Citrus-120-gummies.jpg","width":241,"height":500,"caption":"Calm Kids Gummies"},{"@type":"BreadcrumbList","@id":"https:\/\/ecosupplements.ch\/?product=calm-kids-gummies-sweet-citrus-120-gummies#breadcrumb","itemListElement":[{"@type":"ListItem","position":1,"name":"Home","item":"https:\/\/ecosupplements.ch\/"},{"@type":"ListItem","position":2,"name":"Shop","item":"https:\/\/ecosupplements.ch\/?page_id=14"},{"@type":"ListItem","position":3,"name":"Calm Kids Gummies, Sweet Citrus &#8211; 120 gummies"}]},{"@type":"WebSite","@id":"https:\/\/ecosupplements.ch\/#website","url":"https:\/\/ecosupplements.ch\/","name":"Eco Supplements","description":"","potentialAction":[{"@type":"SearchAction","target":{"@type":"EntryPoint","urlTemplate":"https:\/\/ecosupplements.ch\/?s={search_term_string}"},"query-input":{"@type":"PropertyValueSpecification","valueRequired":true,"valueName":"search_term_string"}}],"inLanguage":"de-CH"}]},"product_price_amount":"32.61","product_price_currency":"CHF","og_availability":"out of stock","product_availability":"out of stock","product_retailer_item_id":"183405043817","product_condition":"new"},"_links":{"self":[{"href":"https:\/\/ecosupplements.ch\/index.php?rest_route=\/wp\/v2\/product\/2054","targetHints":{"allow":["GET"]}}],"collection":[{"href":"https:\/\/ecosupplements.ch\/index.php?rest_route=\/wp\/v2\/product"}],"about":[{"href":"https:\/\/ecosupplements.ch\/index.php?rest_route=\/wp\/v2\/types\/product"}],"replies":[{"embeddable":true,"href":"https:\/\/ecosupplements.ch\/index.php?rest_route=%2Fwp%2Fv2%2Fcomments&post=2054"}],"wp:featuredmedia":[{"embeddable":true,"href":"https:\/\/ecosupplements.ch\/index.php?rest_route=\/wp\/v2\/media\/2055"}],"wp:attachment":[{"href":"https:\/\/ecosupplements.ch\/index.php?rest_route=%2Fwp%2Fv2%2Fmedia&parent=2054"}],"wp:term":[{"taxonomy":"product_brand","embeddable":true,"href":"https:\/\/ecosupplements.ch\/index.php?rest_route=%2Fwp%2Fv2%2Fproduct_brand&post=2054"},{"taxonomy":"product_cat","embeddable":true,"href":"https:\/\/ecosupplements.ch\/index.php?rest_route=%2Fwp%2Fv2%2Fproduct_cat&post=2054"},{"taxonomy":"product_tag","embeddable":true,"href":"https:\/\/ecosupplements.ch\/index.php?rest_route=%2Fwp%2Fv2%2Fproduct_tag&post=2054"}],"curies":[{"name":"wp","href":"https:\/\/api.w.org\/{rel}","templated":true}]}}