{"id":2058,"date":"2026-05-11T14:33:45","date_gmt":"2026-05-11T14:33:45","guid":{"rendered":"https:\/\/ecosupplements.ch\/?product=calm-magnesium-powder-raspberry-lemon-113g"},"modified":"2026-05-13T07:25:23","modified_gmt":"2026-05-13T07:25:23","slug":"calm-magnesium-powder-raspberry-lemon-113g","status":"publish","type":"product","link":"https:\/\/ecosupplements.ch\/?product=calm-magnesium-powder-raspberry-lemon-113g","title":{"rendered":"Calm Magnesium Powder, Raspberry Lemon &#8211; 113g"},"content":{"rendered":"<div class=\"chcg-product-description\">\n<h2 class=\"chcg-heading\">\u00dcber Natural Vitality \u2013 Calm Magnesium Pulver, Raspberry Lemon \u2013 113g<\/h2>\n<div class=\"chcg-intro\">\n<p>Das Calm Magnesium Pulver von Natural Vitality ist ein hochwertiges, wasserl\u00f6sliches Magnesiumpr\u00e4parat in der erfrischenden Geschmacksrichtung Raspberry Lemon. Mit 325 mg Magnesium pro Portion \u2013 in Form von Magnesiumcarbonat \u2013 unterst\u00fctzt es die normale Muskelfunktion, den Energiestoffwechsel und die Funktionsf\u00e4higkeit des Nervensystems.<\/p>\n<p>Das Pulver l\u00f6st sich in Wasser unter einer charakteristischen Sprudel-Reaktion auf und l\u00e4sst sich einfach in den Alltag integrieren \u2013 ob als wohltuendes Heissgetr\u00e4nk am Abend oder als erfrischendes Kaltgetr\u00e4nk tags\u00fcber. Die Dosierung kann flexibel angepasst werden, was besonders f\u00fcr Einsteiger von Vorteil ist.<\/p>\n<p>Die Formel enth\u00e4lt keine Zuckerzus\u00e4tze, keine k\u00fcnstlichen Aromen und keine k\u00fcnstlichen Farbstoffe. Ges\u00fcsst mit Stevia-Extrakt, ist das Produkt zudem vegan, glutenfrei und Non-GMO verifiziert.<\/p>\n<\/p><\/div>\n<div class=\"chcg-nutrition\">\n<h3>N\u00e4hrwertangaben<\/h3>\n<table class=\"chcg-nutrition-table\">\n<thead>\n<tr>\n<th>N\u00e4hrstoff<\/th>\n<th>Pro Portion (4 g)<\/th>\n<\/tr>\n<\/thead>\n<tbody>\n<tr>\n<td>Magnesium (als Magnesiumcarbonat)<\/td>\n<td>325 mg (87% NRW*)<\/td>\n<\/tr>\n<\/tbody>\n<\/table>\n<p class=\"chcg-footnote\">* Portionsgr\u00f6sse: 2 Teel\u00f6ffel (4 g) | Ca. 28 Portionen pro Beh\u00e4lter<\/p>\n<p class=\"chcg-footnote\">Pro 100 g: Magnesium 8125 mg<\/p>\n<\/p><\/div>\n<div class=\"chcg-ingredients\">\n<h3>Zutaten<\/h3>\n<p>Magnesium (als Magnesiumcarbonat). Weitere Zutaten: Zitronens\u00e4ure, Zitronengeschmack, Himbeergeschmack mit anderen nat\u00fcrlichen Aromen, Stevia-Extrakt (aus Bl\u00e4ttern).<\/p>\n<\/p><\/div>\n<div class=\"chcg-dosage\">\n<h3>Verzehrempfehlung<\/h3>\n<p>Beginnen Sie mit einem halben Teel\u00f6ffel (1 g) t\u00e4glich und steigern Sie die Menge bei Bedarf schrittweise auf 2 Teel\u00f6ffel (4 g) pro Tag. Das Pulver in ein Glas oder eine Tasse geben und 60\u201390 ml heisses oder kaltes Wasser hinzuf\u00fcgen. Das Sprudeln abwarten, dann r\u00fchren, bis sich das Pulver vollst\u00e4ndig aufgel\u00f6st hat und die Fl\u00fcssigkeit klar ist. Das Glas anschliessend mit warmem oder kaltem Wasser auff\u00fcllen. Das Getr\u00e4nk kann mit oder ohne Mahlzeit eingenommen werden.<\/p>\n<\/p><\/div>\n<div class=\"chcg-warnings\">\n<h3>Warnhinweise<\/h3>\n<p>Ausserhalb der Reichweite von Kindern aufbewahren. Konsultieren Sie vor der Einnahme dieses Produkts Ihren Arzt, wenn Sie schwanger sind oder stillen, wenn Sie an Nierenproblemen oder einem Darmverschluss leiden oder wenn Sie derzeit Medikamente einnehmen. Dieses Produkt kann eine abf\u00fchrende Wirkung haben.<\/p>\n<\/p><\/div>\n<div class=\"chcg-allergens\">\n<h3>Allergeninformationen<\/h3>\n<p>Keine Allergene deklariert. Das Produkt ist glutenfrei und Non-GMO verifiziert. Enth\u00e4lt keinen Zucker, keine k\u00fcnstlichen Farbstoffe und keine k\u00fcnstlichen Aromen.<\/p>\n<\/p><\/div>\n<div class=\"chcg-storage\">\n<h3>Lagerung<\/h3>\n<p>Mindesthaltbarkeitsdatum: siehe Aufdruck auf der Verpackung.<\/p>\n<\/p><\/div>\n<div class=\"chcg-dietary\">\n<h3>Ern\u00e4hrungshinweise<\/h3>\n<ul>\n<li>Vegan<\/li>\n<li>Vegetarisch<\/li>\n<li>Glutenfrei<\/li>\n<li>Laktosefrei<\/li>\n<\/ul><\/div>\n<\/div>\n","protected":false},"excerpt":{"rendered":"<p>Calm Magnesium Pulver von Natural Vitality liefert 325 mg Magnesium pro Portion zur Unterst\u00fctzung von Muskeln, Nerven und Energiestoffwechsel. Erh\u00e4ltlich als l\u00f6sliches Pulver in der Geschmacksrichtung Raspberry Lemon \u2013 113 g, vegan und glutenfrei.<\/p>\n","protected":false},"featured_media":2059,"comment_status":"closed","ping_status":"open","template":"","meta":[],"product_brand":[209],"product_cat":[23,48,25,94,22,21],"product_tag":[],"class_list":{"0":"post-2058","1":"product","2":"type-product","3":"status-publish","4":"has-post-thumbnail","6":"product_brand-natural-vitality","7":"product_cat-einige-mineralien","8":"product_cat-gesunde-ernaehrung","9":"product_cat-gesundheit-und-wohlbefinden","10":"product_cat-magnesium","11":"product_cat-vegane-produkte","12":"product_cat-vitamine-und-mineralstoffe","14":"first","15":"outofstock","16":"taxable","17":"shipping-taxable","18":"purchasable","19":"product-type-simple"},"yoast_head":"<!-- This site is optimized with the Yoast SEO plugin v27.5 - https:\/\/yoast.com\/product\/yoast-seo-wordpress\/ -->\n<title>Calm Magnesium Pulver Raspberry Lemon 113g \u2013 Natural Vitality | ecosupplements.ch<\/title>\n<meta name=\"description\" content=\"Magnesium-Pulver mit 325 mg pro Portion f\u00fcr Muskeln &amp; Nerven \u2013 vegan, glutenfrei, ohne Zuckerzusatz, 113 g. Jetzt bestellen.\" \/>\n<meta name=\"robots\" content=\"index, follow, max-snippet:-1, max-image-preview:large, max-video-preview:-1\" \/>\n<link rel=\"canonical\" href=\"https:\/\/ecosupplements.ch\/?product=calm-magnesium-powder-raspberry-lemon-113g\" \/>\n<meta property=\"og:locale\" content=\"de_DE\" \/>\n<meta property=\"og:type\" content=\"article\" \/>\n<meta property=\"og:title\" content=\"Calm Magnesium Pulver Raspberry Lemon 113g \u2013 Natural Vitality | ecosupplements.ch\" \/>\n<meta property=\"og:description\" content=\"Magnesium-Pulver mit 325 mg pro Portion f\u00fcr Muskeln &amp; Nerven \u2013 vegan, glutenfrei, ohne Zuckerzusatz, 113 g. Jetzt bestellen.\" \/>\n<meta property=\"og:url\" content=\"https:\/\/ecosupplements.ch\/?product=calm-magnesium-powder-raspberry-lemon-113g\" \/>\n<meta property=\"og:site_name\" content=\"Eco Supplements\" \/>\n<meta property=\"article:modified_time\" content=\"2026-05-13T07:25:23+00:00\" \/>\n<meta property=\"og:image\" content=\"https:\/\/ecosupplements.ch\/wp-content\/uploads\/2026\/05\/Calm-Magnesium-Powder-Raspberry-Lemon-113g.jpg\" \/>\n\t<meta property=\"og:image:width\" content=\"433\" \/>\n\t<meta property=\"og:image:height\" content=\"577\" \/>\n\t<meta property=\"og:image:type\" content=\"image\/jpeg\" \/>\n<meta name=\"twitter:card\" content=\"summary_large_image\" \/>\n<meta name=\"twitter:label1\" content=\"Price\" \/>\n\t<meta name=\"twitter:data1\" content=\"&#067;&#072;&#070;&nbsp;16.00\" \/>\n\t<meta name=\"twitter:label2\" content=\"Availability\" \/>\n\t<meta name=\"twitter:data2\" content=\"Out of stock\" \/>\n<script type=\"application\/ld+json\" class=\"yoast-schema-graph\">{\"@context\":\"https:\\\/\\\/schema.org\",\"@graph\":[{\"@type\":\"WebPage\",\"@id\":\"https:\\\/\\\/ecosupplements.ch\\\/?product=calm-magnesium-powder-raspberry-lemon-113g\",\"url\":\"https:\\\/\\\/ecosupplements.ch\\\/?product=calm-magnesium-powder-raspberry-lemon-113g\",\"name\":\"Calm Magnesium Pulver Raspberry Lemon 113g \u2013 Natural Vitality | ecosupplements.ch\",\"isPartOf\":{\"@id\":\"https:\\\/\\\/ecosupplements.ch\\\/#website\"},\"primaryImageOfPage\":{\"@id\":\"https:\\\/\\\/ecosupplements.ch\\\/?product=calm-magnesium-powder-raspberry-lemon-113g#primaryimage\"},\"image\":{\"@id\":\"https:\\\/\\\/ecosupplements.ch\\\/?product=calm-magnesium-powder-raspberry-lemon-113g#primaryimage\"},\"thumbnailUrl\":\"https:\\\/\\\/ecosupplements.ch\\\/wp-content\\\/uploads\\\/2026\\\/05\\\/Calm-Magnesium-Powder-Raspberry-Lemon-113g.jpg\",\"datePublished\":\"2026-05-11T14:33:45+00:00\",\"dateModified\":\"2026-05-13T07:25:23+00:00\",\"description\":\"Magnesium-Pulver mit 325 mg pro Portion f\u00fcr Muskeln & Nerven \u2013 vegan, glutenfrei, ohne Zuckerzusatz, 113 g. Jetzt bestellen.\",\"breadcrumb\":{\"@id\":\"https:\\\/\\\/ecosupplements.ch\\\/?product=calm-magnesium-powder-raspberry-lemon-113g#breadcrumb\"},\"inLanguage\":\"de-CH\",\"potentialAction\":[{\"@type\":\"ReadAction\",\"target\":[\"https:\\\/\\\/ecosupplements.ch\\\/?product=calm-magnesium-powder-raspberry-lemon-113g\"]}]},{\"@type\":\"ImageObject\",\"inLanguage\":\"de-CH\",\"@id\":\"https:\\\/\\\/ecosupplements.ch\\\/?product=calm-magnesium-powder-raspberry-lemon-113g#primaryimage\",\"url\":\"https:\\\/\\\/ecosupplements.ch\\\/wp-content\\\/uploads\\\/2026\\\/05\\\/Calm-Magnesium-Powder-Raspberry-Lemon-113g.jpg\",\"contentUrl\":\"https:\\\/\\\/ecosupplements.ch\\\/wp-content\\\/uploads\\\/2026\\\/05\\\/Calm-Magnesium-Powder-Raspberry-Lemon-113g.jpg\",\"width\":433,\"height\":577,\"caption\":\"Calm Magnesium Powder\"},{\"@type\":\"BreadcrumbList\",\"@id\":\"https:\\\/\\\/ecosupplements.ch\\\/?product=calm-magnesium-powder-raspberry-lemon-113g#breadcrumb\",\"itemListElement\":[{\"@type\":\"ListItem\",\"position\":1,\"name\":\"Home\",\"item\":\"https:\\\/\\\/ecosupplements.ch\\\/\"},{\"@type\":\"ListItem\",\"position\":2,\"name\":\"Shop\",\"item\":\"https:\\\/\\\/ecosupplements.ch\\\/?page_id=14\"},{\"@type\":\"ListItem\",\"position\":3,\"name\":\"Calm Magnesium Powder, Raspberry Lemon &#8211; 113g\"}]},{\"@type\":\"WebSite\",\"@id\":\"https:\\\/\\\/ecosupplements.ch\\\/#website\",\"url\":\"https:\\\/\\\/ecosupplements.ch\\\/\",\"name\":\"Eco Supplements\",\"description\":\"\",\"potentialAction\":[{\"@type\":\"SearchAction\",\"target\":{\"@type\":\"EntryPoint\",\"urlTemplate\":\"https:\\\/\\\/ecosupplements.ch\\\/?s={search_term_string}\"},\"query-input\":{\"@type\":\"PropertyValueSpecification\",\"valueRequired\":true,\"valueName\":\"search_term_string\"}}],\"inLanguage\":\"de-CH\"}]}<\/script>\n<meta property=\"product:price:amount\" content=\"16.00\" \/>\n<meta property=\"product:price:currency\" content=\"CHF\" \/>\n<meta property=\"og:availability\" content=\"out of stock\" \/>\n<meta property=\"product:availability\" content=\"out of stock\" \/>\n<meta property=\"product:retailer_item_id\" content=\"183405000094\" \/>\n<meta property=\"product:condition\" content=\"new\" \/>\n<!-- \/ Yoast SEO plugin. -->","yoast_head_json":{"title":"Calm Magnesium Pulver Raspberry Lemon 113g \u2013 Natural Vitality | ecosupplements.ch","description":"Magnesium-Pulver mit 325 mg pro Portion f\u00fcr Muskeln & Nerven \u2013 vegan, glutenfrei, ohne Zuckerzusatz, 113 g. Jetzt bestellen.","robots":{"index":"index","follow":"follow","max-snippet":"max-snippet:-1","max-image-preview":"max-image-preview:large","max-video-preview":"max-video-preview:-1"},"canonical":"https:\/\/ecosupplements.ch\/?product=calm-magnesium-powder-raspberry-lemon-113g","og_locale":"de_DE","og_type":"article","og_title":"Calm Magnesium Pulver Raspberry Lemon 113g \u2013 Natural Vitality | ecosupplements.ch","og_description":"Magnesium-Pulver mit 325 mg pro Portion f\u00fcr Muskeln & Nerven \u2013 vegan, glutenfrei, ohne Zuckerzusatz, 113 g. Jetzt bestellen.","og_url":"https:\/\/ecosupplements.ch\/?product=calm-magnesium-powder-raspberry-lemon-113g","og_site_name":"Eco Supplements","article_modified_time":"2026-05-13T07:25:23+00:00","og_image":[{"width":433,"height":577,"url":"https:\/\/ecosupplements.ch\/wp-content\/uploads\/2026\/05\/Calm-Magnesium-Powder-Raspberry-Lemon-113g.jpg","type":"image\/jpeg"}],"twitter_card":"summary_large_image","twitter_misc":{"Price":"&#67;&#72;&#70;&nbsp;16.00","Availability":"Out of stock"},"schema":{"@context":"https:\/\/schema.org","@graph":[{"@type":"WebPage","@id":"https:\/\/ecosupplements.ch\/?product=calm-magnesium-powder-raspberry-lemon-113g","url":"https:\/\/ecosupplements.ch\/?product=calm-magnesium-powder-raspberry-lemon-113g","name":"Calm Magnesium Pulver Raspberry Lemon 113g \u2013 Natural Vitality | ecosupplements.ch","isPartOf":{"@id":"https:\/\/ecosupplements.ch\/#website"},"primaryImageOfPage":{"@id":"https:\/\/ecosupplements.ch\/?product=calm-magnesium-powder-raspberry-lemon-113g#primaryimage"},"image":{"@id":"https:\/\/ecosupplements.ch\/?product=calm-magnesium-powder-raspberry-lemon-113g#primaryimage"},"thumbnailUrl":"https:\/\/ecosupplements.ch\/wp-content\/uploads\/2026\/05\/Calm-Magnesium-Powder-Raspberry-Lemon-113g.jpg","datePublished":"2026-05-11T14:33:45+00:00","dateModified":"2026-05-13T07:25:23+00:00","description":"Magnesium-Pulver mit 325 mg pro Portion f\u00fcr Muskeln & Nerven \u2013 vegan, glutenfrei, ohne Zuckerzusatz, 113 g. Jetzt bestellen.","breadcrumb":{"@id":"https:\/\/ecosupplements.ch\/?product=calm-magnesium-powder-raspberry-lemon-113g#breadcrumb"},"inLanguage":"de-CH","potentialAction":[{"@type":"ReadAction","target":["https:\/\/ecosupplements.ch\/?product=calm-magnesium-powder-raspberry-lemon-113g"]}]},{"@type":"ImageObject","inLanguage":"de-CH","@id":"https:\/\/ecosupplements.ch\/?product=calm-magnesium-powder-raspberry-lemon-113g#primaryimage","url":"https:\/\/ecosupplements.ch\/wp-content\/uploads\/2026\/05\/Calm-Magnesium-Powder-Raspberry-Lemon-113g.jpg","contentUrl":"https:\/\/ecosupplements.ch\/wp-content\/uploads\/2026\/05\/Calm-Magnesium-Powder-Raspberry-Lemon-113g.jpg","width":433,"height":577,"caption":"Calm Magnesium Powder"},{"@type":"BreadcrumbList","@id":"https:\/\/ecosupplements.ch\/?product=calm-magnesium-powder-raspberry-lemon-113g#breadcrumb","itemListElement":[{"@type":"ListItem","position":1,"name":"Home","item":"https:\/\/ecosupplements.ch\/"},{"@type":"ListItem","position":2,"name":"Shop","item":"https:\/\/ecosupplements.ch\/?page_id=14"},{"@type":"ListItem","position":3,"name":"Calm Magnesium Powder, Raspberry Lemon &#8211; 113g"}]},{"@type":"WebSite","@id":"https:\/\/ecosupplements.ch\/#website","url":"https:\/\/ecosupplements.ch\/","name":"Eco Supplements","description":"","potentialAction":[{"@type":"SearchAction","target":{"@type":"EntryPoint","urlTemplate":"https:\/\/ecosupplements.ch\/?s={search_term_string}"},"query-input":{"@type":"PropertyValueSpecification","valueRequired":true,"valueName":"search_term_string"}}],"inLanguage":"de-CH"}]},"product_price_amount":"16.00","product_price_currency":"CHF","og_availability":"out of stock","product_availability":"out of stock","product_retailer_item_id":"183405000094","product_condition":"new"},"_links":{"self":[{"href":"https:\/\/ecosupplements.ch\/index.php?rest_route=\/wp\/v2\/product\/2058","targetHints":{"allow":["GET"]}}],"collection":[{"href":"https:\/\/ecosupplements.ch\/index.php?rest_route=\/wp\/v2\/product"}],"about":[{"href":"https:\/\/ecosupplements.ch\/index.php?rest_route=\/wp\/v2\/types\/product"}],"replies":[{"embeddable":true,"href":"https:\/\/ecosupplements.ch\/index.php?rest_route=%2Fwp%2Fv2%2Fcomments&post=2058"}],"wp:featuredmedia":[{"embeddable":true,"href":"https:\/\/ecosupplements.ch\/index.php?rest_route=\/wp\/v2\/media\/2059"}],"wp:attachment":[{"href":"https:\/\/ecosupplements.ch\/index.php?rest_route=%2Fwp%2Fv2%2Fmedia&parent=2058"}],"wp:term":[{"taxonomy":"product_brand","embeddable":true,"href":"https:\/\/ecosupplements.ch\/index.php?rest_route=%2Fwp%2Fv2%2Fproduct_brand&post=2058"},{"taxonomy":"product_cat","embeddable":true,"href":"https:\/\/ecosupplements.ch\/index.php?rest_route=%2Fwp%2Fv2%2Fproduct_cat&post=2058"},{"taxonomy":"product_tag","embeddable":true,"href":"https:\/\/ecosupplements.ch\/index.php?rest_route=%2Fwp%2Fv2%2Fproduct_tag&post=2058"}],"curies":[{"name":"wp","href":"https:\/\/api.w.org\/{rel}","templated":true}]}}