{"id":2276,"date":"2026-05-11T14:35:12","date_gmt":"2026-05-11T14:35:12","guid":{"rendered":"https:\/\/ecosupplements.ch\/?product=shark-cartilage-750mg-300-caps"},"modified":"2026-05-13T07:23:25","modified_gmt":"2026-05-13T07:23:25","slug":"shark-cartilage-750mg-300-caps","status":"publish","type":"product","link":"https:\/\/ecosupplements.ch\/?product=shark-cartilage-750mg-300-caps","title":{"rendered":"Shark Cartilage, 750mg &#8211; 300 caps"},"content":{"rendered":"<div class=\"chcg-product-description\">\n<h2 class=\"chcg-heading\">\u00dcber NOW Foods \u2013 Shark Cartilage, 750mg \u2013 300 Kapseln<\/h2>\n<div class=\"chcg-intro\">\n<p>Shark Cartilage von NOW Foods liefert pro Tagesportion (6 Kapseln) 4&#8217;500 mg reinen Haifischknorpel mit nat\u00fcrlichen Mukopolysacchariden \u2013 einem strukturellen Bestandteil des Knorpelgewebes, der von Natur aus in dieser Rohstoffquelle vorkommt. Jede einzelne Kapsel enth\u00e4lt 750 mg Haifischknorpel, was eine flexible und bedarfsgerechte Dosierung \u00fcber den Tag verteilt erm\u00f6glicht.<\/p>\n<p>Das Produkt zeichnet sich durch seine hohe Konzentration an Calcium aus: Eine Tagesportion deckt rund 77 % des empfohlenen Tagesbedarfs an Calcium. Calcium tr\u00e4gt zur normalen Erhaltung der Knochen und Z\u00e4hne bei und wird f\u00fcr die normale Muskelfunktion ben\u00f6tigt.<\/p>\n<p>NOW Foods steht seit Jahrzehnten f\u00fcr transparente Qualit\u00e4tsstandards und produziert dieses Pr\u00e4parat in einer nach GMP-Richtlinien zertifizierten Anlage. Mit 300 Kapseln pro Packung ist dieses Produkt eine ergiebige Wahl f\u00fcr eine langfristige Anwendung.<\/p>\n<\/p><\/div>\n<div class=\"chcg-nutrition\">\n<h3>N\u00e4hrwertangaben<\/h3>\n<table class=\"chcg-nutrition-table\">\n<thead>\n<tr>\n<th>N\u00e4hrstoff<\/th>\n<th>Pro Portion (6 Kapseln)<\/th>\n<\/tr>\n<\/thead>\n<tbody>\n<tr>\n<td>Kalorien<\/td>\n<td>10<\/td>\n<\/tr>\n<tr>\n<td>Kohlenhydrate total<\/td>\n<td>1 g (&lt;1 % des Tagesbedarfs*)<\/td>\n<\/tr>\n<tr>\n<td>Protein<\/td>\n<td>2 g (4 % des Tagesbedarfs*)<\/td>\n<\/tr>\n<tr>\n<td>Calcium<\/td>\n<td>1&#8217;000 mg (77 % des Tagesbedarfs*)<\/td>\n<\/tr>\n<tr>\n<td>Natrium<\/td>\n<td>55 mg (2 % des Tagesbedarfs*)<\/td>\n<\/tr>\n<tr>\n<td>Haifischknorpel (mit nat\u00fcrlichen Mukopolysacchariden)<\/td>\n<td>4&#8217;500 mg**<\/td>\n<\/tr>\n<\/tbody>\n<\/table>\n<p class=\"chcg-footnote\">* Prozentualer Tagesbedarf basiert auf einer Ern\u00e4hrung mit 2&#8217;000 Kalorien pro Tag.<\/p>\n<p class=\"chcg-footnote\">** Kein festgelegter Tagesbedarf.<\/p>\n<\/p><\/div>\n<div class=\"chcg-ingredients\">\n<h3>Zutaten<\/h3>\n<p>Haifischknorpel (mit nat\u00fcrlichen Mukopolysacchariden) 4&#8217;500 mg (4,5 g) pro Portion (6 Kapseln). Weitere Zutaten: Gelatine (Kapsel), Cellulose, Magnesiumstearat (pflanzliche Quelle), Stearins\u00e4ure (pflanzliche Quelle) und Siliziumdioxid.<\/p>\n<p class=\"chcg-capsule-shell\">Kapselh\u00fclle: Gelatine<\/p>\n<\/p><\/div>\n<div class=\"chcg-dosage\">\n<h3>Verzehrempfehlung<\/h3>\n<p>T\u00e4glich 6 Kapseln einnehmen, vorzugsweise auf mehrere Einnahmen aufgeteilt (z. B. 2 Kapseln 3-mal t\u00e4glich).<\/p>\n<\/p><\/div>\n<div class=\"chcg-warnings\">\n<h3>Warnhinweise<\/h3>\n<p>Nur f\u00fcr Erwachsene. Vor der Einnahme einen Arzt konsultieren bei Schwangerschaft oder Stillzeit, bei Einnahme von Medikamenten, nach einer k\u00fcrzlich erfolgten Operation oder bei bestehenden gesundheitlichen Beschwerden (insbesondere Herz- oder Kreislauferkrankungen oder Hyperkalz\u00e4mie). Ausserhalb der Reichweite von Kindern aufbewahren. Frischhaltemittel im Beh\u00e4lter nicht verzehren. Im Beh\u00e4lter aufbewahren. Bei diesem Produkt k\u00f6nnen nat\u00fcrliche Farbvariationen auftreten.<\/p>\n<\/p><\/div>\n<div class=\"chcg-allergens\">\n<h3>Allergeninformationen<\/h3>\n<p>Enth\u00e4lt Fisch (Hai). Nicht hergestellt mit Hefe, Weizen, Gluten, Soja, Mais, Milch, Ei, Schalentieren oder Baumn\u00fcssen. Produziert in einer GMP-zertifizierten Anlage, die auch andere Zutaten verarbeitet, die diese Allergene enthalten k\u00f6nnen.<\/p>\n<\/p><\/div>\n<div class=\"chcg-storage\">\n<h3>Lagerung<\/h3>\n<p>Nach dem \u00d6ffnen k\u00fchl und trocken lagern.<\/p>\n<\/p><\/div>\n<div class=\"chcg-dietary\">\n<h3>Ern\u00e4hrungshinweise<\/h3>\n<ul>\n<li>Glutenfrei<\/li>\n<li>Laktosefrei<\/li>\n<\/ul><\/div>\n<\/div>\n","protected":false},"excerpt":{"rendered":"<p>Shark Cartilage von NOW Foods liefert 4&#8217;500 mg Haifischknorpel mit nat\u00fcrlichen Mukopolysacchariden pro Tagesportion sowie 1&#8217;000 mg Calcium. Erh\u00e4ltlich als praktische 300-Kapseln-Packung f\u00fcr eine langfristige Anwendung.<\/p>\n","protected":false},"featured_media":2277,"comment_status":"closed","ping_status":"open","template":"","meta":[],"product_brand":[207],"product_cat":[48,25,26,21],"product_tag":[],"class_list":{"0":"post-2276","1":"product","2":"type-product","3":"status-publish","4":"has-post-thumbnail","6":"product_brand-now-foods","7":"product_cat-gesunde-ernaehrung","8":"product_cat-gesundheit-und-wohlbefinden","9":"product_cat-multivitamine","10":"product_cat-vitamine-und-mineralstoffe","12":"first","13":"outofstock","14":"taxable","15":"shipping-taxable","16":"purchasable","17":"product-type-simple"},"yoast_head":"<!-- This site is optimized with the Yoast SEO plugin v27.5 - https:\/\/yoast.com\/product\/yoast-seo-wordpress\/ -->\n<title>Shark Cartilage 750mg \u2013 NOW Foods | ecosupplements.ch<\/title>\n<meta name=\"description\" content=\"NOW Foods Shark Cartilage mit 4&#039;500 mg pro Portion und 77 % des Tages-Calciumbedarfs \u2013 300 Kapseln f\u00fcr eine langfristige Anwendung. Jetzt bestellen.\" \/>\n<meta name=\"robots\" content=\"index, follow, max-snippet:-1, max-image-preview:large, max-video-preview:-1\" \/>\n<link rel=\"canonical\" href=\"https:\/\/ecosupplements.ch\/?product=shark-cartilage-750mg-300-caps\" \/>\n<meta property=\"og:locale\" content=\"de_DE\" \/>\n<meta property=\"og:type\" content=\"article\" \/>\n<meta property=\"og:title\" content=\"Shark Cartilage 750mg \u2013 NOW Foods | ecosupplements.ch\" \/>\n<meta property=\"og:description\" content=\"NOW Foods Shark Cartilage mit 4&#039;500 mg pro Portion und 77 % des Tages-Calciumbedarfs \u2013 300 Kapseln f\u00fcr eine langfristige Anwendung. Jetzt bestellen.\" \/>\n<meta property=\"og:url\" content=\"https:\/\/ecosupplements.ch\/?product=shark-cartilage-750mg-300-caps\" \/>\n<meta property=\"og:site_name\" content=\"Eco Supplements\" \/>\n<meta property=\"article:modified_time\" content=\"2026-05-13T07:23:25+00:00\" \/>\n<meta property=\"og:image\" content=\"https:\/\/ecosupplements.ch\/wp-content\/uploads\/2026\/05\/Shark-Cartilage-750mg-300-caps.jpg\" \/>\n\t<meta property=\"og:image:width\" content=\"478\" \/>\n\t<meta property=\"og:image:height\" content=\"880\" \/>\n\t<meta property=\"og:image:type\" content=\"image\/jpeg\" \/>\n<meta name=\"twitter:card\" content=\"summary_large_image\" \/>\n<meta name=\"twitter:label1\" content=\"Price\" \/>\n\t<meta name=\"twitter:data1\" content=\"&#067;&#072;&#070;&nbsp;42.94\" \/>\n\t<meta name=\"twitter:label2\" content=\"Availability\" \/>\n\t<meta name=\"twitter:data2\" content=\"Out of stock\" \/>\n<script type=\"application\/ld+json\" class=\"yoast-schema-graph\">{\"@context\":\"https:\\\/\\\/schema.org\",\"@graph\":[{\"@type\":\"WebPage\",\"@id\":\"https:\\\/\\\/ecosupplements.ch\\\/?product=shark-cartilage-750mg-300-caps\",\"url\":\"https:\\\/\\\/ecosupplements.ch\\\/?product=shark-cartilage-750mg-300-caps\",\"name\":\"Shark Cartilage 750mg \u2013 NOW Foods | ecosupplements.ch\",\"isPartOf\":{\"@id\":\"https:\\\/\\\/ecosupplements.ch\\\/#website\"},\"primaryImageOfPage\":{\"@id\":\"https:\\\/\\\/ecosupplements.ch\\\/?product=shark-cartilage-750mg-300-caps#primaryimage\"},\"image\":{\"@id\":\"https:\\\/\\\/ecosupplements.ch\\\/?product=shark-cartilage-750mg-300-caps#primaryimage\"},\"thumbnailUrl\":\"https:\\\/\\\/ecosupplements.ch\\\/wp-content\\\/uploads\\\/2026\\\/05\\\/Shark-Cartilage-750mg-300-caps.jpg\",\"datePublished\":\"2026-05-11T14:35:12+00:00\",\"dateModified\":\"2026-05-13T07:23:25+00:00\",\"description\":\"NOW Foods Shark Cartilage mit 4'500 mg pro Portion und 77 % des Tages-Calciumbedarfs \u2013 300 Kapseln f\u00fcr eine langfristige Anwendung. Jetzt bestellen.\",\"breadcrumb\":{\"@id\":\"https:\\\/\\\/ecosupplements.ch\\\/?product=shark-cartilage-750mg-300-caps#breadcrumb\"},\"inLanguage\":\"de-CH\",\"potentialAction\":[{\"@type\":\"ReadAction\",\"target\":[\"https:\\\/\\\/ecosupplements.ch\\\/?product=shark-cartilage-750mg-300-caps\"]}]},{\"@type\":\"ImageObject\",\"inLanguage\":\"de-CH\",\"@id\":\"https:\\\/\\\/ecosupplements.ch\\\/?product=shark-cartilage-750mg-300-caps#primaryimage\",\"url\":\"https:\\\/\\\/ecosupplements.ch\\\/wp-content\\\/uploads\\\/2026\\\/05\\\/Shark-Cartilage-750mg-300-caps.jpg\",\"contentUrl\":\"https:\\\/\\\/ecosupplements.ch\\\/wp-content\\\/uploads\\\/2026\\\/05\\\/Shark-Cartilage-750mg-300-caps.jpg\",\"width\":478,\"height\":880,\"caption\":\"Shark Cartilage\"},{\"@type\":\"BreadcrumbList\",\"@id\":\"https:\\\/\\\/ecosupplements.ch\\\/?product=shark-cartilage-750mg-300-caps#breadcrumb\",\"itemListElement\":[{\"@type\":\"ListItem\",\"position\":1,\"name\":\"Home\",\"item\":\"https:\\\/\\\/ecosupplements.ch\\\/\"},{\"@type\":\"ListItem\",\"position\":2,\"name\":\"Shop\",\"item\":\"https:\\\/\\\/ecosupplements.ch\\\/?page_id=14\"},{\"@type\":\"ListItem\",\"position\":3,\"name\":\"Shark Cartilage, 750mg &#8211; 300 caps\"}]},{\"@type\":\"WebSite\",\"@id\":\"https:\\\/\\\/ecosupplements.ch\\\/#website\",\"url\":\"https:\\\/\\\/ecosupplements.ch\\\/\",\"name\":\"Eco Supplements\",\"description\":\"\",\"potentialAction\":[{\"@type\":\"SearchAction\",\"target\":{\"@type\":\"EntryPoint\",\"urlTemplate\":\"https:\\\/\\\/ecosupplements.ch\\\/?s={search_term_string}\"},\"query-input\":{\"@type\":\"PropertyValueSpecification\",\"valueRequired\":true,\"valueName\":\"search_term_string\"}}],\"inLanguage\":\"de-CH\"}]}<\/script>\n<meta property=\"product:price:amount\" content=\"42.94\" \/>\n<meta property=\"product:price:currency\" content=\"CHF\" \/>\n<meta property=\"og:availability\" content=\"out of stock\" \/>\n<meta property=\"product:availability\" content=\"out of stock\" \/>\n<meta property=\"product:retailer_item_id\" content=\"733739032720\" \/>\n<meta property=\"product:condition\" content=\"new\" \/>\n<!-- \/ Yoast SEO plugin. -->","yoast_head_json":{"title":"Shark Cartilage 750mg \u2013 NOW Foods | ecosupplements.ch","description":"NOW Foods Shark Cartilage mit 4'500 mg pro Portion und 77 % des Tages-Calciumbedarfs \u2013 300 Kapseln f\u00fcr eine langfristige Anwendung. Jetzt bestellen.","robots":{"index":"index","follow":"follow","max-snippet":"max-snippet:-1","max-image-preview":"max-image-preview:large","max-video-preview":"max-video-preview:-1"},"canonical":"https:\/\/ecosupplements.ch\/?product=shark-cartilage-750mg-300-caps","og_locale":"de_DE","og_type":"article","og_title":"Shark Cartilage 750mg \u2013 NOW Foods | ecosupplements.ch","og_description":"NOW Foods Shark Cartilage mit 4'500 mg pro Portion und 77 % des Tages-Calciumbedarfs \u2013 300 Kapseln f\u00fcr eine langfristige Anwendung. Jetzt bestellen.","og_url":"https:\/\/ecosupplements.ch\/?product=shark-cartilage-750mg-300-caps","og_site_name":"Eco Supplements","article_modified_time":"2026-05-13T07:23:25+00:00","og_image":[{"width":478,"height":880,"url":"https:\/\/ecosupplements.ch\/wp-content\/uploads\/2026\/05\/Shark-Cartilage-750mg-300-caps.jpg","type":"image\/jpeg"}],"twitter_card":"summary_large_image","twitter_misc":{"Price":"&#67;&#72;&#70;&nbsp;42.94","Availability":"Out of stock"},"schema":{"@context":"https:\/\/schema.org","@graph":[{"@type":"WebPage","@id":"https:\/\/ecosupplements.ch\/?product=shark-cartilage-750mg-300-caps","url":"https:\/\/ecosupplements.ch\/?product=shark-cartilage-750mg-300-caps","name":"Shark Cartilage 750mg \u2013 NOW Foods | ecosupplements.ch","isPartOf":{"@id":"https:\/\/ecosupplements.ch\/#website"},"primaryImageOfPage":{"@id":"https:\/\/ecosupplements.ch\/?product=shark-cartilage-750mg-300-caps#primaryimage"},"image":{"@id":"https:\/\/ecosupplements.ch\/?product=shark-cartilage-750mg-300-caps#primaryimage"},"thumbnailUrl":"https:\/\/ecosupplements.ch\/wp-content\/uploads\/2026\/05\/Shark-Cartilage-750mg-300-caps.jpg","datePublished":"2026-05-11T14:35:12+00:00","dateModified":"2026-05-13T07:23:25+00:00","description":"NOW Foods Shark Cartilage mit 4'500 mg pro Portion und 77 % des Tages-Calciumbedarfs \u2013 300 Kapseln f\u00fcr eine langfristige Anwendung. Jetzt bestellen.","breadcrumb":{"@id":"https:\/\/ecosupplements.ch\/?product=shark-cartilage-750mg-300-caps#breadcrumb"},"inLanguage":"de-CH","potentialAction":[{"@type":"ReadAction","target":["https:\/\/ecosupplements.ch\/?product=shark-cartilage-750mg-300-caps"]}]},{"@type":"ImageObject","inLanguage":"de-CH","@id":"https:\/\/ecosupplements.ch\/?product=shark-cartilage-750mg-300-caps#primaryimage","url":"https:\/\/ecosupplements.ch\/wp-content\/uploads\/2026\/05\/Shark-Cartilage-750mg-300-caps.jpg","contentUrl":"https:\/\/ecosupplements.ch\/wp-content\/uploads\/2026\/05\/Shark-Cartilage-750mg-300-caps.jpg","width":478,"height":880,"caption":"Shark Cartilage"},{"@type":"BreadcrumbList","@id":"https:\/\/ecosupplements.ch\/?product=shark-cartilage-750mg-300-caps#breadcrumb","itemListElement":[{"@type":"ListItem","position":1,"name":"Home","item":"https:\/\/ecosupplements.ch\/"},{"@type":"ListItem","position":2,"name":"Shop","item":"https:\/\/ecosupplements.ch\/?page_id=14"},{"@type":"ListItem","position":3,"name":"Shark Cartilage, 750mg &#8211; 300 caps"}]},{"@type":"WebSite","@id":"https:\/\/ecosupplements.ch\/#website","url":"https:\/\/ecosupplements.ch\/","name":"Eco Supplements","description":"","potentialAction":[{"@type":"SearchAction","target":{"@type":"EntryPoint","urlTemplate":"https:\/\/ecosupplements.ch\/?s={search_term_string}"},"query-input":{"@type":"PropertyValueSpecification","valueRequired":true,"valueName":"search_term_string"}}],"inLanguage":"de-CH"}]},"product_price_amount":"42.94","product_price_currency":"CHF","og_availability":"out of stock","product_availability":"out of stock","product_retailer_item_id":"733739032720","product_condition":"new"},"_links":{"self":[{"href":"https:\/\/ecosupplements.ch\/index.php?rest_route=\/wp\/v2\/product\/2276","targetHints":{"allow":["GET"]}}],"collection":[{"href":"https:\/\/ecosupplements.ch\/index.php?rest_route=\/wp\/v2\/product"}],"about":[{"href":"https:\/\/ecosupplements.ch\/index.php?rest_route=\/wp\/v2\/types\/product"}],"replies":[{"embeddable":true,"href":"https:\/\/ecosupplements.ch\/index.php?rest_route=%2Fwp%2Fv2%2Fcomments&post=2276"}],"wp:featuredmedia":[{"embeddable":true,"href":"https:\/\/ecosupplements.ch\/index.php?rest_route=\/wp\/v2\/media\/2277"}],"wp:attachment":[{"href":"https:\/\/ecosupplements.ch\/index.php?rest_route=%2Fwp%2Fv2%2Fmedia&parent=2276"}],"wp:term":[{"taxonomy":"product_brand","embeddable":true,"href":"https:\/\/ecosupplements.ch\/index.php?rest_route=%2Fwp%2Fv2%2Fproduct_brand&post=2276"},{"taxonomy":"product_cat","embeddable":true,"href":"https:\/\/ecosupplements.ch\/index.php?rest_route=%2Fwp%2Fv2%2Fproduct_cat&post=2276"},{"taxonomy":"product_tag","embeddable":true,"href":"https:\/\/ecosupplements.ch\/index.php?rest_route=%2Fwp%2Fv2%2Fproduct_tag&post=2276"}],"curies":[{"name":"wp","href":"https:\/\/api.w.org\/{rel}","templated":true}]}}