{"id":2323,"date":"2026-05-11T14:35:33","date_gmt":"2026-05-11T14:35:33","guid":{"rendered":"https:\/\/ecosupplements.ch\/?product=xyliwhite-coconut-oil-toothpaste-gel-181g"},"modified":"2026-05-13T07:23:34","modified_gmt":"2026-05-13T07:23:34","slug":"xyliwhite-coconut-oil-toothpaste-gel-181g","status":"publish","type":"product","link":"https:\/\/ecosupplements.ch\/?product=xyliwhite-coconut-oil-toothpaste-gel-181g","title":{"rendered":"XyliWhite, Coconut Oil Toothpaste Gel &#8211; 181g"},"content":{"rendered":"<div class=\"chcg-product-description\">\n<h2 class=\"chcg-heading\">\u00dcber NOW Foods \u2013 XyliWhite, Coconut Oil Zahnpasta-Gel \u2013 181g<\/h2>\n<div class=\"chcg-intro\">\n<p>Das XyliWhite Coconut Oil Zahnpasta-Gel von NOW Foods vereint die bekannten Eigenschaften von Xylitol mit dem nat\u00fcrlichen Pflegeeffekt von Kokos\u00f6l zu einem erfrischenden Mundpflegeprodukt. Mit einem Xylitol-Anteil von 25 % und 10 % Cocos Nucifera (Kokosnuss) \u00d6l bietet dieses Gel eine angenehme, schaumige Reinigung \u2013 ganz ohne Fluorid, SLS (Natriumlaurylsulfat) und Parabene.<\/p>\n<p>Die nat\u00fcrliche Aufhellwirkung wird durch Papain unterst\u00fctzt, ein pflanzliches Enzym aus der Papaya, das sanft auf Zahnbel\u00e4ge einwirkt. Nat\u00fcrliches Kokosaroma und Menthol sorgen f\u00fcr einen frischen, angenehmen Geschmack nach jeder Anwendung. Erg\u00e4nzt wird die Formel durch Teebaum\u00f6l (Melaleuca Alternifolia) und Natriumbicarbonat f\u00fcr eine umfassende Mundpflege.<\/p>\n<p>XyliWhite eignet sich f\u00fcr Erwachsene und Kinder ab 2 Jahren und ist vegan, vegetarisch sowie glutenfrei. Es enth\u00e4lt weder Gluten noch k\u00fcnstliche Konservierungsmittel auf Parabenbasis \u2013 eine sorgf\u00e4ltig zusammengestellte Formel f\u00fcr alle, die auf saubere Inhaltsstoffe Wert legen.<\/p>\n<\/p><\/div>\n<div class=\"chcg-ingredients\">\n<h3>Zutaten<\/h3>\n<p>Xylitol (25%), Glycerin, hydratiertes Silica, Wasser, Sorbitol, Cocos Nucifera (Kokosnuss) \u00d6l (10%), Sodium Coco-Sulfate, nat\u00fcrliches Kokosaroma, Xanthan Gum, Kaliumsorbat, Sorbins\u00e4ure, Papain, Menthol, Natriumbicarbonat, Natriumcarbonat, Melaleuca Alternifolia (Teebaum) Blatt\u00f6l.<\/p>\n<\/p><\/div>\n<div class=\"chcg-dosage\">\n<h3>Anwendungsempfehlung<\/h3>\n<p>F\u00fcr Erwachsene und Kinder ab 2 Jahren: XyliWhite Zahnpasta-Gel auf eine weiche Zahnb\u00fcrste auftragen. Gr\u00fcndlich nach den Mahlzeiten putzen, mindestens zweimal t\u00e4glich, oder gem\u00e4ss Anweisung Ihrer Zahn\u00e4rztin bzw. Ihres Zahnarztes.<\/p>\n<\/p><\/div>\n<div class=\"chcg-warnings\">\n<h3>Warnhinweise<\/h3>\n<p>WARNUNG: Die Aufnahme von Xylitol \u2013 in jeglichem Produkt \u2013 ist ein tier\u00e4rztlicher Notfall, wenn es von Haustieren, insbesondere Hunden, Frettchen und Kaninchen, konsumiert wird. Wenn Sie vermuten, dass Ihr Tier Xylitol aufgenommen hat \u2013 sei es weil Sie es beobachtet haben oder weil Sie einen angebissenen Beh\u00e4lter oder angeknabbertes Produkt vorgefunden haben \u2013 und das Tier sich normal verh\u00e4lt, sollten Sie versuchen, dem Tier eine kleine Mahlzeit zu geben und gleichzeitig sofort tier\u00e4rztliche Hilfe in Anspruch nehmen. Wenn Sie Hinweise darauf haben, dass das Tier ein xylitolhaltiges Produkt aufgenommen hat und sich das Tier nicht normal verh\u00e4lt, suchen Sie sofort tier\u00e4rztliche Hilfe auf, ohne dem Tier vorher Futter zu geben.<\/p>\n<\/p><\/div>\n<div class=\"chcg-allergens\">\n<h3>Allergeninformationen<\/h3>\n<p>Auf der Produktverpackung sind keine Allergene deklariert. Das Produkt ist frei von Gluten, SLS (Natriumlaurylsulfat), Fluorid und Parabenen.<\/p>\n<\/p><\/div>\n<div class=\"chcg-storage\">\n<h3>Lagerung<\/h3>\n<p>An einem k\u00fchlen, trockenen Ort aufbewahren.<\/p>\n<\/p><\/div>\n<div class=\"chcg-dietary\">\n<h3>Ern\u00e4hrungshinweise<\/h3>\n<ul>\n<li>Vegan<\/li>\n<li>Vegetarisch<\/li>\n<li>Glutenfrei<\/li>\n<li>Laktosefrei<\/li>\n<\/ul><\/div>\n<\/div>\n","protected":false},"excerpt":{"rendered":"<p>XyliWhite Coconut Oil Zahnpasta-Gel von NOW Foods reinigt und pflegt nat\u00fcrlich mit 25% Xylitol, 10% Kokos\u00f6l und Papain \u2013 ohne Fluorid, SLS oder Parabene. Inhalt: 181 g.<\/p>\n","protected":false},"featured_media":2324,"comment_status":"closed","ping_status":"open","template":"","meta":[],"product_brand":[207],"product_cat":[48,25,134],"product_tag":[],"class_list":{"0":"post-2323","1":"product","2":"type-product","3":"status-publish","4":"has-post-thumbnail","6":"product_brand-now-foods","7":"product_cat-gesunde-ernaehrung","8":"product_cat-gesundheit-und-wohlbefinden","9":"product_cat-schoenheit","11":"first","12":"outofstock","13":"taxable","14":"shipping-taxable","15":"purchasable","16":"product-type-simple"},"yoast_head":"<!-- This site is optimized with the Yoast SEO plugin v27.5 - https:\/\/yoast.com\/product\/yoast-seo-wordpress\/ -->\n<title>XyliWhite Coconut Oil Zahnpasta-Gel \u2013 NOW Foods | ecosupplements.ch<\/title>\n<meta name=\"description\" content=\"Nat\u00fcrliche Mundpflege mit 25% Xylitol und Kokos\u00f6l \u2013 fluorid- und SLS-frei, vegan, 181 g. Jetzt bestellen.\" \/>\n<meta name=\"robots\" content=\"index, follow, max-snippet:-1, max-image-preview:large, max-video-preview:-1\" \/>\n<link rel=\"canonical\" href=\"https:\/\/ecosupplements.ch\/?product=xyliwhite-coconut-oil-toothpaste-gel-181g\" \/>\n<meta property=\"og:locale\" content=\"de_DE\" \/>\n<meta property=\"og:type\" content=\"article\" \/>\n<meta property=\"og:title\" content=\"XyliWhite Coconut Oil Zahnpasta-Gel \u2013 NOW Foods | ecosupplements.ch\" \/>\n<meta property=\"og:description\" content=\"Nat\u00fcrliche Mundpflege mit 25% Xylitol und Kokos\u00f6l \u2013 fluorid- und SLS-frei, vegan, 181 g. Jetzt bestellen.\" \/>\n<meta property=\"og:url\" content=\"https:\/\/ecosupplements.ch\/?product=xyliwhite-coconut-oil-toothpaste-gel-181g\" \/>\n<meta property=\"og:site_name\" content=\"Eco Supplements\" \/>\n<meta property=\"article:modified_time\" content=\"2026-05-13T07:23:34+00:00\" \/>\n<meta property=\"og:image\" content=\"https:\/\/ecosupplements.ch\/wp-content\/uploads\/2026\/05\/XyliWhite-Coconut-Oil-Toothpaste-Gel-181g.jpg\" \/>\n\t<meta property=\"og:image:width\" content=\"620\" \/>\n\t<meta property=\"og:image:height\" content=\"180\" \/>\n\t<meta property=\"og:image:type\" content=\"image\/jpeg\" \/>\n<meta name=\"twitter:card\" content=\"summary_large_image\" \/>\n<meta name=\"twitter:label1\" content=\"Price\" \/>\n\t<meta name=\"twitter:data1\" content=\"&#067;&#072;&#070;&nbsp;7.28\" \/>\n\t<meta name=\"twitter:label2\" content=\"Availability\" \/>\n\t<meta name=\"twitter:data2\" content=\"Out of stock\" \/>\n<script type=\"application\/ld+json\" class=\"yoast-schema-graph\">{\"@context\":\"https:\\\/\\\/schema.org\",\"@graph\":[{\"@type\":\"WebPage\",\"@id\":\"https:\\\/\\\/ecosupplements.ch\\\/?product=xyliwhite-coconut-oil-toothpaste-gel-181g\",\"url\":\"https:\\\/\\\/ecosupplements.ch\\\/?product=xyliwhite-coconut-oil-toothpaste-gel-181g\",\"name\":\"XyliWhite Coconut Oil Zahnpasta-Gel \u2013 NOW Foods | ecosupplements.ch\",\"isPartOf\":{\"@id\":\"https:\\\/\\\/ecosupplements.ch\\\/#website\"},\"primaryImageOfPage\":{\"@id\":\"https:\\\/\\\/ecosupplements.ch\\\/?product=xyliwhite-coconut-oil-toothpaste-gel-181g#primaryimage\"},\"image\":{\"@id\":\"https:\\\/\\\/ecosupplements.ch\\\/?product=xyliwhite-coconut-oil-toothpaste-gel-181g#primaryimage\"},\"thumbnailUrl\":\"https:\\\/\\\/ecosupplements.ch\\\/wp-content\\\/uploads\\\/2026\\\/05\\\/XyliWhite-Coconut-Oil-Toothpaste-Gel-181g.jpg\",\"datePublished\":\"2026-05-11T14:35:33+00:00\",\"dateModified\":\"2026-05-13T07:23:34+00:00\",\"description\":\"Nat\u00fcrliche Mundpflege mit 25% Xylitol und Kokos\u00f6l \u2013 fluorid- und SLS-frei, vegan, 181 g. Jetzt bestellen.\",\"breadcrumb\":{\"@id\":\"https:\\\/\\\/ecosupplements.ch\\\/?product=xyliwhite-coconut-oil-toothpaste-gel-181g#breadcrumb\"},\"inLanguage\":\"de-CH\",\"potentialAction\":[{\"@type\":\"ReadAction\",\"target\":[\"https:\\\/\\\/ecosupplements.ch\\\/?product=xyliwhite-coconut-oil-toothpaste-gel-181g\"]}]},{\"@type\":\"ImageObject\",\"inLanguage\":\"de-CH\",\"@id\":\"https:\\\/\\\/ecosupplements.ch\\\/?product=xyliwhite-coconut-oil-toothpaste-gel-181g#primaryimage\",\"url\":\"https:\\\/\\\/ecosupplements.ch\\\/wp-content\\\/uploads\\\/2026\\\/05\\\/XyliWhite-Coconut-Oil-Toothpaste-Gel-181g.jpg\",\"contentUrl\":\"https:\\\/\\\/ecosupplements.ch\\\/wp-content\\\/uploads\\\/2026\\\/05\\\/XyliWhite-Coconut-Oil-Toothpaste-Gel-181g.jpg\",\"width\":620,\"height\":180,\"caption\":\"XyliWhite\"},{\"@type\":\"BreadcrumbList\",\"@id\":\"https:\\\/\\\/ecosupplements.ch\\\/?product=xyliwhite-coconut-oil-toothpaste-gel-181g#breadcrumb\",\"itemListElement\":[{\"@type\":\"ListItem\",\"position\":1,\"name\":\"Home\",\"item\":\"https:\\\/\\\/ecosupplements.ch\\\/\"},{\"@type\":\"ListItem\",\"position\":2,\"name\":\"Shop\",\"item\":\"https:\\\/\\\/ecosupplements.ch\\\/?page_id=14\"},{\"@type\":\"ListItem\",\"position\":3,\"name\":\"XyliWhite, Coconut Oil Toothpaste Gel &#8211; 181g\"}]},{\"@type\":\"WebSite\",\"@id\":\"https:\\\/\\\/ecosupplements.ch\\\/#website\",\"url\":\"https:\\\/\\\/ecosupplements.ch\\\/\",\"name\":\"Eco Supplements\",\"description\":\"\",\"potentialAction\":[{\"@type\":\"SearchAction\",\"target\":{\"@type\":\"EntryPoint\",\"urlTemplate\":\"https:\\\/\\\/ecosupplements.ch\\\/?s={search_term_string}\"},\"query-input\":{\"@type\":\"PropertyValueSpecification\",\"valueRequired\":true,\"valueName\":\"search_term_string\"}}],\"inLanguage\":\"de-CH\"}]}<\/script>\n<meta property=\"product:price:amount\" content=\"7.28\" \/>\n<meta property=\"product:price:currency\" content=\"CHF\" \/>\n<meta property=\"og:availability\" content=\"out of stock\" \/>\n<meta property=\"product:availability\" content=\"out of stock\" \/>\n<meta property=\"product:retailer_item_id\" content=\"733739081025\" \/>\n<meta property=\"product:condition\" content=\"new\" \/>\n<!-- \/ Yoast SEO plugin. -->","yoast_head_json":{"title":"XyliWhite Coconut Oil Zahnpasta-Gel \u2013 NOW Foods | ecosupplements.ch","description":"Nat\u00fcrliche Mundpflege mit 25% Xylitol und Kokos\u00f6l \u2013 fluorid- und SLS-frei, vegan, 181 g. Jetzt bestellen.","robots":{"index":"index","follow":"follow","max-snippet":"max-snippet:-1","max-image-preview":"max-image-preview:large","max-video-preview":"max-video-preview:-1"},"canonical":"https:\/\/ecosupplements.ch\/?product=xyliwhite-coconut-oil-toothpaste-gel-181g","og_locale":"de_DE","og_type":"article","og_title":"XyliWhite Coconut Oil Zahnpasta-Gel \u2013 NOW Foods | ecosupplements.ch","og_description":"Nat\u00fcrliche Mundpflege mit 25% Xylitol und Kokos\u00f6l \u2013 fluorid- und SLS-frei, vegan, 181 g. Jetzt bestellen.","og_url":"https:\/\/ecosupplements.ch\/?product=xyliwhite-coconut-oil-toothpaste-gel-181g","og_site_name":"Eco Supplements","article_modified_time":"2026-05-13T07:23:34+00:00","og_image":[{"width":620,"height":180,"url":"https:\/\/ecosupplements.ch\/wp-content\/uploads\/2026\/05\/XyliWhite-Coconut-Oil-Toothpaste-Gel-181g.jpg","type":"image\/jpeg"}],"twitter_card":"summary_large_image","twitter_misc":{"Price":"&#67;&#72;&#70;&nbsp;7.28","Availability":"Out of stock"},"schema":{"@context":"https:\/\/schema.org","@graph":[{"@type":"WebPage","@id":"https:\/\/ecosupplements.ch\/?product=xyliwhite-coconut-oil-toothpaste-gel-181g","url":"https:\/\/ecosupplements.ch\/?product=xyliwhite-coconut-oil-toothpaste-gel-181g","name":"XyliWhite Coconut Oil Zahnpasta-Gel \u2013 NOW Foods | ecosupplements.ch","isPartOf":{"@id":"https:\/\/ecosupplements.ch\/#website"},"primaryImageOfPage":{"@id":"https:\/\/ecosupplements.ch\/?product=xyliwhite-coconut-oil-toothpaste-gel-181g#primaryimage"},"image":{"@id":"https:\/\/ecosupplements.ch\/?product=xyliwhite-coconut-oil-toothpaste-gel-181g#primaryimage"},"thumbnailUrl":"https:\/\/ecosupplements.ch\/wp-content\/uploads\/2026\/05\/XyliWhite-Coconut-Oil-Toothpaste-Gel-181g.jpg","datePublished":"2026-05-11T14:35:33+00:00","dateModified":"2026-05-13T07:23:34+00:00","description":"Nat\u00fcrliche Mundpflege mit 25% Xylitol und Kokos\u00f6l \u2013 fluorid- und SLS-frei, vegan, 181 g. Jetzt bestellen.","breadcrumb":{"@id":"https:\/\/ecosupplements.ch\/?product=xyliwhite-coconut-oil-toothpaste-gel-181g#breadcrumb"},"inLanguage":"de-CH","potentialAction":[{"@type":"ReadAction","target":["https:\/\/ecosupplements.ch\/?product=xyliwhite-coconut-oil-toothpaste-gel-181g"]}]},{"@type":"ImageObject","inLanguage":"de-CH","@id":"https:\/\/ecosupplements.ch\/?product=xyliwhite-coconut-oil-toothpaste-gel-181g#primaryimage","url":"https:\/\/ecosupplements.ch\/wp-content\/uploads\/2026\/05\/XyliWhite-Coconut-Oil-Toothpaste-Gel-181g.jpg","contentUrl":"https:\/\/ecosupplements.ch\/wp-content\/uploads\/2026\/05\/XyliWhite-Coconut-Oil-Toothpaste-Gel-181g.jpg","width":620,"height":180,"caption":"XyliWhite"},{"@type":"BreadcrumbList","@id":"https:\/\/ecosupplements.ch\/?product=xyliwhite-coconut-oil-toothpaste-gel-181g#breadcrumb","itemListElement":[{"@type":"ListItem","position":1,"name":"Home","item":"https:\/\/ecosupplements.ch\/"},{"@type":"ListItem","position":2,"name":"Shop","item":"https:\/\/ecosupplements.ch\/?page_id=14"},{"@type":"ListItem","position":3,"name":"XyliWhite, Coconut Oil Toothpaste Gel &#8211; 181g"}]},{"@type":"WebSite","@id":"https:\/\/ecosupplements.ch\/#website","url":"https:\/\/ecosupplements.ch\/","name":"Eco Supplements","description":"","potentialAction":[{"@type":"SearchAction","target":{"@type":"EntryPoint","urlTemplate":"https:\/\/ecosupplements.ch\/?s={search_term_string}"},"query-input":{"@type":"PropertyValueSpecification","valueRequired":true,"valueName":"search_term_string"}}],"inLanguage":"de-CH"}]},"product_price_amount":"7.28","product_price_currency":"CHF","og_availability":"out of stock","product_availability":"out of stock","product_retailer_item_id":"733739081025","product_condition":"new"},"_links":{"self":[{"href":"https:\/\/ecosupplements.ch\/index.php?rest_route=\/wp\/v2\/product\/2323","targetHints":{"allow":["GET"]}}],"collection":[{"href":"https:\/\/ecosupplements.ch\/index.php?rest_route=\/wp\/v2\/product"}],"about":[{"href":"https:\/\/ecosupplements.ch\/index.php?rest_route=\/wp\/v2\/types\/product"}],"replies":[{"embeddable":true,"href":"https:\/\/ecosupplements.ch\/index.php?rest_route=%2Fwp%2Fv2%2Fcomments&post=2323"}],"wp:featuredmedia":[{"embeddable":true,"href":"https:\/\/ecosupplements.ch\/index.php?rest_route=\/wp\/v2\/media\/2324"}],"wp:attachment":[{"href":"https:\/\/ecosupplements.ch\/index.php?rest_route=%2Fwp%2Fv2%2Fmedia&parent=2323"}],"wp:term":[{"taxonomy":"product_brand","embeddable":true,"href":"https:\/\/ecosupplements.ch\/index.php?rest_route=%2Fwp%2Fv2%2Fproduct_brand&post=2323"},{"taxonomy":"product_cat","embeddable":true,"href":"https:\/\/ecosupplements.ch\/index.php?rest_route=%2Fwp%2Fv2%2Fproduct_cat&post=2323"},{"taxonomy":"product_tag","embeddable":true,"href":"https:\/\/ecosupplements.ch\/index.php?rest_route=%2Fwp%2Fv2%2Fproduct_tag&post=2323"}],"curies":[{"name":"wp","href":"https:\/\/api.w.org\/{rel}","templated":true}]}}