{"id":2337,"date":"2026-05-11T14:35:40","date_gmt":"2026-05-11T14:35:40","guid":{"rendered":"https:\/\/ecosupplements.ch\/?product=ashwagandha-ksm-66-200mg-60-vegan-caps"},"modified":"2026-05-13T07:25:38","modified_gmt":"2026-05-13T07:25:38","slug":"ashwagandha-ksm-66-200mg-60-vegan-caps","status":"publish","type":"product","link":"https:\/\/ecosupplements.ch\/?product=ashwagandha-ksm-66-200mg-60-vegan-caps","title":{"rendered":"Ashwagandha KSM-66, 200mg &#8211; 60 vegan caps"},"content":{"rendered":"<div class=\"chcg-product-description\">\n<h2 class=\"chcg-heading\">\u00dcber Osavi \u2013 Ashwagandha KSM-66, 200mg \u2013 60 vegane Kapseln<\/h2>\n<div class=\"chcg-intro\">\n<p>Ashwagandha (Withania somnifera), auch bekannt als Schlafbeere oder indischer Ginseng, ist eine der meistgesch\u00e4tzten Pflanzen der ayurvedischen Tradition. Das Produkt von Osavi enth\u00e4lt den hochwertigen KSM-66\u00ae-Extrakt \u2013 einen der am besten erforschten und standardisierten Ashwagandha-Extrakte auf dem Markt, gewonnen ausschliesslich aus der Wurzel der Pflanze.<\/p>\n<p>Jede Kapsel liefert 200 mg KSM-66\u00ae-Wurzelextrakt mit einem Extraktionsverh\u00e4ltnis von 10\u201315:1, was einem \u00c4quivalent von mindestens 2000 mg roher Ashwagandha-Wurzel entspricht. Der Extrakt ist auf 5 % Withanolide standardisiert \u2013 die charakteristischen Wirkstoffe der Ashwagandha-Wurzel \u2013 und stellt so eine gleichbleibend hohe Qualit\u00e4t in jeder Kapsel sicher.<\/p>\n<p>Die veganen Kapseln sind mit einer H\u00fclle aus Hydroxypropylmethylcellulose (HPMC) gefertigt und eignen sich damit sowohl f\u00fcr vegane als auch f\u00fcr vegetarische Ern\u00e4hrungsweisen. Dank der praktischen Einzeldosierung von einer Kapsel t\u00e4glich l\u00e4sst sich dieses Pr\u00e4parat problemlos in den Alltag integrieren.<\/p>\n<\/p><\/div>\n<div class=\"chcg-nutrition\">\n<h3>N\u00e4hrwertangaben<\/h3>\n<table class=\"chcg-nutrition-table\">\n<thead>\n<tr>\n<th>N\u00e4hrstoff<\/th>\n<th>Pro Portion (1 Kapsel)<\/th>\n<\/tr>\n<\/thead>\n<tbody>\n<tr>\n<td>KSM-66\u00ae Ashwagandha (<em>Withania somnifera<\/em>) Wurzelextrakt, DER 10\u201315:1<\/td>\n<td>200 mg*<\/td>\n<\/tr>\n<tr>\n<td>\u2013 davon Withanolide (5 %)<\/td>\n<td>10 mg*<\/td>\n<\/tr>\n<tr>\n<td>\u2013 \u00c4quivalent Ashwagandha-Wurzel (mindestens)<\/td>\n<td>2000 mg*<\/td>\n<\/tr>\n<\/tbody>\n<\/table>\n<p class=\"chcg-footnote\">* Kein festgelegter Tagesreferenzwert vorhanden.<\/p>\n<\/p><\/div>\n<div class=\"chcg-ingredients\">\n<h3>Zutaten<\/h3>\n<p>KSM-66\u00ae Ashwagandha (<em>Withania somnifera<\/em>) Wurzelextrakt, DER 10\u201315:1 (standardisiert auf 5 % Withanolide; 200 mg Extrakt wurden aus mindestens 2000 mg Ashwagandha-Wurzel gewonnen), Ashwagandha (<em>Withania somnifera<\/em>) Wurzelextrakt, Inulin, Kapselh\u00fclle (Hydroxypropylmethylcellulose).<\/p>\n<p class=\"chcg-capsule-shell\">Kapselh\u00fclle: Hydroxypropylmethylcellulose (HPMC)<\/p>\n<\/p><\/div>\n<div class=\"chcg-dosage\">\n<h3>Verzehrempfehlung<\/h3>\n<p>1 Kapsel t\u00e4glich, nach einer Mahlzeit. Mit einem Glas Wasser schlucken.<\/p>\n<\/p><\/div>\n<div class=\"chcg-warnings\">\n<h3>Warnhinweise<\/h3>\n<p>Die empfohlene Tagesdosis sollte nicht \u00fcberschritten werden. Nicht f\u00fcr Kinder geeignet. Konsultieren Sie vor der Einnahme dieses Produkts Ihren Apotheker oder Arzt, wenn Sie schwanger werden m\u00f6chten, schwanger sind, stillen, unter \u00e4rztlicher Aufsicht stehen oder an Lebensmittelallergien leiden. Nahrungserg\u00e4nzungsmittel sind kein Ersatz f\u00fcr eine ausgewogene Ern\u00e4hrung. Eine abwechslungsreiche Ern\u00e4hrung und ein gesunder Lebensstil tragen dazu bei, die normale Gesundheit zu erhalten.<\/p>\n<\/p><\/div>\n<div class=\"chcg-allergens\">\n<h3>Allergeninformationen<\/h3>\n<p>Keine Allergene explizit deklariert. Wenden Sie sich an eine Fachperson des Gesundheitswesens, wenn Sie an Lebensmittelallergien leiden.<\/p>\n<\/p><\/div>\n<div class=\"chcg-storage\">\n<h3>Lagerung<\/h3>\n<p>An einem dunklen und trockenen Ort bei Raumtemperatur aufbewahren. Ausserhalb der Reichweite von Kleinkindern aufbewahren.<\/p>\n<\/p><\/div>\n<div class=\"chcg-dietary\">\n<h3>Ern\u00e4hrungshinweise<\/h3>\n<ul>\n<li>Vegan<\/li>\n<li>Vegetarisch<\/li>\n<\/ul><\/div>\n<\/div>\n","protected":false},"excerpt":{"rendered":"<p>Osavi Ashwagandha KSM-66 liefert 200 mg standardisierten Wurzelextrakt (5 % Withanolide) pro veganer Kapsel. 60 Kapseln pro Packung \u2013 praktisch dosiert f\u00fcr den t\u00e4glichen Gebrauch.<\/p>\n","protected":false},"featured_media":2338,"comment_status":"closed","ping_status":"open","template":"","meta":[],"product_brand":[219],"product_cat":[48,25,22],"product_tag":[],"class_list":{"0":"post-2337","1":"product","2":"type-product","3":"status-publish","4":"has-post-thumbnail","6":"product_brand-osavi","7":"product_cat-gesunde-ernaehrung","8":"product_cat-gesundheit-und-wohlbefinden","9":"product_cat-vegane-produkte","11":"first","12":"outofstock","13":"taxable","14":"shipping-taxable","15":"purchasable","16":"product-type-simple"},"yoast_head":"<!-- This site is optimized with the Yoast SEO plugin v27.5 - https:\/\/yoast.com\/product\/yoast-seo-wordpress\/ -->\n<title>Ashwagandha KSM-66 200mg \u2013 Osavi | ecosupplements.ch<\/title>\n<meta name=\"description\" content=\"Osavi Ashwagandha KSM-66 \u2013 200 mg standardisierter Wurzelextrakt in veganen Kapseln, 60 St\u00fcck. Jetzt bestellen.\" \/>\n<meta name=\"robots\" content=\"index, follow, max-snippet:-1, max-image-preview:large, max-video-preview:-1\" \/>\n<link rel=\"canonical\" href=\"https:\/\/ecosupplements.ch\/?product=ashwagandha-ksm-66-200mg-60-vegan-caps\" \/>\n<meta property=\"og:locale\" content=\"de_DE\" \/>\n<meta property=\"og:type\" content=\"article\" \/>\n<meta property=\"og:title\" content=\"Ashwagandha KSM-66 200mg \u2013 Osavi | ecosupplements.ch\" \/>\n<meta property=\"og:description\" content=\"Osavi Ashwagandha KSM-66 \u2013 200 mg standardisierter Wurzelextrakt in veganen Kapseln, 60 St\u00fcck. Jetzt bestellen.\" \/>\n<meta property=\"og:url\" content=\"https:\/\/ecosupplements.ch\/?product=ashwagandha-ksm-66-200mg-60-vegan-caps\" \/>\n<meta property=\"og:site_name\" content=\"Eco Supplements\" \/>\n<meta property=\"article:modified_time\" content=\"2026-05-13T07:25:38+00:00\" \/>\n<meta property=\"og:image\" content=\"https:\/\/ecosupplements.ch\/wp-content\/uploads\/2026\/05\/Ashwagandha-KSM-66-200mg-60-vegan-caps.jpg\" \/>\n\t<meta property=\"og:image:width\" content=\"536\" \/>\n\t<meta property=\"og:image:height\" content=\"750\" \/>\n\t<meta property=\"og:image:type\" content=\"image\/jpeg\" \/>\n<meta name=\"twitter:card\" content=\"summary_large_image\" \/>\n<meta name=\"twitter:label1\" content=\"Price\" \/>\n\t<meta name=\"twitter:data1\" content=\"&#067;&#072;&#070;&nbsp;9.15\" \/>\n\t<meta name=\"twitter:label2\" content=\"Availability\" \/>\n\t<meta name=\"twitter:data2\" content=\"Out of stock\" \/>\n<script type=\"application\/ld+json\" class=\"yoast-schema-graph\">{\"@context\":\"https:\\\/\\\/schema.org\",\"@graph\":[{\"@type\":\"WebPage\",\"@id\":\"https:\\\/\\\/ecosupplements.ch\\\/?product=ashwagandha-ksm-66-200mg-60-vegan-caps\",\"url\":\"https:\\\/\\\/ecosupplements.ch\\\/?product=ashwagandha-ksm-66-200mg-60-vegan-caps\",\"name\":\"Ashwagandha KSM-66 200mg \u2013 Osavi | ecosupplements.ch\",\"isPartOf\":{\"@id\":\"https:\\\/\\\/ecosupplements.ch\\\/#website\"},\"primaryImageOfPage\":{\"@id\":\"https:\\\/\\\/ecosupplements.ch\\\/?product=ashwagandha-ksm-66-200mg-60-vegan-caps#primaryimage\"},\"image\":{\"@id\":\"https:\\\/\\\/ecosupplements.ch\\\/?product=ashwagandha-ksm-66-200mg-60-vegan-caps#primaryimage\"},\"thumbnailUrl\":\"https:\\\/\\\/ecosupplements.ch\\\/wp-content\\\/uploads\\\/2026\\\/05\\\/Ashwagandha-KSM-66-200mg-60-vegan-caps.jpg\",\"datePublished\":\"2026-05-11T14:35:40+00:00\",\"dateModified\":\"2026-05-13T07:25:38+00:00\",\"description\":\"Osavi Ashwagandha KSM-66 \u2013 200 mg standardisierter Wurzelextrakt in veganen Kapseln, 60 St\u00fcck. Jetzt bestellen.\",\"breadcrumb\":{\"@id\":\"https:\\\/\\\/ecosupplements.ch\\\/?product=ashwagandha-ksm-66-200mg-60-vegan-caps#breadcrumb\"},\"inLanguage\":\"de-CH\",\"potentialAction\":[{\"@type\":\"ReadAction\",\"target\":[\"https:\\\/\\\/ecosupplements.ch\\\/?product=ashwagandha-ksm-66-200mg-60-vegan-caps\"]}]},{\"@type\":\"ImageObject\",\"inLanguage\":\"de-CH\",\"@id\":\"https:\\\/\\\/ecosupplements.ch\\\/?product=ashwagandha-ksm-66-200mg-60-vegan-caps#primaryimage\",\"url\":\"https:\\\/\\\/ecosupplements.ch\\\/wp-content\\\/uploads\\\/2026\\\/05\\\/Ashwagandha-KSM-66-200mg-60-vegan-caps.jpg\",\"contentUrl\":\"https:\\\/\\\/ecosupplements.ch\\\/wp-content\\\/uploads\\\/2026\\\/05\\\/Ashwagandha-KSM-66-200mg-60-vegan-caps.jpg\",\"width\":536,\"height\":750,\"caption\":\"Ashwagandha KSM-66\"},{\"@type\":\"BreadcrumbList\",\"@id\":\"https:\\\/\\\/ecosupplements.ch\\\/?product=ashwagandha-ksm-66-200mg-60-vegan-caps#breadcrumb\",\"itemListElement\":[{\"@type\":\"ListItem\",\"position\":1,\"name\":\"Home\",\"item\":\"https:\\\/\\\/ecosupplements.ch\\\/\"},{\"@type\":\"ListItem\",\"position\":2,\"name\":\"Shop\",\"item\":\"https:\\\/\\\/ecosupplements.ch\\\/?page_id=14\"},{\"@type\":\"ListItem\",\"position\":3,\"name\":\"Ashwagandha KSM-66, 200mg &#8211; 60 vegan caps\"}]},{\"@type\":\"WebSite\",\"@id\":\"https:\\\/\\\/ecosupplements.ch\\\/#website\",\"url\":\"https:\\\/\\\/ecosupplements.ch\\\/\",\"name\":\"Eco Supplements\",\"description\":\"\",\"potentialAction\":[{\"@type\":\"SearchAction\",\"target\":{\"@type\":\"EntryPoint\",\"urlTemplate\":\"https:\\\/\\\/ecosupplements.ch\\\/?s={search_term_string}\"},\"query-input\":{\"@type\":\"PropertyValueSpecification\",\"valueRequired\":true,\"valueName\":\"search_term_string\"}}],\"inLanguage\":\"de-CH\"}]}<\/script>\n<meta property=\"product:price:amount\" content=\"9.15\" \/>\n<meta property=\"product:price:currency\" content=\"CHF\" \/>\n<meta property=\"og:availability\" content=\"out of stock\" \/>\n<meta property=\"product:availability\" content=\"out of stock\" \/>\n<meta property=\"product:retailer_item_id\" content=\"5904139924280\" \/>\n<meta property=\"product:condition\" content=\"new\" \/>\n<!-- \/ Yoast SEO plugin. -->","yoast_head_json":{"title":"Ashwagandha KSM-66 200mg \u2013 Osavi | ecosupplements.ch","description":"Osavi Ashwagandha KSM-66 \u2013 200 mg standardisierter Wurzelextrakt in veganen Kapseln, 60 St\u00fcck. Jetzt bestellen.","robots":{"index":"index","follow":"follow","max-snippet":"max-snippet:-1","max-image-preview":"max-image-preview:large","max-video-preview":"max-video-preview:-1"},"canonical":"https:\/\/ecosupplements.ch\/?product=ashwagandha-ksm-66-200mg-60-vegan-caps","og_locale":"de_DE","og_type":"article","og_title":"Ashwagandha KSM-66 200mg \u2013 Osavi | ecosupplements.ch","og_description":"Osavi Ashwagandha KSM-66 \u2013 200 mg standardisierter Wurzelextrakt in veganen Kapseln, 60 St\u00fcck. Jetzt bestellen.","og_url":"https:\/\/ecosupplements.ch\/?product=ashwagandha-ksm-66-200mg-60-vegan-caps","og_site_name":"Eco Supplements","article_modified_time":"2026-05-13T07:25:38+00:00","og_image":[{"width":536,"height":750,"url":"https:\/\/ecosupplements.ch\/wp-content\/uploads\/2026\/05\/Ashwagandha-KSM-66-200mg-60-vegan-caps.jpg","type":"image\/jpeg"}],"twitter_card":"summary_large_image","twitter_misc":{"Price":"&#67;&#72;&#70;&nbsp;9.15","Availability":"Out of stock"},"schema":{"@context":"https:\/\/schema.org","@graph":[{"@type":"WebPage","@id":"https:\/\/ecosupplements.ch\/?product=ashwagandha-ksm-66-200mg-60-vegan-caps","url":"https:\/\/ecosupplements.ch\/?product=ashwagandha-ksm-66-200mg-60-vegan-caps","name":"Ashwagandha KSM-66 200mg \u2013 Osavi | ecosupplements.ch","isPartOf":{"@id":"https:\/\/ecosupplements.ch\/#website"},"primaryImageOfPage":{"@id":"https:\/\/ecosupplements.ch\/?product=ashwagandha-ksm-66-200mg-60-vegan-caps#primaryimage"},"image":{"@id":"https:\/\/ecosupplements.ch\/?product=ashwagandha-ksm-66-200mg-60-vegan-caps#primaryimage"},"thumbnailUrl":"https:\/\/ecosupplements.ch\/wp-content\/uploads\/2026\/05\/Ashwagandha-KSM-66-200mg-60-vegan-caps.jpg","datePublished":"2026-05-11T14:35:40+00:00","dateModified":"2026-05-13T07:25:38+00:00","description":"Osavi Ashwagandha KSM-66 \u2013 200 mg standardisierter Wurzelextrakt in veganen Kapseln, 60 St\u00fcck. Jetzt bestellen.","breadcrumb":{"@id":"https:\/\/ecosupplements.ch\/?product=ashwagandha-ksm-66-200mg-60-vegan-caps#breadcrumb"},"inLanguage":"de-CH","potentialAction":[{"@type":"ReadAction","target":["https:\/\/ecosupplements.ch\/?product=ashwagandha-ksm-66-200mg-60-vegan-caps"]}]},{"@type":"ImageObject","inLanguage":"de-CH","@id":"https:\/\/ecosupplements.ch\/?product=ashwagandha-ksm-66-200mg-60-vegan-caps#primaryimage","url":"https:\/\/ecosupplements.ch\/wp-content\/uploads\/2026\/05\/Ashwagandha-KSM-66-200mg-60-vegan-caps.jpg","contentUrl":"https:\/\/ecosupplements.ch\/wp-content\/uploads\/2026\/05\/Ashwagandha-KSM-66-200mg-60-vegan-caps.jpg","width":536,"height":750,"caption":"Ashwagandha KSM-66"},{"@type":"BreadcrumbList","@id":"https:\/\/ecosupplements.ch\/?product=ashwagandha-ksm-66-200mg-60-vegan-caps#breadcrumb","itemListElement":[{"@type":"ListItem","position":1,"name":"Home","item":"https:\/\/ecosupplements.ch\/"},{"@type":"ListItem","position":2,"name":"Shop","item":"https:\/\/ecosupplements.ch\/?page_id=14"},{"@type":"ListItem","position":3,"name":"Ashwagandha KSM-66, 200mg &#8211; 60 vegan caps"}]},{"@type":"WebSite","@id":"https:\/\/ecosupplements.ch\/#website","url":"https:\/\/ecosupplements.ch\/","name":"Eco Supplements","description":"","potentialAction":[{"@type":"SearchAction","target":{"@type":"EntryPoint","urlTemplate":"https:\/\/ecosupplements.ch\/?s={search_term_string}"},"query-input":{"@type":"PropertyValueSpecification","valueRequired":true,"valueName":"search_term_string"}}],"inLanguage":"de-CH"}]},"product_price_amount":"9.15","product_price_currency":"CHF","og_availability":"out of stock","product_availability":"out of stock","product_retailer_item_id":"5904139924280","product_condition":"new"},"_links":{"self":[{"href":"https:\/\/ecosupplements.ch\/index.php?rest_route=\/wp\/v2\/product\/2337","targetHints":{"allow":["GET"]}}],"collection":[{"href":"https:\/\/ecosupplements.ch\/index.php?rest_route=\/wp\/v2\/product"}],"about":[{"href":"https:\/\/ecosupplements.ch\/index.php?rest_route=\/wp\/v2\/types\/product"}],"replies":[{"embeddable":true,"href":"https:\/\/ecosupplements.ch\/index.php?rest_route=%2Fwp%2Fv2%2Fcomments&post=2337"}],"wp:featuredmedia":[{"embeddable":true,"href":"https:\/\/ecosupplements.ch\/index.php?rest_route=\/wp\/v2\/media\/2338"}],"wp:attachment":[{"href":"https:\/\/ecosupplements.ch\/index.php?rest_route=%2Fwp%2Fv2%2Fmedia&parent=2337"}],"wp:term":[{"taxonomy":"product_brand","embeddable":true,"href":"https:\/\/ecosupplements.ch\/index.php?rest_route=%2Fwp%2Fv2%2Fproduct_brand&post=2337"},{"taxonomy":"product_cat","embeddable":true,"href":"https:\/\/ecosupplements.ch\/index.php?rest_route=%2Fwp%2Fv2%2Fproduct_cat&post=2337"},{"taxonomy":"product_tag","embeddable":true,"href":"https:\/\/ecosupplements.ch\/index.php?rest_route=%2Fwp%2Fv2%2Fproduct_tag&post=2337"}],"curies":[{"name":"wp","href":"https:\/\/api.w.org\/{rel}","templated":true}]}}