{"id":2392,"date":"2026-05-11T14:36:08","date_gmt":"2026-05-11T14:36:08","guid":{"rendered":"https:\/\/ecosupplements.ch\/?product=marine-collagen-wild-cod-grapefruit-360g"},"modified":"2026-05-13T07:25:38","modified_gmt":"2026-05-13T07:25:38","slug":"marine-collagen-wild-cod-grapefruit-360g","status":"publish","type":"product","link":"https:\/\/ecosupplements.ch\/?product=marine-collagen-wild-cod-grapefruit-360g","title":{"rendered":"Marine Collagen Wild Cod, Grapefruit &#8211; 360g"},"content":{"rendered":"<div class=\"chcg-product-description\">\n<h2 class=\"chcg-heading\">\u00dcber Osavi \u2013 Marine Collagen Wild Cod, Grapefruit \u2013 360g<\/h2>\n<div class=\"chcg-intro\">\n<p>Das Marine Collagen Wild Cod von Osavi liefert pro Portion 10&#8217;000 mg Naticol\u00ae bioaktive Kollagenpeptide, gewonnen aus nachhaltig gefangenem Wildkabeljau. Naticol\u00ae ist ein wissenschaftlich entwickelter Markenrohstoff, der sich durch eine hohe Bioverf\u00fcgbarkeit auszeichnet und gezielt zur Unterst\u00fctzung von Haut, Haaren, N\u00e4geln und Gelenken eingesetzt werden kann.<\/p>\n<p>Erg\u00e4nzt wird die Formel durch 250 mg Vitamin C (entspricht 313 % des Tagesbedarfs), das zur normalen Kollagenbildung f\u00fcr eine normale Funktion von Haut, Knorpel und Knochen beitr\u00e4gt. Das erfrischende Grapefruitaroma macht das Pulver angenehm im Geschmack und l\u00e4sst sich einfach in Wasser aufl\u00f6sen.<\/p>\n<p>Das Pulver ist glutenfrei und laktosefrei und eignet sich f\u00fcr alle, die ihren t\u00e4glichen Kollagenbedarf unkompliziert und effektiv decken m\u00f6chten. Mit 30 Portionen pro Dose ist das Produkt auf einen vollst\u00e4ndigen Monatsvorrat ausgelegt.<\/p>\n<\/p><\/div>\n<div class=\"chcg-nutrition\">\n<h3>N\u00e4hrwertangaben<\/h3>\n<table class=\"chcg-nutrition-table\">\n<thead>\n<tr>\n<th>N\u00e4hrstoff<\/th>\n<th>Pro 100 g<\/th>\n<th>Pro Portion (12 g)<\/th>\n<\/tr>\n<\/thead>\n<tbody>\n<tr>\n<td>Brennwert<\/td>\n<td>1558 kJ \/ 375 kcal<\/td>\n<td>187 kJ \/ 45 kcal<\/td>\n<\/tr>\n<tr>\n<td>Fett<\/td>\n<td>0 g<\/td>\n<td>0 g<\/td>\n<\/tr>\n<tr>\n<td>\u2013 davon ges\u00e4ttigte Fetts\u00e4uren<\/td>\n<td>0 g<\/td>\n<td>0 g<\/td>\n<\/tr>\n<tr>\n<td>Kohlenhydrate<\/td>\n<td>7,5 g<\/td>\n<td>0,9 g<\/td>\n<\/tr>\n<tr>\n<td>\u2013 davon Zucker<\/td>\n<td>0,83 g<\/td>\n<td>0,1 g<\/td>\n<\/tr>\n<tr>\n<td>Ballaststoffe<\/td>\n<td>0,83 g<\/td>\n<td>0,1 g<\/td>\n<\/tr>\n<tr>\n<td>Protein<\/td>\n<td>79,17 g<\/td>\n<td>9,5 g<\/td>\n<\/tr>\n<tr>\n<td>Salz<\/td>\n<td>0,58 g<\/td>\n<td>0,07 g<\/td>\n<\/tr>\n<tr>\n<td>Naticol\u00ae bioaktive Kollagenpeptide<\/td>\n<td>83&#8217;333 mg<\/td>\n<td>10&#8217;000 mg *<\/td>\n<\/tr>\n<tr>\n<td>Vitamin C (L-Ascorbins\u00e4ure)<\/td>\n<td>2083 mg<\/td>\n<td>250 mg (313 % NRV)<\/td>\n<\/tr>\n<\/tbody>\n<\/table>\n<p class=\"chcg-footnote\">* Kein festgelegter Tagesbedarf (Tagesreferenzwert) vorhanden.<\/p>\n<p class=\"chcg-footnote\">NRV = N\u00e4hrstoffbezugswert (Nutrient Reference Value)<\/p>\n<\/p><\/div>\n<div class=\"chcg-ingredients\">\n<h3>Zutaten<\/h3>\n<p>Naticol\u00ae bioaktive Kollagenpeptide, Vitamin C (L-Ascorbins\u00e4ure). Weitere Zutaten: Fischkollagenpeptide, nat\u00fcrliches Grapefruitaroma, S\u00e4uerungsmittel: Zitronens\u00e4ure, Maltodextrin, L-Ascorbins\u00e4ure, S\u00fcssungsmittel: Steviol-Glykoside aus Stevia.<\/p>\n<\/p><\/div>\n<div class=\"chcg-dosage\">\n<h3>Verzehrempfehlung<\/h3>\n<p>1 Messl\u00f6ffel (12 g) t\u00e4glich. Einen Messl\u00f6ffel Pulver in 200 ml Wasser aufl\u00f6sen.<\/p>\n<\/p><\/div>\n<div class=\"chcg-warnings\">\n<h3>Warnhinweise<\/h3>\n<p>Das Produkt enth\u00e4lt ein S\u00fcssungsmittel (Steviol-Glykoside). Die empfohlene Tagesdosis sollte nicht \u00fcberschritten werden. Wie bei anderen Nahrungserg\u00e4nzungsmitteln wird empfohlen, vor der Einnahme einen Fachmann zu konsultieren, wenn Sie unter \u00e4rztlicher Aufsicht stehen, schwanger sind, stillen oder an Nahrungsmittelallergien leiden. Nahrungserg\u00e4nzungsmittel sollten nicht als Ersatz f\u00fcr eine ausgewogene Ern\u00e4hrung verwendet werden. Eine abwechslungsreiche Ern\u00e4hrung und ein gesunder Lebensstil sollten zur Erhaltung der normalen Gesundheit beibehalten werden. K\u00fchl, dunkel und trocken bei Raumtemperatur lagern, ausser Reichweite von Kindern aufbewahren.<\/p>\n<\/p><\/div>\n<div class=\"chcg-allergens\">\n<h3>Allergeninformationen<\/h3>\n<p>Enth\u00e4lt Fisch (Kabeljau). Das Produkt enth\u00e4lt ein S\u00fcssungsmittel (Steviol-Glykoside).<\/p>\n<\/p><\/div>\n<div class=\"chcg-storage\">\n<h3>Lagerung<\/h3>\n<p>An einem dunklen und trockenen Ort bei Raumtemperatur lagern. Ausser Reichweite von Kindern aufbewahren.<\/p>\n<\/p><\/div>\n<div class=\"chcg-dietary\">\n<h3>Ern\u00e4hrungshinweise<\/h3>\n<ul>\n<li>Glutenfrei<\/li>\n<li>Laktosefrei<\/li>\n<\/ul><\/div>\n<\/div>\n","protected":false},"excerpt":{"rendered":"<p>Osavi Marine Collagen Wild Cod liefert 10&#8217;000 mg Naticol\u00ae Kollagenpeptide und 250 mg Vitamin C pro Portion \u2013 mit frischem Grapefruitaroma. Das glutenfreie Pulver (360 g \/ 30 Portionen) l\u00e4sst sich einfach in Wasser aufl\u00f6sen.<\/p>\n","protected":false},"featured_media":2393,"comment_status":"closed","ping_status":"open","template":"","meta":[],"product_brand":[219],"product_cat":[48,103,25,80,98],"product_tag":[],"class_list":{"0":"post-2392","1":"product","2":"type-product","3":"status-publish","4":"has-post-thumbnail","6":"product_brand-osavi","7":"product_cat-gesunde-ernaehrung","8":"product_cat-gesunde-haut","9":"product_cat-gesundheit-und-wohlbefinden","10":"product_cat-kollagen","11":"product_cat-vitalitaet","13":"first","14":"outofstock","15":"taxable","16":"shipping-taxable","17":"purchasable","18":"product-type-simple"},"yoast_head":"<!-- This site is optimized with the Yoast SEO plugin v27.5 - https:\/\/yoast.com\/product\/yoast-seo-wordpress\/ -->\n<title>Marine Collagen Wild Cod Grapefruit \u2013 Osavi | ecosupplements.ch<\/title>\n<meta name=\"description\" content=\"10&#039;000 mg Naticol\u00ae Kollagenpeptide und 250 mg Vitamin C pro Portion \u2013 glutenfreies Pulver mit Grapefruitaroma, 360 g (30 Portionen). Jetzt bestellen.\" \/>\n<meta name=\"robots\" content=\"index, follow, max-snippet:-1, max-image-preview:large, max-video-preview:-1\" \/>\n<link rel=\"canonical\" href=\"https:\/\/ecosupplements.ch\/?product=marine-collagen-wild-cod-grapefruit-360g\" \/>\n<meta property=\"og:locale\" content=\"de_DE\" \/>\n<meta property=\"og:type\" content=\"article\" \/>\n<meta property=\"og:title\" content=\"Marine Collagen Wild Cod Grapefruit \u2013 Osavi | ecosupplements.ch\" \/>\n<meta property=\"og:description\" content=\"10&#039;000 mg Naticol\u00ae Kollagenpeptide und 250 mg Vitamin C pro Portion \u2013 glutenfreies Pulver mit Grapefruitaroma, 360 g (30 Portionen). Jetzt bestellen.\" \/>\n<meta property=\"og:url\" content=\"https:\/\/ecosupplements.ch\/?product=marine-collagen-wild-cod-grapefruit-360g\" \/>\n<meta property=\"og:site_name\" content=\"Eco Supplements\" \/>\n<meta property=\"article:modified_time\" content=\"2026-05-13T07:25:38+00:00\" \/>\n<meta property=\"og:image\" content=\"https:\/\/ecosupplements.ch\/wp-content\/uploads\/2026\/05\/Marine-Collagen-Wild-Cod-Grapefruit-360g.png\" \/>\n\t<meta property=\"og:image:width\" content=\"552\" \/>\n\t<meta property=\"og:image:height\" content=\"750\" \/>\n\t<meta property=\"og:image:type\" content=\"image\/png\" \/>\n<meta name=\"twitter:card\" content=\"summary_large_image\" \/>\n<meta name=\"twitter:label1\" content=\"Price\" \/>\n\t<meta name=\"twitter:data1\" content=\"&#067;&#072;&#070;&nbsp;32.86\" \/>\n\t<meta name=\"twitter:label2\" content=\"Availability\" \/>\n\t<meta name=\"twitter:data2\" content=\"Out of stock\" \/>\n<script type=\"application\/ld+json\" class=\"yoast-schema-graph\">{\"@context\":\"https:\\\/\\\/schema.org\",\"@graph\":[{\"@type\":\"WebPage\",\"@id\":\"https:\\\/\\\/ecosupplements.ch\\\/?product=marine-collagen-wild-cod-grapefruit-360g\",\"url\":\"https:\\\/\\\/ecosupplements.ch\\\/?product=marine-collagen-wild-cod-grapefruit-360g\",\"name\":\"Marine Collagen Wild Cod Grapefruit \u2013 Osavi | ecosupplements.ch\",\"isPartOf\":{\"@id\":\"https:\\\/\\\/ecosupplements.ch\\\/#website\"},\"primaryImageOfPage\":{\"@id\":\"https:\\\/\\\/ecosupplements.ch\\\/?product=marine-collagen-wild-cod-grapefruit-360g#primaryimage\"},\"image\":{\"@id\":\"https:\\\/\\\/ecosupplements.ch\\\/?product=marine-collagen-wild-cod-grapefruit-360g#primaryimage\"},\"thumbnailUrl\":\"https:\\\/\\\/ecosupplements.ch\\\/wp-content\\\/uploads\\\/2026\\\/05\\\/Marine-Collagen-Wild-Cod-Grapefruit-360g.png\",\"datePublished\":\"2026-05-11T14:36:08+00:00\",\"dateModified\":\"2026-05-13T07:25:38+00:00\",\"description\":\"10'000 mg Naticol\u00ae Kollagenpeptide und 250 mg Vitamin C pro Portion \u2013 glutenfreies Pulver mit Grapefruitaroma, 360 g (30 Portionen). Jetzt bestellen.\",\"breadcrumb\":{\"@id\":\"https:\\\/\\\/ecosupplements.ch\\\/?product=marine-collagen-wild-cod-grapefruit-360g#breadcrumb\"},\"inLanguage\":\"de-CH\",\"potentialAction\":[{\"@type\":\"ReadAction\",\"target\":[\"https:\\\/\\\/ecosupplements.ch\\\/?product=marine-collagen-wild-cod-grapefruit-360g\"]}]},{\"@type\":\"ImageObject\",\"inLanguage\":\"de-CH\",\"@id\":\"https:\\\/\\\/ecosupplements.ch\\\/?product=marine-collagen-wild-cod-grapefruit-360g#primaryimage\",\"url\":\"https:\\\/\\\/ecosupplements.ch\\\/wp-content\\\/uploads\\\/2026\\\/05\\\/Marine-Collagen-Wild-Cod-Grapefruit-360g.png\",\"contentUrl\":\"https:\\\/\\\/ecosupplements.ch\\\/wp-content\\\/uploads\\\/2026\\\/05\\\/Marine-Collagen-Wild-Cod-Grapefruit-360g.png\",\"width\":552,\"height\":750,\"caption\":\"Marine Collagen Wild Cod\"},{\"@type\":\"BreadcrumbList\",\"@id\":\"https:\\\/\\\/ecosupplements.ch\\\/?product=marine-collagen-wild-cod-grapefruit-360g#breadcrumb\",\"itemListElement\":[{\"@type\":\"ListItem\",\"position\":1,\"name\":\"Home\",\"item\":\"https:\\\/\\\/ecosupplements.ch\\\/\"},{\"@type\":\"ListItem\",\"position\":2,\"name\":\"Shop\",\"item\":\"https:\\\/\\\/ecosupplements.ch\\\/?page_id=14\"},{\"@type\":\"ListItem\",\"position\":3,\"name\":\"Marine Collagen Wild Cod, Grapefruit &#8211; 360g\"}]},{\"@type\":\"WebSite\",\"@id\":\"https:\\\/\\\/ecosupplements.ch\\\/#website\",\"url\":\"https:\\\/\\\/ecosupplements.ch\\\/\",\"name\":\"Eco Supplements\",\"description\":\"\",\"potentialAction\":[{\"@type\":\"SearchAction\",\"target\":{\"@type\":\"EntryPoint\",\"urlTemplate\":\"https:\\\/\\\/ecosupplements.ch\\\/?s={search_term_string}\"},\"query-input\":{\"@type\":\"PropertyValueSpecification\",\"valueRequired\":true,\"valueName\":\"search_term_string\"}}],\"inLanguage\":\"de-CH\"}]}<\/script>\n<meta property=\"product:price:amount\" content=\"32.86\" \/>\n<meta property=\"product:price:currency\" content=\"CHF\" \/>\n<meta property=\"og:availability\" content=\"out of stock\" \/>\n<meta property=\"product:availability\" content=\"out of stock\" \/>\n<meta property=\"product:retailer_item_id\" content=\"5904139924037\" \/>\n<meta property=\"product:condition\" content=\"new\" \/>\n<!-- \/ Yoast SEO plugin. -->","yoast_head_json":{"title":"Marine Collagen Wild Cod Grapefruit \u2013 Osavi | ecosupplements.ch","description":"10'000 mg Naticol\u00ae Kollagenpeptide und 250 mg Vitamin C pro Portion \u2013 glutenfreies Pulver mit Grapefruitaroma, 360 g (30 Portionen). Jetzt bestellen.","robots":{"index":"index","follow":"follow","max-snippet":"max-snippet:-1","max-image-preview":"max-image-preview:large","max-video-preview":"max-video-preview:-1"},"canonical":"https:\/\/ecosupplements.ch\/?product=marine-collagen-wild-cod-grapefruit-360g","og_locale":"de_DE","og_type":"article","og_title":"Marine Collagen Wild Cod Grapefruit \u2013 Osavi | ecosupplements.ch","og_description":"10'000 mg Naticol\u00ae Kollagenpeptide und 250 mg Vitamin C pro Portion \u2013 glutenfreies Pulver mit Grapefruitaroma, 360 g (30 Portionen). Jetzt bestellen.","og_url":"https:\/\/ecosupplements.ch\/?product=marine-collagen-wild-cod-grapefruit-360g","og_site_name":"Eco Supplements","article_modified_time":"2026-05-13T07:25:38+00:00","og_image":[{"width":552,"height":750,"url":"https:\/\/ecosupplements.ch\/wp-content\/uploads\/2026\/05\/Marine-Collagen-Wild-Cod-Grapefruit-360g.png","type":"image\/png"}],"twitter_card":"summary_large_image","twitter_misc":{"Price":"&#67;&#72;&#70;&nbsp;32.86","Availability":"Out of stock"},"schema":{"@context":"https:\/\/schema.org","@graph":[{"@type":"WebPage","@id":"https:\/\/ecosupplements.ch\/?product=marine-collagen-wild-cod-grapefruit-360g","url":"https:\/\/ecosupplements.ch\/?product=marine-collagen-wild-cod-grapefruit-360g","name":"Marine Collagen Wild Cod Grapefruit \u2013 Osavi | ecosupplements.ch","isPartOf":{"@id":"https:\/\/ecosupplements.ch\/#website"},"primaryImageOfPage":{"@id":"https:\/\/ecosupplements.ch\/?product=marine-collagen-wild-cod-grapefruit-360g#primaryimage"},"image":{"@id":"https:\/\/ecosupplements.ch\/?product=marine-collagen-wild-cod-grapefruit-360g#primaryimage"},"thumbnailUrl":"https:\/\/ecosupplements.ch\/wp-content\/uploads\/2026\/05\/Marine-Collagen-Wild-Cod-Grapefruit-360g.png","datePublished":"2026-05-11T14:36:08+00:00","dateModified":"2026-05-13T07:25:38+00:00","description":"10'000 mg Naticol\u00ae Kollagenpeptide und 250 mg Vitamin C pro Portion \u2013 glutenfreies Pulver mit Grapefruitaroma, 360 g (30 Portionen). Jetzt bestellen.","breadcrumb":{"@id":"https:\/\/ecosupplements.ch\/?product=marine-collagen-wild-cod-grapefruit-360g#breadcrumb"},"inLanguage":"de-CH","potentialAction":[{"@type":"ReadAction","target":["https:\/\/ecosupplements.ch\/?product=marine-collagen-wild-cod-grapefruit-360g"]}]},{"@type":"ImageObject","inLanguage":"de-CH","@id":"https:\/\/ecosupplements.ch\/?product=marine-collagen-wild-cod-grapefruit-360g#primaryimage","url":"https:\/\/ecosupplements.ch\/wp-content\/uploads\/2026\/05\/Marine-Collagen-Wild-Cod-Grapefruit-360g.png","contentUrl":"https:\/\/ecosupplements.ch\/wp-content\/uploads\/2026\/05\/Marine-Collagen-Wild-Cod-Grapefruit-360g.png","width":552,"height":750,"caption":"Marine Collagen Wild Cod"},{"@type":"BreadcrumbList","@id":"https:\/\/ecosupplements.ch\/?product=marine-collagen-wild-cod-grapefruit-360g#breadcrumb","itemListElement":[{"@type":"ListItem","position":1,"name":"Home","item":"https:\/\/ecosupplements.ch\/"},{"@type":"ListItem","position":2,"name":"Shop","item":"https:\/\/ecosupplements.ch\/?page_id=14"},{"@type":"ListItem","position":3,"name":"Marine Collagen Wild Cod, Grapefruit &#8211; 360g"}]},{"@type":"WebSite","@id":"https:\/\/ecosupplements.ch\/#website","url":"https:\/\/ecosupplements.ch\/","name":"Eco Supplements","description":"","potentialAction":[{"@type":"SearchAction","target":{"@type":"EntryPoint","urlTemplate":"https:\/\/ecosupplements.ch\/?s={search_term_string}"},"query-input":{"@type":"PropertyValueSpecification","valueRequired":true,"valueName":"search_term_string"}}],"inLanguage":"de-CH"}]},"product_price_amount":"32.86","product_price_currency":"CHF","og_availability":"out of stock","product_availability":"out of stock","product_retailer_item_id":"5904139924037","product_condition":"new"},"_links":{"self":[{"href":"https:\/\/ecosupplements.ch\/index.php?rest_route=\/wp\/v2\/product\/2392","targetHints":{"allow":["GET"]}}],"collection":[{"href":"https:\/\/ecosupplements.ch\/index.php?rest_route=\/wp\/v2\/product"}],"about":[{"href":"https:\/\/ecosupplements.ch\/index.php?rest_route=\/wp\/v2\/types\/product"}],"replies":[{"embeddable":true,"href":"https:\/\/ecosupplements.ch\/index.php?rest_route=%2Fwp%2Fv2%2Fcomments&post=2392"}],"wp:featuredmedia":[{"embeddable":true,"href":"https:\/\/ecosupplements.ch\/index.php?rest_route=\/wp\/v2\/media\/2393"}],"wp:attachment":[{"href":"https:\/\/ecosupplements.ch\/index.php?rest_route=%2Fwp%2Fv2%2Fmedia&parent=2392"}],"wp:term":[{"taxonomy":"product_brand","embeddable":true,"href":"https:\/\/ecosupplements.ch\/index.php?rest_route=%2Fwp%2Fv2%2Fproduct_brand&post=2392"},{"taxonomy":"product_cat","embeddable":true,"href":"https:\/\/ecosupplements.ch\/index.php?rest_route=%2Fwp%2Fv2%2Fproduct_cat&post=2392"},{"taxonomy":"product_tag","embeddable":true,"href":"https:\/\/ecosupplements.ch\/index.php?rest_route=%2Fwp%2Fv2%2Fproduct_tag&post=2392"}],"curies":[{"name":"wp","href":"https:\/\/api.w.org\/{rel}","templated":true}]}}