{"id":2466,"date":"2026-05-11T14:38:02","date_gmt":"2026-05-11T14:38:02","guid":{"rendered":"https:\/\/ecosupplements.ch\/?product=vitamin-c1000-with-rutin-rose-hip-120-vegan-caps"},"modified":"2026-05-13T07:25:31","modified_gmt":"2026-05-13T07:25:31","slug":"vitamin-c1000-with-rutin-rose-hip-120-vegan-caps","status":"publish","type":"product","link":"https:\/\/ecosupplements.ch\/?product=vitamin-c1000-with-rutin-rose-hip-120-vegan-caps","title":{"rendered":"Vitamin C1000 with Rutin &amp; Rose Hip &#8211; 120 vegan caps"},"content":{"rendered":"<div class=\"chcg-product-description\">\n<h2 class=\"chcg-heading\">\u00dcber Osavi \u2013 Vitamin C1000 mit Rutin &amp; Rose Hip \u2013 120 vegane Kapseln<\/h2>\n<div class=\"chcg-intro\">\n<p>Vitamin C ist ein essenzielles Vitamin, das massgeblich zur normalen Funktion des Immunsystems, zur Verringerung von M\u00fcdigkeit und Ersch\u00f6pfung sowie zum Schutz der Zellen vor oxidativem Stress beitr\u00e4gt. Die Formulierung von Osavi kombiniert 1000 mg Vitamin C in Form von Calcium-L-Ascorbat mit einem standardisierten Sophora-japonica-Bl\u00fctenextrakt (min. 95 % Rutin) und Hagebuttenextrakt \u2013 f\u00fcr eine umfassend konzipierte Erg\u00e4nzung.<\/p>\n<p>Rutin ist ein nat\u00fcrlich vorkommendes Bioflavonoid, das aus der Japanischen Schnurbaum-Bl\u00fcte (Sophora japonica) gewonnen wird, w\u00e4hrend der Hagebuttenextrakt (Rosa canina) seit Jahrhunderten als nat\u00fcrliche Quelle f\u00fcr pflanzenbasierte Begleitstoffe gesch\u00e4tzt wird. Die Kombination dieser Inhaltsstoffe macht dieses Produkt zu einer durchdachten Wahl f\u00fcr alle, die ihre t\u00e4gliche Vitamin-C-Zufuhr gezielt unterst\u00fctzen m\u00f6chten.<\/p>\n<p>Die Kapseln sind vegan und vegetarisch geeignet. Die Kapselh\u00fclle besteht aus Hydroxypropylmethylcellulose (HPMC), einem pflanzlichen Material \u2013 ohne tierische Gelatine. Mit 120 Kapseln pro Packung deckt dieses Produkt einen Vorrat von 60 Tagen ab.<\/p>\n<\/p><\/div>\n<div class=\"chcg-nutrition\">\n<h3>N\u00e4hrwertangaben<\/h3>\n<table class=\"chcg-nutrition-table\">\n<thead>\n<tr>\n<th>N\u00e4hrstoff<\/th>\n<th>Pro Portion (2 Kapseln)<\/th>\n<\/tr>\n<\/thead>\n<tbody>\n<tr>\n<td>Vitamin C (Calcium-L-Ascorbat)<\/td>\n<td>1000 mg (1250 % NRW)<\/td>\n<\/tr>\n<tr>\n<td>Sophora-japonica-Bl\u00fctenextrakt, DER 35:1<\/td>\n<td>26,30 mg<\/td>\n<\/tr>\n<tr>\n<td>\u2013 davon standardisiert auf min. 95 % Rutin<\/td>\n<td>25 mg<\/td>\n<\/tr>\n<tr>\n<td>Hagebuttenextrakt (Rosa canina), DER 10:1<\/td>\n<td>25 mg<\/td>\n<\/tr>\n<\/tbody>\n<\/table>\n<p class=\"chcg-footnote\">NRW = N\u00e4hrstoffreferenzwert gem\u00e4ss Schweizer Lebensmittelrecht \/ EFSA.<\/p>\n<\/p><\/div>\n<div class=\"chcg-ingredients\">\n<h3>Zutaten<\/h3>\n<p>Vitamin C (Calcium-L-Ascorbat), Sophora-japonica-Bl\u00fctenextrakt DER 35:1 (standardisiert auf min. 95 % Rutin), Hagebuttenextrakt (Rosa canina) DER 10:1, Calcium-L-Ascorbat, Inulin, Sophora-japonica-Bl\u00fctenextrakt, Hagebuttenextrakt (Rosa canina).<\/p>\n<p class=\"chcg-capsule-shell\">Kapselh\u00fclle: Hydroxypropylmethylcellulose (HPMC)<\/p>\n<\/p><\/div>\n<div class=\"chcg-dosage\">\n<h3>Verzehrempfehlung<\/h3>\n<p>Empfohlene Tagesdosis: 2 Kapseln. Mit Wasser einnehmen, vorzugsweise zu einer Mahlzeit.<\/p>\n<\/p><\/div>\n<div class=\"chcg-warnings\">\n<h3>Warnhinweise<\/h3>\n<p>Die empfohlene Tagesdosis darf nicht \u00fcberschritten werden. Vor der Einnahme dieses Produkts einen Arzt oder Apotheker konsultieren, wenn eine Schwangerschaft geplant ist, w\u00e4hrend der Schwangerschaft oder Stillzeit, bei \u00e4rztlicher Behandlung oder bei bekannten Lebensmittelallergien. Nicht f\u00fcr Kinder empfohlen. Nahrungserg\u00e4nzungsmittel sollten nicht als Ersatz f\u00fcr eine ausgewogene Ern\u00e4hrung verwendet werden. Eine abwechslungsreiche Ern\u00e4hrung und ein gesunder Lebensstil sind wichtig, um die normale Gesundheit zu erhalten.<\/p>\n<\/p><\/div>\n<div class=\"chcg-allergens\">\n<h3>Allergeninformationen<\/h3>\n<p>Keine Allergene auf dem Etikett deklariert. Das Produkt ist f\u00fcr Vegetarier und Veganer geeignet und weist ein sauberes Zutatenverzeichnis auf.<\/p>\n<\/p><\/div>\n<div class=\"chcg-storage\">\n<h3>Lagerung<\/h3>\n<p>An einem dunklen und trockenen Ort bei Raumtemperatur lagern. Ausserhalb der Reichweite von kleinen Kindern aufbewahren.<\/p>\n<\/p><\/div>\n<div class=\"chcg-dietary\">\n<h3>Ern\u00e4hrungshinweise<\/h3>\n<ul>\n<li>Vegan<\/li>\n<li>Vegetarisch<\/li>\n<\/ul><\/div>\n<\/div>\n","protected":false},"excerpt":{"rendered":"<p>Osavi Vitamin C1000 mit Rutin &amp; Hagebutte unterst\u00fctzt das Immunsystem und sch\u00fctzt Zellen vor oxidativem Stress. 120 vegane Kapseln \u2013 60 Tagesdosen.<\/p>\n","protected":false},"featured_media":2467,"comment_status":"closed","ping_status":"open","template":"","meta":[],"product_brand":[219],"product_cat":[27,48,25,26,22,29,21],"product_tag":[],"class_list":{"0":"post-2466","1":"product","2":"type-product","3":"status-publish","4":"has-post-thumbnail","6":"product_brand-osavi","7":"product_cat-einige-vitamine","8":"product_cat-gesunde-ernaehrung","9":"product_cat-gesundheit-und-wohlbefinden","10":"product_cat-multivitamine","11":"product_cat-vegane-produkte","12":"product_cat-vitamin-c","13":"product_cat-vitamine-und-mineralstoffe","15":"first","16":"outofstock","17":"taxable","18":"shipping-taxable","19":"purchasable","20":"product-type-simple"},"yoast_head":"<!-- This site is optimized with the Yoast SEO plugin v27.5 - https:\/\/yoast.com\/product\/yoast-seo-wordpress\/ -->\n<title>Vitamin C1000 mit Rutin &amp; Rose Hip \u2013 Osavi | ecosupplements.ch<\/title>\n<meta name=\"description\" content=\"Hochdosiertes Vitamin C mit Rutin &amp; Hagebutte f\u00fcr Immunsystem und Zellschutz \u2013 120 vegane Kapseln von Osavi. Jetzt bestellen.\" \/>\n<meta name=\"robots\" content=\"index, follow, max-snippet:-1, max-image-preview:large, max-video-preview:-1\" \/>\n<link rel=\"canonical\" href=\"https:\/\/ecosupplements.ch\/?product=vitamin-c1000-with-rutin-rose-hip-120-vegan-caps\" \/>\n<meta property=\"og:locale\" content=\"de_DE\" \/>\n<meta property=\"og:type\" content=\"article\" \/>\n<meta property=\"og:title\" content=\"Vitamin C1000 mit Rutin &amp; Rose Hip \u2013 Osavi | ecosupplements.ch\" \/>\n<meta property=\"og:description\" content=\"Hochdosiertes Vitamin C mit Rutin &amp; Hagebutte f\u00fcr Immunsystem und Zellschutz \u2013 120 vegane Kapseln von Osavi. Jetzt bestellen.\" \/>\n<meta property=\"og:url\" content=\"https:\/\/ecosupplements.ch\/?product=vitamin-c1000-with-rutin-rose-hip-120-vegan-caps\" \/>\n<meta property=\"og:site_name\" content=\"Eco Supplements\" \/>\n<meta property=\"article:modified_time\" content=\"2026-05-13T07:25:31+00:00\" \/>\n<meta property=\"og:image\" content=\"https:\/\/ecosupplements.ch\/wp-content\/uploads\/2026\/05\/Vitamin-C1000-with-Rutin-Rose-Hip-120-vegan-caps.png\" \/>\n\t<meta property=\"og:image:width\" content=\"481\" \/>\n\t<meta property=\"og:image:height\" content=\"750\" \/>\n\t<meta property=\"og:image:type\" content=\"image\/png\" \/>\n<meta name=\"twitter:card\" content=\"summary_large_image\" \/>\n<meta name=\"twitter:label1\" content=\"Price\" \/>\n\t<meta name=\"twitter:data1\" content=\"&#067;&#072;&#070;&nbsp;9.89\" \/>\n\t<meta name=\"twitter:label2\" content=\"Availability\" \/>\n\t<meta name=\"twitter:data2\" content=\"Out of stock\" \/>\n<script type=\"application\/ld+json\" class=\"yoast-schema-graph\">{\"@context\":\"https:\\\/\\\/schema.org\",\"@graph\":[{\"@type\":\"WebPage\",\"@id\":\"https:\\\/\\\/ecosupplements.ch\\\/?product=vitamin-c1000-with-rutin-rose-hip-120-vegan-caps\",\"url\":\"https:\\\/\\\/ecosupplements.ch\\\/?product=vitamin-c1000-with-rutin-rose-hip-120-vegan-caps\",\"name\":\"Vitamin C1000 mit Rutin & Rose Hip \u2013 Osavi | ecosupplements.ch\",\"isPartOf\":{\"@id\":\"https:\\\/\\\/ecosupplements.ch\\\/#website\"},\"primaryImageOfPage\":{\"@id\":\"https:\\\/\\\/ecosupplements.ch\\\/?product=vitamin-c1000-with-rutin-rose-hip-120-vegan-caps#primaryimage\"},\"image\":{\"@id\":\"https:\\\/\\\/ecosupplements.ch\\\/?product=vitamin-c1000-with-rutin-rose-hip-120-vegan-caps#primaryimage\"},\"thumbnailUrl\":\"https:\\\/\\\/ecosupplements.ch\\\/wp-content\\\/uploads\\\/2026\\\/05\\\/Vitamin-C1000-with-Rutin-Rose-Hip-120-vegan-caps.png\",\"datePublished\":\"2026-05-11T14:38:02+00:00\",\"dateModified\":\"2026-05-13T07:25:31+00:00\",\"description\":\"Hochdosiertes Vitamin C mit Rutin & Hagebutte f\u00fcr Immunsystem und Zellschutz \u2013 120 vegane Kapseln von Osavi. Jetzt bestellen.\",\"breadcrumb\":{\"@id\":\"https:\\\/\\\/ecosupplements.ch\\\/?product=vitamin-c1000-with-rutin-rose-hip-120-vegan-caps#breadcrumb\"},\"inLanguage\":\"de-CH\",\"potentialAction\":[{\"@type\":\"ReadAction\",\"target\":[\"https:\\\/\\\/ecosupplements.ch\\\/?product=vitamin-c1000-with-rutin-rose-hip-120-vegan-caps\"]}]},{\"@type\":\"ImageObject\",\"inLanguage\":\"de-CH\",\"@id\":\"https:\\\/\\\/ecosupplements.ch\\\/?product=vitamin-c1000-with-rutin-rose-hip-120-vegan-caps#primaryimage\",\"url\":\"https:\\\/\\\/ecosupplements.ch\\\/wp-content\\\/uploads\\\/2026\\\/05\\\/Vitamin-C1000-with-Rutin-Rose-Hip-120-vegan-caps.png\",\"contentUrl\":\"https:\\\/\\\/ecosupplements.ch\\\/wp-content\\\/uploads\\\/2026\\\/05\\\/Vitamin-C1000-with-Rutin-Rose-Hip-120-vegan-caps.png\",\"width\":481,\"height\":750,\"caption\":\"Vitamin C1000 with Rutin & Rose Hip - 120 vegan caps\"},{\"@type\":\"BreadcrumbList\",\"@id\":\"https:\\\/\\\/ecosupplements.ch\\\/?product=vitamin-c1000-with-rutin-rose-hip-120-vegan-caps#breadcrumb\",\"itemListElement\":[{\"@type\":\"ListItem\",\"position\":1,\"name\":\"Home\",\"item\":\"https:\\\/\\\/ecosupplements.ch\\\/\"},{\"@type\":\"ListItem\",\"position\":2,\"name\":\"Shop\",\"item\":\"https:\\\/\\\/ecosupplements.ch\\\/?page_id=14\"},{\"@type\":\"ListItem\",\"position\":3,\"name\":\"Vitamin C1000 with Rutin &amp; Rose Hip &#8211; 120 vegan caps\"}]},{\"@type\":\"WebSite\",\"@id\":\"https:\\\/\\\/ecosupplements.ch\\\/#website\",\"url\":\"https:\\\/\\\/ecosupplements.ch\\\/\",\"name\":\"Eco Supplements\",\"description\":\"\",\"potentialAction\":[{\"@type\":\"SearchAction\",\"target\":{\"@type\":\"EntryPoint\",\"urlTemplate\":\"https:\\\/\\\/ecosupplements.ch\\\/?s={search_term_string}\"},\"query-input\":{\"@type\":\"PropertyValueSpecification\",\"valueRequired\":true,\"valueName\":\"search_term_string\"}}],\"inLanguage\":\"de-CH\"}]}<\/script>\n<meta property=\"product:price:amount\" content=\"9.89\" \/>\n<meta property=\"product:price:currency\" content=\"CHF\" \/>\n<meta property=\"og:availability\" content=\"out of stock\" \/>\n<meta property=\"product:availability\" content=\"out of stock\" \/>\n<meta property=\"product:retailer_item_id\" content=\"5904139921401\" \/>\n<meta property=\"product:condition\" content=\"new\" \/>\n<!-- \/ Yoast SEO plugin. -->","yoast_head_json":{"title":"Vitamin C1000 mit Rutin & Rose Hip \u2013 Osavi | ecosupplements.ch","description":"Hochdosiertes Vitamin C mit Rutin & Hagebutte f\u00fcr Immunsystem und Zellschutz \u2013 120 vegane Kapseln von Osavi. Jetzt bestellen.","robots":{"index":"index","follow":"follow","max-snippet":"max-snippet:-1","max-image-preview":"max-image-preview:large","max-video-preview":"max-video-preview:-1"},"canonical":"https:\/\/ecosupplements.ch\/?product=vitamin-c1000-with-rutin-rose-hip-120-vegan-caps","og_locale":"de_DE","og_type":"article","og_title":"Vitamin C1000 mit Rutin & Rose Hip \u2013 Osavi | ecosupplements.ch","og_description":"Hochdosiertes Vitamin C mit Rutin & Hagebutte f\u00fcr Immunsystem und Zellschutz \u2013 120 vegane Kapseln von Osavi. Jetzt bestellen.","og_url":"https:\/\/ecosupplements.ch\/?product=vitamin-c1000-with-rutin-rose-hip-120-vegan-caps","og_site_name":"Eco Supplements","article_modified_time":"2026-05-13T07:25:31+00:00","og_image":[{"width":481,"height":750,"url":"https:\/\/ecosupplements.ch\/wp-content\/uploads\/2026\/05\/Vitamin-C1000-with-Rutin-Rose-Hip-120-vegan-caps.png","type":"image\/png"}],"twitter_card":"summary_large_image","twitter_misc":{"Price":"&#67;&#72;&#70;&nbsp;9.89","Availability":"Out of stock"},"schema":{"@context":"https:\/\/schema.org","@graph":[{"@type":"WebPage","@id":"https:\/\/ecosupplements.ch\/?product=vitamin-c1000-with-rutin-rose-hip-120-vegan-caps","url":"https:\/\/ecosupplements.ch\/?product=vitamin-c1000-with-rutin-rose-hip-120-vegan-caps","name":"Vitamin C1000 mit Rutin & Rose Hip \u2013 Osavi | ecosupplements.ch","isPartOf":{"@id":"https:\/\/ecosupplements.ch\/#website"},"primaryImageOfPage":{"@id":"https:\/\/ecosupplements.ch\/?product=vitamin-c1000-with-rutin-rose-hip-120-vegan-caps#primaryimage"},"image":{"@id":"https:\/\/ecosupplements.ch\/?product=vitamin-c1000-with-rutin-rose-hip-120-vegan-caps#primaryimage"},"thumbnailUrl":"https:\/\/ecosupplements.ch\/wp-content\/uploads\/2026\/05\/Vitamin-C1000-with-Rutin-Rose-Hip-120-vegan-caps.png","datePublished":"2026-05-11T14:38:02+00:00","dateModified":"2026-05-13T07:25:31+00:00","description":"Hochdosiertes Vitamin C mit Rutin & Hagebutte f\u00fcr Immunsystem und Zellschutz \u2013 120 vegane Kapseln von Osavi. Jetzt bestellen.","breadcrumb":{"@id":"https:\/\/ecosupplements.ch\/?product=vitamin-c1000-with-rutin-rose-hip-120-vegan-caps#breadcrumb"},"inLanguage":"de-CH","potentialAction":[{"@type":"ReadAction","target":["https:\/\/ecosupplements.ch\/?product=vitamin-c1000-with-rutin-rose-hip-120-vegan-caps"]}]},{"@type":"ImageObject","inLanguage":"de-CH","@id":"https:\/\/ecosupplements.ch\/?product=vitamin-c1000-with-rutin-rose-hip-120-vegan-caps#primaryimage","url":"https:\/\/ecosupplements.ch\/wp-content\/uploads\/2026\/05\/Vitamin-C1000-with-Rutin-Rose-Hip-120-vegan-caps.png","contentUrl":"https:\/\/ecosupplements.ch\/wp-content\/uploads\/2026\/05\/Vitamin-C1000-with-Rutin-Rose-Hip-120-vegan-caps.png","width":481,"height":750,"caption":"Vitamin C1000 with Rutin & Rose Hip - 120 vegan caps"},{"@type":"BreadcrumbList","@id":"https:\/\/ecosupplements.ch\/?product=vitamin-c1000-with-rutin-rose-hip-120-vegan-caps#breadcrumb","itemListElement":[{"@type":"ListItem","position":1,"name":"Home","item":"https:\/\/ecosupplements.ch\/"},{"@type":"ListItem","position":2,"name":"Shop","item":"https:\/\/ecosupplements.ch\/?page_id=14"},{"@type":"ListItem","position":3,"name":"Vitamin C1000 with Rutin &amp; Rose Hip &#8211; 120 vegan caps"}]},{"@type":"WebSite","@id":"https:\/\/ecosupplements.ch\/#website","url":"https:\/\/ecosupplements.ch\/","name":"Eco Supplements","description":"","potentialAction":[{"@type":"SearchAction","target":{"@type":"EntryPoint","urlTemplate":"https:\/\/ecosupplements.ch\/?s={search_term_string}"},"query-input":{"@type":"PropertyValueSpecification","valueRequired":true,"valueName":"search_term_string"}}],"inLanguage":"de-CH"}]},"product_price_amount":"9.89","product_price_currency":"CHF","og_availability":"out of stock","product_availability":"out of stock","product_retailer_item_id":"5904139921401","product_condition":"new"},"_links":{"self":[{"href":"https:\/\/ecosupplements.ch\/index.php?rest_route=\/wp\/v2\/product\/2466","targetHints":{"allow":["GET"]}}],"collection":[{"href":"https:\/\/ecosupplements.ch\/index.php?rest_route=\/wp\/v2\/product"}],"about":[{"href":"https:\/\/ecosupplements.ch\/index.php?rest_route=\/wp\/v2\/types\/product"}],"replies":[{"embeddable":true,"href":"https:\/\/ecosupplements.ch\/index.php?rest_route=%2Fwp%2Fv2%2Fcomments&post=2466"}],"wp:featuredmedia":[{"embeddable":true,"href":"https:\/\/ecosupplements.ch\/index.php?rest_route=\/wp\/v2\/media\/2467"}],"wp:attachment":[{"href":"https:\/\/ecosupplements.ch\/index.php?rest_route=%2Fwp%2Fv2%2Fmedia&parent=2466"}],"wp:term":[{"taxonomy":"product_brand","embeddable":true,"href":"https:\/\/ecosupplements.ch\/index.php?rest_route=%2Fwp%2Fv2%2Fproduct_brand&post=2466"},{"taxonomy":"product_cat","embeddable":true,"href":"https:\/\/ecosupplements.ch\/index.php?rest_route=%2Fwp%2Fv2%2Fproduct_cat&post=2466"},{"taxonomy":"product_tag","embeddable":true,"href":"https:\/\/ecosupplements.ch\/index.php?rest_route=%2Fwp%2Fv2%2Fproduct_tag&post=2466"}],"curies":[{"name":"wp","href":"https:\/\/api.w.org\/{rel}","templated":true}]}}