{"id":2470,"date":"2026-05-11T14:38:04","date_gmt":"2026-05-11T14:38:04","guid":{"rendered":"https:\/\/ecosupplements.ch\/?product=vitamin-d3-k2-2000iu-100mcg-120-softgels"},"modified":"2026-05-13T07:23:37","modified_gmt":"2026-05-13T07:23:37","slug":"vitamin-d3-k2-2000iu-100mcg-120-softgels","status":"publish","type":"product","link":"https:\/\/ecosupplements.ch\/?product=vitamin-d3-k2-2000iu-100mcg-120-softgels","title":{"rendered":"Vitamin D3 + K2, 2000IU + 100mcg &#8211; 120 softgels"},"content":{"rendered":"<div class=\"chcg-product-description\">\n<h2 class=\"chcg-heading\">\u00dcber Osavi \u2013 Vitamin D3 + K2, 2000IU + 100mcg \u2013 120 Softgels<\/h2>\n<div class=\"chcg-intro\">\n<p>Vitamin D3 und K2 sind zwei fettl\u00f6sliche Vitamine, die im K\u00f6rper eng zusammenwirken. Vitamin D3 (Cholecalciferol) tr\u00e4gt zur normalen Aufnahme und Verwertung von Calcium und Phosphor bei, unterst\u00fctzt die Erhaltung normaler Knochen und Z\u00e4hne und tr\u00e4gt zur normalen Funktion des Immunsystems bei. Vitamin K2 (Menachinon-7) tr\u00e4gt zur normalen Blutgerinnung sowie zur Erhaltung normaler Knochen bei.<\/p>\n<p>Die Formel von Osavi kombiniert 2000 IU Vitamin D3 mit 100 \u00b5g Vitamin K2 in Form von Menachinon-7 (MK-7) \u2013 einer besonders bioverf\u00fcgbaren Form von Vitamin K2. Die Softgels enthalten MCT-\u00d6l als Tr\u00e4gerstoff, was die Aufnahme dieser fettl\u00f6slichen Vitamine zus\u00e4tzlich unterst\u00fctzt.<\/p>\n<p>Mit 120 Softgels bietet diese Packung eine Versorgung f\u00fcr volle vier Monate. Das Produkt ist glutenfrei und laktosefrei und eignet sich f\u00fcr Personen, die auf diese Inhaltsstoffe verzichten m\u00f6chten.<\/p>\n<\/p><\/div>\n<div class=\"chcg-nutrition\">\n<h3>N\u00e4hrwertangaben<\/h3>\n<table class=\"chcg-nutrition-table\">\n<thead>\n<tr>\n<th>N\u00e4hrstoff<\/th>\n<th>Pro Portion (1 Softgel)<\/th>\n<\/tr>\n<\/thead>\n<tbody>\n<tr>\n<td>Vitamin D (D3, Cholecalciferol)<\/td>\n<td>2000 IU \/ 50 \u00b5g (1000% NRV)<\/td>\n<\/tr>\n<tr>\n<td>Vitamin K (K2, Menachinon-7)<\/td>\n<td>100 \u00b5g (133% NRV)<\/td>\n<\/tr>\n<\/tbody>\n<\/table><\/div>\n<div class=\"chcg-ingredients\">\n<h3>Zutaten<\/h3>\n<p>MCT-\u00d6l (mittelkettige Triglyceride), H\u00fclle (Rindergelatine, Feuchthaltemittel: Glycerol; Wasser), Menachinon-7, Cholecalciferol.<\/p>\n<p class=\"chcg-capsule-shell\">Kapselh\u00fclle: Rindergelatine, Feuchthaltemittel: Glycerol, Wasser.<\/p>\n<\/p><\/div>\n<div class=\"chcg-dosage\">\n<h3>Verzehrempfehlung<\/h3>\n<p>1 Softgel t\u00e4glich, zu einer Mahlzeit einnehmen.<\/p>\n<\/p><\/div>\n<div class=\"chcg-warnings\">\n<h3>Warnhinweise<\/h3>\n<p>Nahrungserg\u00e4nzungsmittel sind kein Ersatz f\u00fcr eine abwechslungsreiche Ern\u00e4hrung. Ausserhalb der Reichweite von Kleinkindern aufbewahren. Die empfohlene Tagesdosis darf nicht \u00fcberschritten werden. Vor der Verwendung dieses Produkts einen Apotheker oder Arzt konsultieren, wenn eine Schwangerschaft geplant ist, w\u00e4hrend der Schwangerschaft, in der Stillzeit, bei \u00e4rztlicher Behandlung oder bei Nahrungsmittelallergien. Personen, die Antikoagulanzien (blutgerinnungshemmende Medikamente) einnehmen, sollten vor der Einnahme von Vitamin-K-haltigen Nahrungserg\u00e4nzungsmitteln \u00e4rztlichen Rat einholen.<\/p>\n<\/p><\/div>\n<div class=\"chcg-allergens\">\n<h3>Allergeninformationen<\/h3>\n<p>Enth\u00e4lt Rindergelatine. Kein Gluten, keine Laktose, kein Soja und kein Palm\u00f6l deklariert.<\/p>\n<\/p><\/div>\n<div class=\"chcg-storage\">\n<h3>Lagerung<\/h3>\n<p>An einem dunklen und trockenen Ort bei Raumtemperatur lagern.<\/p>\n<\/p><\/div>\n<div class=\"chcg-dietary\">\n<h3>Ern\u00e4hrungshinweise<\/h3>\n<ul>\n<li>Glutenfrei<\/li>\n<li>Laktosefrei<\/li>\n<\/ul><\/div>\n<\/div>\n","protected":false},"excerpt":{"rendered":"<p>Osavi Vitamin D3 + K2 liefert 2000 IU Vitamin D3 und 100 \u00b5g Vitamin K2 (MK-7) pro Softgel \u2013 zur Unterst\u00fctzung von Knochen, Z\u00e4hnen und Immunsystem. Glutenfrei und laktosefrei. 120 Softgels f\u00fcr 4 Monate.<\/p>\n","protected":false},"featured_media":2471,"comment_status":"closed","ping_status":"open","template":"","meta":[],"product_brand":[219],"product_cat":[27,48,25,30,31,171,21],"product_tag":[],"class_list":{"0":"post-2470","1":"product","2":"type-product","3":"status-publish","4":"has-post-thumbnail","6":"product_brand-osavi","7":"product_cat-einige-vitamine","8":"product_cat-gesunde-ernaehrung","9":"product_cat-gesundheit-und-wohlbefinden","10":"product_cat-vitamin-d","11":"product_cat-vitamin-k","12":"product_cat-vitamine-und-mineralien","13":"product_cat-vitamine-und-mineralstoffe","15":"first","16":"outofstock","17":"taxable","18":"shipping-taxable","19":"purchasable","20":"product-type-simple"},"yoast_head":"<!-- This site is optimized with the Yoast SEO plugin v27.5 - https:\/\/yoast.com\/product\/yoast-seo-wordpress\/ -->\n<title>Vitamin D3 + K2 2000IU + 100mcg \u2013 Osavi | ecosupplements.ch<\/title>\n<meta name=\"description\" content=\"Osavi Vitamin D3 + K2 in praktischen Softgels \u2013 2000 IU D3 und 100 \u00b5g MK-7 pro Portion, glutenfrei, 120 St\u00fcck. Jetzt bestellen.\" \/>\n<meta name=\"robots\" content=\"index, follow, max-snippet:-1, max-image-preview:large, max-video-preview:-1\" \/>\n<link rel=\"canonical\" href=\"https:\/\/ecosupplements.ch\/?product=vitamin-d3-k2-2000iu-100mcg-120-softgels\" \/>\n<meta property=\"og:locale\" content=\"de_DE\" \/>\n<meta property=\"og:type\" content=\"article\" \/>\n<meta property=\"og:title\" content=\"Vitamin D3 + K2 2000IU + 100mcg \u2013 Osavi | ecosupplements.ch\" \/>\n<meta property=\"og:description\" content=\"Osavi Vitamin D3 + K2 in praktischen Softgels \u2013 2000 IU D3 und 100 \u00b5g MK-7 pro Portion, glutenfrei, 120 St\u00fcck. Jetzt bestellen.\" \/>\n<meta property=\"og:url\" content=\"https:\/\/ecosupplements.ch\/?product=vitamin-d3-k2-2000iu-100mcg-120-softgels\" \/>\n<meta property=\"og:site_name\" content=\"Eco Supplements\" \/>\n<meta property=\"article:modified_time\" content=\"2026-05-13T07:23:37+00:00\" \/>\n<meta property=\"og:image\" content=\"https:\/\/ecosupplements.ch\/wp-content\/uploads\/2026\/05\/Vitamin-D3-K2-2000IU-100mcg-120-softgels.png\" \/>\n\t<meta property=\"og:image:width\" content=\"477\" \/>\n\t<meta property=\"og:image:height\" content=\"750\" \/>\n\t<meta property=\"og:image:type\" content=\"image\/png\" \/>\n<meta name=\"twitter:card\" content=\"summary_large_image\" \/>\n<meta name=\"twitter:label1\" content=\"Price\" \/>\n\t<meta name=\"twitter:data1\" content=\"&#067;&#072;&#070;&nbsp;14.64\" \/>\n\t<meta name=\"twitter:label2\" content=\"Availability\" \/>\n\t<meta name=\"twitter:data2\" content=\"Out of stock\" \/>\n<script type=\"application\/ld+json\" class=\"yoast-schema-graph\">{\"@context\":\"https:\\\/\\\/schema.org\",\"@graph\":[{\"@type\":\"WebPage\",\"@id\":\"https:\\\/\\\/ecosupplements.ch\\\/?product=vitamin-d3-k2-2000iu-100mcg-120-softgels\",\"url\":\"https:\\\/\\\/ecosupplements.ch\\\/?product=vitamin-d3-k2-2000iu-100mcg-120-softgels\",\"name\":\"Vitamin D3 + K2 2000IU + 100mcg \u2013 Osavi | ecosupplements.ch\",\"isPartOf\":{\"@id\":\"https:\\\/\\\/ecosupplements.ch\\\/#website\"},\"primaryImageOfPage\":{\"@id\":\"https:\\\/\\\/ecosupplements.ch\\\/?product=vitamin-d3-k2-2000iu-100mcg-120-softgels#primaryimage\"},\"image\":{\"@id\":\"https:\\\/\\\/ecosupplements.ch\\\/?product=vitamin-d3-k2-2000iu-100mcg-120-softgels#primaryimage\"},\"thumbnailUrl\":\"https:\\\/\\\/ecosupplements.ch\\\/wp-content\\\/uploads\\\/2026\\\/05\\\/Vitamin-D3-K2-2000IU-100mcg-120-softgels.png\",\"datePublished\":\"2026-05-11T14:38:04+00:00\",\"dateModified\":\"2026-05-13T07:23:37+00:00\",\"description\":\"Osavi Vitamin D3 + K2 in praktischen Softgels \u2013 2000 IU D3 und 100 \u00b5g MK-7 pro Portion, glutenfrei, 120 St\u00fcck. Jetzt bestellen.\",\"breadcrumb\":{\"@id\":\"https:\\\/\\\/ecosupplements.ch\\\/?product=vitamin-d3-k2-2000iu-100mcg-120-softgels#breadcrumb\"},\"inLanguage\":\"de-CH\",\"potentialAction\":[{\"@type\":\"ReadAction\",\"target\":[\"https:\\\/\\\/ecosupplements.ch\\\/?product=vitamin-d3-k2-2000iu-100mcg-120-softgels\"]}]},{\"@type\":\"ImageObject\",\"inLanguage\":\"de-CH\",\"@id\":\"https:\\\/\\\/ecosupplements.ch\\\/?product=vitamin-d3-k2-2000iu-100mcg-120-softgels#primaryimage\",\"url\":\"https:\\\/\\\/ecosupplements.ch\\\/wp-content\\\/uploads\\\/2026\\\/05\\\/Vitamin-D3-K2-2000IU-100mcg-120-softgels.png\",\"contentUrl\":\"https:\\\/\\\/ecosupplements.ch\\\/wp-content\\\/uploads\\\/2026\\\/05\\\/Vitamin-D3-K2-2000IU-100mcg-120-softgels.png\",\"width\":477,\"height\":750,\"caption\":\"Vitamin D3 + K2\"},{\"@type\":\"BreadcrumbList\",\"@id\":\"https:\\\/\\\/ecosupplements.ch\\\/?product=vitamin-d3-k2-2000iu-100mcg-120-softgels#breadcrumb\",\"itemListElement\":[{\"@type\":\"ListItem\",\"position\":1,\"name\":\"Home\",\"item\":\"https:\\\/\\\/ecosupplements.ch\\\/\"},{\"@type\":\"ListItem\",\"position\":2,\"name\":\"Shop\",\"item\":\"https:\\\/\\\/ecosupplements.ch\\\/?page_id=14\"},{\"@type\":\"ListItem\",\"position\":3,\"name\":\"Vitamin D3 + K2, 2000IU + 100mcg &#8211; 120 softgels\"}]},{\"@type\":\"WebSite\",\"@id\":\"https:\\\/\\\/ecosupplements.ch\\\/#website\",\"url\":\"https:\\\/\\\/ecosupplements.ch\\\/\",\"name\":\"Eco Supplements\",\"description\":\"\",\"potentialAction\":[{\"@type\":\"SearchAction\",\"target\":{\"@type\":\"EntryPoint\",\"urlTemplate\":\"https:\\\/\\\/ecosupplements.ch\\\/?s={search_term_string}\"},\"query-input\":{\"@type\":\"PropertyValueSpecification\",\"valueRequired\":true,\"valueName\":\"search_term_string\"}}],\"inLanguage\":\"de-CH\"}]}<\/script>\n<meta property=\"product:price:amount\" content=\"14.64\" \/>\n<meta property=\"product:price:currency\" content=\"CHF\" \/>\n<meta property=\"og:availability\" content=\"out of stock\" \/>\n<meta property=\"product:availability\" content=\"out of stock\" \/>\n<meta property=\"product:retailer_item_id\" content=\"5904139920169\" \/>\n<meta property=\"product:condition\" content=\"new\" \/>\n<!-- \/ Yoast SEO plugin. -->","yoast_head_json":{"title":"Vitamin D3 + K2 2000IU + 100mcg \u2013 Osavi | ecosupplements.ch","description":"Osavi Vitamin D3 + K2 in praktischen Softgels \u2013 2000 IU D3 und 100 \u00b5g MK-7 pro Portion, glutenfrei, 120 St\u00fcck. Jetzt bestellen.","robots":{"index":"index","follow":"follow","max-snippet":"max-snippet:-1","max-image-preview":"max-image-preview:large","max-video-preview":"max-video-preview:-1"},"canonical":"https:\/\/ecosupplements.ch\/?product=vitamin-d3-k2-2000iu-100mcg-120-softgels","og_locale":"de_DE","og_type":"article","og_title":"Vitamin D3 + K2 2000IU + 100mcg \u2013 Osavi | ecosupplements.ch","og_description":"Osavi Vitamin D3 + K2 in praktischen Softgels \u2013 2000 IU D3 und 100 \u00b5g MK-7 pro Portion, glutenfrei, 120 St\u00fcck. Jetzt bestellen.","og_url":"https:\/\/ecosupplements.ch\/?product=vitamin-d3-k2-2000iu-100mcg-120-softgels","og_site_name":"Eco Supplements","article_modified_time":"2026-05-13T07:23:37+00:00","og_image":[{"width":477,"height":750,"url":"https:\/\/ecosupplements.ch\/wp-content\/uploads\/2026\/05\/Vitamin-D3-K2-2000IU-100mcg-120-softgels.png","type":"image\/png"}],"twitter_card":"summary_large_image","twitter_misc":{"Price":"&#67;&#72;&#70;&nbsp;14.64","Availability":"Out of stock"},"schema":{"@context":"https:\/\/schema.org","@graph":[{"@type":"WebPage","@id":"https:\/\/ecosupplements.ch\/?product=vitamin-d3-k2-2000iu-100mcg-120-softgels","url":"https:\/\/ecosupplements.ch\/?product=vitamin-d3-k2-2000iu-100mcg-120-softgels","name":"Vitamin D3 + K2 2000IU + 100mcg \u2013 Osavi | ecosupplements.ch","isPartOf":{"@id":"https:\/\/ecosupplements.ch\/#website"},"primaryImageOfPage":{"@id":"https:\/\/ecosupplements.ch\/?product=vitamin-d3-k2-2000iu-100mcg-120-softgels#primaryimage"},"image":{"@id":"https:\/\/ecosupplements.ch\/?product=vitamin-d3-k2-2000iu-100mcg-120-softgels#primaryimage"},"thumbnailUrl":"https:\/\/ecosupplements.ch\/wp-content\/uploads\/2026\/05\/Vitamin-D3-K2-2000IU-100mcg-120-softgels.png","datePublished":"2026-05-11T14:38:04+00:00","dateModified":"2026-05-13T07:23:37+00:00","description":"Osavi Vitamin D3 + K2 in praktischen Softgels \u2013 2000 IU D3 und 100 \u00b5g MK-7 pro Portion, glutenfrei, 120 St\u00fcck. Jetzt bestellen.","breadcrumb":{"@id":"https:\/\/ecosupplements.ch\/?product=vitamin-d3-k2-2000iu-100mcg-120-softgels#breadcrumb"},"inLanguage":"de-CH","potentialAction":[{"@type":"ReadAction","target":["https:\/\/ecosupplements.ch\/?product=vitamin-d3-k2-2000iu-100mcg-120-softgels"]}]},{"@type":"ImageObject","inLanguage":"de-CH","@id":"https:\/\/ecosupplements.ch\/?product=vitamin-d3-k2-2000iu-100mcg-120-softgels#primaryimage","url":"https:\/\/ecosupplements.ch\/wp-content\/uploads\/2026\/05\/Vitamin-D3-K2-2000IU-100mcg-120-softgels.png","contentUrl":"https:\/\/ecosupplements.ch\/wp-content\/uploads\/2026\/05\/Vitamin-D3-K2-2000IU-100mcg-120-softgels.png","width":477,"height":750,"caption":"Vitamin D3 + K2"},{"@type":"BreadcrumbList","@id":"https:\/\/ecosupplements.ch\/?product=vitamin-d3-k2-2000iu-100mcg-120-softgels#breadcrumb","itemListElement":[{"@type":"ListItem","position":1,"name":"Home","item":"https:\/\/ecosupplements.ch\/"},{"@type":"ListItem","position":2,"name":"Shop","item":"https:\/\/ecosupplements.ch\/?page_id=14"},{"@type":"ListItem","position":3,"name":"Vitamin D3 + K2, 2000IU + 100mcg &#8211; 120 softgels"}]},{"@type":"WebSite","@id":"https:\/\/ecosupplements.ch\/#website","url":"https:\/\/ecosupplements.ch\/","name":"Eco Supplements","description":"","potentialAction":[{"@type":"SearchAction","target":{"@type":"EntryPoint","urlTemplate":"https:\/\/ecosupplements.ch\/?s={search_term_string}"},"query-input":{"@type":"PropertyValueSpecification","valueRequired":true,"valueName":"search_term_string"}}],"inLanguage":"de-CH"}]},"product_price_amount":"14.64","product_price_currency":"CHF","og_availability":"out of stock","product_availability":"out of stock","product_retailer_item_id":"5904139920169","product_condition":"new"},"_links":{"self":[{"href":"https:\/\/ecosupplements.ch\/index.php?rest_route=\/wp\/v2\/product\/2470","targetHints":{"allow":["GET"]}}],"collection":[{"href":"https:\/\/ecosupplements.ch\/index.php?rest_route=\/wp\/v2\/product"}],"about":[{"href":"https:\/\/ecosupplements.ch\/index.php?rest_route=\/wp\/v2\/types\/product"}],"replies":[{"embeddable":true,"href":"https:\/\/ecosupplements.ch\/index.php?rest_route=%2Fwp%2Fv2%2Fcomments&post=2470"}],"wp:featuredmedia":[{"embeddable":true,"href":"https:\/\/ecosupplements.ch\/index.php?rest_route=\/wp\/v2\/media\/2471"}],"wp:attachment":[{"href":"https:\/\/ecosupplements.ch\/index.php?rest_route=%2Fwp%2Fv2%2Fmedia&parent=2470"}],"wp:term":[{"taxonomy":"product_brand","embeddable":true,"href":"https:\/\/ecosupplements.ch\/index.php?rest_route=%2Fwp%2Fv2%2Fproduct_brand&post=2470"},{"taxonomy":"product_cat","embeddable":true,"href":"https:\/\/ecosupplements.ch\/index.php?rest_route=%2Fwp%2Fv2%2Fproduct_cat&post=2470"},{"taxonomy":"product_tag","embeddable":true,"href":"https:\/\/ecosupplements.ch\/index.php?rest_route=%2Fwp%2Fv2%2Fproduct_tag&post=2470"}],"curies":[{"name":"wp","href":"https:\/\/api.w.org\/{rel}","templated":true}]}}