{"id":2484,"date":"2026-05-11T14:38:12","date_gmt":"2026-05-11T14:38:12","guid":{"rendered":"https:\/\/ecosupplements.ch\/?product=vitamin-k2-mk-7-100mcg-60-softgels"},"modified":"2026-05-13T07:24:59","modified_gmt":"2026-05-13T07:24:59","slug":"vitamin-k2-mk-7-100mcg-60-softgels","status":"publish","type":"product","link":"https:\/\/ecosupplements.ch\/?product=vitamin-k2-mk-7-100mcg-60-softgels","title":{"rendered":"Vitamin K2 MK-7, 100mcg &#8211; 60 softgels"},"content":{"rendered":"<div class=\"chcg-product-description\">\n<h2 class=\"chcg-heading\">\u00dcber Osavi \u2013 Vitamin K2 MK-7, 100mcg \u2013 60 Softgels<\/h2>\n<div class=\"chcg-intro\">\n<p>Vitamin K2 in der hochwirksamen MK-7-Form (Menachinon-7) gilt als die am besten bioverf\u00fcgbare Form von Vitamin K2. Im Vergleich zu anderen Formen bleibt MK-7 l\u00e4nger im K\u00f6rper aktiv und unterst\u00fctzt so die kontinuierliche Verwertung durch den Organismus. Vitamin K2 tr\u00e4gt zur normalen Blutgerinnung sowie zur Erhaltung normaler Knochen bei.<\/p>\n<p>Die Osavi Vitamin K2 MK-7 Softgels sind in MCT-\u00d6l (mittelkettige Triglyceride) gel\u00f6st, da Vitamin K2 fettl\u00f6slich ist \u2013 eine Kombination mit einem Nahrungsfett verbessert die Aufnahme im Verdauungstrakt. Jede Softgel liefert 100 \u00b5g Vitamin K2 MK-7, was 133 % des N\u00e4hrstoffbezugswertes entspricht.<\/p>\n<p>Das Produkt von Osavi ist frei von Palm\u00f6l, Zucker, Gluten, Laktose, Soja und gentechnisch ver\u00e4nderten Organismen (GVO). Die Softgels sind einfach einzunehmen und f\u00fcr Personen geeignet, die auf eine gezielte und saubere Formulierung Wert legen.<\/p>\n<\/p><\/div>\n<div class=\"chcg-nutrition\">\n<h3>N\u00e4hrwertangaben<\/h3>\n<table class=\"chcg-nutrition-table\">\n<thead>\n<tr>\n<th>N\u00e4hrstoff<\/th>\n<th>Pro Portion (1 Softgel)<\/th>\n<\/tr>\n<\/thead>\n<tbody>\n<tr>\n<td>Vitamin K (K2, Menachinon-7)<\/td>\n<td>100 \u00b5g (133 % NRV)<\/td>\n<\/tr>\n<\/tbody>\n<\/table><\/div>\n<div class=\"chcg-ingredients\">\n<h3>Zutaten<\/h3>\n<p>Vitamin K (K2, Menachinon-7), MCT-\u00d6l (mittelkettige Triglyceride), H\u00fclle (Rindergelatine, Feuchthaltemittel: Glycerol, Wasser), Menachinon-7.<\/p>\n<p class=\"chcg-capsule-shell\">Kapselh\u00fclle: Rindergelatine, Feuchthaltemittel: Glycerol, Wasser.<\/p>\n<\/p><\/div>\n<div class=\"chcg-dosage\">\n<h3>Verzehrempfehlung<\/h3>\n<p>1 Softgel t\u00e4glich, zu einer Mahlzeit.<\/p>\n<\/p><\/div>\n<div class=\"chcg-warnings\">\n<h3>Warnhinweise<\/h3>\n<p>Die empfohlene Tagesdosis sollte nicht \u00fcberschritten werden. Konsultieren Sie vor der Einnahme dieses Produkts Ihren Apotheker oder Arzt, wenn Sie schwanger werden m\u00f6chten, schwanger sind, stillen, unter \u00e4rztlicher Aufsicht stehen oder an Lebensmittelallergien leiden. Nahrungserg\u00e4nzungsmittel sollten nicht als Ersatz f\u00fcr eine ausgewogene Ern\u00e4hrung verwendet werden. Personen, die gerinnungshemmende Medikamente einnehmen, sollten vor dem Konsum von Vitamin-K-haltigen Nahrungserg\u00e4nzungsmitteln \u00e4rztlichen Rat einholen. Ausserhalb der Reichweite von Kleinkindern aufbewahren.<\/p>\n<\/p><\/div>\n<div class=\"chcg-allergens\">\n<h3>Allergeninformationen<\/h3>\n<p>Keine spezifischen Allergene deklariert. Enth\u00e4lt Rindergelatine. Frei von Palm\u00f6l, Zucker, Gluten, Laktose, Soja und GVO.<\/p>\n<\/p><\/div>\n<div class=\"chcg-storage\">\n<h3>Lagerung<\/h3>\n<p>An einem dunklen und trockenen Ort bei Raumtemperatur lagern, ausserhalb der Reichweite von Kleinkindern.<\/p>\n<\/p><\/div>\n<div class=\"chcg-dietary\">\n<h3>Ern\u00e4hrungshinweise<\/h3>\n<ul>\n<li>Glutenfrei<\/li>\n<li>Laktosefrei<\/li>\n<\/ul><\/div>\n<\/div>\n","protected":false},"excerpt":{"rendered":"<p>Osavi Vitamin K2 MK-7 liefert 100 \u00b5g pro Softgel und unterst\u00fctzt die normale Blutgerinnung sowie die Erhaltung normaler Knochen. 60 Softgels in glutenfreier und laktosefreier Formulierung.<\/p>\n","protected":false},"featured_media":2485,"comment_status":"closed","ping_status":"open","template":"","meta":[],"product_brand":[219],"product_cat":[27,48,25,31,21],"product_tag":[],"class_list":{"0":"post-2484","1":"product","2":"type-product","3":"status-publish","4":"has-post-thumbnail","6":"product_brand-osavi","7":"product_cat-einige-vitamine","8":"product_cat-gesunde-ernaehrung","9":"product_cat-gesundheit-und-wohlbefinden","10":"product_cat-vitamin-k","11":"product_cat-vitamine-und-mineralstoffe","13":"first","14":"outofstock","15":"taxable","16":"shipping-taxable","17":"purchasable","18":"product-type-simple"},"yoast_head":"<!-- This site is optimized with the Yoast SEO plugin v27.5 - https:\/\/yoast.com\/product\/yoast-seo-wordpress\/ -->\n<title>Vitamin K2 MK-7 100mcg \u2013 Osavi | ecosupplements.ch<\/title>\n<meta name=\"description\" content=\"Osavi Vitamin K2 MK-7 100mcg \u2013 60 Softgels f\u00fcr normale Knochen und Blutgerinnung, glutenfrei und laktosefrei. Jetzt bestellen.\" \/>\n<meta name=\"robots\" content=\"index, follow, max-snippet:-1, max-image-preview:large, max-video-preview:-1\" \/>\n<link rel=\"canonical\" href=\"https:\/\/ecosupplements.ch\/?product=vitamin-k2-mk-7-100mcg-60-softgels\" \/>\n<meta property=\"og:locale\" content=\"de_DE\" \/>\n<meta property=\"og:type\" content=\"article\" \/>\n<meta property=\"og:title\" content=\"Vitamin K2 MK-7 100mcg \u2013 Osavi | ecosupplements.ch\" \/>\n<meta property=\"og:description\" content=\"Osavi Vitamin K2 MK-7 100mcg \u2013 60 Softgels f\u00fcr normale Knochen und Blutgerinnung, glutenfrei und laktosefrei. Jetzt bestellen.\" \/>\n<meta property=\"og:url\" content=\"https:\/\/ecosupplements.ch\/?product=vitamin-k2-mk-7-100mcg-60-softgels\" \/>\n<meta property=\"og:site_name\" content=\"Eco Supplements\" \/>\n<meta property=\"article:modified_time\" content=\"2026-05-13T07:24:59+00:00\" \/>\n<meta property=\"og:image\" content=\"https:\/\/ecosupplements.ch\/wp-content\/uploads\/2026\/05\/Vitamin-K2-MK-7-100mcg-60-softgels.png\" \/>\n\t<meta property=\"og:image:width\" content=\"551\" \/>\n\t<meta property=\"og:image:height\" content=\"750\" \/>\n\t<meta property=\"og:image:type\" content=\"image\/png\" \/>\n<meta name=\"twitter:card\" content=\"summary_large_image\" \/>\n<meta name=\"twitter:label1\" content=\"Price\" \/>\n\t<meta name=\"twitter:data1\" content=\"&#067;&#072;&#070;&nbsp;9.77\" \/>\n\t<meta name=\"twitter:label2\" content=\"Availability\" \/>\n\t<meta name=\"twitter:data2\" content=\"Out of stock\" \/>\n<script type=\"application\/ld+json\" class=\"yoast-schema-graph\">{\"@context\":\"https:\\\/\\\/schema.org\",\"@graph\":[{\"@type\":\"WebPage\",\"@id\":\"https:\\\/\\\/ecosupplements.ch\\\/?product=vitamin-k2-mk-7-100mcg-60-softgels\",\"url\":\"https:\\\/\\\/ecosupplements.ch\\\/?product=vitamin-k2-mk-7-100mcg-60-softgels\",\"name\":\"Vitamin K2 MK-7 100mcg \u2013 Osavi | ecosupplements.ch\",\"isPartOf\":{\"@id\":\"https:\\\/\\\/ecosupplements.ch\\\/#website\"},\"primaryImageOfPage\":{\"@id\":\"https:\\\/\\\/ecosupplements.ch\\\/?product=vitamin-k2-mk-7-100mcg-60-softgels#primaryimage\"},\"image\":{\"@id\":\"https:\\\/\\\/ecosupplements.ch\\\/?product=vitamin-k2-mk-7-100mcg-60-softgels#primaryimage\"},\"thumbnailUrl\":\"https:\\\/\\\/ecosupplements.ch\\\/wp-content\\\/uploads\\\/2026\\\/05\\\/Vitamin-K2-MK-7-100mcg-60-softgels.png\",\"datePublished\":\"2026-05-11T14:38:12+00:00\",\"dateModified\":\"2026-05-13T07:24:59+00:00\",\"description\":\"Osavi Vitamin K2 MK-7 100mcg \u2013 60 Softgels f\u00fcr normale Knochen und Blutgerinnung, glutenfrei und laktosefrei. Jetzt bestellen.\",\"breadcrumb\":{\"@id\":\"https:\\\/\\\/ecosupplements.ch\\\/?product=vitamin-k2-mk-7-100mcg-60-softgels#breadcrumb\"},\"inLanguage\":\"de-CH\",\"potentialAction\":[{\"@type\":\"ReadAction\",\"target\":[\"https:\\\/\\\/ecosupplements.ch\\\/?product=vitamin-k2-mk-7-100mcg-60-softgels\"]}]},{\"@type\":\"ImageObject\",\"inLanguage\":\"de-CH\",\"@id\":\"https:\\\/\\\/ecosupplements.ch\\\/?product=vitamin-k2-mk-7-100mcg-60-softgels#primaryimage\",\"url\":\"https:\\\/\\\/ecosupplements.ch\\\/wp-content\\\/uploads\\\/2026\\\/05\\\/Vitamin-K2-MK-7-100mcg-60-softgels.png\",\"contentUrl\":\"https:\\\/\\\/ecosupplements.ch\\\/wp-content\\\/uploads\\\/2026\\\/05\\\/Vitamin-K2-MK-7-100mcg-60-softgels.png\",\"width\":551,\"height\":750,\"caption\":\"Vitamin K2 MK-7\"},{\"@type\":\"BreadcrumbList\",\"@id\":\"https:\\\/\\\/ecosupplements.ch\\\/?product=vitamin-k2-mk-7-100mcg-60-softgels#breadcrumb\",\"itemListElement\":[{\"@type\":\"ListItem\",\"position\":1,\"name\":\"Home\",\"item\":\"https:\\\/\\\/ecosupplements.ch\\\/\"},{\"@type\":\"ListItem\",\"position\":2,\"name\":\"Shop\",\"item\":\"https:\\\/\\\/ecosupplements.ch\\\/?page_id=14\"},{\"@type\":\"ListItem\",\"position\":3,\"name\":\"Vitamin K2 MK-7, 100mcg &#8211; 60 softgels\"}]},{\"@type\":\"WebSite\",\"@id\":\"https:\\\/\\\/ecosupplements.ch\\\/#website\",\"url\":\"https:\\\/\\\/ecosupplements.ch\\\/\",\"name\":\"Eco Supplements\",\"description\":\"\",\"potentialAction\":[{\"@type\":\"SearchAction\",\"target\":{\"@type\":\"EntryPoint\",\"urlTemplate\":\"https:\\\/\\\/ecosupplements.ch\\\/?s={search_term_string}\"},\"query-input\":{\"@type\":\"PropertyValueSpecification\",\"valueRequired\":true,\"valueName\":\"search_term_string\"}}],\"inLanguage\":\"de-CH\"}]}<\/script>\n<meta property=\"product:price:amount\" content=\"9.77\" \/>\n<meta property=\"product:price:currency\" content=\"CHF\" \/>\n<meta property=\"og:availability\" content=\"out of stock\" \/>\n<meta property=\"product:availability\" content=\"out of stock\" \/>\n<meta property=\"product:retailer_item_id\" content=\"5904139920084\" \/>\n<meta property=\"product:condition\" content=\"new\" \/>\n<!-- \/ Yoast SEO plugin. -->","yoast_head_json":{"title":"Vitamin K2 MK-7 100mcg \u2013 Osavi | ecosupplements.ch","description":"Osavi Vitamin K2 MK-7 100mcg \u2013 60 Softgels f\u00fcr normale Knochen und Blutgerinnung, glutenfrei und laktosefrei. Jetzt bestellen.","robots":{"index":"index","follow":"follow","max-snippet":"max-snippet:-1","max-image-preview":"max-image-preview:large","max-video-preview":"max-video-preview:-1"},"canonical":"https:\/\/ecosupplements.ch\/?product=vitamin-k2-mk-7-100mcg-60-softgels","og_locale":"de_DE","og_type":"article","og_title":"Vitamin K2 MK-7 100mcg \u2013 Osavi | ecosupplements.ch","og_description":"Osavi Vitamin K2 MK-7 100mcg \u2013 60 Softgels f\u00fcr normale Knochen und Blutgerinnung, glutenfrei und laktosefrei. Jetzt bestellen.","og_url":"https:\/\/ecosupplements.ch\/?product=vitamin-k2-mk-7-100mcg-60-softgels","og_site_name":"Eco Supplements","article_modified_time":"2026-05-13T07:24:59+00:00","og_image":[{"width":551,"height":750,"url":"https:\/\/ecosupplements.ch\/wp-content\/uploads\/2026\/05\/Vitamin-K2-MK-7-100mcg-60-softgels.png","type":"image\/png"}],"twitter_card":"summary_large_image","twitter_misc":{"Price":"&#67;&#72;&#70;&nbsp;9.77","Availability":"Out of stock"},"schema":{"@context":"https:\/\/schema.org","@graph":[{"@type":"WebPage","@id":"https:\/\/ecosupplements.ch\/?product=vitamin-k2-mk-7-100mcg-60-softgels","url":"https:\/\/ecosupplements.ch\/?product=vitamin-k2-mk-7-100mcg-60-softgels","name":"Vitamin K2 MK-7 100mcg \u2013 Osavi | ecosupplements.ch","isPartOf":{"@id":"https:\/\/ecosupplements.ch\/#website"},"primaryImageOfPage":{"@id":"https:\/\/ecosupplements.ch\/?product=vitamin-k2-mk-7-100mcg-60-softgels#primaryimage"},"image":{"@id":"https:\/\/ecosupplements.ch\/?product=vitamin-k2-mk-7-100mcg-60-softgels#primaryimage"},"thumbnailUrl":"https:\/\/ecosupplements.ch\/wp-content\/uploads\/2026\/05\/Vitamin-K2-MK-7-100mcg-60-softgels.png","datePublished":"2026-05-11T14:38:12+00:00","dateModified":"2026-05-13T07:24:59+00:00","description":"Osavi Vitamin K2 MK-7 100mcg \u2013 60 Softgels f\u00fcr normale Knochen und Blutgerinnung, glutenfrei und laktosefrei. Jetzt bestellen.","breadcrumb":{"@id":"https:\/\/ecosupplements.ch\/?product=vitamin-k2-mk-7-100mcg-60-softgels#breadcrumb"},"inLanguage":"de-CH","potentialAction":[{"@type":"ReadAction","target":["https:\/\/ecosupplements.ch\/?product=vitamin-k2-mk-7-100mcg-60-softgels"]}]},{"@type":"ImageObject","inLanguage":"de-CH","@id":"https:\/\/ecosupplements.ch\/?product=vitamin-k2-mk-7-100mcg-60-softgels#primaryimage","url":"https:\/\/ecosupplements.ch\/wp-content\/uploads\/2026\/05\/Vitamin-K2-MK-7-100mcg-60-softgels.png","contentUrl":"https:\/\/ecosupplements.ch\/wp-content\/uploads\/2026\/05\/Vitamin-K2-MK-7-100mcg-60-softgels.png","width":551,"height":750,"caption":"Vitamin K2 MK-7"},{"@type":"BreadcrumbList","@id":"https:\/\/ecosupplements.ch\/?product=vitamin-k2-mk-7-100mcg-60-softgels#breadcrumb","itemListElement":[{"@type":"ListItem","position":1,"name":"Home","item":"https:\/\/ecosupplements.ch\/"},{"@type":"ListItem","position":2,"name":"Shop","item":"https:\/\/ecosupplements.ch\/?page_id=14"},{"@type":"ListItem","position":3,"name":"Vitamin K2 MK-7, 100mcg &#8211; 60 softgels"}]},{"@type":"WebSite","@id":"https:\/\/ecosupplements.ch\/#website","url":"https:\/\/ecosupplements.ch\/","name":"Eco Supplements","description":"","potentialAction":[{"@type":"SearchAction","target":{"@type":"EntryPoint","urlTemplate":"https:\/\/ecosupplements.ch\/?s={search_term_string}"},"query-input":{"@type":"PropertyValueSpecification","valueRequired":true,"valueName":"search_term_string"}}],"inLanguage":"de-CH"}]},"product_price_amount":"9.77","product_price_currency":"CHF","og_availability":"out of stock","product_availability":"out of stock","product_retailer_item_id":"5904139920084","product_condition":"new"},"_links":{"self":[{"href":"https:\/\/ecosupplements.ch\/index.php?rest_route=\/wp\/v2\/product\/2484","targetHints":{"allow":["GET"]}}],"collection":[{"href":"https:\/\/ecosupplements.ch\/index.php?rest_route=\/wp\/v2\/product"}],"about":[{"href":"https:\/\/ecosupplements.ch\/index.php?rest_route=\/wp\/v2\/types\/product"}],"replies":[{"embeddable":true,"href":"https:\/\/ecosupplements.ch\/index.php?rest_route=%2Fwp%2Fv2%2Fcomments&post=2484"}],"wp:featuredmedia":[{"embeddable":true,"href":"https:\/\/ecosupplements.ch\/index.php?rest_route=\/wp\/v2\/media\/2485"}],"wp:attachment":[{"href":"https:\/\/ecosupplements.ch\/index.php?rest_route=%2Fwp%2Fv2%2Fmedia&parent=2484"}],"wp:term":[{"taxonomy":"product_brand","embeddable":true,"href":"https:\/\/ecosupplements.ch\/index.php?rest_route=%2Fwp%2Fv2%2Fproduct_brand&post=2484"},{"taxonomy":"product_cat","embeddable":true,"href":"https:\/\/ecosupplements.ch\/index.php?rest_route=%2Fwp%2Fv2%2Fproduct_cat&post=2484"},{"taxonomy":"product_tag","embeddable":true,"href":"https:\/\/ecosupplements.ch\/index.php?rest_route=%2Fwp%2Fv2%2Fproduct_tag&post=2484"}],"curies":[{"name":"wp","href":"https:\/\/api.w.org\/{rel}","templated":true}]}}