{"id":2632,"date":"2026-05-11T14:39:15","date_gmt":"2026-05-11T14:39:15","guid":{"rendered":"https:\/\/ecosupplements.ch\/?product=ginkgo-with-vinpocetine-standardized-60-caps"},"modified":"2026-05-13T07:23:55","modified_gmt":"2026-05-13T07:23:55","slug":"ginkgo-with-vinpocetine-standardized-60-caps","status":"publish","type":"product","link":"https:\/\/ecosupplements.ch\/?product=ginkgo-with-vinpocetine-standardized-60-caps","title":{"rendered":"Ginkgo with Vinpocetine Standardized &#8211; 60 caps"},"content":{"rendered":"<div class=\"chcg-product-description\">\n<h2 class=\"chcg-heading\">\u00dcber Swanson \u2013 Ginkgo with Vinpocetine Standardized \u2013 60 Kapseln<\/h2>\n<div class=\"chcg-intro\">\n<p>Swansons Ginkgo with Vinpocetine Standardized kombiniert zwei bew\u00e4hrte pflanzliche Wirkstoffe in einer praktischen Kapselform. Der standardisierte Ginkgo Biloba Blattextrakt enth\u00e4lt 24 % Flavonglykoside und 6 % Terpenlaktone \u2013 eine pr\u00e4zise definierte Zusammensetzung, die f\u00fcr gleichbleibende Qualit\u00e4t sorgt. Erg\u00e4nzt wird die Formel durch Vinpocetine, einen Extrakt aus der Immergr\u00fcnpflanze.<\/p>\n<p>Beide Inhaltsstoffe sind in der Nahrungserg\u00e4nzungsmittelforschung seit Jahrzehnten bekannt und werden weltweit in zahlreichen Produkten eingesetzt. Die Kombination dieser beiden Pflanzenextrakte in einer einzigen Kapsel macht dieses Pr\u00e4parat besonders praktisch f\u00fcr alle, die ihren Alltag mit einer gezielten Nahrungserg\u00e4nzung unterst\u00fctzen m\u00f6chten.<\/p>\n<p>Swanson steht seit \u00fcber 50 Jahren f\u00fcr sorgf\u00e4ltig entwickelte Nahrungserg\u00e4nzungsmittel mit hochwertigen Rohstoffen. Jede Charge wird auf Reinheit und Wirkstoffgehalt gepr\u00fcft, damit Sie stets ein zuverl\u00e4ssiges Produkt erhalten.<\/p>\n<\/p><\/div>\n<div class=\"chcg-nutrition\">\n<h3>N\u00e4hrwertangaben<\/h3>\n<table class=\"chcg-nutrition-table\">\n<thead>\n<tr>\n<th>N\u00e4hrstoff<\/th>\n<th>Pro Portion (2 Kapseln)<\/th>\n<\/tr>\n<\/thead>\n<tbody>\n<tr>\n<td>Ginkgo Biloba Blattextrakt (standardisiert auf 24 % Flavonglykoside, 6 % Terpenlaktone)<\/td>\n<td>80 mg *<\/td>\n<\/tr>\n<tr>\n<td>Vinpocetine (Extrakt aus der Immergr\u00fcnpflanze) (ganze Pflanze)<\/td>\n<td>10 mg *<\/td>\n<\/tr>\n<\/tbody>\n<\/table>\n<p class=\"chcg-footnote\">* Kein etablierter Tagesbedarf festgelegt.<\/p>\n<p class=\"chcg-footnote\">Portionsgr\u00f6sse: 2 Kapseln | Portionen pro Packung: 30<\/p>\n<\/p><\/div>\n<div class=\"chcg-ingredients\">\n<h3>Zutaten<\/h3>\n<p>Ginkgo Biloba Blattextrakt (standardisiert auf 24 % Flavonglykoside, 6 % Terpenlaktone) 80 mg, Vinpocetine (Extrakt aus der Immergr\u00fcnpflanze) (ganze Pflanze) 10 mg. Weitere Zutaten: Reismehl, Gelatine, Calciumpalmitat.<\/p>\n<p class=\"chcg-capsule-shell\">Kapselh\u00fclle: Gelatine<\/p>\n<\/p><\/div>\n<div class=\"chcg-dosage\">\n<h3>Verzehrempfehlung<\/h3>\n<p>Als Nahrungserg\u00e4nzungsmittel t\u00e4glich zwei Kapseln zwei- bis dreimal t\u00e4glich zu den Mahlzeiten mit ausreichend Wasser einnehmen. Portionsgr\u00f6sse: 2 Kapseln. Portionen pro Packung: 30.<\/p>\n<\/p><\/div>\n<div class=\"chcg-warnings\">\n<h3>Warnhinweise<\/h3>\n<p>Nur f\u00fcr Erwachsene. Dieses Produkt nicht einnehmen, wenn Sie schwanger sind, schwanger werden k\u00f6nnten oder stillen. Konsultieren Sie Ihre \u00c4rztin oder Ihren Arzt, bevor Sie dieses oder ein anderes Produkt einnehmen, wenn Sie Medikamente einnehmen \u2013 insbesondere Blutverd\u00fcnner oder Antidepressiva \u2013 oder wenn Sie an einer Erkrankung leiden, wie z. B. einer Herz-Kreislauf-Erkrankung oder einer Anfallserkrankung. Ausserhalb der Reichweite von Kindern aufbewahren. Nicht verwenden, wenn die Schutzversiegelung besch\u00e4digt ist.<\/p>\n<\/p><\/div>\n<div class=\"chcg-allergens\">\n<h3>Allergeninformationen<\/h3>\n<p>Auf dem Etikett sind keine Allergene ausdr\u00fccklich deklariert.<\/p>\n<\/p><\/div>\n<div class=\"chcg-storage\">\n<h3>Lagerung<\/h3>\n<p>An einem k\u00fchlen, trockenen Ort lagern.<\/p>\n<\/p><\/div>\n<\/div>\n","protected":false},"excerpt":{"rendered":"<p>Swansons standardisierter Ginkgo Biloba Extrakt mit Vinpocetine in praktischer Kapselform \u2013 60 Kapseln pro Packung (30 Portionen). Hochwertige pflanzliche Wirkstoffe in pr\u00e4zise definierter Zusammensetzung.<\/p>\n","protected":false},"featured_media":2633,"comment_status":"closed","ping_status":"open","template":"","meta":[],"product_brand":[16],"product_cat":[48,25,42],"product_tag":[],"class_list":{"0":"post-2632","1":"product","2":"type-product","3":"status-publish","4":"has-post-thumbnail","6":"product_brand-swanson","7":"product_cat-gesunde-ernaehrung","8":"product_cat-gesundheit-und-wohlbefinden","9":"product_cat-mentale-konzentration-und-gedaechtnis","11":"first","12":"outofstock","13":"taxable","14":"shipping-taxable","15":"purchasable","16":"product-type-simple"},"yoast_head":"<!-- This site is optimized with the Yoast SEO plugin v27.5 - https:\/\/yoast.com\/product\/yoast-seo-wordpress\/ -->\n<title>Ginkgo with Vinpocetine Standardized \u2013 Swanson | ecosupplements.ch<\/title>\n<meta name=\"description\" content=\"Standardisierter Ginkgo Biloba Extrakt mit Vinpocetine \u2013 60 Kapseln von Swanson f\u00fcr gleichbleibende Wirkstoffqualit\u00e4t. Jetzt bestellen.\" \/>\n<meta name=\"robots\" content=\"index, follow, max-snippet:-1, max-image-preview:large, max-video-preview:-1\" \/>\n<link rel=\"canonical\" href=\"https:\/\/ecosupplements.ch\/?product=ginkgo-with-vinpocetine-standardized-60-caps\" \/>\n<meta property=\"og:locale\" content=\"de_DE\" \/>\n<meta property=\"og:type\" content=\"article\" \/>\n<meta property=\"og:title\" content=\"Ginkgo with Vinpocetine Standardized \u2013 Swanson | ecosupplements.ch\" \/>\n<meta property=\"og:description\" content=\"Standardisierter Ginkgo Biloba Extrakt mit Vinpocetine \u2013 60 Kapseln von Swanson f\u00fcr gleichbleibende Wirkstoffqualit\u00e4t. Jetzt bestellen.\" \/>\n<meta property=\"og:url\" content=\"https:\/\/ecosupplements.ch\/?product=ginkgo-with-vinpocetine-standardized-60-caps\" \/>\n<meta property=\"og:site_name\" content=\"Eco Supplements\" \/>\n<meta property=\"article:modified_time\" content=\"2026-05-13T07:23:55+00:00\" \/>\n<meta property=\"og:image\" content=\"https:\/\/ecosupplements.ch\/wp-content\/uploads\/2026\/05\/Ginkgo-with-Vinpocetine-Standardized-60-caps.jpg\" \/>\n\t<meta property=\"og:image:width\" content=\"259\" \/>\n\t<meta property=\"og:image:height\" content=\"451\" \/>\n\t<meta property=\"og:image:type\" content=\"image\/jpeg\" \/>\n<meta name=\"twitter:card\" content=\"summary_large_image\" \/>\n<meta name=\"twitter:label1\" content=\"Price\" \/>\n\t<meta name=\"twitter:data1\" content=\"&#067;&#072;&#070;&nbsp;9.35\" \/>\n\t<meta name=\"twitter:label2\" content=\"Availability\" \/>\n\t<meta name=\"twitter:data2\" content=\"Out of stock\" \/>\n<script type=\"application\/ld+json\" class=\"yoast-schema-graph\">{\"@context\":\"https:\\\/\\\/schema.org\",\"@graph\":[{\"@type\":\"WebPage\",\"@id\":\"https:\\\/\\\/ecosupplements.ch\\\/?product=ginkgo-with-vinpocetine-standardized-60-caps\",\"url\":\"https:\\\/\\\/ecosupplements.ch\\\/?product=ginkgo-with-vinpocetine-standardized-60-caps\",\"name\":\"Ginkgo with Vinpocetine Standardized \u2013 Swanson | ecosupplements.ch\",\"isPartOf\":{\"@id\":\"https:\\\/\\\/ecosupplements.ch\\\/#website\"},\"primaryImageOfPage\":{\"@id\":\"https:\\\/\\\/ecosupplements.ch\\\/?product=ginkgo-with-vinpocetine-standardized-60-caps#primaryimage\"},\"image\":{\"@id\":\"https:\\\/\\\/ecosupplements.ch\\\/?product=ginkgo-with-vinpocetine-standardized-60-caps#primaryimage\"},\"thumbnailUrl\":\"https:\\\/\\\/ecosupplements.ch\\\/wp-content\\\/uploads\\\/2026\\\/05\\\/Ginkgo-with-Vinpocetine-Standardized-60-caps.jpg\",\"datePublished\":\"2026-05-11T14:39:15+00:00\",\"dateModified\":\"2026-05-13T07:23:55+00:00\",\"description\":\"Standardisierter Ginkgo Biloba Extrakt mit Vinpocetine \u2013 60 Kapseln von Swanson f\u00fcr gleichbleibende Wirkstoffqualit\u00e4t. Jetzt bestellen.\",\"breadcrumb\":{\"@id\":\"https:\\\/\\\/ecosupplements.ch\\\/?product=ginkgo-with-vinpocetine-standardized-60-caps#breadcrumb\"},\"inLanguage\":\"de-CH\",\"potentialAction\":[{\"@type\":\"ReadAction\",\"target\":[\"https:\\\/\\\/ecosupplements.ch\\\/?product=ginkgo-with-vinpocetine-standardized-60-caps\"]}]},{\"@type\":\"ImageObject\",\"inLanguage\":\"de-CH\",\"@id\":\"https:\\\/\\\/ecosupplements.ch\\\/?product=ginkgo-with-vinpocetine-standardized-60-caps#primaryimage\",\"url\":\"https:\\\/\\\/ecosupplements.ch\\\/wp-content\\\/uploads\\\/2026\\\/05\\\/Ginkgo-with-Vinpocetine-Standardized-60-caps.jpg\",\"contentUrl\":\"https:\\\/\\\/ecosupplements.ch\\\/wp-content\\\/uploads\\\/2026\\\/05\\\/Ginkgo-with-Vinpocetine-Standardized-60-caps.jpg\",\"width\":259,\"height\":451,\"caption\":\"Ginkgo with Vinpocetine Standardized - 60 caps\"},{\"@type\":\"BreadcrumbList\",\"@id\":\"https:\\\/\\\/ecosupplements.ch\\\/?product=ginkgo-with-vinpocetine-standardized-60-caps#breadcrumb\",\"itemListElement\":[{\"@type\":\"ListItem\",\"position\":1,\"name\":\"Home\",\"item\":\"https:\\\/\\\/ecosupplements.ch\\\/\"},{\"@type\":\"ListItem\",\"position\":2,\"name\":\"Shop\",\"item\":\"https:\\\/\\\/ecosupplements.ch\\\/?page_id=14\"},{\"@type\":\"ListItem\",\"position\":3,\"name\":\"Ginkgo with Vinpocetine Standardized &#8211; 60 caps\"}]},{\"@type\":\"WebSite\",\"@id\":\"https:\\\/\\\/ecosupplements.ch\\\/#website\",\"url\":\"https:\\\/\\\/ecosupplements.ch\\\/\",\"name\":\"Eco Supplements\",\"description\":\"\",\"potentialAction\":[{\"@type\":\"SearchAction\",\"target\":{\"@type\":\"EntryPoint\",\"urlTemplate\":\"https:\\\/\\\/ecosupplements.ch\\\/?s={search_term_string}\"},\"query-input\":{\"@type\":\"PropertyValueSpecification\",\"valueRequired\":true,\"valueName\":\"search_term_string\"}}],\"inLanguage\":\"de-CH\"}]}<\/script>\n<meta property=\"product:price:amount\" content=\"9.35\" \/>\n<meta property=\"product:price:currency\" content=\"CHF\" \/>\n<meta property=\"og:availability\" content=\"out of stock\" \/>\n<meta property=\"product:availability\" content=\"out of stock\" \/>\n<meta property=\"product:retailer_item_id\" content=\"087614140742\" \/>\n<meta property=\"product:condition\" content=\"new\" \/>\n<!-- \/ Yoast SEO plugin. -->","yoast_head_json":{"title":"Ginkgo with Vinpocetine Standardized \u2013 Swanson | ecosupplements.ch","description":"Standardisierter Ginkgo Biloba Extrakt mit Vinpocetine \u2013 60 Kapseln von Swanson f\u00fcr gleichbleibende Wirkstoffqualit\u00e4t. Jetzt bestellen.","robots":{"index":"index","follow":"follow","max-snippet":"max-snippet:-1","max-image-preview":"max-image-preview:large","max-video-preview":"max-video-preview:-1"},"canonical":"https:\/\/ecosupplements.ch\/?product=ginkgo-with-vinpocetine-standardized-60-caps","og_locale":"de_DE","og_type":"article","og_title":"Ginkgo with Vinpocetine Standardized \u2013 Swanson | ecosupplements.ch","og_description":"Standardisierter Ginkgo Biloba Extrakt mit Vinpocetine \u2013 60 Kapseln von Swanson f\u00fcr gleichbleibende Wirkstoffqualit\u00e4t. Jetzt bestellen.","og_url":"https:\/\/ecosupplements.ch\/?product=ginkgo-with-vinpocetine-standardized-60-caps","og_site_name":"Eco Supplements","article_modified_time":"2026-05-13T07:23:55+00:00","og_image":[{"width":259,"height":451,"url":"https:\/\/ecosupplements.ch\/wp-content\/uploads\/2026\/05\/Ginkgo-with-Vinpocetine-Standardized-60-caps.jpg","type":"image\/jpeg"}],"twitter_card":"summary_large_image","twitter_misc":{"Price":"&#67;&#72;&#70;&nbsp;9.35","Availability":"Out of stock"},"schema":{"@context":"https:\/\/schema.org","@graph":[{"@type":"WebPage","@id":"https:\/\/ecosupplements.ch\/?product=ginkgo-with-vinpocetine-standardized-60-caps","url":"https:\/\/ecosupplements.ch\/?product=ginkgo-with-vinpocetine-standardized-60-caps","name":"Ginkgo with Vinpocetine Standardized \u2013 Swanson | ecosupplements.ch","isPartOf":{"@id":"https:\/\/ecosupplements.ch\/#website"},"primaryImageOfPage":{"@id":"https:\/\/ecosupplements.ch\/?product=ginkgo-with-vinpocetine-standardized-60-caps#primaryimage"},"image":{"@id":"https:\/\/ecosupplements.ch\/?product=ginkgo-with-vinpocetine-standardized-60-caps#primaryimage"},"thumbnailUrl":"https:\/\/ecosupplements.ch\/wp-content\/uploads\/2026\/05\/Ginkgo-with-Vinpocetine-Standardized-60-caps.jpg","datePublished":"2026-05-11T14:39:15+00:00","dateModified":"2026-05-13T07:23:55+00:00","description":"Standardisierter Ginkgo Biloba Extrakt mit Vinpocetine \u2013 60 Kapseln von Swanson f\u00fcr gleichbleibende Wirkstoffqualit\u00e4t. Jetzt bestellen.","breadcrumb":{"@id":"https:\/\/ecosupplements.ch\/?product=ginkgo-with-vinpocetine-standardized-60-caps#breadcrumb"},"inLanguage":"de-CH","potentialAction":[{"@type":"ReadAction","target":["https:\/\/ecosupplements.ch\/?product=ginkgo-with-vinpocetine-standardized-60-caps"]}]},{"@type":"ImageObject","inLanguage":"de-CH","@id":"https:\/\/ecosupplements.ch\/?product=ginkgo-with-vinpocetine-standardized-60-caps#primaryimage","url":"https:\/\/ecosupplements.ch\/wp-content\/uploads\/2026\/05\/Ginkgo-with-Vinpocetine-Standardized-60-caps.jpg","contentUrl":"https:\/\/ecosupplements.ch\/wp-content\/uploads\/2026\/05\/Ginkgo-with-Vinpocetine-Standardized-60-caps.jpg","width":259,"height":451,"caption":"Ginkgo with Vinpocetine Standardized - 60 caps"},{"@type":"BreadcrumbList","@id":"https:\/\/ecosupplements.ch\/?product=ginkgo-with-vinpocetine-standardized-60-caps#breadcrumb","itemListElement":[{"@type":"ListItem","position":1,"name":"Home","item":"https:\/\/ecosupplements.ch\/"},{"@type":"ListItem","position":2,"name":"Shop","item":"https:\/\/ecosupplements.ch\/?page_id=14"},{"@type":"ListItem","position":3,"name":"Ginkgo with Vinpocetine Standardized &#8211; 60 caps"}]},{"@type":"WebSite","@id":"https:\/\/ecosupplements.ch\/#website","url":"https:\/\/ecosupplements.ch\/","name":"Eco Supplements","description":"","potentialAction":[{"@type":"SearchAction","target":{"@type":"EntryPoint","urlTemplate":"https:\/\/ecosupplements.ch\/?s={search_term_string}"},"query-input":{"@type":"PropertyValueSpecification","valueRequired":true,"valueName":"search_term_string"}}],"inLanguage":"de-CH"}]},"product_price_amount":"9.35","product_price_currency":"CHF","og_availability":"out of stock","product_availability":"out of stock","product_retailer_item_id":"087614140742","product_condition":"new"},"_links":{"self":[{"href":"https:\/\/ecosupplements.ch\/index.php?rest_route=\/wp\/v2\/product\/2632","targetHints":{"allow":["GET"]}}],"collection":[{"href":"https:\/\/ecosupplements.ch\/index.php?rest_route=\/wp\/v2\/product"}],"about":[{"href":"https:\/\/ecosupplements.ch\/index.php?rest_route=\/wp\/v2\/types\/product"}],"replies":[{"embeddable":true,"href":"https:\/\/ecosupplements.ch\/index.php?rest_route=%2Fwp%2Fv2%2Fcomments&post=2632"}],"wp:featuredmedia":[{"embeddable":true,"href":"https:\/\/ecosupplements.ch\/index.php?rest_route=\/wp\/v2\/media\/2633"}],"wp:attachment":[{"href":"https:\/\/ecosupplements.ch\/index.php?rest_route=%2Fwp%2Fv2%2Fmedia&parent=2632"}],"wp:term":[{"taxonomy":"product_brand","embeddable":true,"href":"https:\/\/ecosupplements.ch\/index.php?rest_route=%2Fwp%2Fv2%2Fproduct_brand&post=2632"},{"taxonomy":"product_cat","embeddable":true,"href":"https:\/\/ecosupplements.ch\/index.php?rest_route=%2Fwp%2Fv2%2Fproduct_cat&post=2632"},{"taxonomy":"product_tag","embeddable":true,"href":"https:\/\/ecosupplements.ch\/index.php?rest_route=%2Fwp%2Fv2%2Fproduct_tag&post=2632"}],"curies":[{"name":"wp","href":"https:\/\/api.w.org\/{rel}","templated":true}]}}