{"id":2726,"date":"2026-05-11T14:39:56","date_gmt":"2026-05-11T14:39:56","guid":{"rendered":"https:\/\/ecosupplements.ch\/?product=red-yeast-rice-coq10-60-vcaps"},"modified":"2026-05-13T07:25:34","modified_gmt":"2026-05-13T07:25:34","slug":"red-yeast-rice-coq10-60-vcaps","status":"publish","type":"product","link":"https:\/\/ecosupplements.ch\/?product=red-yeast-rice-coq10-60-vcaps","title":{"rendered":"Red Yeast Rice &amp; CoQ10 &#8211; 60 vcaps"},"content":{"rendered":"<div class=\"chcg-product-description\">\n<h2 class=\"chcg-heading\">\u00dcber Swanson \u2013 Red Yeast Rice &amp; CoQ10 \u2013 60 Vcaps<\/h2>\n<div class=\"chcg-intro\">\n<p>Swanson Red Yeast Rice &amp; CoQ10 verbindet vier sorgf\u00e4ltig ausgew\u00e4hlte Wirkstoffe in einer einzigen vegetarischen Kapsel: Roter Hefereis (Monascus purpureus), Mariendistel-Extrakt, Alpha-Lipons\u00e4ure und Coenzym Q10. Diese Kombination ist darauf ausgerichtet, eine gesundheitsbewusste Lebensweise optimal zu unterst\u00fctzen.<\/p>\n<p>Roter Hefereis ist ein traditionell verwendeter Naturstoff, der seit Jahrhunderten in der asiatischen Ern\u00e4hrungskultur bekannt ist. Die Formel wird erg\u00e4nzt durch Mariendistel-Extrakt (standardisiert auf 80 % Silymarin), der seit Langem f\u00fcr seine lebersch\u00fctzenden Eigenschaften gesch\u00e4tzt wird, sowie durch Alpha-Lipons\u00e4ure, ein k\u00f6rpereigenes Antioxidans, das sowohl in wasser- als auch in fettl\u00f6slichen Umgebungen wirken kann.<\/p>\n<p>Coenzyme Q10 ist ein nat\u00fcrlicher Bestandteil der Zellen und spielt eine wichtige Rolle bei der Energiegewinnung in den Mitochondrien. Die Kapseln sind vegetarisch (Hypromellose), ohne tierische Gelatine und f\u00fcr 30 Tage bei zweimal t\u00e4glicher Einnahme ausgelegt.<\/p>\n<\/p><\/div>\n<div class=\"chcg-nutrition\">\n<h3>N\u00e4hrwertangaben<\/h3>\n<table class=\"chcg-nutrition-table\">\n<thead>\n<tr>\n<th>N\u00e4hrstoff<\/th>\n<th>Pro Portion (1 Kapsel)<\/th>\n<\/tr>\n<\/thead>\n<tbody>\n<tr>\n<td>Roter Hefereis (Monascus purpureus)<\/td>\n<td>600 mg*<\/td>\n<\/tr>\n<tr>\n<td>Mariendistel-Extrakt (Silybum marianum) (Samen) (standardisiert auf 80 % Silymarin)<\/td>\n<td>105 mg*<\/td>\n<\/tr>\n<tr>\n<td>Alpha-Lipons\u00e4ure<\/td>\n<td>50 mg*<\/td>\n<\/tr>\n<tr>\n<td>Coenzym Q10<\/td>\n<td>30 mg*<\/td>\n<\/tr>\n<\/tbody>\n<\/table>\n<p class=\"chcg-footnote\">* Kein festgelegter Tagesbedarf (Referenzwert) gem\u00e4ss Schweizer Lebensmittelrecht.<\/p>\n<\/p><\/div>\n<div class=\"chcg-ingredients\">\n<h3>Zutaten<\/h3>\n<p>Roter Hefereis (Monascus purpureus), Mariendistel-Extrakt (Silybum marianum) (Samen) (standardisiert auf 80 % Silymarin), Alpha-Lipons\u00e4ure, Coenzym Q10. Weitere Zutaten: Hydroxypropylmethylcellulose (vegetarische Kapsel), Siliziumdioxid, Magnesiumstearat.<\/p>\n<p class=\"chcg-capsule-shell\">Kapselh\u00fclle: Hydroxypropylmethylcellulose (vegetarische Kapsel)<\/p>\n<\/p><\/div>\n<div class=\"chcg-dosage\">\n<h3>Verzehrempfehlung<\/h3>\n<p>Als Nahrungserg\u00e4nzungsmittel t\u00e4glich zweimal eine vegetarische Kapsel mit Wasser einnehmen.<\/p>\n<\/p><\/div>\n<div class=\"chcg-warnings\">\n<h3>Warnhinweise<\/h3>\n<p>Nur f\u00fcr Erwachsene. Nicht verwenden, wenn Sie schwanger sind, schwanger werden k\u00f6nnten oder stillen, da die Verwendung dieses Produkts Geburtsfehler oder andere reproduktive Sch\u00e4den verursachen kann. Nicht verwenden, wenn Sie an einer Lebererkrankung leiden. Konsultieren Sie Ihren Arzt oder Ihre \u00c4rztin vor der Einnahme, wenn Sie derzeit verschreibungspflichtige Medikamente nehmen, sich in medizinischer Behandlung befinden oder an einer Erkrankung leiden. Ausserhalb der Reichweite von Kindern aufbewahren. Nicht verwenden, wenn die Schutzfolie besch\u00e4digt ist.<\/p>\n<\/p><\/div>\n<div class=\"chcg-allergens\">\n<h3>Allergeninformationen<\/h3>\n<p>Auf dem Etikett sind keine Allergene deklariert.<\/p>\n<\/p><\/div>\n<div class=\"chcg-storage\">\n<h3>Lagerung<\/h3>\n<p>An einem k\u00fchlen, trockenen Ort lagern.<\/p>\n<\/p><\/div>\n<div class=\"chcg-dietary\">\n<h3>Ern\u00e4hrungshinweise<\/h3>\n<ul>\n<li>Vegan<\/li>\n<li>Vegetarisch<\/li>\n<\/ul><\/div>\n<\/div>\n","protected":false},"excerpt":{"rendered":"<p>Swanson Red Yeast Rice &amp; CoQ10 kombiniert Roten Hefereis, Mariendistel-Extrakt, Alpha-Lipons\u00e4ure und Coenzym Q10 in einer vegetarischen Kapsel. Packung mit 60 Vcaps f\u00fcr 30 Tage.<\/p>\n","protected":false},"featured_media":2727,"comment_status":"closed","ping_status":"open","template":"","meta":[],"product_brand":[16],"product_cat":[48,25,21],"product_tag":[],"class_list":{"0":"post-2726","1":"product","2":"type-product","3":"status-publish","4":"has-post-thumbnail","6":"product_brand-swanson","7":"product_cat-gesunde-ernaehrung","8":"product_cat-gesundheit-und-wohlbefinden","9":"product_cat-vitamine-und-mineralstoffe","11":"first","12":"outofstock","13":"taxable","14":"shipping-taxable","15":"purchasable","16":"product-type-simple"},"yoast_head":"<!-- This site is optimized with the Yoast SEO plugin v27.5 - https:\/\/yoast.com\/product\/yoast-seo-wordpress\/ -->\n<title>Red Yeast Rice &amp; CoQ10 60 Vcaps \u2013 Swanson | ecosupplements.ch<\/title>\n<meta name=\"description\" content=\"Swanson Red Yeast Rice &amp; CoQ10 vereint vier Wirkstoffe in einer vegetarischen Kapsel \u2013 60 Vcaps pro Packung. Jetzt bestellen.\" \/>\n<meta name=\"robots\" content=\"index, follow, max-snippet:-1, max-image-preview:large, max-video-preview:-1\" \/>\n<link rel=\"canonical\" href=\"https:\/\/ecosupplements.ch\/?product=red-yeast-rice-coq10-60-vcaps\" \/>\n<meta property=\"og:locale\" content=\"de_DE\" \/>\n<meta property=\"og:type\" content=\"article\" \/>\n<meta property=\"og:title\" content=\"Red Yeast Rice &amp; CoQ10 60 Vcaps \u2013 Swanson | ecosupplements.ch\" \/>\n<meta property=\"og:description\" content=\"Swanson Red Yeast Rice &amp; CoQ10 vereint vier Wirkstoffe in einer vegetarischen Kapsel \u2013 60 Vcaps pro Packung. Jetzt bestellen.\" \/>\n<meta property=\"og:url\" content=\"https:\/\/ecosupplements.ch\/?product=red-yeast-rice-coq10-60-vcaps\" \/>\n<meta property=\"og:site_name\" content=\"Eco Supplements\" \/>\n<meta property=\"article:modified_time\" content=\"2026-05-13T07:25:34+00:00\" \/>\n<meta property=\"og:image\" content=\"https:\/\/ecosupplements.ch\/wp-content\/uploads\/2026\/05\/Red-Yeast-Rice-CoQ10-60-vcaps.jpg\" \/>\n\t<meta property=\"og:image:width\" content=\"600\" \/>\n\t<meta property=\"og:image:height\" content=\"600\" \/>\n\t<meta property=\"og:image:type\" content=\"image\/jpeg\" \/>\n<meta name=\"twitter:card\" content=\"summary_large_image\" \/>\n<meta name=\"twitter:label1\" content=\"Price\" \/>\n\t<meta name=\"twitter:data1\" content=\"&#067;&#072;&#070;&nbsp;17.94\" \/>\n\t<meta name=\"twitter:label2\" content=\"Availability\" \/>\n\t<meta name=\"twitter:data2\" content=\"Out of stock\" \/>\n<script type=\"application\/ld+json\" class=\"yoast-schema-graph\">{\"@context\":\"https:\\\/\\\/schema.org\",\"@graph\":[{\"@type\":\"WebPage\",\"@id\":\"https:\\\/\\\/ecosupplements.ch\\\/?product=red-yeast-rice-coq10-60-vcaps\",\"url\":\"https:\\\/\\\/ecosupplements.ch\\\/?product=red-yeast-rice-coq10-60-vcaps\",\"name\":\"Red Yeast Rice & CoQ10 60 Vcaps \u2013 Swanson | ecosupplements.ch\",\"isPartOf\":{\"@id\":\"https:\\\/\\\/ecosupplements.ch\\\/#website\"},\"primaryImageOfPage\":{\"@id\":\"https:\\\/\\\/ecosupplements.ch\\\/?product=red-yeast-rice-coq10-60-vcaps#primaryimage\"},\"image\":{\"@id\":\"https:\\\/\\\/ecosupplements.ch\\\/?product=red-yeast-rice-coq10-60-vcaps#primaryimage\"},\"thumbnailUrl\":\"https:\\\/\\\/ecosupplements.ch\\\/wp-content\\\/uploads\\\/2026\\\/05\\\/Red-Yeast-Rice-CoQ10-60-vcaps.jpg\",\"datePublished\":\"2026-05-11T14:39:56+00:00\",\"dateModified\":\"2026-05-13T07:25:34+00:00\",\"description\":\"Swanson Red Yeast Rice & CoQ10 vereint vier Wirkstoffe in einer vegetarischen Kapsel \u2013 60 Vcaps pro Packung. Jetzt bestellen.\",\"breadcrumb\":{\"@id\":\"https:\\\/\\\/ecosupplements.ch\\\/?product=red-yeast-rice-coq10-60-vcaps#breadcrumb\"},\"inLanguage\":\"de-CH\",\"potentialAction\":[{\"@type\":\"ReadAction\",\"target\":[\"https:\\\/\\\/ecosupplements.ch\\\/?product=red-yeast-rice-coq10-60-vcaps\"]}]},{\"@type\":\"ImageObject\",\"inLanguage\":\"de-CH\",\"@id\":\"https:\\\/\\\/ecosupplements.ch\\\/?product=red-yeast-rice-coq10-60-vcaps#primaryimage\",\"url\":\"https:\\\/\\\/ecosupplements.ch\\\/wp-content\\\/uploads\\\/2026\\\/05\\\/Red-Yeast-Rice-CoQ10-60-vcaps.jpg\",\"contentUrl\":\"https:\\\/\\\/ecosupplements.ch\\\/wp-content\\\/uploads\\\/2026\\\/05\\\/Red-Yeast-Rice-CoQ10-60-vcaps.jpg\",\"width\":600,\"height\":600,\"caption\":\"Red Yeast Rice & CoQ10 - 60 vcaps\"},{\"@type\":\"BreadcrumbList\",\"@id\":\"https:\\\/\\\/ecosupplements.ch\\\/?product=red-yeast-rice-coq10-60-vcaps#breadcrumb\",\"itemListElement\":[{\"@type\":\"ListItem\",\"position\":1,\"name\":\"Home\",\"item\":\"https:\\\/\\\/ecosupplements.ch\\\/\"},{\"@type\":\"ListItem\",\"position\":2,\"name\":\"Shop\",\"item\":\"https:\\\/\\\/ecosupplements.ch\\\/?page_id=14\"},{\"@type\":\"ListItem\",\"position\":3,\"name\":\"Red Yeast Rice &amp; CoQ10 &#8211; 60 vcaps\"}]},{\"@type\":\"WebSite\",\"@id\":\"https:\\\/\\\/ecosupplements.ch\\\/#website\",\"url\":\"https:\\\/\\\/ecosupplements.ch\\\/\",\"name\":\"Eco Supplements\",\"description\":\"\",\"potentialAction\":[{\"@type\":\"SearchAction\",\"target\":{\"@type\":\"EntryPoint\",\"urlTemplate\":\"https:\\\/\\\/ecosupplements.ch\\\/?s={search_term_string}\"},\"query-input\":{\"@type\":\"PropertyValueSpecification\",\"valueRequired\":true,\"valueName\":\"search_term_string\"}}],\"inLanguage\":\"de-CH\"}]}<\/script>\n<meta property=\"product:price:amount\" content=\"17.94\" \/>\n<meta property=\"product:price:currency\" content=\"CHF\" \/>\n<meta property=\"og:availability\" content=\"out of stock\" \/>\n<meta property=\"product:availability\" content=\"out of stock\" \/>\n<meta property=\"product:retailer_item_id\" content=\"087614029825\" \/>\n<meta property=\"product:condition\" content=\"new\" \/>\n<!-- \/ Yoast SEO plugin. -->","yoast_head_json":{"title":"Red Yeast Rice & CoQ10 60 Vcaps \u2013 Swanson | ecosupplements.ch","description":"Swanson Red Yeast Rice & CoQ10 vereint vier Wirkstoffe in einer vegetarischen Kapsel \u2013 60 Vcaps pro Packung. Jetzt bestellen.","robots":{"index":"index","follow":"follow","max-snippet":"max-snippet:-1","max-image-preview":"max-image-preview:large","max-video-preview":"max-video-preview:-1"},"canonical":"https:\/\/ecosupplements.ch\/?product=red-yeast-rice-coq10-60-vcaps","og_locale":"de_DE","og_type":"article","og_title":"Red Yeast Rice & CoQ10 60 Vcaps \u2013 Swanson | ecosupplements.ch","og_description":"Swanson Red Yeast Rice & CoQ10 vereint vier Wirkstoffe in einer vegetarischen Kapsel \u2013 60 Vcaps pro Packung. Jetzt bestellen.","og_url":"https:\/\/ecosupplements.ch\/?product=red-yeast-rice-coq10-60-vcaps","og_site_name":"Eco Supplements","article_modified_time":"2026-05-13T07:25:34+00:00","og_image":[{"width":600,"height":600,"url":"https:\/\/ecosupplements.ch\/wp-content\/uploads\/2026\/05\/Red-Yeast-Rice-CoQ10-60-vcaps.jpg","type":"image\/jpeg"}],"twitter_card":"summary_large_image","twitter_misc":{"Price":"&#67;&#72;&#70;&nbsp;17.94","Availability":"Out of stock"},"schema":{"@context":"https:\/\/schema.org","@graph":[{"@type":"WebPage","@id":"https:\/\/ecosupplements.ch\/?product=red-yeast-rice-coq10-60-vcaps","url":"https:\/\/ecosupplements.ch\/?product=red-yeast-rice-coq10-60-vcaps","name":"Red Yeast Rice & CoQ10 60 Vcaps \u2013 Swanson | ecosupplements.ch","isPartOf":{"@id":"https:\/\/ecosupplements.ch\/#website"},"primaryImageOfPage":{"@id":"https:\/\/ecosupplements.ch\/?product=red-yeast-rice-coq10-60-vcaps#primaryimage"},"image":{"@id":"https:\/\/ecosupplements.ch\/?product=red-yeast-rice-coq10-60-vcaps#primaryimage"},"thumbnailUrl":"https:\/\/ecosupplements.ch\/wp-content\/uploads\/2026\/05\/Red-Yeast-Rice-CoQ10-60-vcaps.jpg","datePublished":"2026-05-11T14:39:56+00:00","dateModified":"2026-05-13T07:25:34+00:00","description":"Swanson Red Yeast Rice & CoQ10 vereint vier Wirkstoffe in einer vegetarischen Kapsel \u2013 60 Vcaps pro Packung. Jetzt bestellen.","breadcrumb":{"@id":"https:\/\/ecosupplements.ch\/?product=red-yeast-rice-coq10-60-vcaps#breadcrumb"},"inLanguage":"de-CH","potentialAction":[{"@type":"ReadAction","target":["https:\/\/ecosupplements.ch\/?product=red-yeast-rice-coq10-60-vcaps"]}]},{"@type":"ImageObject","inLanguage":"de-CH","@id":"https:\/\/ecosupplements.ch\/?product=red-yeast-rice-coq10-60-vcaps#primaryimage","url":"https:\/\/ecosupplements.ch\/wp-content\/uploads\/2026\/05\/Red-Yeast-Rice-CoQ10-60-vcaps.jpg","contentUrl":"https:\/\/ecosupplements.ch\/wp-content\/uploads\/2026\/05\/Red-Yeast-Rice-CoQ10-60-vcaps.jpg","width":600,"height":600,"caption":"Red Yeast Rice & CoQ10 - 60 vcaps"},{"@type":"BreadcrumbList","@id":"https:\/\/ecosupplements.ch\/?product=red-yeast-rice-coq10-60-vcaps#breadcrumb","itemListElement":[{"@type":"ListItem","position":1,"name":"Home","item":"https:\/\/ecosupplements.ch\/"},{"@type":"ListItem","position":2,"name":"Shop","item":"https:\/\/ecosupplements.ch\/?page_id=14"},{"@type":"ListItem","position":3,"name":"Red Yeast Rice &amp; CoQ10 &#8211; 60 vcaps"}]},{"@type":"WebSite","@id":"https:\/\/ecosupplements.ch\/#website","url":"https:\/\/ecosupplements.ch\/","name":"Eco Supplements","description":"","potentialAction":[{"@type":"SearchAction","target":{"@type":"EntryPoint","urlTemplate":"https:\/\/ecosupplements.ch\/?s={search_term_string}"},"query-input":{"@type":"PropertyValueSpecification","valueRequired":true,"valueName":"search_term_string"}}],"inLanguage":"de-CH"}]},"product_price_amount":"17.94","product_price_currency":"CHF","og_availability":"out of stock","product_availability":"out of stock","product_retailer_item_id":"087614029825","product_condition":"new"},"_links":{"self":[{"href":"https:\/\/ecosupplements.ch\/index.php?rest_route=\/wp\/v2\/product\/2726","targetHints":{"allow":["GET"]}}],"collection":[{"href":"https:\/\/ecosupplements.ch\/index.php?rest_route=\/wp\/v2\/product"}],"about":[{"href":"https:\/\/ecosupplements.ch\/index.php?rest_route=\/wp\/v2\/types\/product"}],"replies":[{"embeddable":true,"href":"https:\/\/ecosupplements.ch\/index.php?rest_route=%2Fwp%2Fv2%2Fcomments&post=2726"}],"wp:featuredmedia":[{"embeddable":true,"href":"https:\/\/ecosupplements.ch\/index.php?rest_route=\/wp\/v2\/media\/2727"}],"wp:attachment":[{"href":"https:\/\/ecosupplements.ch\/index.php?rest_route=%2Fwp%2Fv2%2Fmedia&parent=2726"}],"wp:term":[{"taxonomy":"product_brand","embeddable":true,"href":"https:\/\/ecosupplements.ch\/index.php?rest_route=%2Fwp%2Fv2%2Fproduct_brand&post=2726"},{"taxonomy":"product_cat","embeddable":true,"href":"https:\/\/ecosupplements.ch\/index.php?rest_route=%2Fwp%2Fv2%2Fproduct_cat&post=2726"},{"taxonomy":"product_tag","embeddable":true,"href":"https:\/\/ecosupplements.ch\/index.php?rest_route=%2Fwp%2Fv2%2Fproduct_tag&post=2726"}],"curies":[{"name":"wp","href":"https:\/\/api.w.org\/{rel}","templated":true}]}}