{"id":2781,"date":"2026-05-11T14:40:18","date_gmt":"2026-05-11T14:40:18","guid":{"rendered":"https:\/\/ecosupplements.ch\/?product=water-pills-120-tablets"},"modified":"2026-05-13T07:24:15","modified_gmt":"2026-05-13T07:24:15","slug":"water-pills-120-tablets","status":"publish","type":"product","link":"https:\/\/ecosupplements.ch\/?product=water-pills-120-tablets","title":{"rendered":"Water Pills &#8211; 120 tablets"},"content":{"rendered":"<div class=\"chcg-product-description\">\n<h2 class=\"chcg-heading\">\u00dcber Swanson \u2013 Water Pills \u2013 120 Tabletten<\/h2>\n<div class=\"chcg-intro\">\n<p>Die Water Pills von Swanson sind eine sorgf\u00e4ltig zusammengestellte Nahrungserg\u00e4nzung auf pflanzlicher Basis, die vier traditionell verwendete Kr\u00e4uter in einer praktischen Tablette vereint. Die Formel enth\u00e4lt Buchublatt-Extrakt (4:1), Petersilienblatt, B\u00e4rentraube sowie Wacholderbeere \u2013 allesamt Pflanzen, die seit Jahrhunderten in der Naturheilkunde einen festen Platz haben.<\/p>\n<p>Das Produkt richtet sich an Erwachsene, die ihre t\u00e4gliche Kr\u00e4uterversorgung gezielt und bequem erg\u00e4nzen m\u00f6chten. Jede Tablette liefert eine pr\u00e4zise dosierte Kombination dieser botanischen Inhaltsstoffe und l\u00e4sst sich einfach in den Alltag integrieren.<\/p>\n<p>Mit 120 Tabletten pro Packung bietet Swanson eine ergiebige Vorratsmenge f\u00fcr einen l\u00e4ngerfristigen, regelm\u00e4ssigen Einsatz.<\/p>\n<\/p><\/div>\n<div class=\"chcg-nutrition\">\n<h3>N\u00e4hrwertangaben<\/h3>\n<table class=\"chcg-nutrition-table\">\n<thead>\n<tr>\n<th>N\u00e4hrstoff<\/th>\n<th>Pro Portion (1 Tablette)<\/th>\n<\/tr>\n<\/thead>\n<tbody>\n<tr>\n<td>Buchublatt-Extrakt 4:1 (<em>Agathosma betulina<\/em>)<\/td>\n<td>50 mg *<\/td>\n<\/tr>\n<tr>\n<td>Petersilienblatt (<em>Petroselinum crispum<\/em>)<\/td>\n<td>50 mg *<\/td>\n<\/tr>\n<tr>\n<td>B\u00e4rentraube (<em>Arctostaphylos uva ursi<\/em>) (Blatt)<\/td>\n<td>50 mg *<\/td>\n<\/tr>\n<tr>\n<td>Wacholderbeere (<em>Juniperus communis<\/em> L.)<\/td>\n<td>10 mg *<\/td>\n<\/tr>\n<\/tbody>\n<\/table>\n<p class=\"chcg-footnote\">* Kein festgelegter Tagesbedarf (Tagesreferenzwert nicht etabliert).<\/p>\n<\/p><\/div>\n<div class=\"chcg-ingredients\">\n<h3>Zutaten<\/h3>\n<p>Buchublatt-Extrakt 4:1 (<em>Agathosma betulina<\/em>) 50 mg, Petersilienblatt (<em>Petroselinum crispum<\/em>) 50 mg, B\u00e4rentraube (<em>Arctostaphylos uva ursi<\/em>) (Blatt) 50 mg, Wacholderbeere (<em>Juniperus communis<\/em> L.) 10 mg.<\/p>\n<p>Weitere Zutaten: Calciumcarbonat, Stearins\u00e4ure, Croscarmellose-Natrium, Siliziumdioxid, Magnesiumstearat, Hydroxypropylmethylcellulose, w\u00e4ssrige Filmumh\u00fcllung.<\/p>\n<\/p><\/div>\n<div class=\"chcg-dosage\">\n<h3>Verzehrempfehlung<\/h3>\n<p>Als Nahrungserg\u00e4nzungsmittel eine Tablette mit Wasser nach jeder Mahlzeit einnehmen.<\/p>\n<\/p><\/div>\n<div class=\"chcg-warnings\">\n<h3>Warnhinweise<\/h3>\n<p>Nur f\u00fcr Erwachsene. Dieses Produkt nicht einnehmen bei Schwangerschaft oder Stillzeit sowie bei Nierenerkrankungen oder Verdauungsproblemen. Konsultieren Sie Ihre \u00c4rztin oder Ihren Arzt, bevor Sie dieses oder ein anderes Produkt verwenden, wenn Sie Medikamente einnehmen oder unter einer medizinischen Erkrankung leiden. Ausserhalb der Reichweite von Kindern aufbewahren. Nicht verwenden, wenn die Versiegelung besch\u00e4digt ist.<\/p>\n<\/p><\/div>\n<div class=\"chcg-allergens\">\n<h3>Allergeninformationen<\/h3>\n<p>Enth\u00e4lt B\u00e4rentraube (<em>Arctostaphylos uva ursi<\/em>). Keine weiteren Allergene deklariert.<\/p>\n<\/p><\/div>\n<div class=\"chcg-storage\">\n<h3>Lagerung<\/h3>\n<p>An einem k\u00fchlen, trockenen Ort aufbewahren.<\/p>\n<\/p><\/div>\n<\/div>\n","protected":false},"excerpt":{"rendered":"<p>Water Pills von Swanson kombinieren vier traditionelle Kr\u00e4uter \u2013 Buchublatt, Petersilie, B\u00e4rentraube und Wacholderbeere \u2013 in einer praktischen Tablette. Die Packung enth\u00e4lt 120 Tabletten f\u00fcr eine langfristige Anwendung.<\/p>\n","protected":false},"featured_media":2782,"comment_status":"closed","ping_status":"open","template":"","meta":[],"product_brand":[16],"product_cat":[136,48,25,44,21],"product_tag":[],"class_list":{"0":"post-2781","1":"product","2":"type-product","3":"status-publish","4":"has-post-thumbnail","6":"product_brand-swanson","7":"product_cat-fettabbau-ohne-stimulanzien","8":"product_cat-gesunde-ernaehrung","9":"product_cat-gesundheit-und-wohlbefinden","10":"product_cat-pflanzliche-nahrungsergaenzungsmittel","11":"product_cat-vitamine-und-mineralstoffe","13":"first","14":"outofstock","15":"taxable","16":"shipping-taxable","17":"purchasable","18":"product-type-simple"},"yoast_head":"<!-- This site is optimized with the Yoast SEO plugin v27.5 - https:\/\/yoast.com\/product\/yoast-seo-wordpress\/ -->\n<title>Water Pills \u2013 120 Tabletten \u2013 Swanson | ecosupplements.ch<\/title>\n<meta name=\"description\" content=\"Swanson Water Pills mit Buchublatt, Petersilie, B\u00e4rentraube und Wacholderbeere \u2013 120 Tabletten f\u00fcr den t\u00e4glichen Einsatz. Jetzt bestellen.\" \/>\n<meta name=\"robots\" content=\"index, follow, max-snippet:-1, max-image-preview:large, max-video-preview:-1\" \/>\n<link rel=\"canonical\" href=\"https:\/\/ecosupplements.ch\/?product=water-pills-120-tablets\" \/>\n<meta property=\"og:locale\" content=\"de_DE\" \/>\n<meta property=\"og:type\" content=\"article\" \/>\n<meta property=\"og:title\" content=\"Water Pills \u2013 120 Tabletten \u2013 Swanson | ecosupplements.ch\" \/>\n<meta property=\"og:description\" content=\"Swanson Water Pills mit Buchublatt, Petersilie, B\u00e4rentraube und Wacholderbeere \u2013 120 Tabletten f\u00fcr den t\u00e4glichen Einsatz. Jetzt bestellen.\" \/>\n<meta property=\"og:url\" content=\"https:\/\/ecosupplements.ch\/?product=water-pills-120-tablets\" \/>\n<meta property=\"og:site_name\" content=\"Eco Supplements\" \/>\n<meta property=\"article:modified_time\" content=\"2026-05-13T07:24:15+00:00\" \/>\n<meta property=\"og:image\" content=\"https:\/\/ecosupplements.ch\/wp-content\/uploads\/2026\/05\/Water-Pills-120-tablets.jpg\" \/>\n\t<meta property=\"og:image:width\" content=\"650\" \/>\n\t<meta property=\"og:image:height\" content=\"650\" \/>\n\t<meta property=\"og:image:type\" content=\"image\/jpeg\" \/>\n<meta name=\"twitter:card\" content=\"summary_large_image\" \/>\n<meta name=\"twitter:label1\" content=\"Price\" \/>\n\t<meta name=\"twitter:data1\" content=\"&#067;&#072;&#070;&nbsp;8.50\" \/>\n\t<meta name=\"twitter:label2\" content=\"Availability\" \/>\n\t<meta name=\"twitter:data2\" content=\"Out of stock\" \/>\n<script type=\"application\/ld+json\" class=\"yoast-schema-graph\">{\"@context\":\"https:\\\/\\\/schema.org\",\"@graph\":[{\"@type\":\"WebPage\",\"@id\":\"https:\\\/\\\/ecosupplements.ch\\\/?product=water-pills-120-tablets\",\"url\":\"https:\\\/\\\/ecosupplements.ch\\\/?product=water-pills-120-tablets\",\"name\":\"Water Pills \u2013 120 Tabletten \u2013 Swanson | ecosupplements.ch\",\"isPartOf\":{\"@id\":\"https:\\\/\\\/ecosupplements.ch\\\/#website\"},\"primaryImageOfPage\":{\"@id\":\"https:\\\/\\\/ecosupplements.ch\\\/?product=water-pills-120-tablets#primaryimage\"},\"image\":{\"@id\":\"https:\\\/\\\/ecosupplements.ch\\\/?product=water-pills-120-tablets#primaryimage\"},\"thumbnailUrl\":\"https:\\\/\\\/ecosupplements.ch\\\/wp-content\\\/uploads\\\/2026\\\/05\\\/Water-Pills-120-tablets.jpg\",\"datePublished\":\"2026-05-11T14:40:18+00:00\",\"dateModified\":\"2026-05-13T07:24:15+00:00\",\"description\":\"Swanson Water Pills mit Buchublatt, Petersilie, B\u00e4rentraube und Wacholderbeere \u2013 120 Tabletten f\u00fcr den t\u00e4glichen Einsatz. Jetzt bestellen.\",\"breadcrumb\":{\"@id\":\"https:\\\/\\\/ecosupplements.ch\\\/?product=water-pills-120-tablets#breadcrumb\"},\"inLanguage\":\"de-CH\",\"potentialAction\":[{\"@type\":\"ReadAction\",\"target\":[\"https:\\\/\\\/ecosupplements.ch\\\/?product=water-pills-120-tablets\"]}]},{\"@type\":\"ImageObject\",\"inLanguage\":\"de-CH\",\"@id\":\"https:\\\/\\\/ecosupplements.ch\\\/?product=water-pills-120-tablets#primaryimage\",\"url\":\"https:\\\/\\\/ecosupplements.ch\\\/wp-content\\\/uploads\\\/2026\\\/05\\\/Water-Pills-120-tablets.jpg\",\"contentUrl\":\"https:\\\/\\\/ecosupplements.ch\\\/wp-content\\\/uploads\\\/2026\\\/05\\\/Water-Pills-120-tablets.jpg\",\"width\":650,\"height\":650,\"caption\":\"Water Pills - 120 tablets\"},{\"@type\":\"BreadcrumbList\",\"@id\":\"https:\\\/\\\/ecosupplements.ch\\\/?product=water-pills-120-tablets#breadcrumb\",\"itemListElement\":[{\"@type\":\"ListItem\",\"position\":1,\"name\":\"Home\",\"item\":\"https:\\\/\\\/ecosupplements.ch\\\/\"},{\"@type\":\"ListItem\",\"position\":2,\"name\":\"Shop\",\"item\":\"https:\\\/\\\/ecosupplements.ch\\\/?page_id=14\"},{\"@type\":\"ListItem\",\"position\":3,\"name\":\"Water Pills &#8211; 120 tablets\"}]},{\"@type\":\"WebSite\",\"@id\":\"https:\\\/\\\/ecosupplements.ch\\\/#website\",\"url\":\"https:\\\/\\\/ecosupplements.ch\\\/\",\"name\":\"Eco Supplements\",\"description\":\"\",\"potentialAction\":[{\"@type\":\"SearchAction\",\"target\":{\"@type\":\"EntryPoint\",\"urlTemplate\":\"https:\\\/\\\/ecosupplements.ch\\\/?s={search_term_string}\"},\"query-input\":{\"@type\":\"PropertyValueSpecification\",\"valueRequired\":true,\"valueName\":\"search_term_string\"}}],\"inLanguage\":\"de-CH\"}]}<\/script>\n<meta property=\"product:price:amount\" content=\"8.50\" \/>\n<meta property=\"product:price:currency\" content=\"CHF\" \/>\n<meta property=\"og:availability\" content=\"out of stock\" \/>\n<meta property=\"product:availability\" content=\"out of stock\" \/>\n<meta property=\"product:retailer_item_id\" content=\"087614040134\" \/>\n<meta property=\"product:condition\" content=\"new\" \/>\n<!-- \/ Yoast SEO plugin. -->","yoast_head_json":{"title":"Water Pills \u2013 120 Tabletten \u2013 Swanson | ecosupplements.ch","description":"Swanson Water Pills mit Buchublatt, Petersilie, B\u00e4rentraube und Wacholderbeere \u2013 120 Tabletten f\u00fcr den t\u00e4glichen Einsatz. Jetzt bestellen.","robots":{"index":"index","follow":"follow","max-snippet":"max-snippet:-1","max-image-preview":"max-image-preview:large","max-video-preview":"max-video-preview:-1"},"canonical":"https:\/\/ecosupplements.ch\/?product=water-pills-120-tablets","og_locale":"de_DE","og_type":"article","og_title":"Water Pills \u2013 120 Tabletten \u2013 Swanson | ecosupplements.ch","og_description":"Swanson Water Pills mit Buchublatt, Petersilie, B\u00e4rentraube und Wacholderbeere \u2013 120 Tabletten f\u00fcr den t\u00e4glichen Einsatz. Jetzt bestellen.","og_url":"https:\/\/ecosupplements.ch\/?product=water-pills-120-tablets","og_site_name":"Eco Supplements","article_modified_time":"2026-05-13T07:24:15+00:00","og_image":[{"width":650,"height":650,"url":"https:\/\/ecosupplements.ch\/wp-content\/uploads\/2026\/05\/Water-Pills-120-tablets.jpg","type":"image\/jpeg"}],"twitter_card":"summary_large_image","twitter_misc":{"Price":"&#67;&#72;&#70;&nbsp;8.50","Availability":"Out of stock"},"schema":{"@context":"https:\/\/schema.org","@graph":[{"@type":"WebPage","@id":"https:\/\/ecosupplements.ch\/?product=water-pills-120-tablets","url":"https:\/\/ecosupplements.ch\/?product=water-pills-120-tablets","name":"Water Pills \u2013 120 Tabletten \u2013 Swanson | ecosupplements.ch","isPartOf":{"@id":"https:\/\/ecosupplements.ch\/#website"},"primaryImageOfPage":{"@id":"https:\/\/ecosupplements.ch\/?product=water-pills-120-tablets#primaryimage"},"image":{"@id":"https:\/\/ecosupplements.ch\/?product=water-pills-120-tablets#primaryimage"},"thumbnailUrl":"https:\/\/ecosupplements.ch\/wp-content\/uploads\/2026\/05\/Water-Pills-120-tablets.jpg","datePublished":"2026-05-11T14:40:18+00:00","dateModified":"2026-05-13T07:24:15+00:00","description":"Swanson Water Pills mit Buchublatt, Petersilie, B\u00e4rentraube und Wacholderbeere \u2013 120 Tabletten f\u00fcr den t\u00e4glichen Einsatz. Jetzt bestellen.","breadcrumb":{"@id":"https:\/\/ecosupplements.ch\/?product=water-pills-120-tablets#breadcrumb"},"inLanguage":"de-CH","potentialAction":[{"@type":"ReadAction","target":["https:\/\/ecosupplements.ch\/?product=water-pills-120-tablets"]}]},{"@type":"ImageObject","inLanguage":"de-CH","@id":"https:\/\/ecosupplements.ch\/?product=water-pills-120-tablets#primaryimage","url":"https:\/\/ecosupplements.ch\/wp-content\/uploads\/2026\/05\/Water-Pills-120-tablets.jpg","contentUrl":"https:\/\/ecosupplements.ch\/wp-content\/uploads\/2026\/05\/Water-Pills-120-tablets.jpg","width":650,"height":650,"caption":"Water Pills - 120 tablets"},{"@type":"BreadcrumbList","@id":"https:\/\/ecosupplements.ch\/?product=water-pills-120-tablets#breadcrumb","itemListElement":[{"@type":"ListItem","position":1,"name":"Home","item":"https:\/\/ecosupplements.ch\/"},{"@type":"ListItem","position":2,"name":"Shop","item":"https:\/\/ecosupplements.ch\/?page_id=14"},{"@type":"ListItem","position":3,"name":"Water Pills &#8211; 120 tablets"}]},{"@type":"WebSite","@id":"https:\/\/ecosupplements.ch\/#website","url":"https:\/\/ecosupplements.ch\/","name":"Eco Supplements","description":"","potentialAction":[{"@type":"SearchAction","target":{"@type":"EntryPoint","urlTemplate":"https:\/\/ecosupplements.ch\/?s={search_term_string}"},"query-input":{"@type":"PropertyValueSpecification","valueRequired":true,"valueName":"search_term_string"}}],"inLanguage":"de-CH"}]},"product_price_amount":"8.50","product_price_currency":"CHF","og_availability":"out of stock","product_availability":"out of stock","product_retailer_item_id":"087614040134","product_condition":"new"},"_links":{"self":[{"href":"https:\/\/ecosupplements.ch\/index.php?rest_route=\/wp\/v2\/product\/2781","targetHints":{"allow":["GET"]}}],"collection":[{"href":"https:\/\/ecosupplements.ch\/index.php?rest_route=\/wp\/v2\/product"}],"about":[{"href":"https:\/\/ecosupplements.ch\/index.php?rest_route=\/wp\/v2\/types\/product"}],"replies":[{"embeddable":true,"href":"https:\/\/ecosupplements.ch\/index.php?rest_route=%2Fwp%2Fv2%2Fcomments&post=2781"}],"wp:featuredmedia":[{"embeddable":true,"href":"https:\/\/ecosupplements.ch\/index.php?rest_route=\/wp\/v2\/media\/2782"}],"wp:attachment":[{"href":"https:\/\/ecosupplements.ch\/index.php?rest_route=%2Fwp%2Fv2%2Fmedia&parent=2781"}],"wp:term":[{"taxonomy":"product_brand","embeddable":true,"href":"https:\/\/ecosupplements.ch\/index.php?rest_route=%2Fwp%2Fv2%2Fproduct_brand&post=2781"},{"taxonomy":"product_cat","embeddable":true,"href":"https:\/\/ecosupplements.ch\/index.php?rest_route=%2Fwp%2Fv2%2Fproduct_cat&post=2781"},{"taxonomy":"product_tag","embeddable":true,"href":"https:\/\/ecosupplements.ch\/index.php?rest_route=%2Fwp%2Fv2%2Fproduct_tag&post=2781"}],"curies":[{"name":"wp","href":"https:\/\/api.w.org\/{rel}","templated":true}]}}