{"id":2791,"date":"2026-05-11T14:40:22","date_gmt":"2026-05-11T14:40:22","guid":{"rendered":"https:\/\/ecosupplements.ch\/?product=yerba-mate-125mg-120-caps"},"modified":"2026-05-13T07:25:34","modified_gmt":"2026-05-13T07:25:34","slug":"yerba-mate-125mg-120-caps","status":"publish","type":"product","link":"https:\/\/ecosupplements.ch\/?product=yerba-mate-125mg-120-caps","title":{"rendered":"Yerba Mate, 125mg &#8211; 120 caps"},"content":{"rendered":"<div class=\"chcg-product-description\">\n<h2 class=\"chcg-heading\">\u00dcber Swanson \u2013 Yerba Mate, 125mg \u2013 120 Kapseln<\/h2>\n<div class=\"chcg-intro\">\n<p>Yerba Mate (<em>Ilex paraguariensis<\/em>) ist eine traditionelle s\u00fcdamerikanische Pflanze, die seit Jahrhunderten f\u00fcr ihre belebenden Eigenschaften gesch\u00e4tzt wird. Swanson setzt auf ein hochwertiges 4:1-Konzentrat aus Yerba-Mate-Bl\u00e4ttern, das in jeder Tagesdosis einer Menge von 1&#8217;000 mg getrocknetem Blatt entspricht \u2013 f\u00fcr eine praktische und pr\u00e4zis dosierte Erg\u00e4nzung im Alltag.<\/p>\n<p>Das Konzentrat wird in Kapseln abgef\u00fcllt und eignet sich f\u00fcr Personen, die die nat\u00fcrlichen Inhaltsstoffe von Yerba Mate in konzentrierter Form zu sich nehmen m\u00f6chten. Mit 120 Kapseln pro Packung \u2013 bei einer empfohlenen Tagesdosis von vier Kapseln \u2013 ergibt sich ein Vorrat f\u00fcr 30 Tage.<\/p>\n<p>Swanson steht seit Jahrzehnten f\u00fcr sorgf\u00e4ltig formulierte Nahrungserg\u00e4nzungsmittel mit klar deklarierten Inhaltsstoffen. Dieses Produkt bietet eine unkomplizierte M\u00f6glichkeit, Yerba Mate in den t\u00e4glichen Ern\u00e4hrungsplan zu integrieren.<\/p>\n<\/p><\/div>\n<div class=\"chcg-nutrition\">\n<h3>N\u00e4hrwertangaben<\/h3>\n<table class=\"chcg-nutrition-table\">\n<thead>\n<tr>\n<th>N\u00e4hrstoff<\/th>\n<th>Pro Portion (2 Kapseln)<\/th>\n<\/tr>\n<\/thead>\n<tbody>\n<tr>\n<td>Yerba Mate 4:1-Konzentrat (<em>Ilex paraguariensis<\/em>) (Blatt)<\/td>\n<td>250 mg*<\/td>\n<\/tr>\n<tr>\n<td>\u2013 entspricht 1&#8217;000 mg getrocknetem Blatt<\/td>\n<td>\u2013<\/td>\n<\/tr>\n<\/tbody>\n<\/table>\n<p class=\"chcg-footnote\">* Kein festgelegter Tagesbedarf.<\/p>\n<\/p><\/div>\n<div class=\"chcg-ingredients\">\n<h3>Zutaten<\/h3>\n<p>Yerba-Mate-4:1-Konzentrat (<em>Ilex paraguariensis<\/em>) (Blatt) (entspricht 1&#8217;000 mg) 250 mg. Weitere Zutaten: Reismehl, Gelatine; kann eines oder beide der folgenden Hilfsstoffe enthalten: Magnesiumstearat, Siliziumdioxid.<\/p>\n<p class=\"chcg-capsule-shell\">Kapselh\u00fclle: Gelatine<\/p>\n<\/p><\/div>\n<div class=\"chcg-dosage\">\n<h3>Verzehrempfehlung<\/h3>\n<p>Als Nahrungserg\u00e4nzungsmittel t\u00e4glich zweimal zwei Kapseln mit Wasser einnehmen. Portionsgr\u00f6sse: 2 Kapseln (250 mg pro Portion). 60 Portionen pro Packung.<\/p>\n<\/p><\/div>\n<div class=\"chcg-warnings\">\n<h3>Warnhinweise<\/h3>\n<p>Nur f\u00fcr Erwachsene. Konsultieren Sie vor der Einnahme dieses oder eines anderen Produkts Ihren Arzt oder Ihre \u00c4rztin, wenn Sie schwanger sind oder stillen, Medikamente einnehmen oder an einer Erkrankung leiden. Kann eine geringe Menge an nat\u00fcrlich vorkommendem Koffein enthalten. Ausserhalb der Reichweite von Kindern aufbewahren. Nicht verwenden, wenn die Schutzversiegelung besch\u00e4digt ist. An einem k\u00fchlen, trockenen Ort aufbewahren.<\/p>\n<\/p><\/div>\n<div class=\"chcg-allergens\">\n<h3>Allergeninformationen<\/h3>\n<p>Es sind keine Allergene deklariert. Das Produkt kann eine geringe Menge an nat\u00fcrlich vorkommendem Koffein enthalten.<\/p>\n<\/p><\/div>\n<div class=\"chcg-storage\">\n<h3>Lagerung<\/h3>\n<p>An einem k\u00fchlen, trockenen Ort aufbewahren.<\/p>\n<\/p><\/div>\n<div class=\"chcg-dietary\">\n<h3>Ern\u00e4hrungshinweise<\/h3>\n<ul>\n<li>Laktosefrei<\/li>\n<\/ul><\/div>\n<\/div>\n","protected":false},"excerpt":{"rendered":"<p>Swanson Yerba Mate liefert 250 mg 4:1-Konzentrat pro Portion \u2013 entsprechend 1&#8217;000 mg getrocknetem Blatt. Praktisch in Kapseln, 120 St\u00fcck pro Packung. F\u00fcr einen bequemen Einsatz im Alltag.<\/p>\n","protected":false},"featured_media":2792,"comment_status":"closed","ping_status":"open","template":"","meta":[],"product_brand":[16],"product_cat":[34,48,25],"product_tag":[],"class_list":{"0":"post-2791","1":"product","2":"type-product","3":"status-publish","4":"has-post-thumbnail","6":"product_brand-swanson","7":"product_cat-antioxidantien","8":"product_cat-gesunde-ernaehrung","9":"product_cat-gesundheit-und-wohlbefinden","11":"first","12":"outofstock","13":"taxable","14":"shipping-taxable","15":"purchasable","16":"product-type-simple"},"yoast_head":"<!-- This site is optimized with the Yoast SEO plugin v27.5 - https:\/\/yoast.com\/product\/yoast-seo-wordpress\/ -->\n<title>Yerba Mate 125mg \u2013 Swanson | ecosupplements.ch<\/title>\n<meta name=\"description\" content=\"Swanson Yerba Mate als 4:1-Konzentrat \u2013 250 mg pro Portion, 120 Kapseln. Traditionelle Pflanze, pr\u00e4zis dosiert. Jetzt bestellen.\" \/>\n<meta name=\"robots\" content=\"index, follow, max-snippet:-1, max-image-preview:large, max-video-preview:-1\" \/>\n<link rel=\"canonical\" href=\"https:\/\/ecosupplements.ch\/?product=yerba-mate-125mg-120-caps\" \/>\n<meta property=\"og:locale\" content=\"de_DE\" \/>\n<meta property=\"og:type\" content=\"article\" \/>\n<meta property=\"og:title\" content=\"Yerba Mate 125mg \u2013 Swanson | ecosupplements.ch\" \/>\n<meta property=\"og:description\" content=\"Swanson Yerba Mate als 4:1-Konzentrat \u2013 250 mg pro Portion, 120 Kapseln. Traditionelle Pflanze, pr\u00e4zis dosiert. Jetzt bestellen.\" \/>\n<meta property=\"og:url\" content=\"https:\/\/ecosupplements.ch\/?product=yerba-mate-125mg-120-caps\" \/>\n<meta property=\"og:site_name\" content=\"Eco Supplements\" \/>\n<meta property=\"article:modified_time\" content=\"2026-05-13T07:25:34+00:00\" \/>\n<meta property=\"og:image\" content=\"https:\/\/ecosupplements.ch\/wp-content\/uploads\/2026\/05\/Yerba-Mate-125mg-120-caps.jpg\" \/>\n\t<meta property=\"og:image:width\" content=\"650\" \/>\n\t<meta property=\"og:image:height\" content=\"650\" \/>\n\t<meta property=\"og:image:type\" content=\"image\/jpeg\" \/>\n<meta name=\"twitter:card\" content=\"summary_large_image\" \/>\n<meta name=\"twitter:label1\" content=\"Price\" \/>\n\t<meta name=\"twitter:data1\" content=\"&#067;&#072;&#070;&nbsp;9.89\" \/>\n\t<meta name=\"twitter:label2\" content=\"Availability\" \/>\n\t<meta name=\"twitter:data2\" content=\"Out of stock\" \/>\n<script type=\"application\/ld+json\" class=\"yoast-schema-graph\">{\"@context\":\"https:\\\/\\\/schema.org\",\"@graph\":[{\"@type\":\"WebPage\",\"@id\":\"https:\\\/\\\/ecosupplements.ch\\\/?product=yerba-mate-125mg-120-caps\",\"url\":\"https:\\\/\\\/ecosupplements.ch\\\/?product=yerba-mate-125mg-120-caps\",\"name\":\"Yerba Mate 125mg \u2013 Swanson | ecosupplements.ch\",\"isPartOf\":{\"@id\":\"https:\\\/\\\/ecosupplements.ch\\\/#website\"},\"primaryImageOfPage\":{\"@id\":\"https:\\\/\\\/ecosupplements.ch\\\/?product=yerba-mate-125mg-120-caps#primaryimage\"},\"image\":{\"@id\":\"https:\\\/\\\/ecosupplements.ch\\\/?product=yerba-mate-125mg-120-caps#primaryimage\"},\"thumbnailUrl\":\"https:\\\/\\\/ecosupplements.ch\\\/wp-content\\\/uploads\\\/2026\\\/05\\\/Yerba-Mate-125mg-120-caps.jpg\",\"datePublished\":\"2026-05-11T14:40:22+00:00\",\"dateModified\":\"2026-05-13T07:25:34+00:00\",\"description\":\"Swanson Yerba Mate als 4:1-Konzentrat \u2013 250 mg pro Portion, 120 Kapseln. Traditionelle Pflanze, pr\u00e4zis dosiert. Jetzt bestellen.\",\"breadcrumb\":{\"@id\":\"https:\\\/\\\/ecosupplements.ch\\\/?product=yerba-mate-125mg-120-caps#breadcrumb\"},\"inLanguage\":\"de-CH\",\"potentialAction\":[{\"@type\":\"ReadAction\",\"target\":[\"https:\\\/\\\/ecosupplements.ch\\\/?product=yerba-mate-125mg-120-caps\"]}]},{\"@type\":\"ImageObject\",\"inLanguage\":\"de-CH\",\"@id\":\"https:\\\/\\\/ecosupplements.ch\\\/?product=yerba-mate-125mg-120-caps#primaryimage\",\"url\":\"https:\\\/\\\/ecosupplements.ch\\\/wp-content\\\/uploads\\\/2026\\\/05\\\/Yerba-Mate-125mg-120-caps.jpg\",\"contentUrl\":\"https:\\\/\\\/ecosupplements.ch\\\/wp-content\\\/uploads\\\/2026\\\/05\\\/Yerba-Mate-125mg-120-caps.jpg\",\"width\":650,\"height\":650,\"caption\":\"Yerba Mate\"},{\"@type\":\"BreadcrumbList\",\"@id\":\"https:\\\/\\\/ecosupplements.ch\\\/?product=yerba-mate-125mg-120-caps#breadcrumb\",\"itemListElement\":[{\"@type\":\"ListItem\",\"position\":1,\"name\":\"Home\",\"item\":\"https:\\\/\\\/ecosupplements.ch\\\/\"},{\"@type\":\"ListItem\",\"position\":2,\"name\":\"Shop\",\"item\":\"https:\\\/\\\/ecosupplements.ch\\\/?page_id=14\"},{\"@type\":\"ListItem\",\"position\":3,\"name\":\"Yerba Mate, 125mg &#8211; 120 caps\"}]},{\"@type\":\"WebSite\",\"@id\":\"https:\\\/\\\/ecosupplements.ch\\\/#website\",\"url\":\"https:\\\/\\\/ecosupplements.ch\\\/\",\"name\":\"Eco Supplements\",\"description\":\"\",\"potentialAction\":[{\"@type\":\"SearchAction\",\"target\":{\"@type\":\"EntryPoint\",\"urlTemplate\":\"https:\\\/\\\/ecosupplements.ch\\\/?s={search_term_string}\"},\"query-input\":{\"@type\":\"PropertyValueSpecification\",\"valueRequired\":true,\"valueName\":\"search_term_string\"}}],\"inLanguage\":\"de-CH\"}]}<\/script>\n<meta property=\"product:price:amount\" content=\"9.89\" \/>\n<meta property=\"product:price:currency\" content=\"CHF\" \/>\n<meta property=\"og:availability\" content=\"out of stock\" \/>\n<meta property=\"product:availability\" content=\"out of stock\" \/>\n<meta property=\"product:retailer_item_id\" content=\"087614111032\" \/>\n<meta property=\"product:condition\" content=\"new\" \/>\n<!-- \/ Yoast SEO plugin. -->","yoast_head_json":{"title":"Yerba Mate 125mg \u2013 Swanson | ecosupplements.ch","description":"Swanson Yerba Mate als 4:1-Konzentrat \u2013 250 mg pro Portion, 120 Kapseln. Traditionelle Pflanze, pr\u00e4zis dosiert. Jetzt bestellen.","robots":{"index":"index","follow":"follow","max-snippet":"max-snippet:-1","max-image-preview":"max-image-preview:large","max-video-preview":"max-video-preview:-1"},"canonical":"https:\/\/ecosupplements.ch\/?product=yerba-mate-125mg-120-caps","og_locale":"de_DE","og_type":"article","og_title":"Yerba Mate 125mg \u2013 Swanson | ecosupplements.ch","og_description":"Swanson Yerba Mate als 4:1-Konzentrat \u2013 250 mg pro Portion, 120 Kapseln. Traditionelle Pflanze, pr\u00e4zis dosiert. Jetzt bestellen.","og_url":"https:\/\/ecosupplements.ch\/?product=yerba-mate-125mg-120-caps","og_site_name":"Eco Supplements","article_modified_time":"2026-05-13T07:25:34+00:00","og_image":[{"width":650,"height":650,"url":"https:\/\/ecosupplements.ch\/wp-content\/uploads\/2026\/05\/Yerba-Mate-125mg-120-caps.jpg","type":"image\/jpeg"}],"twitter_card":"summary_large_image","twitter_misc":{"Price":"&#67;&#72;&#70;&nbsp;9.89","Availability":"Out of stock"},"schema":{"@context":"https:\/\/schema.org","@graph":[{"@type":"WebPage","@id":"https:\/\/ecosupplements.ch\/?product=yerba-mate-125mg-120-caps","url":"https:\/\/ecosupplements.ch\/?product=yerba-mate-125mg-120-caps","name":"Yerba Mate 125mg \u2013 Swanson | ecosupplements.ch","isPartOf":{"@id":"https:\/\/ecosupplements.ch\/#website"},"primaryImageOfPage":{"@id":"https:\/\/ecosupplements.ch\/?product=yerba-mate-125mg-120-caps#primaryimage"},"image":{"@id":"https:\/\/ecosupplements.ch\/?product=yerba-mate-125mg-120-caps#primaryimage"},"thumbnailUrl":"https:\/\/ecosupplements.ch\/wp-content\/uploads\/2026\/05\/Yerba-Mate-125mg-120-caps.jpg","datePublished":"2026-05-11T14:40:22+00:00","dateModified":"2026-05-13T07:25:34+00:00","description":"Swanson Yerba Mate als 4:1-Konzentrat \u2013 250 mg pro Portion, 120 Kapseln. Traditionelle Pflanze, pr\u00e4zis dosiert. Jetzt bestellen.","breadcrumb":{"@id":"https:\/\/ecosupplements.ch\/?product=yerba-mate-125mg-120-caps#breadcrumb"},"inLanguage":"de-CH","potentialAction":[{"@type":"ReadAction","target":["https:\/\/ecosupplements.ch\/?product=yerba-mate-125mg-120-caps"]}]},{"@type":"ImageObject","inLanguage":"de-CH","@id":"https:\/\/ecosupplements.ch\/?product=yerba-mate-125mg-120-caps#primaryimage","url":"https:\/\/ecosupplements.ch\/wp-content\/uploads\/2026\/05\/Yerba-Mate-125mg-120-caps.jpg","contentUrl":"https:\/\/ecosupplements.ch\/wp-content\/uploads\/2026\/05\/Yerba-Mate-125mg-120-caps.jpg","width":650,"height":650,"caption":"Yerba Mate"},{"@type":"BreadcrumbList","@id":"https:\/\/ecosupplements.ch\/?product=yerba-mate-125mg-120-caps#breadcrumb","itemListElement":[{"@type":"ListItem","position":1,"name":"Home","item":"https:\/\/ecosupplements.ch\/"},{"@type":"ListItem","position":2,"name":"Shop","item":"https:\/\/ecosupplements.ch\/?page_id=14"},{"@type":"ListItem","position":3,"name":"Yerba Mate, 125mg &#8211; 120 caps"}]},{"@type":"WebSite","@id":"https:\/\/ecosupplements.ch\/#website","url":"https:\/\/ecosupplements.ch\/","name":"Eco Supplements","description":"","potentialAction":[{"@type":"SearchAction","target":{"@type":"EntryPoint","urlTemplate":"https:\/\/ecosupplements.ch\/?s={search_term_string}"},"query-input":{"@type":"PropertyValueSpecification","valueRequired":true,"valueName":"search_term_string"}}],"inLanguage":"de-CH"}]},"product_price_amount":"9.89","product_price_currency":"CHF","og_availability":"out of stock","product_availability":"out of stock","product_retailer_item_id":"087614111032","product_condition":"new"},"_links":{"self":[{"href":"https:\/\/ecosupplements.ch\/index.php?rest_route=\/wp\/v2\/product\/2791","targetHints":{"allow":["GET"]}}],"collection":[{"href":"https:\/\/ecosupplements.ch\/index.php?rest_route=\/wp\/v2\/product"}],"about":[{"href":"https:\/\/ecosupplements.ch\/index.php?rest_route=\/wp\/v2\/types\/product"}],"replies":[{"embeddable":true,"href":"https:\/\/ecosupplements.ch\/index.php?rest_route=%2Fwp%2Fv2%2Fcomments&post=2791"}],"wp:featuredmedia":[{"embeddable":true,"href":"https:\/\/ecosupplements.ch\/index.php?rest_route=\/wp\/v2\/media\/2792"}],"wp:attachment":[{"href":"https:\/\/ecosupplements.ch\/index.php?rest_route=%2Fwp%2Fv2%2Fmedia&parent=2791"}],"wp:term":[{"taxonomy":"product_brand","embeddable":true,"href":"https:\/\/ecosupplements.ch\/index.php?rest_route=%2Fwp%2Fv2%2Fproduct_brand&post=2791"},{"taxonomy":"product_cat","embeddable":true,"href":"https:\/\/ecosupplements.ch\/index.php?rest_route=%2Fwp%2Fv2%2Fproduct_cat&post=2791"},{"taxonomy":"product_tag","embeddable":true,"href":"https:\/\/ecosupplements.ch\/index.php?rest_route=%2Fwp%2Fv2%2Fproduct_tag&post=2791"}],"curies":[{"name":"wp","href":"https:\/\/api.w.org\/{rel}","templated":true}]}}