{"id":3000,"date":"2026-05-11T14:41:59","date_gmt":"2026-05-11T14:41:59","guid":{"rendered":"https:\/\/ecosupplements.ch\/?product=d-ribose-tablets-100-vegetarian-tabs"},"modified":"2026-05-13T07:24:45","modified_gmt":"2026-05-13T07:24:45","slug":"d-ribose-tablets-100-vegetarian-tabs","status":"publish","type":"product","link":"https:\/\/ecosupplements.ch\/?product=d-ribose-tablets-100-vegetarian-tabs","title":{"rendered":"D-Ribose Tablets &#8211; 100 vegetarian tabs"},"content":{"rendered":"<div class=\"chcg-product-description\">\n<h2 class=\"chcg-heading\">\u00dcber Life Extension \u2013 D-Ribose Tabletten \u2013 100 vegetarische Tabs<\/h2>\n<div class=\"chcg-intro\">\n<p>D-Ribose ist ein nat\u00fcrlich vorkommendes Kohlenhydrat, das eine zentrale Rolle bei der Produktion von Adenosintriphosphat (ATP) spielt \u2013 dem wichtigsten Energietr\u00e4ger in den K\u00f6rperzellen. Die D-Ribose Tabletten von Life Extension enthalten den klinisch untersuchten Wirkstoff Bioenergy RIBOSE\u00ae in einer hochdosierten Formulierung, die speziell darauf ausgerichtet ist, die Energieverf\u00fcgbarkeit in den arbeitenden Muskeln zu unterst\u00fctzen.<\/p>\n<p>Jede Tagesportion liefert 5100 mg Non-GMO D-Ribose in praktischer Tablettenform. Die Formel ist vegan, vegetarisch und glutenfrei \u2013 und damit f\u00fcr eine Vielzahl von Ern\u00e4hrungsweisen geeignet. Die Tabletten werden ohne gentechnisch ver\u00e4nderte Zutaten hergestellt und entsprechen den hohen Qualit\u00e4tsstandards von Life Extension.<\/p>\n<p>Diese Tabletten eignen sich f\u00fcr Personen, die ihre zellul\u00e4re Energieversorgung und die Funktion des Herz-Kreislauf-Systems ern\u00e4hrungsphysiologisch unterst\u00fctzen m\u00f6chten. Die regelm\u00e4ssige Einnahme ist empfehlenswert, um die positiven Eigenschaften von D-Ribose dauerhaft zu nutzen.<\/p>\n<\/p><\/div>\n<div class=\"chcg-nutrition\">\n<h3>N\u00e4hrwertangaben<\/h3>\n<table class=\"chcg-nutrition-table\">\n<thead>\n<tr>\n<th>N\u00e4hrstoff<\/th>\n<th>Pro Portion (5 Tabletten)<\/th>\n<\/tr>\n<\/thead>\n<tbody>\n<tr>\n<td>Kalorien<\/td>\n<td>20 kcal<\/td>\n<\/tr>\n<tr>\n<td>Kohlenhydrate gesamt<\/td>\n<td>5 g (2 % NRV)<\/td>\n<\/tr>\n<tr>\n<td>\u2013 davon Zucker gesamt<\/td>\n<td>5 g *<\/td>\n<\/tr>\n<tr>\n<td>Calcium (als Dikalziumphosphat)<\/td>\n<td>80 mg (10 % NRV)<\/td>\n<\/tr>\n<tr>\n<td>Bioenergy RIBOSE\u00ae (Non-GMO D-Ribose)<\/td>\n<td>5100 mg *<\/td>\n<\/tr>\n<\/tbody>\n<\/table>\n<p class=\"chcg-footnote\">* Kein Referenzwert (NRV) festgelegt.<\/p>\n<p class=\"chcg-footnote\">Portionsgr\u00f6sse: 5 vegetarische Tabletten | Portionen pro Packung: 20<\/p>\n<\/p><\/div>\n<div class=\"chcg-ingredients\">\n<h3>Zutaten<\/h3>\n<p>Calcium (als Dikalziumphosphat) 80 mg, Bioenergy RIBOSE\u00ae (Non-GMO D-Ribose) 5100 mg.<\/p>\n<p>Weitere Zutaten: mikrokristalline Cellulose, Croscarmellose-Natrium, Stearins\u00e4ure, w\u00e4ssrige Film\u00fcberzugsmasse (gereinigtes Wasser, Hydroxypropylmethylcellulose, Glycerin), Siliziumdioxid, pflanzliches Stearat.<\/p>\n<\/p><\/div>\n<div class=\"chcg-dosage\">\n<h3>Verzehrempfehlung<\/h3>\n<p>Nehmen Sie t\u00e4glich f\u00fcnf (5) Tabletten zu einer Mahlzeit ein, um die kardiovaskul\u00e4re Gesundheit und die Energieversorgung der arbeitenden Muskeln zu unterst\u00fctzen \u2013 oder gem\u00e4ss Empfehlung einer Fachperson f\u00fcr Gesundheit. Als alternative Dosierung kann t\u00e4glich eine (1) Tablette f\u00fcr die allgemeine Gesundheit eingenommen werden. Eine kontinuierliche Einnahme ist erforderlich, um die positiven Eigenschaften der D-Ribose Tabletten dauerhaft beizubehalten.<\/p>\n<\/p><\/div>\n<div class=\"chcg-warnings\">\n<h3>Warnhinweise<\/h3>\n<p>Da dieses Produkt den Blutzucker senken kann, konsultieren Sie bitte Ihre \u00c4rztin oder Ihren Arzt, bevor Sie dieses Produkt einnehmen, wenn Sie blutzuckersenkende Medikamente einnehmen. Ausserhalb der Reichweite von Kindern aufbewahren. Die empfohlene Tagesdosis nicht \u00fcberschreiten. Nicht kaufen, wenn das \u00e4ussere Siegel gebrochen oder besch\u00e4digt ist. Bei der Einnahme von Nahrungserg\u00e4nzungsmitteln konsultieren Sie bitte Ihre \u00c4rztin oder Ihren Arzt, wenn Sie sich in \u00e4rztlicher Behandlung befinden oder wenn Sie schwanger sind oder stillen. Um ein schwerwiegendes unerw\u00fcnschtes Ereignis zu melden oder Produktinformationen zu erhalten, wenden Sie sich bitte an: 1-866-280-2852.<\/p>\n<\/p><\/div>\n<div class=\"chcg-allergens\">\n<h3>Allergeninformationen<\/h3>\n<p>Auf der Produktetikette sind keine Allergene ausgewiesen. Das Produkt ist Non-GMO, vegan und glutenfrei.<\/p>\n<\/p><\/div>\n<div class=\"chcg-storage\">\n<h3>Lagerung<\/h3>\n<p>Fest verschlossen an einem k\u00fchlen, trockenen Ort aufbewahren.<\/p>\n<\/p><\/div>\n<div class=\"chcg-dietary\">\n<h3>Ern\u00e4hrungshinweise<\/h3>\n<ul>\n<li>Vegan<\/li>\n<li>Vegetarisch<\/li>\n<li>Glutenfrei<\/li>\n<\/ul><\/div>\n<\/div>\n","protected":false},"excerpt":{"rendered":"<p>D-Ribose Tabletten von Life Extension mit 5100 mg Bioenergy RIBOSE\u00ae pro Tagesportion zur Unterst\u00fctzung der Energieversorgung in den Muskeln. 100 vegetarische Tabletten, vegan und glutenfrei.<\/p>\n","protected":false},"featured_media":3001,"comment_status":"closed","ping_status":"open","template":"","meta":[],"product_brand":[202],"product_cat":[48,25,55],"product_tag":[],"class_list":{"0":"post-3000","1":"product","2":"type-product","3":"status-publish","4":"has-post-thumbnail","6":"product_brand-life-extension","7":"product_cat-gesunde-ernaehrung","8":"product_cat-gesundheit-und-wohlbefinden","9":"product_cat-spezialformel","11":"first","12":"outofstock","13":"taxable","14":"shipping-taxable","15":"purchasable","16":"product-type-simple"},"yoast_head":"<!-- This site is optimized with the Yoast SEO plugin v27.5 - https:\/\/yoast.com\/product\/yoast-seo-wordpress\/ -->\n<title>D-Ribose Tabletten \u2013 Life Extension | ecosupplements.ch<\/title>\n<meta name=\"description\" content=\"5100 mg Bioenergy RIBOSE\u00ae pro Portion f\u00fcr die zellul\u00e4re Energieversorgung und Herzgesundheit. 100 vegetarische Tabletten, vegan &amp; glutenfrei. Jetzt bestellen.\" \/>\n<meta name=\"robots\" content=\"index, follow, max-snippet:-1, max-image-preview:large, max-video-preview:-1\" \/>\n<link rel=\"canonical\" href=\"https:\/\/ecosupplements.ch\/?product=d-ribose-tablets-100-vegetarian-tabs\" \/>\n<meta property=\"og:locale\" content=\"de_DE\" \/>\n<meta property=\"og:type\" content=\"article\" \/>\n<meta property=\"og:title\" content=\"D-Ribose Tabletten \u2013 Life Extension | ecosupplements.ch\" \/>\n<meta property=\"og:description\" content=\"5100 mg Bioenergy RIBOSE\u00ae pro Portion f\u00fcr die zellul\u00e4re Energieversorgung und Herzgesundheit. 100 vegetarische Tabletten, vegan &amp; glutenfrei. Jetzt bestellen.\" \/>\n<meta property=\"og:url\" content=\"https:\/\/ecosupplements.ch\/?product=d-ribose-tablets-100-vegetarian-tabs\" \/>\n<meta property=\"og:site_name\" content=\"Eco Supplements\" \/>\n<meta property=\"article:modified_time\" content=\"2026-05-13T07:24:45+00:00\" \/>\n<meta property=\"og:image\" content=\"https:\/\/ecosupplements.ch\/wp-content\/uploads\/2026\/05\/D-Ribose-Tablets-100-vegetarian-tabs.webp\" \/>\n\t<meta property=\"og:image:width\" content=\"1000\" \/>\n\t<meta property=\"og:image:height\" content=\"1000\" \/>\n\t<meta property=\"og:image:type\" content=\"image\/jpeg\" \/>\n<meta name=\"twitter:card\" content=\"summary_large_image\" \/>\n<meta name=\"twitter:label1\" content=\"Price\" \/>\n\t<meta name=\"twitter:data1\" content=\"&#067;&#072;&#070;&nbsp;34.47\" \/>\n\t<meta name=\"twitter:label2\" content=\"Availability\" \/>\n\t<meta name=\"twitter:data2\" content=\"Out of stock\" \/>\n<script type=\"application\/ld+json\" class=\"yoast-schema-graph\">{\"@context\":\"https:\\\/\\\/schema.org\",\"@graph\":[{\"@type\":\"WebPage\",\"@id\":\"https:\\\/\\\/ecosupplements.ch\\\/?product=d-ribose-tablets-100-vegetarian-tabs\",\"url\":\"https:\\\/\\\/ecosupplements.ch\\\/?product=d-ribose-tablets-100-vegetarian-tabs\",\"name\":\"D-Ribose Tabletten \u2013 Life Extension | ecosupplements.ch\",\"isPartOf\":{\"@id\":\"https:\\\/\\\/ecosupplements.ch\\\/#website\"},\"primaryImageOfPage\":{\"@id\":\"https:\\\/\\\/ecosupplements.ch\\\/?product=d-ribose-tablets-100-vegetarian-tabs#primaryimage\"},\"image\":{\"@id\":\"https:\\\/\\\/ecosupplements.ch\\\/?product=d-ribose-tablets-100-vegetarian-tabs#primaryimage\"},\"thumbnailUrl\":\"https:\\\/\\\/ecosupplements.ch\\\/wp-content\\\/uploads\\\/2026\\\/05\\\/D-Ribose-Tablets-100-vegetarian-tabs.webp\",\"datePublished\":\"2026-05-11T14:41:59+00:00\",\"dateModified\":\"2026-05-13T07:24:45+00:00\",\"description\":\"5100 mg Bioenergy RIBOSE\u00ae pro Portion f\u00fcr die zellul\u00e4re Energieversorgung und Herzgesundheit. 100 vegetarische Tabletten, vegan & glutenfrei. Jetzt bestellen.\",\"breadcrumb\":{\"@id\":\"https:\\\/\\\/ecosupplements.ch\\\/?product=d-ribose-tablets-100-vegetarian-tabs#breadcrumb\"},\"inLanguage\":\"de-CH\",\"potentialAction\":[{\"@type\":\"ReadAction\",\"target\":[\"https:\\\/\\\/ecosupplements.ch\\\/?product=d-ribose-tablets-100-vegetarian-tabs\"]}]},{\"@type\":\"ImageObject\",\"inLanguage\":\"de-CH\",\"@id\":\"https:\\\/\\\/ecosupplements.ch\\\/?product=d-ribose-tablets-100-vegetarian-tabs#primaryimage\",\"url\":\"https:\\\/\\\/ecosupplements.ch\\\/wp-content\\\/uploads\\\/2026\\\/05\\\/D-Ribose-Tablets-100-vegetarian-tabs.webp\",\"contentUrl\":\"https:\\\/\\\/ecosupplements.ch\\\/wp-content\\\/uploads\\\/2026\\\/05\\\/D-Ribose-Tablets-100-vegetarian-tabs.webp\",\"width\":1000,\"height\":1000,\"caption\":\"D-Ribose Tablets - 100 vegetarian tabs\"},{\"@type\":\"BreadcrumbList\",\"@id\":\"https:\\\/\\\/ecosupplements.ch\\\/?product=d-ribose-tablets-100-vegetarian-tabs#breadcrumb\",\"itemListElement\":[{\"@type\":\"ListItem\",\"position\":1,\"name\":\"Home\",\"item\":\"https:\\\/\\\/ecosupplements.ch\\\/\"},{\"@type\":\"ListItem\",\"position\":2,\"name\":\"Shop\",\"item\":\"https:\\\/\\\/ecosupplements.ch\\\/?page_id=14\"},{\"@type\":\"ListItem\",\"position\":3,\"name\":\"D-Ribose Tablets &#8211; 100 vegetarian tabs\"}]},{\"@type\":\"WebSite\",\"@id\":\"https:\\\/\\\/ecosupplements.ch\\\/#website\",\"url\":\"https:\\\/\\\/ecosupplements.ch\\\/\",\"name\":\"Eco Supplements\",\"description\":\"\",\"potentialAction\":[{\"@type\":\"SearchAction\",\"target\":{\"@type\":\"EntryPoint\",\"urlTemplate\":\"https:\\\/\\\/ecosupplements.ch\\\/?s={search_term_string}\"},\"query-input\":{\"@type\":\"PropertyValueSpecification\",\"valueRequired\":true,\"valueName\":\"search_term_string\"}}],\"inLanguage\":\"de-CH\"}]}<\/script>\n<meta property=\"product:price:amount\" content=\"34.47\" \/>\n<meta property=\"product:price:currency\" content=\"CHF\" \/>\n<meta property=\"og:availability\" content=\"out of stock\" \/>\n<meta property=\"product:availability\" content=\"out of stock\" \/>\n<meta property=\"product:retailer_item_id\" content=\"737870147336\" \/>\n<meta property=\"product:condition\" content=\"new\" \/>\n<!-- \/ Yoast SEO plugin. -->","yoast_head_json":{"title":"D-Ribose Tabletten \u2013 Life Extension | ecosupplements.ch","description":"5100 mg Bioenergy RIBOSE\u00ae pro Portion f\u00fcr die zellul\u00e4re Energieversorgung und Herzgesundheit. 100 vegetarische Tabletten, vegan & glutenfrei. Jetzt bestellen.","robots":{"index":"index","follow":"follow","max-snippet":"max-snippet:-1","max-image-preview":"max-image-preview:large","max-video-preview":"max-video-preview:-1"},"canonical":"https:\/\/ecosupplements.ch\/?product=d-ribose-tablets-100-vegetarian-tabs","og_locale":"de_DE","og_type":"article","og_title":"D-Ribose Tabletten \u2013 Life Extension | ecosupplements.ch","og_description":"5100 mg Bioenergy RIBOSE\u00ae pro Portion f\u00fcr die zellul\u00e4re Energieversorgung und Herzgesundheit. 100 vegetarische Tabletten, vegan & glutenfrei. Jetzt bestellen.","og_url":"https:\/\/ecosupplements.ch\/?product=d-ribose-tablets-100-vegetarian-tabs","og_site_name":"Eco Supplements","article_modified_time":"2026-05-13T07:24:45+00:00","og_image":[{"width":1000,"height":1000,"url":"https:\/\/ecosupplements.ch\/wp-content\/uploads\/2026\/05\/D-Ribose-Tablets-100-vegetarian-tabs.webp","type":"image\/jpeg"}],"twitter_card":"summary_large_image","twitter_misc":{"Price":"&#67;&#72;&#70;&nbsp;34.47","Availability":"Out of stock"},"schema":{"@context":"https:\/\/schema.org","@graph":[{"@type":"WebPage","@id":"https:\/\/ecosupplements.ch\/?product=d-ribose-tablets-100-vegetarian-tabs","url":"https:\/\/ecosupplements.ch\/?product=d-ribose-tablets-100-vegetarian-tabs","name":"D-Ribose Tabletten \u2013 Life Extension | ecosupplements.ch","isPartOf":{"@id":"https:\/\/ecosupplements.ch\/#website"},"primaryImageOfPage":{"@id":"https:\/\/ecosupplements.ch\/?product=d-ribose-tablets-100-vegetarian-tabs#primaryimage"},"image":{"@id":"https:\/\/ecosupplements.ch\/?product=d-ribose-tablets-100-vegetarian-tabs#primaryimage"},"thumbnailUrl":"https:\/\/ecosupplements.ch\/wp-content\/uploads\/2026\/05\/D-Ribose-Tablets-100-vegetarian-tabs.webp","datePublished":"2026-05-11T14:41:59+00:00","dateModified":"2026-05-13T07:24:45+00:00","description":"5100 mg Bioenergy RIBOSE\u00ae pro Portion f\u00fcr die zellul\u00e4re Energieversorgung und Herzgesundheit. 100 vegetarische Tabletten, vegan & glutenfrei. Jetzt bestellen.","breadcrumb":{"@id":"https:\/\/ecosupplements.ch\/?product=d-ribose-tablets-100-vegetarian-tabs#breadcrumb"},"inLanguage":"de-CH","potentialAction":[{"@type":"ReadAction","target":["https:\/\/ecosupplements.ch\/?product=d-ribose-tablets-100-vegetarian-tabs"]}]},{"@type":"ImageObject","inLanguage":"de-CH","@id":"https:\/\/ecosupplements.ch\/?product=d-ribose-tablets-100-vegetarian-tabs#primaryimage","url":"https:\/\/ecosupplements.ch\/wp-content\/uploads\/2026\/05\/D-Ribose-Tablets-100-vegetarian-tabs.webp","contentUrl":"https:\/\/ecosupplements.ch\/wp-content\/uploads\/2026\/05\/D-Ribose-Tablets-100-vegetarian-tabs.webp","width":1000,"height":1000,"caption":"D-Ribose Tablets - 100 vegetarian tabs"},{"@type":"BreadcrumbList","@id":"https:\/\/ecosupplements.ch\/?product=d-ribose-tablets-100-vegetarian-tabs#breadcrumb","itemListElement":[{"@type":"ListItem","position":1,"name":"Home","item":"https:\/\/ecosupplements.ch\/"},{"@type":"ListItem","position":2,"name":"Shop","item":"https:\/\/ecosupplements.ch\/?page_id=14"},{"@type":"ListItem","position":3,"name":"D-Ribose Tablets &#8211; 100 vegetarian tabs"}]},{"@type":"WebSite","@id":"https:\/\/ecosupplements.ch\/#website","url":"https:\/\/ecosupplements.ch\/","name":"Eco Supplements","description":"","potentialAction":[{"@type":"SearchAction","target":{"@type":"EntryPoint","urlTemplate":"https:\/\/ecosupplements.ch\/?s={search_term_string}"},"query-input":{"@type":"PropertyValueSpecification","valueRequired":true,"valueName":"search_term_string"}}],"inLanguage":"de-CH"}]},"product_price_amount":"34.47","product_price_currency":"CHF","og_availability":"out of stock","product_availability":"out of stock","product_retailer_item_id":"737870147336","product_condition":"new"},"_links":{"self":[{"href":"https:\/\/ecosupplements.ch\/index.php?rest_route=\/wp\/v2\/product\/3000","targetHints":{"allow":["GET"]}}],"collection":[{"href":"https:\/\/ecosupplements.ch\/index.php?rest_route=\/wp\/v2\/product"}],"about":[{"href":"https:\/\/ecosupplements.ch\/index.php?rest_route=\/wp\/v2\/types\/product"}],"replies":[{"embeddable":true,"href":"https:\/\/ecosupplements.ch\/index.php?rest_route=%2Fwp%2Fv2%2Fcomments&post=3000"}],"wp:featuredmedia":[{"embeddable":true,"href":"https:\/\/ecosupplements.ch\/index.php?rest_route=\/wp\/v2\/media\/3001"}],"wp:attachment":[{"href":"https:\/\/ecosupplements.ch\/index.php?rest_route=%2Fwp%2Fv2%2Fmedia&parent=3000"}],"wp:term":[{"taxonomy":"product_brand","embeddable":true,"href":"https:\/\/ecosupplements.ch\/index.php?rest_route=%2Fwp%2Fv2%2Fproduct_brand&post=3000"},{"taxonomy":"product_cat","embeddable":true,"href":"https:\/\/ecosupplements.ch\/index.php?rest_route=%2Fwp%2Fv2%2Fproduct_cat&post=3000"},{"taxonomy":"product_tag","embeddable":true,"href":"https:\/\/ecosupplements.ch\/index.php?rest_route=%2Fwp%2Fv2%2Fproduct_tag&post=3000"}],"curies":[{"name":"wp","href":"https:\/\/api.w.org\/{rel}","templated":true}]}}