{"id":3009,"date":"2026-05-11T14:42:03","date_gmt":"2026-05-11T14:42:03","guid":{"rendered":"https:\/\/ecosupplements.ch\/?product=mega-green-tea-extract-100-vcaps"},"modified":"2026-05-13T07:22:43","modified_gmt":"2026-05-13T07:22:43","slug":"mega-green-tea-extract-100-vcaps","status":"publish","type":"product","link":"https:\/\/ecosupplements.ch\/?product=mega-green-tea-extract-100-vcaps","title":{"rendered":"Mega Green Tea Extract &#8211; 100 vcaps"},"content":{"rendered":"<div class=\"chcg-product-description\">\n<h2 class=\"chcg-heading\">\u00dcber Life Extension \u2013 Mega Green Tea Extract \u2013 100 Kapseln<\/h2>\n<div class=\"chcg-intro\">\n<p>Der Mega Green Tea Extract von Life Extension liefert pro Kapsel 725 mg entkoffeinierten Gr\u00fcntee-Extrakt aus den Bl\u00e4ttern der <em>Camellia sinensis<\/em>-Pflanze, standardisiert auf 98 % Polyphenole und 45 % Epigallocatechingallat (EGCG). Gr\u00fcner Tee ist eine der am besten erforschten pflanzlichen Quellen f\u00fcr nat\u00fcrliche Polyphenole und gilt als wertvoller Bestandteil einer ausgewogenen Ern\u00e4hrung.<\/p>\n<p>Dank der Entkoffeinierung des Extrakts enth\u00e4lt jede Portion nur eine minimale Menge Koffein (maximal 3,6 mg), sodass das Produkt gut vertr\u00e4glich ist und auch von Personen eingenommen werden kann, die empfindlich auf Koffein reagieren. Die vegetarischen Kapseln sind frei von Gelatine und eignen sich f\u00fcr eine vegetarische Ern\u00e4hrungsweise.<\/p>\n<p>Mit 100 Kapseln pro Packung \u2013 entsprechend einer dreimonatigen Versorgung bei t\u00e4glicher Einnahme \u2013 bietet dieses Produkt ein hervorragendes Preis-Leistungs-Verh\u00e4ltnis f\u00fcr alle, die ihren Alltag gezielt mit hochwertigen Pflanzenstoffen erg\u00e4nzen m\u00f6chten.<\/p>\n<\/p><\/div>\n<div class=\"chcg-nutrition\">\n<h3>N\u00e4hrwertangaben<\/h3>\n<table class=\"chcg-nutrition-table\">\n<thead>\n<tr>\n<th>N\u00e4hrstoff<\/th>\n<th>Pro Portion (1 Kapsel)<\/th>\n<\/tr>\n<\/thead>\n<tbody>\n<tr>\n<td>Gr\u00fcntee (<em>Camellia sinensis<\/em>) entkoffeinierter Extrakt (Blatt) [std. auf 98 % Polyphenole durch UV (710,5 mg), 45 % EGCG]<\/td>\n<td>725 mg*<\/td>\n<\/tr>\n<\/tbody>\n<\/table>\n<p class=\"chcg-footnote\">* Kein etablierter t\u00e4glicher Referenzwert vorhanden.<\/p>\n<\/p><\/div>\n<div class=\"chcg-ingredients\">\n<h3>Zutaten<\/h3>\n<p>Gr\u00fcntee (<em>Camellia sinensis<\/em>) entkoffeinierter Extrakt (Blatt) [std. auf 98 % Polyphenole durch UV (710,5 mg), 45 % EGCG] 725 mg. Weitere Zutaten: Pflanzliche Zellulose (Kapsel), Reismehl, Stearins\u00e4ure, Siliziumdioxid.<\/p>\n<p class=\"chcg-capsule-shell\">Kapselh\u00fclle: Pflanzliche Zellulose<\/p>\n<\/p><\/div>\n<div class=\"chcg-dosage\">\n<h3>Verzehrempfehlung<\/h3>\n<p>T\u00e4glich eine (1) Kapsel mit oder ohne Mahlzeit einnehmen, oder gem\u00e4ss Empfehlung einer Fachperson im Gesundheitsbereich. Jede Portion enth\u00e4lt eine geringe Menge Koffein (maximal 3,6 mg).<\/p>\n<\/p><\/div>\n<div class=\"chcg-warnings\">\n<h3>Warnhinweise<\/h3>\n<p>Fest verschlossen an einem k\u00fchlen, trockenen Ort aufbewahren. Ausserhalb der Reichweite von Kindern aufbewahren. Die empfohlene Tagesdosis nicht \u00fcberschreiten. Nicht kaufen, wenn die \u00e4ussere Versiegelung gebrochen oder besch\u00e4digt ist. Bei der Einnahme von Nahrungserg\u00e4nzungsmitteln wird empfohlen, einen Arzt zu konsultieren, wenn Sie sich in medizinischer Behandlung befinden, schwanger sind oder stillen.<\/p>\n<\/p><\/div>\n<div class=\"chcg-allergens\">\n<h3>Allergeninformationen<\/h3>\n<p>Auf der Verpackung sind keine Allergene deklariert.<\/p>\n<\/p><\/div>\n<div class=\"chcg-storage\">\n<h3>Lagerung<\/h3>\n<p>Fest verschlossen an einem k\u00fchlen, trockenen Ort aufbewahren.<\/p>\n<\/p><\/div>\n<div class=\"chcg-dietary\">\n<h3>Ern\u00e4hrungshinweise<\/h3>\n<ul>\n<li>Vegetarisch<\/li>\n<li>Glutenfrei<\/li>\n<li>Laktosefrei<\/li>\n<\/ul><\/div>\n<\/div>\n","protected":false},"excerpt":{"rendered":"<p>Mega Green Tea Extract von Life Extension liefert 725 mg entkoffeinierten Gr\u00fcntee-Extrakt mit 98 % Polyphenolen und 45 % EGCG pro vegetarischer Kapsel. Packung mit 100 Kapseln \u2013 vegetarisch und glutenfrei.<\/p>\n","protected":false},"featured_media":3010,"comment_status":"closed","ping_status":"open","template":"","meta":[],"product_brand":[202],"product_cat":[90,48,25,38,105],"product_tag":[],"class_list":{"0":"post-3009","1":"product","2":"type-product","3":"status-publish","4":"has-post-thumbnail","6":"product_brand-life-extension","7":"product_cat-fitness-training","8":"product_cat-gesunde-ernaehrung","9":"product_cat-gesundheit-und-wohlbefinden","10":"product_cat-gewichtskontrolle","11":"product_cat-gruener-tee","13":"first","14":"outofstock","15":"taxable","16":"shipping-taxable","17":"purchasable","18":"product-type-simple"},"yoast_head":"<!-- This site is optimized with the Yoast SEO plugin v27.5 - https:\/\/yoast.com\/product\/yoast-seo-wordpress\/ -->\n<title>Mega Green Tea Extract \u2013 Life Extension | ecosupplements.ch<\/title>\n<meta name=\"description\" content=\"725 mg entkoffeinierter Gr\u00fcntee-Extrakt mit 98 % Polyphenolen pro Kapsel \u2013 100 vegetarische Kapseln von Life Extension. Jetzt bestellen.\" \/>\n<meta name=\"robots\" content=\"index, follow, max-snippet:-1, max-image-preview:large, max-video-preview:-1\" \/>\n<link rel=\"canonical\" href=\"https:\/\/ecosupplements.ch\/?product=mega-green-tea-extract-100-vcaps\" \/>\n<meta property=\"og:locale\" content=\"de_DE\" \/>\n<meta property=\"og:type\" content=\"article\" \/>\n<meta property=\"og:title\" content=\"Mega Green Tea Extract \u2013 Life Extension | ecosupplements.ch\" \/>\n<meta property=\"og:description\" content=\"725 mg entkoffeinierter Gr\u00fcntee-Extrakt mit 98 % Polyphenolen pro Kapsel \u2013 100 vegetarische Kapseln von Life Extension. Jetzt bestellen.\" \/>\n<meta property=\"og:url\" content=\"https:\/\/ecosupplements.ch\/?product=mega-green-tea-extract-100-vcaps\" \/>\n<meta property=\"og:site_name\" content=\"Eco Supplements\" \/>\n<meta property=\"article:modified_time\" content=\"2026-05-13T07:22:43+00:00\" \/>\n<meta property=\"og:image\" content=\"https:\/\/ecosupplements.ch\/wp-content\/uploads\/2026\/05\/Mega-Green-Tea-Extract-100-vcaps.webp\" \/>\n\t<meta property=\"og:image:width\" content=\"1000\" \/>\n\t<meta property=\"og:image:height\" content=\"1000\" \/>\n\t<meta property=\"og:image:type\" content=\"image\/jpeg\" \/>\n<meta name=\"twitter:card\" content=\"summary_large_image\" \/>\n<meta name=\"twitter:label1\" content=\"Price\" \/>\n\t<meta name=\"twitter:data1\" content=\"&#067;&#072;&#070;&nbsp;31.57\" \/>\n\t<meta name=\"twitter:label2\" content=\"Availability\" \/>\n\t<meta name=\"twitter:data2\" content=\"Out of stock\" \/>\n<script type=\"application\/ld+json\" class=\"yoast-schema-graph\">{\"@context\":\"https:\\\/\\\/schema.org\",\"@graph\":[{\"@type\":\"WebPage\",\"@id\":\"https:\\\/\\\/ecosupplements.ch\\\/?product=mega-green-tea-extract-100-vcaps\",\"url\":\"https:\\\/\\\/ecosupplements.ch\\\/?product=mega-green-tea-extract-100-vcaps\",\"name\":\"Mega Green Tea Extract \u2013 Life Extension | ecosupplements.ch\",\"isPartOf\":{\"@id\":\"https:\\\/\\\/ecosupplements.ch\\\/#website\"},\"primaryImageOfPage\":{\"@id\":\"https:\\\/\\\/ecosupplements.ch\\\/?product=mega-green-tea-extract-100-vcaps#primaryimage\"},\"image\":{\"@id\":\"https:\\\/\\\/ecosupplements.ch\\\/?product=mega-green-tea-extract-100-vcaps#primaryimage\"},\"thumbnailUrl\":\"https:\\\/\\\/ecosupplements.ch\\\/wp-content\\\/uploads\\\/2026\\\/05\\\/Mega-Green-Tea-Extract-100-vcaps.webp\",\"datePublished\":\"2026-05-11T14:42:03+00:00\",\"dateModified\":\"2026-05-13T07:22:43+00:00\",\"description\":\"725 mg entkoffeinierter Gr\u00fcntee-Extrakt mit 98 % Polyphenolen pro Kapsel \u2013 100 vegetarische Kapseln von Life Extension. Jetzt bestellen.\",\"breadcrumb\":{\"@id\":\"https:\\\/\\\/ecosupplements.ch\\\/?product=mega-green-tea-extract-100-vcaps#breadcrumb\"},\"inLanguage\":\"de-CH\",\"potentialAction\":[{\"@type\":\"ReadAction\",\"target\":[\"https:\\\/\\\/ecosupplements.ch\\\/?product=mega-green-tea-extract-100-vcaps\"]}]},{\"@type\":\"ImageObject\",\"inLanguage\":\"de-CH\",\"@id\":\"https:\\\/\\\/ecosupplements.ch\\\/?product=mega-green-tea-extract-100-vcaps#primaryimage\",\"url\":\"https:\\\/\\\/ecosupplements.ch\\\/wp-content\\\/uploads\\\/2026\\\/05\\\/Mega-Green-Tea-Extract-100-vcaps.webp\",\"contentUrl\":\"https:\\\/\\\/ecosupplements.ch\\\/wp-content\\\/uploads\\\/2026\\\/05\\\/Mega-Green-Tea-Extract-100-vcaps.webp\",\"width\":1000,\"height\":1000,\"caption\":\"Mega Green Tea Extract - 100 vcaps\"},{\"@type\":\"BreadcrumbList\",\"@id\":\"https:\\\/\\\/ecosupplements.ch\\\/?product=mega-green-tea-extract-100-vcaps#breadcrumb\",\"itemListElement\":[{\"@type\":\"ListItem\",\"position\":1,\"name\":\"Home\",\"item\":\"https:\\\/\\\/ecosupplements.ch\\\/\"},{\"@type\":\"ListItem\",\"position\":2,\"name\":\"Shop\",\"item\":\"https:\\\/\\\/ecosupplements.ch\\\/?page_id=14\"},{\"@type\":\"ListItem\",\"position\":3,\"name\":\"Mega Green Tea Extract &#8211; 100 vcaps\"}]},{\"@type\":\"WebSite\",\"@id\":\"https:\\\/\\\/ecosupplements.ch\\\/#website\",\"url\":\"https:\\\/\\\/ecosupplements.ch\\\/\",\"name\":\"Eco Supplements\",\"description\":\"\",\"potentialAction\":[{\"@type\":\"SearchAction\",\"target\":{\"@type\":\"EntryPoint\",\"urlTemplate\":\"https:\\\/\\\/ecosupplements.ch\\\/?s={search_term_string}\"},\"query-input\":{\"@type\":\"PropertyValueSpecification\",\"valueRequired\":true,\"valueName\":\"search_term_string\"}}],\"inLanguage\":\"de-CH\"}]}<\/script>\n<meta property=\"product:price:amount\" content=\"31.57\" \/>\n<meta property=\"product:price:currency\" content=\"CHF\" \/>\n<meta property=\"og:availability\" content=\"out of stock\" \/>\n<meta property=\"product:availability\" content=\"out of stock\" \/>\n<meta property=\"product:retailer_item_id\" content=\"737870954101\" \/>\n<meta property=\"product:condition\" content=\"new\" \/>\n<!-- \/ Yoast SEO plugin. -->","yoast_head_json":{"title":"Mega Green Tea Extract \u2013 Life Extension | ecosupplements.ch","description":"725 mg entkoffeinierter Gr\u00fcntee-Extrakt mit 98 % Polyphenolen pro Kapsel \u2013 100 vegetarische Kapseln von Life Extension. Jetzt bestellen.","robots":{"index":"index","follow":"follow","max-snippet":"max-snippet:-1","max-image-preview":"max-image-preview:large","max-video-preview":"max-video-preview:-1"},"canonical":"https:\/\/ecosupplements.ch\/?product=mega-green-tea-extract-100-vcaps","og_locale":"de_DE","og_type":"article","og_title":"Mega Green Tea Extract \u2013 Life Extension | ecosupplements.ch","og_description":"725 mg entkoffeinierter Gr\u00fcntee-Extrakt mit 98 % Polyphenolen pro Kapsel \u2013 100 vegetarische Kapseln von Life Extension. Jetzt bestellen.","og_url":"https:\/\/ecosupplements.ch\/?product=mega-green-tea-extract-100-vcaps","og_site_name":"Eco Supplements","article_modified_time":"2026-05-13T07:22:43+00:00","og_image":[{"width":1000,"height":1000,"url":"https:\/\/ecosupplements.ch\/wp-content\/uploads\/2026\/05\/Mega-Green-Tea-Extract-100-vcaps.webp","type":"image\/jpeg"}],"twitter_card":"summary_large_image","twitter_misc":{"Price":"&#67;&#72;&#70;&nbsp;31.57","Availability":"Out of stock"},"schema":{"@context":"https:\/\/schema.org","@graph":[{"@type":"WebPage","@id":"https:\/\/ecosupplements.ch\/?product=mega-green-tea-extract-100-vcaps","url":"https:\/\/ecosupplements.ch\/?product=mega-green-tea-extract-100-vcaps","name":"Mega Green Tea Extract \u2013 Life Extension | ecosupplements.ch","isPartOf":{"@id":"https:\/\/ecosupplements.ch\/#website"},"primaryImageOfPage":{"@id":"https:\/\/ecosupplements.ch\/?product=mega-green-tea-extract-100-vcaps#primaryimage"},"image":{"@id":"https:\/\/ecosupplements.ch\/?product=mega-green-tea-extract-100-vcaps#primaryimage"},"thumbnailUrl":"https:\/\/ecosupplements.ch\/wp-content\/uploads\/2026\/05\/Mega-Green-Tea-Extract-100-vcaps.webp","datePublished":"2026-05-11T14:42:03+00:00","dateModified":"2026-05-13T07:22:43+00:00","description":"725 mg entkoffeinierter Gr\u00fcntee-Extrakt mit 98 % Polyphenolen pro Kapsel \u2013 100 vegetarische Kapseln von Life Extension. Jetzt bestellen.","breadcrumb":{"@id":"https:\/\/ecosupplements.ch\/?product=mega-green-tea-extract-100-vcaps#breadcrumb"},"inLanguage":"de-CH","potentialAction":[{"@type":"ReadAction","target":["https:\/\/ecosupplements.ch\/?product=mega-green-tea-extract-100-vcaps"]}]},{"@type":"ImageObject","inLanguage":"de-CH","@id":"https:\/\/ecosupplements.ch\/?product=mega-green-tea-extract-100-vcaps#primaryimage","url":"https:\/\/ecosupplements.ch\/wp-content\/uploads\/2026\/05\/Mega-Green-Tea-Extract-100-vcaps.webp","contentUrl":"https:\/\/ecosupplements.ch\/wp-content\/uploads\/2026\/05\/Mega-Green-Tea-Extract-100-vcaps.webp","width":1000,"height":1000,"caption":"Mega Green Tea Extract - 100 vcaps"},{"@type":"BreadcrumbList","@id":"https:\/\/ecosupplements.ch\/?product=mega-green-tea-extract-100-vcaps#breadcrumb","itemListElement":[{"@type":"ListItem","position":1,"name":"Home","item":"https:\/\/ecosupplements.ch\/"},{"@type":"ListItem","position":2,"name":"Shop","item":"https:\/\/ecosupplements.ch\/?page_id=14"},{"@type":"ListItem","position":3,"name":"Mega Green Tea Extract &#8211; 100 vcaps"}]},{"@type":"WebSite","@id":"https:\/\/ecosupplements.ch\/#website","url":"https:\/\/ecosupplements.ch\/","name":"Eco Supplements","description":"","potentialAction":[{"@type":"SearchAction","target":{"@type":"EntryPoint","urlTemplate":"https:\/\/ecosupplements.ch\/?s={search_term_string}"},"query-input":{"@type":"PropertyValueSpecification","valueRequired":true,"valueName":"search_term_string"}}],"inLanguage":"de-CH"}]},"product_price_amount":"31.57","product_price_currency":"CHF","og_availability":"out of stock","product_availability":"out of stock","product_retailer_item_id":"737870954101","product_condition":"new"},"_links":{"self":[{"href":"https:\/\/ecosupplements.ch\/index.php?rest_route=\/wp\/v2\/product\/3009","targetHints":{"allow":["GET"]}}],"collection":[{"href":"https:\/\/ecosupplements.ch\/index.php?rest_route=\/wp\/v2\/product"}],"about":[{"href":"https:\/\/ecosupplements.ch\/index.php?rest_route=\/wp\/v2\/types\/product"}],"replies":[{"embeddable":true,"href":"https:\/\/ecosupplements.ch\/index.php?rest_route=%2Fwp%2Fv2%2Fcomments&post=3009"}],"wp:featuredmedia":[{"embeddable":true,"href":"https:\/\/ecosupplements.ch\/index.php?rest_route=\/wp\/v2\/media\/3010"}],"wp:attachment":[{"href":"https:\/\/ecosupplements.ch\/index.php?rest_route=%2Fwp%2Fv2%2Fmedia&parent=3009"}],"wp:term":[{"taxonomy":"product_brand","embeddable":true,"href":"https:\/\/ecosupplements.ch\/index.php?rest_route=%2Fwp%2Fv2%2Fproduct_brand&post=3009"},{"taxonomy":"product_cat","embeddable":true,"href":"https:\/\/ecosupplements.ch\/index.php?rest_route=%2Fwp%2Fv2%2Fproduct_cat&post=3009"},{"taxonomy":"product_tag","embeddable":true,"href":"https:\/\/ecosupplements.ch\/index.php?rest_route=%2Fwp%2Fv2%2Fproduct_tag&post=3009"}],"curies":[{"name":"wp","href":"https:\/\/api.w.org\/{rel}","templated":true}]}}