{"id":3014,"date":"2026-05-11T14:42:06","date_gmt":"2026-05-11T14:42:06","guid":{"rendered":"https:\/\/ecosupplements.ch\/?product=pomegranate-complete-30-softgels"},"modified":"2026-05-13T07:22:44","modified_gmt":"2026-05-13T07:22:44","slug":"pomegranate-complete-30-softgels","status":"publish","type":"product","link":"https:\/\/ecosupplements.ch\/?product=pomegranate-complete-30-softgels","title":{"rendered":"Pomegranate Complete &#8211; 30 softgels"},"content":{"rendered":"<div class=\"chcg-product-description\">\n<h2 class=\"chcg-heading\">\u00dcber Life Extension \u2013 Pomegranate Complete \u2013 30 Softgels<\/h2>\n<div class=\"chcg-intro\">\n<p>Pomegranate Complete von Life Extension ist ein hochwertiges Granatapfel-Pr\u00e4parat, das mit dem patentierten POMELLA\u00ae Granatapfelextrakt formuliert wurde. Dieser Extrakt ist auf 30 % Punicalagins standardisiert \u2013 eine Gruppe von Polyphenolen, die nat\u00fcrlicherweise in der Granatapfelfrucht vorkommen und f\u00fcr ihre starken antioxidativen Eigenschaften bekannt sind. Antioxidantien tragen dazu bei, die Zellen vor oxidativem Stress zu sch\u00fctzen.<\/p>\n<p>Erg\u00e4nzt wird die Formel durch eine propriet\u00e4re Granatapfel-Mischung aus Bl\u00fctenextrakt und Kern\u00f6l, das auf 22 % Punicins\u00e4ure standardisiert ist. Punicins\u00e4ure ist eine seltene konjugierte Linolens\u00e4ure, die fast ausschliesslich im Granatapfelkern\u00f6l vorkommt. Diese umfassende Zusammensetzung nutzt die verschiedenen bioaktiven Verbindungen der gesamten Granatapfelpflanze \u2013 von der Frucht \u00fcber die Bl\u00fcte bis zum Samen.<\/p>\n<p>Mit nur einer Softgel-Kapsel pro Tag bietet Pomegranate Complete eine praktische und konzentrierte M\u00f6glichkeit, die t\u00e4gliche Aufnahme von Granatapfel-Wirkstoffen zu unterst\u00fctzen. Die Softgel-Form gew\u00e4hrleistet eine gute Aufnehmbarkeit der fettl\u00f6slichen Inhaltsstoffe.<\/p>\n<\/p><\/div>\n<div class=\"chcg-nutrition\">\n<h3>N\u00e4hrwertangaben<\/h3>\n<table class=\"chcg-nutrition-table\">\n<thead>\n<tr>\n<th>N\u00e4hrstoff<\/th>\n<th>Pro Portion (1 Softgel)<\/th>\n<\/tr>\n<\/thead>\n<tbody>\n<tr>\n<td>POMELLA\u00ae Granatapfelextrakt (Frucht) [std. auf 30 % Punicalagins]<\/td>\n<td>400 mg<\/td>\n<\/tr>\n<tr>\n<td>Propriet\u00e4re Granatapfel-Mischung (Bl\u00fctenextrakt, Kern\u00f6l) [std. auf 22 % Punicins\u00e4ure]<\/td>\n<td>137,5 mg<\/td>\n<\/tr>\n<\/tbody>\n<\/table>\n<p class=\"chcg-footnote\">** Kein Tagesreferenzwert festgelegt.<\/p>\n<\/p><\/div>\n<div class=\"chcg-ingredients\">\n<h3>Zutaten<\/h3>\n<p>POMELLA\u00ae Granatapfelextrakt (Frucht) [std. auf 30 % Punicalagins] 400 mg, Propriet\u00e4re Granatapfel-Mischung (Bl\u00fctenextrakt, Kern\u00f6l) [std. auf 22 % Punicins\u00e4ure] 137,5 mg. Weitere Zutaten: Sonnenblumen\u00f6l, Gelatine, Glycerin, gereinigtes Wasser, Bienenwachs, Karamellfarbe, Sonnenblumenlecithin.<\/p>\n<p class=\"chcg-capsule-shell\">Kapselh\u00fclle: Gelatine-Softgel (Gelatine, Glycerin, gereinigtes Wasser, Karamellfarbe)<\/p>\n<\/p><\/div>\n<div class=\"chcg-dosage\">\n<h3>Verzehrempfehlung<\/h3>\n<p>T\u00e4glich eine (1) Softgel-Kapsel mit oder ohne Mahlzeit einnehmen, oder gem\u00e4ss Empfehlung einer medizinischen Fachperson.<\/p>\n<\/p><\/div>\n<div class=\"chcg-warnings\">\n<h3>Warnhinweise<\/h3>\n<p>Ausserhalb der Reichweite von Kindern aufbewahren. Die empfohlene Dosierung nicht \u00fcberschreiten. Nicht kaufen, wenn die \u00e4ussere Versiegelung besch\u00e4digt oder gebrochen ist. Bei der Einnahme von Nahrungserg\u00e4nzungsmitteln wenden Sie sich bitte an Ihren Arzt, wenn Sie sich in Behandlung f\u00fcr einen medizinischen Zustand befinden oder wenn Sie schwanger sind oder stillen.<\/p>\n<\/p><\/div>\n<div class=\"chcg-allergens\">\n<h3>Allergeninformationen<\/h3>\n<p>Keine Allergenangaben auf der Produktetikette vorhanden. Das Produkt enth\u00e4lt Gelatine (Herkunft rindlich\/porcin nicht spezifiziert) und Bienenwachs.<\/p>\n<\/p><\/div>\n<div class=\"chcg-storage\">\n<h3>Lagerung<\/h3>\n<p>Fest verschlossen an einem k\u00fchlen, trockenen Ort aufbewahren.<\/p>\n<\/p><\/div>\n<div class=\"chcg-dietary\">\n<h3>Ern\u00e4hrungshinweise<\/h3>\n<ul>\n<li>Glutenfrei<\/li>\n<li>Laktosefrei<\/li>\n<\/ul><\/div>\n<\/div>\n","protected":false},"excerpt":{"rendered":"<p>Pomegranate Complete von Life Extension liefert POMELLA\u00ae Granatapfelextrakt (30 % Punicalagins) kombiniert mit Bl\u00fctenextrakt und Kern\u00f6l f\u00fcr eine umfassende antioxidative Unterst\u00fctzung. 30 praktische Softgel-Kapseln pro Packung.<\/p>\n","protected":false},"featured_media":3015,"comment_status":"closed","ping_status":"open","template":"","meta":[],"product_brand":[202],"product_cat":[48,25,98,171,21],"product_tag":[],"class_list":{"0":"post-3014","1":"product","2":"type-product","3":"status-publish","4":"has-post-thumbnail","6":"product_brand-life-extension","7":"product_cat-gesunde-ernaehrung","8":"product_cat-gesundheit-und-wohlbefinden","9":"product_cat-vitalitaet","10":"product_cat-vitamine-und-mineralien","11":"product_cat-vitamine-und-mineralstoffe","13":"first","14":"outofstock","15":"taxable","16":"shipping-taxable","17":"purchasable","18":"product-type-simple"},"yoast_head":"<!-- This site is optimized with the Yoast SEO plugin v27.5 - https:\/\/yoast.com\/product\/yoast-seo-wordpress\/ -->\n<title>Pomegranate Complete 30 Softgels \u2013 Life Extension | ecosupplements.ch<\/title>\n<meta name=\"description\" content=\"Pomegranate Complete von Life Extension mit POMELLA\u00ae Granatapfelextrakt und Kern\u00f6l \u2013 antioxidativer Schutz in 30 Softgels. Jetzt bestellen.\" \/>\n<meta name=\"robots\" content=\"index, follow, max-snippet:-1, max-image-preview:large, max-video-preview:-1\" \/>\n<link rel=\"canonical\" href=\"https:\/\/ecosupplements.ch\/?product=pomegranate-complete-30-softgels\" \/>\n<meta property=\"og:locale\" content=\"de_DE\" \/>\n<meta property=\"og:type\" content=\"article\" \/>\n<meta property=\"og:title\" content=\"Pomegranate Complete 30 Softgels \u2013 Life Extension | ecosupplements.ch\" \/>\n<meta property=\"og:description\" content=\"Pomegranate Complete von Life Extension mit POMELLA\u00ae Granatapfelextrakt und Kern\u00f6l \u2013 antioxidativer Schutz in 30 Softgels. Jetzt bestellen.\" \/>\n<meta property=\"og:url\" content=\"https:\/\/ecosupplements.ch\/?product=pomegranate-complete-30-softgels\" \/>\n<meta property=\"og:site_name\" content=\"Eco Supplements\" \/>\n<meta property=\"article:modified_time\" content=\"2026-05-13T07:22:44+00:00\" \/>\n<meta property=\"og:image\" content=\"https:\/\/ecosupplements.ch\/wp-content\/uploads\/2026\/05\/Pomegranate-Complete-30-softgels.webp\" \/>\n\t<meta property=\"og:image:width\" content=\"1000\" \/>\n\t<meta property=\"og:image:height\" content=\"1000\" \/>\n\t<meta property=\"og:image:type\" content=\"image\/jpeg\" \/>\n<meta name=\"twitter:card\" content=\"summary_large_image\" \/>\n<meta name=\"twitter:label1\" content=\"Price\" \/>\n\t<meta name=\"twitter:data1\" content=\"&#067;&#072;&#070;&nbsp;24.96\" \/>\n\t<meta name=\"twitter:label2\" content=\"Availability\" \/>\n\t<meta name=\"twitter:data2\" content=\"Out of stock\" \/>\n<script type=\"application\/ld+json\" class=\"yoast-schema-graph\">{\"@context\":\"https:\\\/\\\/schema.org\",\"@graph\":[{\"@type\":\"WebPage\",\"@id\":\"https:\\\/\\\/ecosupplements.ch\\\/?product=pomegranate-complete-30-softgels\",\"url\":\"https:\\\/\\\/ecosupplements.ch\\\/?product=pomegranate-complete-30-softgels\",\"name\":\"Pomegranate Complete 30 Softgels \u2013 Life Extension | ecosupplements.ch\",\"isPartOf\":{\"@id\":\"https:\\\/\\\/ecosupplements.ch\\\/#website\"},\"primaryImageOfPage\":{\"@id\":\"https:\\\/\\\/ecosupplements.ch\\\/?product=pomegranate-complete-30-softgels#primaryimage\"},\"image\":{\"@id\":\"https:\\\/\\\/ecosupplements.ch\\\/?product=pomegranate-complete-30-softgels#primaryimage\"},\"thumbnailUrl\":\"https:\\\/\\\/ecosupplements.ch\\\/wp-content\\\/uploads\\\/2026\\\/05\\\/Pomegranate-Complete-30-softgels.webp\",\"datePublished\":\"2026-05-11T14:42:06+00:00\",\"dateModified\":\"2026-05-13T07:22:44+00:00\",\"description\":\"Pomegranate Complete von Life Extension mit POMELLA\u00ae Granatapfelextrakt und Kern\u00f6l \u2013 antioxidativer Schutz in 30 Softgels. Jetzt bestellen.\",\"breadcrumb\":{\"@id\":\"https:\\\/\\\/ecosupplements.ch\\\/?product=pomegranate-complete-30-softgels#breadcrumb\"},\"inLanguage\":\"de-CH\",\"potentialAction\":[{\"@type\":\"ReadAction\",\"target\":[\"https:\\\/\\\/ecosupplements.ch\\\/?product=pomegranate-complete-30-softgels\"]}]},{\"@type\":\"ImageObject\",\"inLanguage\":\"de-CH\",\"@id\":\"https:\\\/\\\/ecosupplements.ch\\\/?product=pomegranate-complete-30-softgels#primaryimage\",\"url\":\"https:\\\/\\\/ecosupplements.ch\\\/wp-content\\\/uploads\\\/2026\\\/05\\\/Pomegranate-Complete-30-softgels.webp\",\"contentUrl\":\"https:\\\/\\\/ecosupplements.ch\\\/wp-content\\\/uploads\\\/2026\\\/05\\\/Pomegranate-Complete-30-softgels.webp\",\"width\":1000,\"height\":1000,\"caption\":\"Pomegranate Complete - 30 softgels\"},{\"@type\":\"BreadcrumbList\",\"@id\":\"https:\\\/\\\/ecosupplements.ch\\\/?product=pomegranate-complete-30-softgels#breadcrumb\",\"itemListElement\":[{\"@type\":\"ListItem\",\"position\":1,\"name\":\"Home\",\"item\":\"https:\\\/\\\/ecosupplements.ch\\\/\"},{\"@type\":\"ListItem\",\"position\":2,\"name\":\"Shop\",\"item\":\"https:\\\/\\\/ecosupplements.ch\\\/?page_id=14\"},{\"@type\":\"ListItem\",\"position\":3,\"name\":\"Pomegranate Complete &#8211; 30 softgels\"}]},{\"@type\":\"WebSite\",\"@id\":\"https:\\\/\\\/ecosupplements.ch\\\/#website\",\"url\":\"https:\\\/\\\/ecosupplements.ch\\\/\",\"name\":\"Eco Supplements\",\"description\":\"\",\"potentialAction\":[{\"@type\":\"SearchAction\",\"target\":{\"@type\":\"EntryPoint\",\"urlTemplate\":\"https:\\\/\\\/ecosupplements.ch\\\/?s={search_term_string}\"},\"query-input\":{\"@type\":\"PropertyValueSpecification\",\"valueRequired\":true,\"valueName\":\"search_term_string\"}}],\"inLanguage\":\"de-CH\"}]}<\/script>\n<meta property=\"product:price:amount\" content=\"24.96\" \/>\n<meta property=\"product:price:currency\" content=\"CHF\" \/>\n<meta property=\"og:availability\" content=\"out of stock\" \/>\n<meta property=\"product:availability\" content=\"out of stock\" \/>\n<meta property=\"product:retailer_item_id\" content=\"737870195337\" \/>\n<meta property=\"product:condition\" content=\"new\" \/>\n<!-- \/ Yoast SEO plugin. -->","yoast_head_json":{"title":"Pomegranate Complete 30 Softgels \u2013 Life Extension | ecosupplements.ch","description":"Pomegranate Complete von Life Extension mit POMELLA\u00ae Granatapfelextrakt und Kern\u00f6l \u2013 antioxidativer Schutz in 30 Softgels. Jetzt bestellen.","robots":{"index":"index","follow":"follow","max-snippet":"max-snippet:-1","max-image-preview":"max-image-preview:large","max-video-preview":"max-video-preview:-1"},"canonical":"https:\/\/ecosupplements.ch\/?product=pomegranate-complete-30-softgels","og_locale":"de_DE","og_type":"article","og_title":"Pomegranate Complete 30 Softgels \u2013 Life Extension | ecosupplements.ch","og_description":"Pomegranate Complete von Life Extension mit POMELLA\u00ae Granatapfelextrakt und Kern\u00f6l \u2013 antioxidativer Schutz in 30 Softgels. Jetzt bestellen.","og_url":"https:\/\/ecosupplements.ch\/?product=pomegranate-complete-30-softgels","og_site_name":"Eco Supplements","article_modified_time":"2026-05-13T07:22:44+00:00","og_image":[{"width":1000,"height":1000,"url":"https:\/\/ecosupplements.ch\/wp-content\/uploads\/2026\/05\/Pomegranate-Complete-30-softgels.webp","type":"image\/jpeg"}],"twitter_card":"summary_large_image","twitter_misc":{"Price":"&#67;&#72;&#70;&nbsp;24.96","Availability":"Out of stock"},"schema":{"@context":"https:\/\/schema.org","@graph":[{"@type":"WebPage","@id":"https:\/\/ecosupplements.ch\/?product=pomegranate-complete-30-softgels","url":"https:\/\/ecosupplements.ch\/?product=pomegranate-complete-30-softgels","name":"Pomegranate Complete 30 Softgels \u2013 Life Extension | ecosupplements.ch","isPartOf":{"@id":"https:\/\/ecosupplements.ch\/#website"},"primaryImageOfPage":{"@id":"https:\/\/ecosupplements.ch\/?product=pomegranate-complete-30-softgels#primaryimage"},"image":{"@id":"https:\/\/ecosupplements.ch\/?product=pomegranate-complete-30-softgels#primaryimage"},"thumbnailUrl":"https:\/\/ecosupplements.ch\/wp-content\/uploads\/2026\/05\/Pomegranate-Complete-30-softgels.webp","datePublished":"2026-05-11T14:42:06+00:00","dateModified":"2026-05-13T07:22:44+00:00","description":"Pomegranate Complete von Life Extension mit POMELLA\u00ae Granatapfelextrakt und Kern\u00f6l \u2013 antioxidativer Schutz in 30 Softgels. Jetzt bestellen.","breadcrumb":{"@id":"https:\/\/ecosupplements.ch\/?product=pomegranate-complete-30-softgels#breadcrumb"},"inLanguage":"de-CH","potentialAction":[{"@type":"ReadAction","target":["https:\/\/ecosupplements.ch\/?product=pomegranate-complete-30-softgels"]}]},{"@type":"ImageObject","inLanguage":"de-CH","@id":"https:\/\/ecosupplements.ch\/?product=pomegranate-complete-30-softgels#primaryimage","url":"https:\/\/ecosupplements.ch\/wp-content\/uploads\/2026\/05\/Pomegranate-Complete-30-softgels.webp","contentUrl":"https:\/\/ecosupplements.ch\/wp-content\/uploads\/2026\/05\/Pomegranate-Complete-30-softgels.webp","width":1000,"height":1000,"caption":"Pomegranate Complete - 30 softgels"},{"@type":"BreadcrumbList","@id":"https:\/\/ecosupplements.ch\/?product=pomegranate-complete-30-softgels#breadcrumb","itemListElement":[{"@type":"ListItem","position":1,"name":"Home","item":"https:\/\/ecosupplements.ch\/"},{"@type":"ListItem","position":2,"name":"Shop","item":"https:\/\/ecosupplements.ch\/?page_id=14"},{"@type":"ListItem","position":3,"name":"Pomegranate Complete &#8211; 30 softgels"}]},{"@type":"WebSite","@id":"https:\/\/ecosupplements.ch\/#website","url":"https:\/\/ecosupplements.ch\/","name":"Eco Supplements","description":"","potentialAction":[{"@type":"SearchAction","target":{"@type":"EntryPoint","urlTemplate":"https:\/\/ecosupplements.ch\/?s={search_term_string}"},"query-input":{"@type":"PropertyValueSpecification","valueRequired":true,"valueName":"search_term_string"}}],"inLanguage":"de-CH"}]},"product_price_amount":"24.96","product_price_currency":"CHF","og_availability":"out of stock","product_availability":"out of stock","product_retailer_item_id":"737870195337","product_condition":"new"},"_links":{"self":[{"href":"https:\/\/ecosupplements.ch\/index.php?rest_route=\/wp\/v2\/product\/3014","targetHints":{"allow":["GET"]}}],"collection":[{"href":"https:\/\/ecosupplements.ch\/index.php?rest_route=\/wp\/v2\/product"}],"about":[{"href":"https:\/\/ecosupplements.ch\/index.php?rest_route=\/wp\/v2\/types\/product"}],"replies":[{"embeddable":true,"href":"https:\/\/ecosupplements.ch\/index.php?rest_route=%2Fwp%2Fv2%2Fcomments&post=3014"}],"wp:featuredmedia":[{"embeddable":true,"href":"https:\/\/ecosupplements.ch\/index.php?rest_route=\/wp\/v2\/media\/3015"}],"wp:attachment":[{"href":"https:\/\/ecosupplements.ch\/index.php?rest_route=%2Fwp%2Fv2%2Fmedia&parent=3014"}],"wp:term":[{"taxonomy":"product_brand","embeddable":true,"href":"https:\/\/ecosupplements.ch\/index.php?rest_route=%2Fwp%2Fv2%2Fproduct_brand&post=3014"},{"taxonomy":"product_cat","embeddable":true,"href":"https:\/\/ecosupplements.ch\/index.php?rest_route=%2Fwp%2Fv2%2Fproduct_cat&post=3014"},{"taxonomy":"product_tag","embeddable":true,"href":"https:\/\/ecosupplements.ch\/index.php?rest_route=%2Fwp%2Fv2%2Fproduct_tag&post=3014"}],"curies":[{"name":"wp","href":"https:\/\/api.w.org\/{rel}","templated":true}]}}