{"id":3125,"date":"2026-05-11T14:43:00","date_gmt":"2026-05-11T14:43:00","guid":{"rendered":"https:\/\/ecosupplements.ch\/?product=gripe-water-59-ml"},"modified":"2026-05-13T07:25:11","modified_gmt":"2026-05-13T07:25:11","slug":"gripe-water-59-ml","status":"publish","type":"product","link":"https:\/\/ecosupplements.ch\/?product=gripe-water-59-ml","title":{"rendered":"Gripe Water &#8211; 59 ml."},"content":{"rendered":"<div class=\"chcg-product-description\">\n<h2 class=\"chcg-heading\">\u00dcber ChildLife \u2013 Gripe Water \u2013 59 ml<\/h2>\n<div class=\"chcg-intro\">\n<p>Das ChildLife Gripe Water ist eine sanfte Fl\u00fcssigkeitsl\u00f6sung, die speziell f\u00fcr S\u00e4uglinge und Kleinkinder entwickelt wurde. Die sorgf\u00e4ltig ausgew\u00e4hlte Mischung aus biologischem Ingwerwurzel, Dill\u00f6l, Kiwifrucht-Extrakt (Actazin\u2122) und Fenchel\u00f6l unterst\u00fctzt eine angenehme Verdauung und hilft dabei, das Wohlbefinden Ihres Kindes zu f\u00f6rdern.<\/p>\n<p>Die Formel enth\u00e4lt ausschliesslich organische Inhaltsstoffe und verzichtet vollst\u00e4ndig auf Alkohol, k\u00fcnstliche Aromen, Farb- und S\u00fcssungsstoffe. Das Produkt ist frei von Gluten, Kasein, Soja, Weizen, Hefe, Milch und Eiern \u2013 ideal f\u00fcr empfindliche S\u00e4uglinge.<\/p>\n<p>Das praktische 59-ml-Fl\u00e4schchen mit Dosierhilfe enth\u00e4lt rund 30 Portionen \u00e0 2 ml und eignet sich f\u00fcr Kinder ab der Geburt. Die einfache Anwendung, sowohl tags\u00fcber als auch nachts, macht es zu einem verl\u00e4sslichen Begleiter im Alltag mit Baby.<\/p>\n<\/p><\/div>\n<div class=\"chcg-nutrition\">\n<h3>N\u00e4hrwertangaben<\/h3>\n<table class=\"chcg-nutrition-table\">\n<thead>\n<tr>\n<th>N\u00e4hrstoff<\/th>\n<th>Pro Portion (2 ml)<\/th>\n<\/tr>\n<\/thead>\n<tbody>\n<tr>\n<td>Kalorien<\/td>\n<td>5<\/td>\n<\/tr>\n<tr>\n<td>Gesamtkohlenhydrate<\/td>\n<td>1 g *<\/td>\n<\/tr>\n<tr>\n<td>\u2013 Zucker<\/td>\n<td>0 g<\/td>\n<\/tr>\n<tr>\n<td>Propriet\u00e4re Mischung (Biologische Ingwerwurzel, Biologisches Dillsamen-\u00c4therisch\u00f6l, Biologischer Kiwifrucht-Extrakt (Actazin\u2122), Biologisches Fenchelsamen-\u00c4therisch\u00f6l)<\/td>\n<td>4,14 mg *<\/td>\n<\/tr>\n<\/tbody>\n<\/table>\n<p class=\"chcg-footnote\">* Kein festgelegter Tagesbedarf.<\/p>\n<p class=\"chcg-footnote\">Die Prozents\u00e4tze des Tagesbedarfs basieren auf einer Ern\u00e4hrung mit 2&#8217;000 Kalorien.<\/p>\n<\/p><\/div>\n<div class=\"chcg-ingredients\">\n<h3>Zutaten<\/h3>\n<p>Propriet\u00e4re Mischung (Biologische Ingwerwurzel, Biologisches Dillsamen-\u00c4therisch\u00f6l, Biologischer Kiwifrucht-Extrakt (Actazin\u2122), Biologisches Fenchelsamen-\u00c4therisch\u00f6l) 4,14 mg. Weitere Zutaten: Biologisches pflanzliches Glycerin, gereinigtes Wasser.<\/p>\n<\/p><\/div>\n<div class=\"chcg-dosage\">\n<h3>Verzehrempfehlung<\/h3>\n<p>F\u00fcr S\u00e4uglinge von Geburt bis 6 Monate: 2 ml nach Bedarf. F\u00fcr S\u00e4uglinge ab 6 Monate: 2\u20134 ml nach Bedarf. Direkt verabreichen. Kann jederzeit angewendet werden, tags\u00fcber wie auch nachts. Vor Gebrauch gut sch\u00fctteln. Dosierhilfe nach Gebrauch waschen und Flasche fest verschliessen.<\/p>\n<\/p><\/div>\n<div class=\"chcg-warnings\">\n<h3>Warnhinweise<\/h3>\n<p>Ausserhalb der Reichweite von Kindern aufbewahren. Manipulationsschutz: Nicht verwenden, wenn das \u00e4ussere Sicherheitssiegel besch\u00e4digt oder nicht vorhanden ist. Dieses Produkt nicht an ein Kind verabreichen, das auf einen der Inhaltsstoffe allergisch reagiert. Da S\u00e4uglinge und Kleinkinder \u00fcber ein noch nicht vollst\u00e4ndig entwickeltes Immunsystem verf\u00fcgen, ist vor der Anwendung stets eine Fachperson im Gesundheitsbereich zu konsultieren.<\/p>\n<\/p><\/div>\n<div class=\"chcg-allergens\">\n<h3>Allergeninformationen<\/h3>\n<p>Frei von Gluten, Kasein, Alkohol, Milch, Eiern, Soja, Weizen, Hefe, Mais, Benzoaten, Sorbaten, Parabenen sowie k\u00fcnstlichen Farb-, Aroma- und S\u00fcssungsmitteln. Allergenfrei.<\/p>\n<\/p><\/div>\n<div class=\"chcg-storage\">\n<h3>Lagerung<\/h3>\n<p>An einem k\u00fchlen, trockenen Ort aufbewahren. 6 Wochen nach dem \u00d6ffnen entsorgen.<\/p>\n<\/p><\/div>\n<div class=\"chcg-dietary\">\n<h3>Ern\u00e4hrungshinweise<\/h3>\n<ul>\n<li>Vegan<\/li>\n<li>Vegetarisch<\/li>\n<li>Glutenfrei<\/li>\n<li>Laktosefrei<\/li>\n<\/ul><\/div>\n<\/div>\n","protected":false},"excerpt":{"rendered":"<p>ChildLife Gripe Water unterst\u00fctzt eine angenehme Verdauung bei S\u00e4uglingen \u2013 sanft, alkoholfrei und mit biologischen Inhaltsstoffen. Die praktische Fl\u00fcssigkeit (59 ml, ca. 30 Portionen) ist ab Geburt geeignet und frei von Gluten, Soja und k\u00fcnstlichen Zusatzstoffen.<\/p>\n","protected":false},"featured_media":3126,"comment_status":"closed","ping_status":"open","template":"","meta":[],"product_brand":[465],"product_cat":[48,25,56],"product_tag":[],"class_list":{"0":"post-3125","1":"product","2":"type-product","3":"status-publish","4":"has-post-thumbnail","6":"product_brand-childlife","7":"product_cat-gesunde-ernaehrung","8":"product_cat-gesundheit-und-wohlbefinden","9":"product_cat-kindergesundheit","11":"first","12":"outofstock","13":"taxable","14":"shipping-taxable","15":"purchasable","16":"product-type-simple"},"yoast_head":"<!-- This site is optimized with the Yoast SEO plugin v27.5 - https:\/\/yoast.com\/product\/yoast-seo-wordpress\/ -->\n<title>Gripe Water 59 ml \u2013 ChildLife | ecosupplements.ch<\/title>\n<meta name=\"description\" content=\"ChildLife Gripe Water \u2013 sanfte Fl\u00fcssigkeit f\u00fcr S\u00e4uglinge ab Geburt, biologisch, alkohol- und glutenfrei, 59 ml (ca. 30 Portionen). Jetzt bestellen.\" \/>\n<meta name=\"robots\" content=\"index, follow, max-snippet:-1, max-image-preview:large, max-video-preview:-1\" \/>\n<link rel=\"canonical\" href=\"https:\/\/ecosupplements.ch\/?product=gripe-water-59-ml\" \/>\n<meta property=\"og:locale\" content=\"de_DE\" \/>\n<meta property=\"og:type\" content=\"article\" \/>\n<meta property=\"og:title\" content=\"Gripe Water 59 ml \u2013 ChildLife | ecosupplements.ch\" \/>\n<meta property=\"og:description\" content=\"ChildLife Gripe Water \u2013 sanfte Fl\u00fcssigkeit f\u00fcr S\u00e4uglinge ab Geburt, biologisch, alkohol- und glutenfrei, 59 ml (ca. 30 Portionen). Jetzt bestellen.\" \/>\n<meta property=\"og:url\" content=\"https:\/\/ecosupplements.ch\/?product=gripe-water-59-ml\" \/>\n<meta property=\"og:site_name\" content=\"Eco Supplements\" \/>\n<meta property=\"article:modified_time\" content=\"2026-05-13T07:25:11+00:00\" \/>\n<meta property=\"og:image\" content=\"https:\/\/ecosupplements.ch\/wp-content\/uploads\/2026\/05\/Gripe-Water-59-ml.webp\" \/>\n\t<meta property=\"og:image:width\" content=\"1000\" \/>\n\t<meta property=\"og:image:height\" content=\"1000\" \/>\n\t<meta property=\"og:image:type\" content=\"image\/jpeg\" \/>\n<meta name=\"twitter:card\" content=\"summary_large_image\" \/>\n<meta name=\"twitter:label1\" content=\"Price\" \/>\n\t<meta name=\"twitter:data1\" content=\"&#067;&#072;&#070;&nbsp;15.97\" \/>\n\t<meta name=\"twitter:label2\" content=\"Availability\" \/>\n\t<meta name=\"twitter:data2\" content=\"Out of stock\" \/>\n<script type=\"application\/ld+json\" class=\"yoast-schema-graph\">{\"@context\":\"https:\\\/\\\/schema.org\",\"@graph\":[{\"@type\":\"WebPage\",\"@id\":\"https:\\\/\\\/ecosupplements.ch\\\/?product=gripe-water-59-ml\",\"url\":\"https:\\\/\\\/ecosupplements.ch\\\/?product=gripe-water-59-ml\",\"name\":\"Gripe Water 59 ml \u2013 ChildLife | ecosupplements.ch\",\"isPartOf\":{\"@id\":\"https:\\\/\\\/ecosupplements.ch\\\/#website\"},\"primaryImageOfPage\":{\"@id\":\"https:\\\/\\\/ecosupplements.ch\\\/?product=gripe-water-59-ml#primaryimage\"},\"image\":{\"@id\":\"https:\\\/\\\/ecosupplements.ch\\\/?product=gripe-water-59-ml#primaryimage\"},\"thumbnailUrl\":\"https:\\\/\\\/ecosupplements.ch\\\/wp-content\\\/uploads\\\/2026\\\/05\\\/Gripe-Water-59-ml.webp\",\"datePublished\":\"2026-05-11T14:43:00+00:00\",\"dateModified\":\"2026-05-13T07:25:11+00:00\",\"description\":\"ChildLife Gripe Water \u2013 sanfte Fl\u00fcssigkeit f\u00fcr S\u00e4uglinge ab Geburt, biologisch, alkohol- und glutenfrei, 59 ml (ca. 30 Portionen). Jetzt bestellen.\",\"breadcrumb\":{\"@id\":\"https:\\\/\\\/ecosupplements.ch\\\/?product=gripe-water-59-ml#breadcrumb\"},\"inLanguage\":\"de-CH\",\"potentialAction\":[{\"@type\":\"ReadAction\",\"target\":[\"https:\\\/\\\/ecosupplements.ch\\\/?product=gripe-water-59-ml\"]}]},{\"@type\":\"ImageObject\",\"inLanguage\":\"de-CH\",\"@id\":\"https:\\\/\\\/ecosupplements.ch\\\/?product=gripe-water-59-ml#primaryimage\",\"url\":\"https:\\\/\\\/ecosupplements.ch\\\/wp-content\\\/uploads\\\/2026\\\/05\\\/Gripe-Water-59-ml.webp\",\"contentUrl\":\"https:\\\/\\\/ecosupplements.ch\\\/wp-content\\\/uploads\\\/2026\\\/05\\\/Gripe-Water-59-ml.webp\",\"width\":1000,\"height\":1000,\"caption\":\"Gripe Water - 59 ml.\"},{\"@type\":\"BreadcrumbList\",\"@id\":\"https:\\\/\\\/ecosupplements.ch\\\/?product=gripe-water-59-ml#breadcrumb\",\"itemListElement\":[{\"@type\":\"ListItem\",\"position\":1,\"name\":\"Home\",\"item\":\"https:\\\/\\\/ecosupplements.ch\\\/\"},{\"@type\":\"ListItem\",\"position\":2,\"name\":\"Shop\",\"item\":\"https:\\\/\\\/ecosupplements.ch\\\/?page_id=14\"},{\"@type\":\"ListItem\",\"position\":3,\"name\":\"Gripe Water &#8211; 59 ml.\"}]},{\"@type\":\"WebSite\",\"@id\":\"https:\\\/\\\/ecosupplements.ch\\\/#website\",\"url\":\"https:\\\/\\\/ecosupplements.ch\\\/\",\"name\":\"Eco Supplements\",\"description\":\"\",\"potentialAction\":[{\"@type\":\"SearchAction\",\"target\":{\"@type\":\"EntryPoint\",\"urlTemplate\":\"https:\\\/\\\/ecosupplements.ch\\\/?s={search_term_string}\"},\"query-input\":{\"@type\":\"PropertyValueSpecification\",\"valueRequired\":true,\"valueName\":\"search_term_string\"}}],\"inLanguage\":\"de-CH\"}]}<\/script>\n<meta property=\"product:price:amount\" content=\"15.97\" \/>\n<meta property=\"product:price:currency\" content=\"CHF\" \/>\n<meta property=\"og:availability\" content=\"out of stock\" \/>\n<meta property=\"product:availability\" content=\"out of stock\" \/>\n<meta property=\"product:retailer_item_id\" content=\"608274140004\" \/>\n<meta property=\"product:condition\" content=\"new\" \/>\n<!-- \/ Yoast SEO plugin. -->","yoast_head_json":{"title":"Gripe Water 59 ml \u2013 ChildLife | ecosupplements.ch","description":"ChildLife Gripe Water \u2013 sanfte Fl\u00fcssigkeit f\u00fcr S\u00e4uglinge ab Geburt, biologisch, alkohol- und glutenfrei, 59 ml (ca. 30 Portionen). Jetzt bestellen.","robots":{"index":"index","follow":"follow","max-snippet":"max-snippet:-1","max-image-preview":"max-image-preview:large","max-video-preview":"max-video-preview:-1"},"canonical":"https:\/\/ecosupplements.ch\/?product=gripe-water-59-ml","og_locale":"de_DE","og_type":"article","og_title":"Gripe Water 59 ml \u2013 ChildLife | ecosupplements.ch","og_description":"ChildLife Gripe Water \u2013 sanfte Fl\u00fcssigkeit f\u00fcr S\u00e4uglinge ab Geburt, biologisch, alkohol- und glutenfrei, 59 ml (ca. 30 Portionen). Jetzt bestellen.","og_url":"https:\/\/ecosupplements.ch\/?product=gripe-water-59-ml","og_site_name":"Eco Supplements","article_modified_time":"2026-05-13T07:25:11+00:00","og_image":[{"width":1000,"height":1000,"url":"https:\/\/ecosupplements.ch\/wp-content\/uploads\/2026\/05\/Gripe-Water-59-ml.webp","type":"image\/jpeg"}],"twitter_card":"summary_large_image","twitter_misc":{"Price":"&#67;&#72;&#70;&nbsp;15.97","Availability":"Out of stock"},"schema":{"@context":"https:\/\/schema.org","@graph":[{"@type":"WebPage","@id":"https:\/\/ecosupplements.ch\/?product=gripe-water-59-ml","url":"https:\/\/ecosupplements.ch\/?product=gripe-water-59-ml","name":"Gripe Water 59 ml \u2013 ChildLife | ecosupplements.ch","isPartOf":{"@id":"https:\/\/ecosupplements.ch\/#website"},"primaryImageOfPage":{"@id":"https:\/\/ecosupplements.ch\/?product=gripe-water-59-ml#primaryimage"},"image":{"@id":"https:\/\/ecosupplements.ch\/?product=gripe-water-59-ml#primaryimage"},"thumbnailUrl":"https:\/\/ecosupplements.ch\/wp-content\/uploads\/2026\/05\/Gripe-Water-59-ml.webp","datePublished":"2026-05-11T14:43:00+00:00","dateModified":"2026-05-13T07:25:11+00:00","description":"ChildLife Gripe Water \u2013 sanfte Fl\u00fcssigkeit f\u00fcr S\u00e4uglinge ab Geburt, biologisch, alkohol- und glutenfrei, 59 ml (ca. 30 Portionen). Jetzt bestellen.","breadcrumb":{"@id":"https:\/\/ecosupplements.ch\/?product=gripe-water-59-ml#breadcrumb"},"inLanguage":"de-CH","potentialAction":[{"@type":"ReadAction","target":["https:\/\/ecosupplements.ch\/?product=gripe-water-59-ml"]}]},{"@type":"ImageObject","inLanguage":"de-CH","@id":"https:\/\/ecosupplements.ch\/?product=gripe-water-59-ml#primaryimage","url":"https:\/\/ecosupplements.ch\/wp-content\/uploads\/2026\/05\/Gripe-Water-59-ml.webp","contentUrl":"https:\/\/ecosupplements.ch\/wp-content\/uploads\/2026\/05\/Gripe-Water-59-ml.webp","width":1000,"height":1000,"caption":"Gripe Water - 59 ml."},{"@type":"BreadcrumbList","@id":"https:\/\/ecosupplements.ch\/?product=gripe-water-59-ml#breadcrumb","itemListElement":[{"@type":"ListItem","position":1,"name":"Home","item":"https:\/\/ecosupplements.ch\/"},{"@type":"ListItem","position":2,"name":"Shop","item":"https:\/\/ecosupplements.ch\/?page_id=14"},{"@type":"ListItem","position":3,"name":"Gripe Water &#8211; 59 ml."}]},{"@type":"WebSite","@id":"https:\/\/ecosupplements.ch\/#website","url":"https:\/\/ecosupplements.ch\/","name":"Eco Supplements","description":"","potentialAction":[{"@type":"SearchAction","target":{"@type":"EntryPoint","urlTemplate":"https:\/\/ecosupplements.ch\/?s={search_term_string}"},"query-input":{"@type":"PropertyValueSpecification","valueRequired":true,"valueName":"search_term_string"}}],"inLanguage":"de-CH"}]},"product_price_amount":"15.97","product_price_currency":"CHF","og_availability":"out of stock","product_availability":"out of stock","product_retailer_item_id":"608274140004","product_condition":"new"},"_links":{"self":[{"href":"https:\/\/ecosupplements.ch\/index.php?rest_route=\/wp\/v2\/product\/3125","targetHints":{"allow":["GET"]}}],"collection":[{"href":"https:\/\/ecosupplements.ch\/index.php?rest_route=\/wp\/v2\/product"}],"about":[{"href":"https:\/\/ecosupplements.ch\/index.php?rest_route=\/wp\/v2\/types\/product"}],"replies":[{"embeddable":true,"href":"https:\/\/ecosupplements.ch\/index.php?rest_route=%2Fwp%2Fv2%2Fcomments&post=3125"}],"wp:featuredmedia":[{"embeddable":true,"href":"https:\/\/ecosupplements.ch\/index.php?rest_route=\/wp\/v2\/media\/3126"}],"wp:attachment":[{"href":"https:\/\/ecosupplements.ch\/index.php?rest_route=%2Fwp%2Fv2%2Fmedia&parent=3125"}],"wp:term":[{"taxonomy":"product_brand","embeddable":true,"href":"https:\/\/ecosupplements.ch\/index.php?rest_route=%2Fwp%2Fv2%2Fproduct_brand&post=3125"},{"taxonomy":"product_cat","embeddable":true,"href":"https:\/\/ecosupplements.ch\/index.php?rest_route=%2Fwp%2Fv2%2Fproduct_cat&post=3125"},{"taxonomy":"product_tag","embeddable":true,"href":"https:\/\/ecosupplements.ch\/index.php?rest_route=%2Fwp%2Fv2%2Fproduct_tag&post=3125"}],"curies":[{"name":"wp","href":"https:\/\/api.w.org\/{rel}","templated":true}]}}