{"id":3230,"date":"2026-05-11T14:43:52","date_gmt":"2026-05-11T14:43:52","guid":{"rendered":"https:\/\/ecosupplements.ch\/?product=methyl-b-12-2500mcg-tropical-100-vegan-chewable-tabs"},"modified":"2026-05-13T07:24:51","modified_gmt":"2026-05-13T07:24:51","slug":"methyl-b-12-2500mcg-tropical-100-vegan-chewable-tabs","status":"publish","type":"product","link":"https:\/\/ecosupplements.ch\/?product=methyl-b-12-2500mcg-tropical-100-vegan-chewable-tabs","title":{"rendered":"Methyl B-12, 2500mcg (Tropical) &#8211; 100 vegan chewable tabs"},"content":{"rendered":"<div class=\"chcg-product-description\">\n<h2 class=\"chcg-heading\">\u00dcber Jarrow Formulas \u2013 Methyl B-12, 2500mcg (Tropical) \u2013 100 vegane Kautabletten<\/h2>\n<div class=\"chcg-intro\">\n<p>Vitamin B12 ist ein essenzielles Vitamin, das eine wichtige Rolle im Energiestoffwechsel sowie f\u00fcr die normale Funktion des Nervensystems spielt. Jarrow Formulas Methyl B-12 liefert Vitamin B12 in der bioaktiven Form Methylcobalamin \u2013 einer Cobalamin-Form, die vom K\u00f6rper direkt verwertet werden kann. Jede Kautablette enth\u00e4lt 2500 mcg Methylcobalamin in einer angenehm tropischen Geschmacksrichtung.<\/p>\n<p>Das Pr\u00e4parat eignet sich besonders f\u00fcr Personen, die ihren Vitamin-B12-Bedarf gezielt abdecken m\u00f6chten, sowie f\u00fcr Menschen, die sich vegan oder vegetarisch ern\u00e4hren und daher \u00fcber die Ern\u00e4hrung m\u00f6glicherweise weniger Vitamin B12 aufnehmen. Vitamin B12 tr\u00e4gt zur Verringerung von M\u00fcdigkeit und Ersch\u00f6pfung bei, unterst\u00fctzt einen normalen Energiestoffwechsel und tr\u00e4gt zur normalen Funktion des Nervensystems bei.<\/p>\n<p>Die praktischen Kautabletten sind vegan, glutenfrei und ohne tierische Inhaltsstoffe formuliert. Dank der angenehmen Textur und des tropischen Aromas lassen sie sich einfach und ohne Wasser einnehmen \u2013 ideal f\u00fcr den Alltag.<\/p>\n<\/p><\/div>\n<div class=\"chcg-nutrition\">\n<h3>N\u00e4hrwertangaben<\/h3>\n<table class=\"chcg-nutrition-table\">\n<thead>\n<tr>\n<th>N\u00e4hrstoff<\/th>\n<th>Pro Portion (1 Kautablette)<\/th>\n<\/tr>\n<\/thead>\n<tbody>\n<tr>\n<td>Vitamin B12 (als Methylcobalamin)<\/td>\n<td>2500 mcg (104&#8217;170 % des Tagesbedarfs)<\/td>\n<\/tr>\n<\/tbody>\n<\/table><\/div>\n<div class=\"chcg-ingredients\">\n<h3>Zutaten<\/h3>\n<p>Methylcobalamin (Methyl B-12) 2500 mcg. Weitere Zutaten: Xylitol, mikrokristalline Cellulose, Dextrose, nat\u00fcrliches Aroma, Ascorbins\u00e4ure (Antioxidationsmittel), Stearins\u00e4ure (pflanzliche Herkunft) und Siliziumdioxid.<\/p>\n<\/p><\/div>\n<div class=\"chcg-dosage\">\n<h3>Verzehrempfehlung<\/h3>\n<p>Erwachsene nehmen 1 Kautablette einmal t\u00e4glich oder gem\u00e4ss Anweisung einer qualifizierten Fachperson des Gesundheitswesens.<\/p>\n<\/p><\/div>\n<div class=\"chcg-warnings\">\n<h3>Warnhinweise<\/h3>\n<p>Vor der Einnahme dieses Produkts eine Fachperson des Gesundheitswesens konsultieren, wenn Sie schwanger sind, stillen, unter 18 Jahre alt sind, Medikamente einnehmen oder an einer Erkrankung leiden. Bei unerw\u00fcnschten Reaktionen die Einnahme abbrechen. Ausserhalb der Reichweite von Kindern aufbewahren. HINWEIS: Die Farbe des Produkts variiert auf nat\u00fcrliche Weise in verschiedenen Rosat\u00f6nen.<\/p>\n<\/p><\/div>\n<div class=\"chcg-allergens\">\n<h3>Allergeninformationen<\/h3>\n<p>Enth\u00e4lt kein Weizen, Gluten, Soja, Milchprodukte, Ei, Fisch\/Meeresfr\u00fcchte, Erdn\u00fcsse\/Baumn\u00fcsse oder Sesam.<\/p>\n<\/p><\/div>\n<div class=\"chcg-storage\">\n<h3>Lagerung<\/h3>\n<p>An einem k\u00fchlen, trockenen Ort aufbewahren.<\/p>\n<\/p><\/div>\n<div class=\"chcg-dietary\">\n<h3>Ern\u00e4hrungshinweise<\/h3>\n<ul>\n<li>Vegan<\/li>\n<li>Vegetarisch<\/li>\n<li>Glutenfrei<\/li>\n<li>Laktosefrei<\/li>\n<\/ul><\/div>\n<\/div>\n","protected":false},"excerpt":{"rendered":"<p>Jarrow Formulas Methyl B-12 liefert 2500 mcg Vitamin B12 als bioaktives Methylcobalamin \u2013 ideal f\u00fcr Energie und Nervensystem. 100 vegane Kautabletten mit tropischem Aroma, glutenfrei und ohne tierische Zutaten.<\/p>\n","protected":false},"featured_media":3231,"comment_status":"closed","ping_status":"open","template":"","meta":[],"product_brand":[198],"product_cat":[118,27,48,25,26,28,21],"product_tag":[],"class_list":{"0":"post-3230","1":"product","2":"type-product","3":"status-publish","4":"has-post-thumbnail","6":"product_brand-jarrow-formulas","7":"product_cat-b12","8":"product_cat-einige-vitamine","9":"product_cat-gesunde-ernaehrung","10":"product_cat-gesundheit-und-wohlbefinden","11":"product_cat-multivitamine","12":"product_cat-vitamin-b","13":"product_cat-vitamine-und-mineralstoffe","15":"first","16":"outofstock","17":"taxable","18":"shipping-taxable","19":"purchasable","20":"product-type-simple"},"yoast_head":"<!-- This site is optimized with the Yoast SEO plugin v27.5 - https:\/\/yoast.com\/product\/yoast-seo-wordpress\/ -->\n<title>Methyl B-12 2500mcg Kautabletten \u2013 Jarrow Formulas | ecosupplements.ch<\/title>\n<meta name=\"description\" content=\"Vitamin B12 als Methylcobalamin \u2013 2500 mcg pro Kautablette, vegan und glutenfrei. 100 Kautabletten von Jarrow Formulas. Jetzt bestellen.\" \/>\n<meta name=\"robots\" content=\"index, follow, max-snippet:-1, max-image-preview:large, max-video-preview:-1\" \/>\n<link rel=\"canonical\" href=\"https:\/\/ecosupplements.ch\/?product=methyl-b-12-2500mcg-tropical-100-vegan-chewable-tabs\" \/>\n<meta property=\"og:locale\" content=\"de_DE\" \/>\n<meta property=\"og:type\" content=\"article\" \/>\n<meta property=\"og:title\" content=\"Methyl B-12 2500mcg Kautabletten \u2013 Jarrow Formulas | ecosupplements.ch\" \/>\n<meta property=\"og:description\" content=\"Vitamin B12 als Methylcobalamin \u2013 2500 mcg pro Kautablette, vegan und glutenfrei. 100 Kautabletten von Jarrow Formulas. Jetzt bestellen.\" \/>\n<meta property=\"og:url\" content=\"https:\/\/ecosupplements.ch\/?product=methyl-b-12-2500mcg-tropical-100-vegan-chewable-tabs\" \/>\n<meta property=\"og:site_name\" content=\"Eco Supplements\" \/>\n<meta property=\"article:modified_time\" content=\"2026-05-13T07:24:51+00:00\" \/>\n<meta property=\"og:image\" content=\"https:\/\/ecosupplements.ch\/wp-content\/uploads\/2026\/05\/Methyl-B-12-2500mcg-Tropical-100-vegan-chewable-tabs.webp\" \/>\n\t<meta property=\"og:image:width\" content=\"1000\" \/>\n\t<meta property=\"og:image:height\" content=\"1000\" \/>\n\t<meta property=\"og:image:type\" content=\"image\/jpeg\" \/>\n<meta name=\"twitter:card\" content=\"summary_large_image\" \/>\n<meta name=\"twitter:label1\" content=\"Price\" \/>\n\t<meta name=\"twitter:data1\" content=\"&#067;&#072;&#070;&nbsp;24.98\" \/>\n\t<meta name=\"twitter:label2\" content=\"Availability\" \/>\n\t<meta name=\"twitter:data2\" content=\"Out of stock\" \/>\n<script type=\"application\/ld+json\" class=\"yoast-schema-graph\">{\"@context\":\"https:\\\/\\\/schema.org\",\"@graph\":[{\"@type\":\"WebPage\",\"@id\":\"https:\\\/\\\/ecosupplements.ch\\\/?product=methyl-b-12-2500mcg-tropical-100-vegan-chewable-tabs\",\"url\":\"https:\\\/\\\/ecosupplements.ch\\\/?product=methyl-b-12-2500mcg-tropical-100-vegan-chewable-tabs\",\"name\":\"Methyl B-12 2500mcg Kautabletten \u2013 Jarrow Formulas | ecosupplements.ch\",\"isPartOf\":{\"@id\":\"https:\\\/\\\/ecosupplements.ch\\\/#website\"},\"primaryImageOfPage\":{\"@id\":\"https:\\\/\\\/ecosupplements.ch\\\/?product=methyl-b-12-2500mcg-tropical-100-vegan-chewable-tabs#primaryimage\"},\"image\":{\"@id\":\"https:\\\/\\\/ecosupplements.ch\\\/?product=methyl-b-12-2500mcg-tropical-100-vegan-chewable-tabs#primaryimage\"},\"thumbnailUrl\":\"https:\\\/\\\/ecosupplements.ch\\\/wp-content\\\/uploads\\\/2026\\\/05\\\/Methyl-B-12-2500mcg-Tropical-100-vegan-chewable-tabs.webp\",\"datePublished\":\"2026-05-11T14:43:52+00:00\",\"dateModified\":\"2026-05-13T07:24:51+00:00\",\"description\":\"Vitamin B12 als Methylcobalamin \u2013 2500 mcg pro Kautablette, vegan und glutenfrei. 100 Kautabletten von Jarrow Formulas. Jetzt bestellen.\",\"breadcrumb\":{\"@id\":\"https:\\\/\\\/ecosupplements.ch\\\/?product=methyl-b-12-2500mcg-tropical-100-vegan-chewable-tabs#breadcrumb\"},\"inLanguage\":\"de-CH\",\"potentialAction\":[{\"@type\":\"ReadAction\",\"target\":[\"https:\\\/\\\/ecosupplements.ch\\\/?product=methyl-b-12-2500mcg-tropical-100-vegan-chewable-tabs\"]}]},{\"@type\":\"ImageObject\",\"inLanguage\":\"de-CH\",\"@id\":\"https:\\\/\\\/ecosupplements.ch\\\/?product=methyl-b-12-2500mcg-tropical-100-vegan-chewable-tabs#primaryimage\",\"url\":\"https:\\\/\\\/ecosupplements.ch\\\/wp-content\\\/uploads\\\/2026\\\/05\\\/Methyl-B-12-2500mcg-Tropical-100-vegan-chewable-tabs.webp\",\"contentUrl\":\"https:\\\/\\\/ecosupplements.ch\\\/wp-content\\\/uploads\\\/2026\\\/05\\\/Methyl-B-12-2500mcg-Tropical-100-vegan-chewable-tabs.webp\",\"width\":1000,\"height\":1000,\"caption\":\"Methyl B-12\"},{\"@type\":\"BreadcrumbList\",\"@id\":\"https:\\\/\\\/ecosupplements.ch\\\/?product=methyl-b-12-2500mcg-tropical-100-vegan-chewable-tabs#breadcrumb\",\"itemListElement\":[{\"@type\":\"ListItem\",\"position\":1,\"name\":\"Home\",\"item\":\"https:\\\/\\\/ecosupplements.ch\\\/\"},{\"@type\":\"ListItem\",\"position\":2,\"name\":\"Shop\",\"item\":\"https:\\\/\\\/ecosupplements.ch\\\/?page_id=14\"},{\"@type\":\"ListItem\",\"position\":3,\"name\":\"Methyl B-12, 2500mcg (Tropical) &#8211; 100 vegan chewable tabs\"}]},{\"@type\":\"WebSite\",\"@id\":\"https:\\\/\\\/ecosupplements.ch\\\/#website\",\"url\":\"https:\\\/\\\/ecosupplements.ch\\\/\",\"name\":\"Eco Supplements\",\"description\":\"\",\"potentialAction\":[{\"@type\":\"SearchAction\",\"target\":{\"@type\":\"EntryPoint\",\"urlTemplate\":\"https:\\\/\\\/ecosupplements.ch\\\/?s={search_term_string}\"},\"query-input\":{\"@type\":\"PropertyValueSpecification\",\"valueRequired\":true,\"valueName\":\"search_term_string\"}}],\"inLanguage\":\"de-CH\"}]}<\/script>\n<meta property=\"product:price:amount\" content=\"24.98\" \/>\n<meta property=\"product:price:currency\" content=\"CHF\" \/>\n<meta property=\"og:availability\" content=\"out of stock\" \/>\n<meta property=\"product:availability\" content=\"out of stock\" \/>\n<meta property=\"product:retailer_item_id\" content=\"790011180166\" \/>\n<meta property=\"product:condition\" content=\"new\" \/>\n<!-- \/ Yoast SEO plugin. -->","yoast_head_json":{"title":"Methyl B-12 2500mcg Kautabletten \u2013 Jarrow Formulas | ecosupplements.ch","description":"Vitamin B12 als Methylcobalamin \u2013 2500 mcg pro Kautablette, vegan und glutenfrei. 100 Kautabletten von Jarrow Formulas. Jetzt bestellen.","robots":{"index":"index","follow":"follow","max-snippet":"max-snippet:-1","max-image-preview":"max-image-preview:large","max-video-preview":"max-video-preview:-1"},"canonical":"https:\/\/ecosupplements.ch\/?product=methyl-b-12-2500mcg-tropical-100-vegan-chewable-tabs","og_locale":"de_DE","og_type":"article","og_title":"Methyl B-12 2500mcg Kautabletten \u2013 Jarrow Formulas | ecosupplements.ch","og_description":"Vitamin B12 als Methylcobalamin \u2013 2500 mcg pro Kautablette, vegan und glutenfrei. 100 Kautabletten von Jarrow Formulas. Jetzt bestellen.","og_url":"https:\/\/ecosupplements.ch\/?product=methyl-b-12-2500mcg-tropical-100-vegan-chewable-tabs","og_site_name":"Eco Supplements","article_modified_time":"2026-05-13T07:24:51+00:00","og_image":[{"width":1000,"height":1000,"url":"https:\/\/ecosupplements.ch\/wp-content\/uploads\/2026\/05\/Methyl-B-12-2500mcg-Tropical-100-vegan-chewable-tabs.webp","type":"image\/jpeg"}],"twitter_card":"summary_large_image","twitter_misc":{"Price":"&#67;&#72;&#70;&nbsp;24.98","Availability":"Out of stock"},"schema":{"@context":"https:\/\/schema.org","@graph":[{"@type":"WebPage","@id":"https:\/\/ecosupplements.ch\/?product=methyl-b-12-2500mcg-tropical-100-vegan-chewable-tabs","url":"https:\/\/ecosupplements.ch\/?product=methyl-b-12-2500mcg-tropical-100-vegan-chewable-tabs","name":"Methyl B-12 2500mcg Kautabletten \u2013 Jarrow Formulas | ecosupplements.ch","isPartOf":{"@id":"https:\/\/ecosupplements.ch\/#website"},"primaryImageOfPage":{"@id":"https:\/\/ecosupplements.ch\/?product=methyl-b-12-2500mcg-tropical-100-vegan-chewable-tabs#primaryimage"},"image":{"@id":"https:\/\/ecosupplements.ch\/?product=methyl-b-12-2500mcg-tropical-100-vegan-chewable-tabs#primaryimage"},"thumbnailUrl":"https:\/\/ecosupplements.ch\/wp-content\/uploads\/2026\/05\/Methyl-B-12-2500mcg-Tropical-100-vegan-chewable-tabs.webp","datePublished":"2026-05-11T14:43:52+00:00","dateModified":"2026-05-13T07:24:51+00:00","description":"Vitamin B12 als Methylcobalamin \u2013 2500 mcg pro Kautablette, vegan und glutenfrei. 100 Kautabletten von Jarrow Formulas. Jetzt bestellen.","breadcrumb":{"@id":"https:\/\/ecosupplements.ch\/?product=methyl-b-12-2500mcg-tropical-100-vegan-chewable-tabs#breadcrumb"},"inLanguage":"de-CH","potentialAction":[{"@type":"ReadAction","target":["https:\/\/ecosupplements.ch\/?product=methyl-b-12-2500mcg-tropical-100-vegan-chewable-tabs"]}]},{"@type":"ImageObject","inLanguage":"de-CH","@id":"https:\/\/ecosupplements.ch\/?product=methyl-b-12-2500mcg-tropical-100-vegan-chewable-tabs#primaryimage","url":"https:\/\/ecosupplements.ch\/wp-content\/uploads\/2026\/05\/Methyl-B-12-2500mcg-Tropical-100-vegan-chewable-tabs.webp","contentUrl":"https:\/\/ecosupplements.ch\/wp-content\/uploads\/2026\/05\/Methyl-B-12-2500mcg-Tropical-100-vegan-chewable-tabs.webp","width":1000,"height":1000,"caption":"Methyl B-12"},{"@type":"BreadcrumbList","@id":"https:\/\/ecosupplements.ch\/?product=methyl-b-12-2500mcg-tropical-100-vegan-chewable-tabs#breadcrumb","itemListElement":[{"@type":"ListItem","position":1,"name":"Home","item":"https:\/\/ecosupplements.ch\/"},{"@type":"ListItem","position":2,"name":"Shop","item":"https:\/\/ecosupplements.ch\/?page_id=14"},{"@type":"ListItem","position":3,"name":"Methyl B-12, 2500mcg (Tropical) &#8211; 100 vegan chewable tabs"}]},{"@type":"WebSite","@id":"https:\/\/ecosupplements.ch\/#website","url":"https:\/\/ecosupplements.ch\/","name":"Eco Supplements","description":"","potentialAction":[{"@type":"SearchAction","target":{"@type":"EntryPoint","urlTemplate":"https:\/\/ecosupplements.ch\/?s={search_term_string}"},"query-input":{"@type":"PropertyValueSpecification","valueRequired":true,"valueName":"search_term_string"}}],"inLanguage":"de-CH"}]},"product_price_amount":"24.98","product_price_currency":"CHF","og_availability":"out of stock","product_availability":"out of stock","product_retailer_item_id":"790011180166","product_condition":"new"},"_links":{"self":[{"href":"https:\/\/ecosupplements.ch\/index.php?rest_route=\/wp\/v2\/product\/3230","targetHints":{"allow":["GET"]}}],"collection":[{"href":"https:\/\/ecosupplements.ch\/index.php?rest_route=\/wp\/v2\/product"}],"about":[{"href":"https:\/\/ecosupplements.ch\/index.php?rest_route=\/wp\/v2\/types\/product"}],"replies":[{"embeddable":true,"href":"https:\/\/ecosupplements.ch\/index.php?rest_route=%2Fwp%2Fv2%2Fcomments&post=3230"}],"wp:featuredmedia":[{"embeddable":true,"href":"https:\/\/ecosupplements.ch\/index.php?rest_route=\/wp\/v2\/media\/3231"}],"wp:attachment":[{"href":"https:\/\/ecosupplements.ch\/index.php?rest_route=%2Fwp%2Fv2%2Fmedia&parent=3230"}],"wp:term":[{"taxonomy":"product_brand","embeddable":true,"href":"https:\/\/ecosupplements.ch\/index.php?rest_route=%2Fwp%2Fv2%2Fproduct_brand&post=3230"},{"taxonomy":"product_cat","embeddable":true,"href":"https:\/\/ecosupplements.ch\/index.php?rest_route=%2Fwp%2Fv2%2Fproduct_cat&post=3230"},{"taxonomy":"product_tag","embeddable":true,"href":"https:\/\/ecosupplements.ch\/index.php?rest_route=%2Fwp%2Fv2%2Fproduct_tag&post=3230"}],"curies":[{"name":"wp","href":"https:\/\/api.w.org\/{rel}","templated":true}]}}