{"id":3280,"date":"2026-05-11T14:44:16","date_gmt":"2026-05-11T14:44:16","guid":{"rendered":"https:\/\/ecosupplements.ch\/?product=estrogen-for-women-30-vegetarian-tabs"},"modified":"2026-05-13T07:24:46","modified_gmt":"2026-05-13T07:24:46","slug":"estrogen-for-women-30-vegetarian-tabs","status":"publish","type":"product","link":"https:\/\/ecosupplements.ch\/?product=estrogen-for-women-30-vegetarian-tabs","title":{"rendered":"Estrogen For Women &#8211; 30 vegetarian tabs"},"content":{"rendered":"<div class=\"chcg-product-description\">\n<h2 class=\"chcg-heading\">\u00dcber Life Extension \u2013 Estrogen For Women \u2013 30 vegetarische Tabletten<\/h2>\n<div class=\"chcg-intro\">\n<p>Estrogen For Women von Life Extension ist ein sorgf\u00e4ltig zusammengestelltes Nahrungserg\u00e4nzungsmittel f\u00fcr Frauen, das eine Kombination aus pflanzlichen Extrakten und Isoflavonen enth\u00e4lt. Die Formel vereint bew\u00e4hrte Pflanzeninhaltsstoffe wie Soja-Isoflavone (Novasoy\u00ae), Brokkoli-Extrakt, HMRlignan\u2122 aus norwegischer Fichte sowie Hopfenextrakt (Estro8PN\u00ae) \u2013 allesamt auf standardisierte Wirkstoffgehalte eingestellt.<\/p>\n<p>Erg\u00e4nzt wird die Rezeptur durch Dong Quai (Angelica sinensis), S\u00fcssholzwurzel-Extrakt und Keuschlammextrakt \u2013 Pflanzen, die seit Jahrhunderten in der traditionellen Pflanzenheilkunde verwendet werden. Calcium und Phosphor aus Dicalciumphosphat runden das N\u00e4hrstoffprofil ab; Calcium tr\u00e4gt zur normalen Erhaltung der Knochen bei.<\/p>\n<p>Die vegetarischen Tabletten sind glutenfrei und eignen sich f\u00fcr Vegetarierinnen. Mit nur einer Tablette pro Tag bietet dieses Produkt eine bequeme und pr\u00e4zise dosierte Erg\u00e4nzung f\u00fcr Frauen, die auf hochwertige Pflanzenextrakte setzen m\u00f6chten.<\/p>\n<\/p><\/div>\n<div class=\"chcg-nutrition\">\n<h3>N\u00e4hrwertangaben<\/h3>\n<table class=\"chcg-nutrition-table\">\n<thead>\n<tr>\n<th>N\u00e4hrstoff<\/th>\n<th>Pro Portion (1 Tablette)<\/th>\n<\/tr>\n<\/thead>\n<tbody>\n<tr>\n<td>Calcium (als Dicalciumphosphat)<\/td>\n<td>70 mg (5% des Tagesbedarfs)<\/td>\n<\/tr>\n<tr>\n<td>Phosphor (als Dicalciumphosphat)<\/td>\n<td>50 mg (4% des Tagesbedarfs)<\/td>\n<\/tr>\n<tr>\n<td>Brokkoli-Superkonzentrat-Extrakt (Samen, Pflanze, oberirdische Teile) [liefert Glucosinolate]<\/td>\n<td>300 mg **<\/td>\n<\/tr>\n<tr>\n<td>Novasoy\u00ae Soja-Isoflavon-Konzentrat [std. auf 40% Isoflavone]<\/td>\n<td>137,5 mg **<\/td>\n<\/tr>\n<tr>\n<td>HMRlignan\u2122 Norwegische Fichte (Picea abies) Lignan-Extrakt (Astknoten) [std. auf 90% Hydroxymatairesinol-Kalium-Komplex]<\/td>\n<td>56 mg **<\/td>\n<\/tr>\n<tr>\n<td>Dong Quai-Extrakt (Wurzel) [std. auf 1% Ligustilid]<\/td>\n<td>25 mg **<\/td>\n<\/tr>\n<tr>\n<td>S\u00fcssholz-Extrakt (Wurzel)<\/td>\n<td>25 mg **<\/td>\n<\/tr>\n<tr>\n<td>Keuschlammbeeren-Extrakt (Frucht) [std. auf 5% Flavonoide]<\/td>\n<td>20 mg **<\/td>\n<\/tr>\n<tr>\n<td>Estro8PN\u00ae Hopfen-Extrakt (Bl\u00fcte) [std. auf 1,0% 8-Prenylnaringenin]<\/td>\n<td>14,4 mg **<\/td>\n<\/tr>\n<\/tbody>\n<\/table>\n<p class=\"chcg-footnote\">** Kein festgelegter Tagesbedarf.<\/p>\n<\/p><\/div>\n<div class=\"chcg-ingredients\">\n<h3>Zutaten<\/h3>\n<p>Calcium (als Dicalciumphosphat) 70 mg, Phosphor (als Dicalciumphosphat) 50 mg, Brokkoli-Superkonzentrat-Extrakt (Samen, Pflanze, oberirdische Teile) [liefert Glucosinolate] 300 mg, Novasoy\u00ae Soja-Isoflavon-Konzentrat [std. auf 40% Isoflavone] 137,5 mg, HMRlignan\u2122 Norwegische Fichte (Picea abies) Lignan-Extrakt (Astknoten) [std. auf 90% Hydroxymatairesinol-Kalium-Komplex] 56 mg, Dong Quai-Extrakt (Wurzel) [std. auf 1% Ligustilid] 25 mg, S\u00fcssholz-Extrakt (Wurzel) 25 mg, Keuschlammbeeren-Extrakt (Frucht) [std. auf 5% Flavonoide] 20 mg, Estro8PN\u00ae Hopfen-Extrakt (Bl\u00fcte) [std. auf 1,0% 8-Prenylnaringenin] 14,4 mg. Weitere Zutaten: Mikrokristalline Cellulose, Stearins\u00e4ure, Croscarmellose-Natrium, Maltodextrin, pflanzliches Stearat, Siliciumdioxid, w\u00e4ssrige Film\u00fcberzugsmasse (gereinigtes Wasser, Hydroxypropylmethylcellulose, Glycerin).<\/p>\n<p class=\"chcg-capsule-shell\">Tabletten\u00fcberzug: W\u00e4ssrige Film\u00fcberzugsmasse (gereinigtes Wasser, Hydroxypropylmethylcellulose, Glycerin).<\/p>\n<\/p><\/div>\n<div class=\"chcg-dosage\">\n<h3>Verzehrempfehlung<\/h3>\n<p>Eine (1) Tablette morgens einnehmen oder gem\u00e4ss Empfehlung Ihrer Fachperson f\u00fcr Gesundheit.<\/p>\n<\/p><\/div>\n<div class=\"chcg-warnings\">\n<h3>Warnhinweise<\/h3>\n<p>Konsultieren Sie Ihre Fachperson f\u00fcr Gesundheit, wenn Sie an \u00f6strogenabh\u00e4ngigen Tumoren leiden oder in der Vergangenheit gelitten haben. Ausserhalb der Reichweite von Kindern aufbewahren. Die empfohlene Verzehrmenge nicht \u00fcberschreiten. Nicht kaufen, wenn die \u00e4ussere Versiegelung besch\u00e4digt ist. Konsultieren Sie Ihren Arzt bzw. Ihre \u00c4rztin, wenn Sie sich in \u00e4rztlicher Behandlung befinden oder wenn Sie schwanger sind oder stillen. Bei der Einnahme von Nahrungserg\u00e4nzungsmitteln konsultieren Sie bitte Ihren Arzt bzw. Ihre \u00c4rztin, wenn Sie sich in \u00e4rztlicher Behandlung befinden oder wenn Sie schwanger sind oder stillen. Nahrungserg\u00e4nzungsmittel sind kein Ersatz f\u00fcr eine ausgewogene und abwechslungsreiche Ern\u00e4hrung.<\/p>\n<\/p><\/div>\n<div class=\"chcg-allergens\">\n<h3>Allergeninformationen<\/h3>\n<p>Enth\u00e4lt Sojabohnen.<\/p>\n<\/p><\/div>\n<div class=\"chcg-storage\">\n<h3>Lagerung<\/h3>\n<p>Fest verschlossen an einem k\u00fchlen, trockenen Ort aufbewahren.<\/p>\n<\/p><\/div>\n<div class=\"chcg-dietary\">\n<h3>Ern\u00e4hrungshinweise<\/h3>\n<ul>\n<li>Vegetarisch<\/li>\n<li>Glutenfrei<\/li>\n<\/ul><\/div>\n<\/div>\n","protected":false},"excerpt":{"rendered":"<p>Estrogen For Women von Life Extension kombiniert Soja-Isoflavone, Brokkoli-Extrakt, HMRlignan\u2122 und weitere pflanzliche Extrakte in einer vegetarischen Tablette. 30 Tabletten pro Packung, glutenfrei.<\/p>\n","protected":false},"featured_media":3281,"comment_status":"closed","ping_status":"open","template":"","meta":[],"product_brand":[202],"product_cat":[48,25,26,32,169,21],"product_tag":[],"class_list":{"0":"post-3280","1":"product","2":"type-product","3":"status-publish","4":"has-post-thumbnail","6":"product_brand-life-extension","7":"product_cat-gesunde-ernaehrung","8":"product_cat-gesundheit-und-wohlbefinden","9":"product_cat-multivitamine","10":"product_cat-nahrungsergaenzungsmittel-fuer-frauen","11":"product_cat-nordische-vitalitaet","12":"product_cat-vitamine-und-mineralstoffe","14":"first","15":"outofstock","16":"taxable","17":"shipping-taxable","18":"purchasable","19":"product-type-simple"},"yoast_head":"<!-- This site is optimized with the Yoast SEO plugin v27.5 - https:\/\/yoast.com\/product\/yoast-seo-wordpress\/ -->\n<title>Estrogen For Women \u2013 Life Extension | ecosupplements.ch<\/title>\n<meta name=\"description\" content=\"Pflanzliche Formel mit Soja-Isoflavonen &amp; Brokkoli-Extrakt \u2013 30 vegetarische Tabletten, glutenfrei. Jetzt bestellen.\" \/>\n<meta name=\"robots\" content=\"index, follow, max-snippet:-1, max-image-preview:large, max-video-preview:-1\" \/>\n<link rel=\"canonical\" href=\"https:\/\/ecosupplements.ch\/?product=estrogen-for-women-30-vegetarian-tabs\" \/>\n<meta property=\"og:locale\" content=\"de_DE\" \/>\n<meta property=\"og:type\" content=\"article\" \/>\n<meta property=\"og:title\" content=\"Estrogen For Women \u2013 Life Extension | ecosupplements.ch\" \/>\n<meta property=\"og:description\" content=\"Pflanzliche Formel mit Soja-Isoflavonen &amp; Brokkoli-Extrakt \u2013 30 vegetarische Tabletten, glutenfrei. Jetzt bestellen.\" \/>\n<meta property=\"og:url\" content=\"https:\/\/ecosupplements.ch\/?product=estrogen-for-women-30-vegetarian-tabs\" \/>\n<meta property=\"og:site_name\" content=\"Eco Supplements\" \/>\n<meta property=\"article:modified_time\" content=\"2026-05-13T07:24:46+00:00\" \/>\n<meta property=\"og:image\" content=\"https:\/\/ecosupplements.ch\/wp-content\/uploads\/2026\/05\/Estrogen-For-Women-30-vegetarian-tabs.webp\" \/>\n\t<meta property=\"og:image:width\" content=\"1000\" \/>\n\t<meta property=\"og:image:height\" content=\"1000\" \/>\n\t<meta property=\"og:image:type\" content=\"image\/jpeg\" \/>\n<meta name=\"twitter:card\" content=\"summary_large_image\" \/>\n<meta name=\"twitter:label1\" content=\"Price\" \/>\n\t<meta name=\"twitter:data1\" content=\"&#067;&#072;&#070;&nbsp;31.16\" \/>\n\t<meta name=\"twitter:label2\" content=\"Availability\" \/>\n\t<meta name=\"twitter:data2\" content=\"Out of stock\" \/>\n<script type=\"application\/ld+json\" class=\"yoast-schema-graph\">{\"@context\":\"https:\\\/\\\/schema.org\",\"@graph\":[{\"@type\":\"WebPage\",\"@id\":\"https:\\\/\\\/ecosupplements.ch\\\/?product=estrogen-for-women-30-vegetarian-tabs\",\"url\":\"https:\\\/\\\/ecosupplements.ch\\\/?product=estrogen-for-women-30-vegetarian-tabs\",\"name\":\"Estrogen For Women \u2013 Life Extension | ecosupplements.ch\",\"isPartOf\":{\"@id\":\"https:\\\/\\\/ecosupplements.ch\\\/#website\"},\"primaryImageOfPage\":{\"@id\":\"https:\\\/\\\/ecosupplements.ch\\\/?product=estrogen-for-women-30-vegetarian-tabs#primaryimage\"},\"image\":{\"@id\":\"https:\\\/\\\/ecosupplements.ch\\\/?product=estrogen-for-women-30-vegetarian-tabs#primaryimage\"},\"thumbnailUrl\":\"https:\\\/\\\/ecosupplements.ch\\\/wp-content\\\/uploads\\\/2026\\\/05\\\/Estrogen-For-Women-30-vegetarian-tabs.webp\",\"datePublished\":\"2026-05-11T14:44:16+00:00\",\"dateModified\":\"2026-05-13T07:24:46+00:00\",\"description\":\"Pflanzliche Formel mit Soja-Isoflavonen & Brokkoli-Extrakt \u2013 30 vegetarische Tabletten, glutenfrei. Jetzt bestellen.\",\"breadcrumb\":{\"@id\":\"https:\\\/\\\/ecosupplements.ch\\\/?product=estrogen-for-women-30-vegetarian-tabs#breadcrumb\"},\"inLanguage\":\"de-CH\",\"potentialAction\":[{\"@type\":\"ReadAction\",\"target\":[\"https:\\\/\\\/ecosupplements.ch\\\/?product=estrogen-for-women-30-vegetarian-tabs\"]}]},{\"@type\":\"ImageObject\",\"inLanguage\":\"de-CH\",\"@id\":\"https:\\\/\\\/ecosupplements.ch\\\/?product=estrogen-for-women-30-vegetarian-tabs#primaryimage\",\"url\":\"https:\\\/\\\/ecosupplements.ch\\\/wp-content\\\/uploads\\\/2026\\\/05\\\/Estrogen-For-Women-30-vegetarian-tabs.webp\",\"contentUrl\":\"https:\\\/\\\/ecosupplements.ch\\\/wp-content\\\/uploads\\\/2026\\\/05\\\/Estrogen-For-Women-30-vegetarian-tabs.webp\",\"width\":1000,\"height\":1000,\"caption\":\"Estrogen For Women - 30 vegetarian tabs\"},{\"@type\":\"BreadcrumbList\",\"@id\":\"https:\\\/\\\/ecosupplements.ch\\\/?product=estrogen-for-women-30-vegetarian-tabs#breadcrumb\",\"itemListElement\":[{\"@type\":\"ListItem\",\"position\":1,\"name\":\"Home\",\"item\":\"https:\\\/\\\/ecosupplements.ch\\\/\"},{\"@type\":\"ListItem\",\"position\":2,\"name\":\"Shop\",\"item\":\"https:\\\/\\\/ecosupplements.ch\\\/?page_id=14\"},{\"@type\":\"ListItem\",\"position\":3,\"name\":\"Estrogen For Women &#8211; 30 vegetarian tabs\"}]},{\"@type\":\"WebSite\",\"@id\":\"https:\\\/\\\/ecosupplements.ch\\\/#website\",\"url\":\"https:\\\/\\\/ecosupplements.ch\\\/\",\"name\":\"Eco Supplements\",\"description\":\"\",\"potentialAction\":[{\"@type\":\"SearchAction\",\"target\":{\"@type\":\"EntryPoint\",\"urlTemplate\":\"https:\\\/\\\/ecosupplements.ch\\\/?s={search_term_string}\"},\"query-input\":{\"@type\":\"PropertyValueSpecification\",\"valueRequired\":true,\"valueName\":\"search_term_string\"}}],\"inLanguage\":\"de-CH\"}]}<\/script>\n<meta property=\"product:price:amount\" content=\"31.16\" \/>\n<meta property=\"product:price:currency\" content=\"CHF\" \/>\n<meta property=\"og:availability\" content=\"out of stock\" \/>\n<meta property=\"product:availability\" content=\"out of stock\" \/>\n<meta property=\"product:retailer_item_id\" content=\"737870189435\" \/>\n<meta property=\"product:condition\" content=\"new\" \/>\n<!-- \/ Yoast SEO plugin. -->","yoast_head_json":{"title":"Estrogen For Women \u2013 Life Extension | ecosupplements.ch","description":"Pflanzliche Formel mit Soja-Isoflavonen & Brokkoli-Extrakt \u2013 30 vegetarische Tabletten, glutenfrei. Jetzt bestellen.","robots":{"index":"index","follow":"follow","max-snippet":"max-snippet:-1","max-image-preview":"max-image-preview:large","max-video-preview":"max-video-preview:-1"},"canonical":"https:\/\/ecosupplements.ch\/?product=estrogen-for-women-30-vegetarian-tabs","og_locale":"de_DE","og_type":"article","og_title":"Estrogen For Women \u2013 Life Extension | ecosupplements.ch","og_description":"Pflanzliche Formel mit Soja-Isoflavonen & Brokkoli-Extrakt \u2013 30 vegetarische Tabletten, glutenfrei. Jetzt bestellen.","og_url":"https:\/\/ecosupplements.ch\/?product=estrogen-for-women-30-vegetarian-tabs","og_site_name":"Eco Supplements","article_modified_time":"2026-05-13T07:24:46+00:00","og_image":[{"width":1000,"height":1000,"url":"https:\/\/ecosupplements.ch\/wp-content\/uploads\/2026\/05\/Estrogen-For-Women-30-vegetarian-tabs.webp","type":"image\/jpeg"}],"twitter_card":"summary_large_image","twitter_misc":{"Price":"&#67;&#72;&#70;&nbsp;31.16","Availability":"Out of stock"},"schema":{"@context":"https:\/\/schema.org","@graph":[{"@type":"WebPage","@id":"https:\/\/ecosupplements.ch\/?product=estrogen-for-women-30-vegetarian-tabs","url":"https:\/\/ecosupplements.ch\/?product=estrogen-for-women-30-vegetarian-tabs","name":"Estrogen For Women \u2013 Life Extension | ecosupplements.ch","isPartOf":{"@id":"https:\/\/ecosupplements.ch\/#website"},"primaryImageOfPage":{"@id":"https:\/\/ecosupplements.ch\/?product=estrogen-for-women-30-vegetarian-tabs#primaryimage"},"image":{"@id":"https:\/\/ecosupplements.ch\/?product=estrogen-for-women-30-vegetarian-tabs#primaryimage"},"thumbnailUrl":"https:\/\/ecosupplements.ch\/wp-content\/uploads\/2026\/05\/Estrogen-For-Women-30-vegetarian-tabs.webp","datePublished":"2026-05-11T14:44:16+00:00","dateModified":"2026-05-13T07:24:46+00:00","description":"Pflanzliche Formel mit Soja-Isoflavonen & Brokkoli-Extrakt \u2013 30 vegetarische Tabletten, glutenfrei. Jetzt bestellen.","breadcrumb":{"@id":"https:\/\/ecosupplements.ch\/?product=estrogen-for-women-30-vegetarian-tabs#breadcrumb"},"inLanguage":"de-CH","potentialAction":[{"@type":"ReadAction","target":["https:\/\/ecosupplements.ch\/?product=estrogen-for-women-30-vegetarian-tabs"]}]},{"@type":"ImageObject","inLanguage":"de-CH","@id":"https:\/\/ecosupplements.ch\/?product=estrogen-for-women-30-vegetarian-tabs#primaryimage","url":"https:\/\/ecosupplements.ch\/wp-content\/uploads\/2026\/05\/Estrogen-For-Women-30-vegetarian-tabs.webp","contentUrl":"https:\/\/ecosupplements.ch\/wp-content\/uploads\/2026\/05\/Estrogen-For-Women-30-vegetarian-tabs.webp","width":1000,"height":1000,"caption":"Estrogen For Women - 30 vegetarian tabs"},{"@type":"BreadcrumbList","@id":"https:\/\/ecosupplements.ch\/?product=estrogen-for-women-30-vegetarian-tabs#breadcrumb","itemListElement":[{"@type":"ListItem","position":1,"name":"Home","item":"https:\/\/ecosupplements.ch\/"},{"@type":"ListItem","position":2,"name":"Shop","item":"https:\/\/ecosupplements.ch\/?page_id=14"},{"@type":"ListItem","position":3,"name":"Estrogen For Women &#8211; 30 vegetarian tabs"}]},{"@type":"WebSite","@id":"https:\/\/ecosupplements.ch\/#website","url":"https:\/\/ecosupplements.ch\/","name":"Eco Supplements","description":"","potentialAction":[{"@type":"SearchAction","target":{"@type":"EntryPoint","urlTemplate":"https:\/\/ecosupplements.ch\/?s={search_term_string}"},"query-input":{"@type":"PropertyValueSpecification","valueRequired":true,"valueName":"search_term_string"}}],"inLanguage":"de-CH"}]},"product_price_amount":"31.16","product_price_currency":"CHF","og_availability":"out of stock","product_availability":"out of stock","product_retailer_item_id":"737870189435","product_condition":"new"},"_links":{"self":[{"href":"https:\/\/ecosupplements.ch\/index.php?rest_route=\/wp\/v2\/product\/3280","targetHints":{"allow":["GET"]}}],"collection":[{"href":"https:\/\/ecosupplements.ch\/index.php?rest_route=\/wp\/v2\/product"}],"about":[{"href":"https:\/\/ecosupplements.ch\/index.php?rest_route=\/wp\/v2\/types\/product"}],"replies":[{"embeddable":true,"href":"https:\/\/ecosupplements.ch\/index.php?rest_route=%2Fwp%2Fv2%2Fcomments&post=3280"}],"wp:featuredmedia":[{"embeddable":true,"href":"https:\/\/ecosupplements.ch\/index.php?rest_route=\/wp\/v2\/media\/3281"}],"wp:attachment":[{"href":"https:\/\/ecosupplements.ch\/index.php?rest_route=%2Fwp%2Fv2%2Fmedia&parent=3280"}],"wp:term":[{"taxonomy":"product_brand","embeddable":true,"href":"https:\/\/ecosupplements.ch\/index.php?rest_route=%2Fwp%2Fv2%2Fproduct_brand&post=3280"},{"taxonomy":"product_cat","embeddable":true,"href":"https:\/\/ecosupplements.ch\/index.php?rest_route=%2Fwp%2Fv2%2Fproduct_cat&post=3280"},{"taxonomy":"product_tag","embeddable":true,"href":"https:\/\/ecosupplements.ch\/index.php?rest_route=%2Fwp%2Fv2%2Fproduct_tag&post=3280"}],"curies":[{"name":"wp","href":"https:\/\/api.w.org\/{rel}","templated":true}]}}