{"id":3297,"date":"2026-05-11T14:44:24","date_gmt":"2026-05-11T14:44:24","guid":{"rendered":"https:\/\/ecosupplements.ch\/?product=l-theanine-100mg-60-vcaps"},"modified":"2026-05-13T07:24:48","modified_gmt":"2026-05-13T07:24:48","slug":"l-theanine-100mg-60-vcaps","status":"publish","type":"product","link":"https:\/\/ecosupplements.ch\/?product=l-theanine-100mg-60-vcaps","title":{"rendered":"L-Theanine, 100mg &#8211; 60 vcaps"},"content":{"rendered":"<div class=\"chcg-product-description\">\n<h2 class=\"chcg-heading\">\u00dcber Life Extension \u2013 L-Theanine, 100mg \u2013 60 Kapseln<\/h2>\n<div class=\"chcg-intro\">\n<p>L-Theanin ist eine nat\u00fcrlich vorkommende Aminos\u00e4ure, die vor allem in Teebl\u00e4ttern (Camellia sinensis) zu finden ist. Life Extension setzt dabei auf AlphaWave\u00ae L-Theanin \u2013 eine hochwertige, patentierte Form dieser Aminos\u00e4ure, die f\u00fcr ihre gleichbleibende Qualit\u00e4t und Reinheit bekannt ist. Jede Kapsel liefert 100 mg L-Theanin in veganer Kapselh\u00fclle aus pflanzlicher Zellulose.<\/p>\n<p>L-Theanin tr\u00e4gt dazu bei, Entspannung zu f\u00f6rdern, ohne dabei Schl\u00e4frigkeit zu verursachen \u2013 eine Eigenschaft, die es von vielen anderen Nahrungserg\u00e4nzungsmitteln in diesem Bereich unterscheidet. Es wird h\u00e4ufig zusammen mit Koffein eingesetzt, um dessen stimulierende Wirkung auf eine ausgewogene Weise zu erg\u00e4nzen.<\/p>\n<p>Die praktische Kapselform von Life Extension erm\u00f6glicht eine flexible Dosierung: Die Einnahme von einer bis vier Kapseln t\u00e4glich l\u00e4sst sich individuell an die pers\u00f6nlichen Bed\u00fcrfnisse anpassen. Das Produkt ist vegetarisch, glutenfrei und laktosefrei \u2013 damit geeignet f\u00fcr Menschen mit unterschiedlichen Ern\u00e4hrungsweisen.<\/p>\n<\/p><\/div>\n<div class=\"chcg-nutrition\">\n<h3>N\u00e4hrwertangaben<\/h3>\n<table class=\"chcg-nutrition-table\">\n<thead>\n<tr>\n<th>N\u00e4hrstoff<\/th>\n<th>Pro Portion (1 Kapsel)<\/th>\n<\/tr>\n<\/thead>\n<tbody>\n<tr>\n<td>L-Theanin (AlphaWave\u00ae)<\/td>\n<td>100 mg*<\/td>\n<\/tr>\n<\/tbody>\n<\/table>\n<p class=\"chcg-footnote\">* Kein festgelegter Tagesbedarf (Referenzwert) vorhanden.<\/p>\n<\/p><\/div>\n<div class=\"chcg-ingredients\">\n<h3>Zutaten<\/h3>\n<p>AlphaWave\u00ae L-Theanin 200 mg (pro Tagesportion von 2 Kapseln; 100 mg pro Kapsel). Weitere Zutaten: Mikrokristalline Zellulose, pflanzliche Zellulose (Kapsel), Siliziumdioxid, pflanzliches Stearat.<\/p>\n<p class=\"chcg-capsule-shell\">Kapselh\u00fclle: Pflanzliche Zellulose<\/p>\n<\/p><\/div>\n<div class=\"chcg-dosage\">\n<h3>Verzehrempfehlung<\/h3>\n<p>Eine (1) Kapsel ein- bis viermal t\u00e4glich einnehmen oder gem\u00e4ss Empfehlung eines Facharztes bzw. einer Fach\u00e4rztin.<\/p>\n<\/p><\/div>\n<div class=\"chcg-warnings\">\n<h3>Warnhinweise<\/h3>\n<p>Ausserhalb der Reichweite von Kindern aufbewahren. Die empfohlene Dosierung nicht \u00fcberschreiten. Nicht kaufen, wenn die \u00e4ussere Versiegelung gebrochen oder besch\u00e4digt ist. Bei der Einnahme von Nahrungserg\u00e4nzungsmitteln wird empfohlen, einen Arzt oder eine \u00c4rztin zu konsultieren, wenn Sie sich in \u00e4rztlicher Behandlung befinden, schwanger sind oder stillen.<\/p>\n<\/p><\/div>\n<div class=\"chcg-allergens\">\n<h3>Allergeninformationen<\/h3>\n<p>Auf dem Etikett sind keine Allergene deklariert.<\/p>\n<\/p><\/div>\n<div class=\"chcg-storage\">\n<h3>Lagerung<\/h3>\n<p>Gut verschlossen an einem k\u00fchlen, trockenen Ort aufbewahren.<\/p>\n<\/p><\/div>\n<div class=\"chcg-dietary\">\n<h3>Ern\u00e4hrungshinweise<\/h3>\n<ul>\n<li>Vegetarisch<\/li>\n<li>Glutenfrei<\/li>\n<li>Laktosefrei<\/li>\n<\/ul><\/div>\n<\/div>\n","protected":false},"excerpt":{"rendered":"<p>L-Theanin (AlphaWave\u00ae) von Life Extension unterst\u00fctzt Entspannung ohne Schl\u00e4frigkeit \u2013 in bequemer Kapselform. 60 vegetarische Kapseln \u00e0 100 mg f\u00fcr eine flexible Dosierung im Alltag.<\/p>\n","protected":false},"featured_media":3298,"comment_status":"closed","ping_status":"open","template":"","meta":[],"product_brand":[202],"product_cat":[514,516,90,48,25,42,21],"product_tag":[],"class_list":{"0":"post-3297","1":"product","2":"type-product","3":"status-publish","4":"has-post-thumbnail","6":"product_brand-life-extension","7":"product_cat-aminosaeuren-und-bcaas","8":"product_cat-einzelne-aminosaeuren-aminosaeuren-und-bcaas","9":"product_cat-fitness-training","10":"product_cat-gesunde-ernaehrung","11":"product_cat-gesundheit-und-wohlbefinden","12":"product_cat-mentale-konzentration-und-gedaechtnis","13":"product_cat-vitamine-und-mineralstoffe","15":"first","16":"outofstock","17":"taxable","18":"shipping-taxable","19":"purchasable","20":"product-type-simple"},"yoast_head":"<!-- This site is optimized with the Yoast SEO plugin v27.5 - https:\/\/yoast.com\/product\/yoast-seo-wordpress\/ -->\n<title>L-Theanine 100mg \u2013 Life Extension | ecosupplements.ch<\/title>\n<meta name=\"description\" content=\"Life Extension L-Theanine mit AlphaWave\u00ae \u2013 60 vegetarische Kapseln \u00e0 100 mg f\u00fcr gezielte Entspannung im Alltag. Glutenfrei und laktosefrei. Jetzt bestellen.\" \/>\n<meta name=\"robots\" content=\"index, follow, max-snippet:-1, max-image-preview:large, max-video-preview:-1\" \/>\n<link rel=\"canonical\" href=\"https:\/\/ecosupplements.ch\/?product=l-theanine-100mg-60-vcaps\" \/>\n<meta property=\"og:locale\" content=\"de_DE\" \/>\n<meta property=\"og:type\" content=\"article\" \/>\n<meta property=\"og:title\" content=\"L-Theanine 100mg \u2013 Life Extension | ecosupplements.ch\" \/>\n<meta property=\"og:description\" content=\"Life Extension L-Theanine mit AlphaWave\u00ae \u2013 60 vegetarische Kapseln \u00e0 100 mg f\u00fcr gezielte Entspannung im Alltag. Glutenfrei und laktosefrei. Jetzt bestellen.\" \/>\n<meta property=\"og:url\" content=\"https:\/\/ecosupplements.ch\/?product=l-theanine-100mg-60-vcaps\" \/>\n<meta property=\"og:site_name\" content=\"Eco Supplements\" \/>\n<meta property=\"article:modified_time\" content=\"2026-05-13T07:24:48+00:00\" \/>\n<meta property=\"og:image\" content=\"https:\/\/ecosupplements.ch\/wp-content\/uploads\/2026\/05\/L-Theanine-100mg-60-vcaps.webp\" \/>\n\t<meta property=\"og:image:width\" content=\"1000\" \/>\n\t<meta property=\"og:image:height\" content=\"1000\" \/>\n\t<meta property=\"og:image:type\" content=\"image\/jpeg\" \/>\n<meta name=\"twitter:card\" content=\"summary_large_image\" \/>\n<meta name=\"twitter:label1\" content=\"Price\" \/>\n\t<meta name=\"twitter:data1\" content=\"&#067;&#072;&#070;&nbsp;24.95\" \/>\n\t<meta name=\"twitter:label2\" content=\"Availability\" \/>\n\t<meta name=\"twitter:data2\" content=\"Out of stock\" \/>\n<script type=\"application\/ld+json\" class=\"yoast-schema-graph\">{\"@context\":\"https:\\\/\\\/schema.org\",\"@graph\":[{\"@type\":\"WebPage\",\"@id\":\"https:\\\/\\\/ecosupplements.ch\\\/?product=l-theanine-100mg-60-vcaps\",\"url\":\"https:\\\/\\\/ecosupplements.ch\\\/?product=l-theanine-100mg-60-vcaps\",\"name\":\"L-Theanine 100mg \u2013 Life Extension | ecosupplements.ch\",\"isPartOf\":{\"@id\":\"https:\\\/\\\/ecosupplements.ch\\\/#website\"},\"primaryImageOfPage\":{\"@id\":\"https:\\\/\\\/ecosupplements.ch\\\/?product=l-theanine-100mg-60-vcaps#primaryimage\"},\"image\":{\"@id\":\"https:\\\/\\\/ecosupplements.ch\\\/?product=l-theanine-100mg-60-vcaps#primaryimage\"},\"thumbnailUrl\":\"https:\\\/\\\/ecosupplements.ch\\\/wp-content\\\/uploads\\\/2026\\\/05\\\/L-Theanine-100mg-60-vcaps.webp\",\"datePublished\":\"2026-05-11T14:44:24+00:00\",\"dateModified\":\"2026-05-13T07:24:48+00:00\",\"description\":\"Life Extension L-Theanine mit AlphaWave\u00ae \u2013 60 vegetarische Kapseln \u00e0 100 mg f\u00fcr gezielte Entspannung im Alltag. Glutenfrei und laktosefrei. Jetzt bestellen.\",\"breadcrumb\":{\"@id\":\"https:\\\/\\\/ecosupplements.ch\\\/?product=l-theanine-100mg-60-vcaps#breadcrumb\"},\"inLanguage\":\"de-CH\",\"potentialAction\":[{\"@type\":\"ReadAction\",\"target\":[\"https:\\\/\\\/ecosupplements.ch\\\/?product=l-theanine-100mg-60-vcaps\"]}]},{\"@type\":\"ImageObject\",\"inLanguage\":\"de-CH\",\"@id\":\"https:\\\/\\\/ecosupplements.ch\\\/?product=l-theanine-100mg-60-vcaps#primaryimage\",\"url\":\"https:\\\/\\\/ecosupplements.ch\\\/wp-content\\\/uploads\\\/2026\\\/05\\\/L-Theanine-100mg-60-vcaps.webp\",\"contentUrl\":\"https:\\\/\\\/ecosupplements.ch\\\/wp-content\\\/uploads\\\/2026\\\/05\\\/L-Theanine-100mg-60-vcaps.webp\",\"width\":1000,\"height\":1000,\"caption\":\"L-Theanine\"},{\"@type\":\"BreadcrumbList\",\"@id\":\"https:\\\/\\\/ecosupplements.ch\\\/?product=l-theanine-100mg-60-vcaps#breadcrumb\",\"itemListElement\":[{\"@type\":\"ListItem\",\"position\":1,\"name\":\"Home\",\"item\":\"https:\\\/\\\/ecosupplements.ch\\\/\"},{\"@type\":\"ListItem\",\"position\":2,\"name\":\"Shop\",\"item\":\"https:\\\/\\\/ecosupplements.ch\\\/?page_id=14\"},{\"@type\":\"ListItem\",\"position\":3,\"name\":\"L-Theanine, 100mg &#8211; 60 vcaps\"}]},{\"@type\":\"WebSite\",\"@id\":\"https:\\\/\\\/ecosupplements.ch\\\/#website\",\"url\":\"https:\\\/\\\/ecosupplements.ch\\\/\",\"name\":\"Eco Supplements\",\"description\":\"\",\"potentialAction\":[{\"@type\":\"SearchAction\",\"target\":{\"@type\":\"EntryPoint\",\"urlTemplate\":\"https:\\\/\\\/ecosupplements.ch\\\/?s={search_term_string}\"},\"query-input\":{\"@type\":\"PropertyValueSpecification\",\"valueRequired\":true,\"valueName\":\"search_term_string\"}}],\"inLanguage\":\"de-CH\"}]}<\/script>\n<meta property=\"product:price:amount\" content=\"24.95\" \/>\n<meta property=\"product:price:currency\" content=\"CHF\" \/>\n<meta property=\"og:availability\" content=\"out of stock\" \/>\n<meta property=\"product:availability\" content=\"out of stock\" \/>\n<meta property=\"product:retailer_item_id\" content=\"737870168362\" \/>\n<meta property=\"product:condition\" content=\"new\" \/>\n<!-- \/ Yoast SEO plugin. -->","yoast_head_json":{"title":"L-Theanine 100mg \u2013 Life Extension | ecosupplements.ch","description":"Life Extension L-Theanine mit AlphaWave\u00ae \u2013 60 vegetarische Kapseln \u00e0 100 mg f\u00fcr gezielte Entspannung im Alltag. Glutenfrei und laktosefrei. Jetzt bestellen.","robots":{"index":"index","follow":"follow","max-snippet":"max-snippet:-1","max-image-preview":"max-image-preview:large","max-video-preview":"max-video-preview:-1"},"canonical":"https:\/\/ecosupplements.ch\/?product=l-theanine-100mg-60-vcaps","og_locale":"de_DE","og_type":"article","og_title":"L-Theanine 100mg \u2013 Life Extension | ecosupplements.ch","og_description":"Life Extension L-Theanine mit AlphaWave\u00ae \u2013 60 vegetarische Kapseln \u00e0 100 mg f\u00fcr gezielte Entspannung im Alltag. Glutenfrei und laktosefrei. Jetzt bestellen.","og_url":"https:\/\/ecosupplements.ch\/?product=l-theanine-100mg-60-vcaps","og_site_name":"Eco Supplements","article_modified_time":"2026-05-13T07:24:48+00:00","og_image":[{"width":1000,"height":1000,"url":"https:\/\/ecosupplements.ch\/wp-content\/uploads\/2026\/05\/L-Theanine-100mg-60-vcaps.webp","type":"image\/jpeg"}],"twitter_card":"summary_large_image","twitter_misc":{"Price":"&#67;&#72;&#70;&nbsp;24.95","Availability":"Out of stock"},"schema":{"@context":"https:\/\/schema.org","@graph":[{"@type":"WebPage","@id":"https:\/\/ecosupplements.ch\/?product=l-theanine-100mg-60-vcaps","url":"https:\/\/ecosupplements.ch\/?product=l-theanine-100mg-60-vcaps","name":"L-Theanine 100mg \u2013 Life Extension | ecosupplements.ch","isPartOf":{"@id":"https:\/\/ecosupplements.ch\/#website"},"primaryImageOfPage":{"@id":"https:\/\/ecosupplements.ch\/?product=l-theanine-100mg-60-vcaps#primaryimage"},"image":{"@id":"https:\/\/ecosupplements.ch\/?product=l-theanine-100mg-60-vcaps#primaryimage"},"thumbnailUrl":"https:\/\/ecosupplements.ch\/wp-content\/uploads\/2026\/05\/L-Theanine-100mg-60-vcaps.webp","datePublished":"2026-05-11T14:44:24+00:00","dateModified":"2026-05-13T07:24:48+00:00","description":"Life Extension L-Theanine mit AlphaWave\u00ae \u2013 60 vegetarische Kapseln \u00e0 100 mg f\u00fcr gezielte Entspannung im Alltag. Glutenfrei und laktosefrei. Jetzt bestellen.","breadcrumb":{"@id":"https:\/\/ecosupplements.ch\/?product=l-theanine-100mg-60-vcaps#breadcrumb"},"inLanguage":"de-CH","potentialAction":[{"@type":"ReadAction","target":["https:\/\/ecosupplements.ch\/?product=l-theanine-100mg-60-vcaps"]}]},{"@type":"ImageObject","inLanguage":"de-CH","@id":"https:\/\/ecosupplements.ch\/?product=l-theanine-100mg-60-vcaps#primaryimage","url":"https:\/\/ecosupplements.ch\/wp-content\/uploads\/2026\/05\/L-Theanine-100mg-60-vcaps.webp","contentUrl":"https:\/\/ecosupplements.ch\/wp-content\/uploads\/2026\/05\/L-Theanine-100mg-60-vcaps.webp","width":1000,"height":1000,"caption":"L-Theanine"},{"@type":"BreadcrumbList","@id":"https:\/\/ecosupplements.ch\/?product=l-theanine-100mg-60-vcaps#breadcrumb","itemListElement":[{"@type":"ListItem","position":1,"name":"Home","item":"https:\/\/ecosupplements.ch\/"},{"@type":"ListItem","position":2,"name":"Shop","item":"https:\/\/ecosupplements.ch\/?page_id=14"},{"@type":"ListItem","position":3,"name":"L-Theanine, 100mg &#8211; 60 vcaps"}]},{"@type":"WebSite","@id":"https:\/\/ecosupplements.ch\/#website","url":"https:\/\/ecosupplements.ch\/","name":"Eco Supplements","description":"","potentialAction":[{"@type":"SearchAction","target":{"@type":"EntryPoint","urlTemplate":"https:\/\/ecosupplements.ch\/?s={search_term_string}"},"query-input":{"@type":"PropertyValueSpecification","valueRequired":true,"valueName":"search_term_string"}}],"inLanguage":"de-CH"}]},"product_price_amount":"24.95","product_price_currency":"CHF","og_availability":"out of stock","product_availability":"out of stock","product_retailer_item_id":"737870168362","product_condition":"new"},"_links":{"self":[{"href":"https:\/\/ecosupplements.ch\/index.php?rest_route=\/wp\/v2\/product\/3297","targetHints":{"allow":["GET"]}}],"collection":[{"href":"https:\/\/ecosupplements.ch\/index.php?rest_route=\/wp\/v2\/product"}],"about":[{"href":"https:\/\/ecosupplements.ch\/index.php?rest_route=\/wp\/v2\/types\/product"}],"replies":[{"embeddable":true,"href":"https:\/\/ecosupplements.ch\/index.php?rest_route=%2Fwp%2Fv2%2Fcomments&post=3297"}],"wp:featuredmedia":[{"embeddable":true,"href":"https:\/\/ecosupplements.ch\/index.php?rest_route=\/wp\/v2\/media\/3298"}],"wp:attachment":[{"href":"https:\/\/ecosupplements.ch\/index.php?rest_route=%2Fwp%2Fv2%2Fmedia&parent=3297"}],"wp:term":[{"taxonomy":"product_brand","embeddable":true,"href":"https:\/\/ecosupplements.ch\/index.php?rest_route=%2Fwp%2Fv2%2Fproduct_brand&post=3297"},{"taxonomy":"product_cat","embeddable":true,"href":"https:\/\/ecosupplements.ch\/index.php?rest_route=%2Fwp%2Fv2%2Fproduct_cat&post=3297"},{"taxonomy":"product_tag","embeddable":true,"href":"https:\/\/ecosupplements.ch\/index.php?rest_route=%2Fwp%2Fv2%2Fproduct_tag&post=3297"}],"curies":[{"name":"wp","href":"https:\/\/api.w.org\/{rel}","templated":true}]}}