{"id":3316,"date":"2026-05-11T14:44:33","date_gmt":"2026-05-11T14:44:33","guid":{"rendered":"https:\/\/ecosupplements.ch\/?product=melatonin-ir-xr-60-caps"},"modified":"2026-05-13T07:22:43","modified_gmt":"2026-05-13T07:22:43","slug":"melatonin-ir-xr-60-caps","status":"publish","type":"product","link":"https:\/\/ecosupplements.ch\/?product=melatonin-ir-xr-60-caps","title":{"rendered":"Melatonin IR\/XR &#8211; 60 caps"},"content":{"rendered":"<div class=\"chcg-product-description\">\n<h2 class=\"chcg-heading\">\u00dcber Life Extension \u2013 Melatonin IR\/XR \u2013 60 Kapseln<\/h2>\n<div class=\"chcg-intro\">\n<p>Das Melatonin IR\/XR von Life Extension kombiniert zwei Freisetzungsmechanismen in einer einzigen Kapsel: eine sofortige Freisetzung (IR) f\u00fcr den schnellen Wirkungseintritt sowie eine verl\u00e4ngerte Freisetzung (XR) f\u00fcr eine gleichm\u00e4ssige Abgabe \u00fcber die Nacht. Damit wird der nat\u00fcrliche Melatonin-Rhythmus des K\u00f6rpers wirkungsvoll unterst\u00fctzt.<\/p>\n<p>Die Formel basiert auf der patentierten MicroActive\u00ae Melatonin-Technologie, die eine kontrollierte und zweiphasige Freisetzung des Wirkstoffs gew\u00e4hrleistet. Jede Kapsel enth\u00e4lt 1,5 mg Melatonin \u2013 eine sorgf\u00e4ltig gew\u00e4hlte Dosierung, die auf eine physiologisch sinnvolle Erg\u00e4nzung ausgelegt ist.<\/p>\n<p>Melatonin tr\u00e4gt dazu bei, die Einschlafzeit zu verk\u00fcrzen.* Mit 60 Kapseln pro Packung bietet dieses Produkt eine praktische Zweimonats-Versorgung f\u00fcr Ihren abendlichen Einnahmeroutine.<\/p>\n<p class=\"chcg-footnote\">* Die positive Wirkung stellt sich bei einer Einnahme von 1 mg Melatonin kurz vor dem Schlafengehen ein. Melatonin tr\u00e4gt dazu bei, die Einschlafzeit zu verk\u00fcrzen (zugelassener EFSA-Wirkungsanspruch).<\/p>\n<\/p><\/div>\n<div class=\"chcg-nutrition\">\n<h3>N\u00e4hrwertangaben<\/h3>\n<table class=\"chcg-nutrition-table\">\n<thead>\n<tr>\n<th>N\u00e4hrstoff<\/th>\n<th>Pro Portion (1 Kapsel)<\/th>\n<\/tr>\n<\/thead>\n<tbody>\n<tr>\n<td>Melatonin (als MicroActive\u00ae Melatonin)<\/td>\n<td>1,5 mg<\/td>\n<\/tr>\n<\/tbody>\n<\/table>\n<p class=\"chcg-footnote\">* Kein festgelegter Tagesreferenzwert vorhanden.<\/p>\n<\/p><\/div>\n<div class=\"chcg-ingredients\">\n<h3>Zutaten<\/h3>\n<p>Melatonin (als MicroActive\u00ae Melatonin) 1,5 mg. Sonstige Zutaten: Mikrokristalline Cellulose, Gelatine (Kapsel), Hydroxypropylmethylcellulose, Natriumalginat, Carnaubawachs, Siliziumdioxid.<\/p>\n<p class=\"chcg-capsule-shell\">Kapselh\u00fclle: Gelatine<\/p>\n<\/p><\/div>\n<div class=\"chcg-dosage\">\n<h3>Verzehrempfehlung<\/h3>\n<p>Eine (1) Kapsel 30 bis 60 Minuten vor dem Schlafengehen einnehmen, oder gem\u00e4ss Empfehlung einer Fachperson des Gesundheitswesens. Melatonin wird von der Zirbeldr\u00fcse auf nat\u00fcrliche Weise in der Nacht ausgesch\u00fcttet und sollte f\u00fcr optimale Ergebnisse abends eingenommen werden.<\/p>\n<\/p><\/div>\n<div class=\"chcg-warnings\">\n<h3>Warnhinweise<\/h3>\n<p>Nach der Einnahme dieses Produkts keinen Alkohol konsumieren, kein Fahrzeug lenken und keine Maschinen bedienen. Ausserhalb der Reichweite von Kindern aufbewahren. Die empfohlene Dosierung nicht \u00fcberschreiten. Nicht kaufen, wenn die \u00e4ussere Versiegelung besch\u00e4digt ist. Bei laufender Behandlung einer medizinischen Erkrankung oder bei Schwangerschaft oder Stillzeit vor der Einnahme einen Arzt oder eine \u00c4rztin konsultieren.<\/p>\n<\/p><\/div>\n<div class=\"chcg-allergens\">\n<h3>Allergeninformationen<\/h3>\n<p>Auf dem Etikett sind keine Allergene deklariert.<\/p>\n<\/p><\/div>\n<div class=\"chcg-storage\">\n<h3>Lagerung<\/h3>\n<p>Fest verschlossen an einem k\u00fchlen, trockenen Ort aufbewahren.<\/p>\n<\/p><\/div>\n<div class=\"chcg-dietary\">\n<h3>Ern\u00e4hrungshinweise<\/h3>\n<ul>\n<li>Glutenfrei<\/li>\n<\/ul><\/div>\n<\/div>\n","protected":false},"excerpt":{"rendered":"<p>Melatonin IR\/XR von Life Extension unterst\u00fctzt den nat\u00fcrlichen Schlaf-Wach-Rhythmus dank zweiphasiger MicroActive\u00ae Technologie \u2013 sofort und verz\u00f6gert freisetzend. 60 Kapseln pro Packung, glutenfrei.<\/p>\n","protected":false},"featured_media":3317,"comment_status":"closed","ping_status":"open","template":"","meta":[],"product_brand":[202],"product_cat":[48,25,83],"product_tag":[],"class_list":{"0":"post-3316","1":"product","2":"type-product","3":"status-publish","4":"has-post-thumbnail","6":"product_brand-life-extension","7":"product_cat-gesunde-ernaehrung","8":"product_cat-gesundheit-und-wohlbefinden","9":"product_cat-schlafunterstuetzung","11":"first","12":"outofstock","13":"taxable","14":"shipping-taxable","15":"purchasable","16":"product-type-simple"},"yoast_head":"<!-- This site is optimized with the Yoast SEO plugin v27.5 - https:\/\/yoast.com\/product\/yoast-seo-wordpress\/ -->\n<title>Melatonin IR\/XR 60 Kapseln \u2013 Life Extension | ecosupplements.ch<\/title>\n<meta name=\"description\" content=\"Melatonin IR\/XR von Life Extension mit MicroActive\u00ae Technologie \u2013 f\u00fcr k\u00fcrzere Einschlafzeiten. 60 Kapseln, glutenfrei. Jetzt bestellen.\" \/>\n<meta name=\"robots\" content=\"index, follow, max-snippet:-1, max-image-preview:large, max-video-preview:-1\" \/>\n<link rel=\"canonical\" href=\"https:\/\/ecosupplements.ch\/?product=melatonin-ir-xr-60-caps\" \/>\n<meta property=\"og:locale\" content=\"de_DE\" \/>\n<meta property=\"og:type\" content=\"article\" \/>\n<meta property=\"og:title\" content=\"Melatonin IR\/XR 60 Kapseln \u2013 Life Extension | ecosupplements.ch\" \/>\n<meta property=\"og:description\" content=\"Melatonin IR\/XR von Life Extension mit MicroActive\u00ae Technologie \u2013 f\u00fcr k\u00fcrzere Einschlafzeiten. 60 Kapseln, glutenfrei. Jetzt bestellen.\" \/>\n<meta property=\"og:url\" content=\"https:\/\/ecosupplements.ch\/?product=melatonin-ir-xr-60-caps\" \/>\n<meta property=\"og:site_name\" content=\"Eco Supplements\" \/>\n<meta property=\"article:modified_time\" content=\"2026-05-13T07:22:43+00:00\" \/>\n<meta property=\"og:image\" content=\"https:\/\/ecosupplements.ch\/wp-content\/uploads\/2026\/05\/Melatonin-IRXR-60-caps.webp\" \/>\n\t<meta property=\"og:image:width\" content=\"1000\" \/>\n\t<meta property=\"og:image:height\" content=\"1000\" \/>\n\t<meta property=\"og:image:type\" content=\"image\/jpeg\" \/>\n<meta name=\"twitter:card\" content=\"summary_large_image\" \/>\n<meta name=\"twitter:label1\" content=\"Price\" \/>\n\t<meta name=\"twitter:data1\" content=\"&#067;&#072;&#070;&nbsp;11.15\" \/>\n\t<meta name=\"twitter:label2\" content=\"Availability\" \/>\n\t<meta name=\"twitter:data2\" content=\"Out of stock\" \/>\n<script type=\"application\/ld+json\" class=\"yoast-schema-graph\">{\"@context\":\"https:\\\/\\\/schema.org\",\"@graph\":[{\"@type\":\"WebPage\",\"@id\":\"https:\\\/\\\/ecosupplements.ch\\\/?product=melatonin-ir-xr-60-caps\",\"url\":\"https:\\\/\\\/ecosupplements.ch\\\/?product=melatonin-ir-xr-60-caps\",\"name\":\"Melatonin IR\\\/XR 60 Kapseln \u2013 Life Extension | ecosupplements.ch\",\"isPartOf\":{\"@id\":\"https:\\\/\\\/ecosupplements.ch\\\/#website\"},\"primaryImageOfPage\":{\"@id\":\"https:\\\/\\\/ecosupplements.ch\\\/?product=melatonin-ir-xr-60-caps#primaryimage\"},\"image\":{\"@id\":\"https:\\\/\\\/ecosupplements.ch\\\/?product=melatonin-ir-xr-60-caps#primaryimage\"},\"thumbnailUrl\":\"https:\\\/\\\/ecosupplements.ch\\\/wp-content\\\/uploads\\\/2026\\\/05\\\/Melatonin-IRXR-60-caps.webp\",\"datePublished\":\"2026-05-11T14:44:33+00:00\",\"dateModified\":\"2026-05-13T07:22:43+00:00\",\"description\":\"Melatonin IR\\\/XR von Life Extension mit MicroActive\u00ae Technologie \u2013 f\u00fcr k\u00fcrzere Einschlafzeiten. 60 Kapseln, glutenfrei. Jetzt bestellen.\",\"breadcrumb\":{\"@id\":\"https:\\\/\\\/ecosupplements.ch\\\/?product=melatonin-ir-xr-60-caps#breadcrumb\"},\"inLanguage\":\"de-CH\",\"potentialAction\":[{\"@type\":\"ReadAction\",\"target\":[\"https:\\\/\\\/ecosupplements.ch\\\/?product=melatonin-ir-xr-60-caps\"]}]},{\"@type\":\"ImageObject\",\"inLanguage\":\"de-CH\",\"@id\":\"https:\\\/\\\/ecosupplements.ch\\\/?product=melatonin-ir-xr-60-caps#primaryimage\",\"url\":\"https:\\\/\\\/ecosupplements.ch\\\/wp-content\\\/uploads\\\/2026\\\/05\\\/Melatonin-IRXR-60-caps.webp\",\"contentUrl\":\"https:\\\/\\\/ecosupplements.ch\\\/wp-content\\\/uploads\\\/2026\\\/05\\\/Melatonin-IRXR-60-caps.webp\",\"width\":1000,\"height\":1000,\"caption\":\"Melatonin IR\\\/XR - 60 caps\"},{\"@type\":\"BreadcrumbList\",\"@id\":\"https:\\\/\\\/ecosupplements.ch\\\/?product=melatonin-ir-xr-60-caps#breadcrumb\",\"itemListElement\":[{\"@type\":\"ListItem\",\"position\":1,\"name\":\"Home\",\"item\":\"https:\\\/\\\/ecosupplements.ch\\\/\"},{\"@type\":\"ListItem\",\"position\":2,\"name\":\"Shop\",\"item\":\"https:\\\/\\\/ecosupplements.ch\\\/?page_id=14\"},{\"@type\":\"ListItem\",\"position\":3,\"name\":\"Melatonin IR\\\/XR &#8211; 60 caps\"}]},{\"@type\":\"WebSite\",\"@id\":\"https:\\\/\\\/ecosupplements.ch\\\/#website\",\"url\":\"https:\\\/\\\/ecosupplements.ch\\\/\",\"name\":\"Eco Supplements\",\"description\":\"\",\"potentialAction\":[{\"@type\":\"SearchAction\",\"target\":{\"@type\":\"EntryPoint\",\"urlTemplate\":\"https:\\\/\\\/ecosupplements.ch\\\/?s={search_term_string}\"},\"query-input\":{\"@type\":\"PropertyValueSpecification\",\"valueRequired\":true,\"valueName\":\"search_term_string\"}}],\"inLanguage\":\"de-CH\"}]}<\/script>\n<meta property=\"product:price:amount\" content=\"11.15\" \/>\n<meta property=\"product:price:currency\" content=\"CHF\" \/>\n<meta property=\"og:availability\" content=\"out of stock\" \/>\n<meta property=\"product:availability\" content=\"out of stock\" \/>\n<meta property=\"product:retailer_item_id\" content=\"737870220169\" \/>\n<meta property=\"product:condition\" content=\"new\" \/>\n<!-- \/ Yoast SEO plugin. -->","yoast_head_json":{"title":"Melatonin IR\/XR 60 Kapseln \u2013 Life Extension | ecosupplements.ch","description":"Melatonin IR\/XR von Life Extension mit MicroActive\u00ae Technologie \u2013 f\u00fcr k\u00fcrzere Einschlafzeiten. 60 Kapseln, glutenfrei. Jetzt bestellen.","robots":{"index":"index","follow":"follow","max-snippet":"max-snippet:-1","max-image-preview":"max-image-preview:large","max-video-preview":"max-video-preview:-1"},"canonical":"https:\/\/ecosupplements.ch\/?product=melatonin-ir-xr-60-caps","og_locale":"de_DE","og_type":"article","og_title":"Melatonin IR\/XR 60 Kapseln \u2013 Life Extension | ecosupplements.ch","og_description":"Melatonin IR\/XR von Life Extension mit MicroActive\u00ae Technologie \u2013 f\u00fcr k\u00fcrzere Einschlafzeiten. 60 Kapseln, glutenfrei. Jetzt bestellen.","og_url":"https:\/\/ecosupplements.ch\/?product=melatonin-ir-xr-60-caps","og_site_name":"Eco Supplements","article_modified_time":"2026-05-13T07:22:43+00:00","og_image":[{"width":1000,"height":1000,"url":"https:\/\/ecosupplements.ch\/wp-content\/uploads\/2026\/05\/Melatonin-IRXR-60-caps.webp","type":"image\/jpeg"}],"twitter_card":"summary_large_image","twitter_misc":{"Price":"&#67;&#72;&#70;&nbsp;11.15","Availability":"Out of stock"},"schema":{"@context":"https:\/\/schema.org","@graph":[{"@type":"WebPage","@id":"https:\/\/ecosupplements.ch\/?product=melatonin-ir-xr-60-caps","url":"https:\/\/ecosupplements.ch\/?product=melatonin-ir-xr-60-caps","name":"Melatonin IR\/XR 60 Kapseln \u2013 Life Extension | ecosupplements.ch","isPartOf":{"@id":"https:\/\/ecosupplements.ch\/#website"},"primaryImageOfPage":{"@id":"https:\/\/ecosupplements.ch\/?product=melatonin-ir-xr-60-caps#primaryimage"},"image":{"@id":"https:\/\/ecosupplements.ch\/?product=melatonin-ir-xr-60-caps#primaryimage"},"thumbnailUrl":"https:\/\/ecosupplements.ch\/wp-content\/uploads\/2026\/05\/Melatonin-IRXR-60-caps.webp","datePublished":"2026-05-11T14:44:33+00:00","dateModified":"2026-05-13T07:22:43+00:00","description":"Melatonin IR\/XR von Life Extension mit MicroActive\u00ae Technologie \u2013 f\u00fcr k\u00fcrzere Einschlafzeiten. 60 Kapseln, glutenfrei. Jetzt bestellen.","breadcrumb":{"@id":"https:\/\/ecosupplements.ch\/?product=melatonin-ir-xr-60-caps#breadcrumb"},"inLanguage":"de-CH","potentialAction":[{"@type":"ReadAction","target":["https:\/\/ecosupplements.ch\/?product=melatonin-ir-xr-60-caps"]}]},{"@type":"ImageObject","inLanguage":"de-CH","@id":"https:\/\/ecosupplements.ch\/?product=melatonin-ir-xr-60-caps#primaryimage","url":"https:\/\/ecosupplements.ch\/wp-content\/uploads\/2026\/05\/Melatonin-IRXR-60-caps.webp","contentUrl":"https:\/\/ecosupplements.ch\/wp-content\/uploads\/2026\/05\/Melatonin-IRXR-60-caps.webp","width":1000,"height":1000,"caption":"Melatonin IR\/XR - 60 caps"},{"@type":"BreadcrumbList","@id":"https:\/\/ecosupplements.ch\/?product=melatonin-ir-xr-60-caps#breadcrumb","itemListElement":[{"@type":"ListItem","position":1,"name":"Home","item":"https:\/\/ecosupplements.ch\/"},{"@type":"ListItem","position":2,"name":"Shop","item":"https:\/\/ecosupplements.ch\/?page_id=14"},{"@type":"ListItem","position":3,"name":"Melatonin IR\/XR &#8211; 60 caps"}]},{"@type":"WebSite","@id":"https:\/\/ecosupplements.ch\/#website","url":"https:\/\/ecosupplements.ch\/","name":"Eco Supplements","description":"","potentialAction":[{"@type":"SearchAction","target":{"@type":"EntryPoint","urlTemplate":"https:\/\/ecosupplements.ch\/?s={search_term_string}"},"query-input":{"@type":"PropertyValueSpecification","valueRequired":true,"valueName":"search_term_string"}}],"inLanguage":"de-CH"}]},"product_price_amount":"11.15","product_price_currency":"CHF","og_availability":"out of stock","product_availability":"out of stock","product_retailer_item_id":"737870220169","product_condition":"new"},"_links":{"self":[{"href":"https:\/\/ecosupplements.ch\/index.php?rest_route=\/wp\/v2\/product\/3316","targetHints":{"allow":["GET"]}}],"collection":[{"href":"https:\/\/ecosupplements.ch\/index.php?rest_route=\/wp\/v2\/product"}],"about":[{"href":"https:\/\/ecosupplements.ch\/index.php?rest_route=\/wp\/v2\/types\/product"}],"replies":[{"embeddable":true,"href":"https:\/\/ecosupplements.ch\/index.php?rest_route=%2Fwp%2Fv2%2Fcomments&post=3316"}],"wp:featuredmedia":[{"embeddable":true,"href":"https:\/\/ecosupplements.ch\/index.php?rest_route=\/wp\/v2\/media\/3317"}],"wp:attachment":[{"href":"https:\/\/ecosupplements.ch\/index.php?rest_route=%2Fwp%2Fv2%2Fmedia&parent=3316"}],"wp:term":[{"taxonomy":"product_brand","embeddable":true,"href":"https:\/\/ecosupplements.ch\/index.php?rest_route=%2Fwp%2Fv2%2Fproduct_brand&post=3316"},{"taxonomy":"product_cat","embeddable":true,"href":"https:\/\/ecosupplements.ch\/index.php?rest_route=%2Fwp%2Fv2%2Fproduct_cat&post=3316"},{"taxonomy":"product_tag","embeddable":true,"href":"https:\/\/ecosupplements.ch\/index.php?rest_route=%2Fwp%2Fv2%2Fproduct_tag&post=3316"}],"curies":[{"name":"wp","href":"https:\/\/api.w.org\/{rel}","templated":true}]}}