{"id":3374,"date":"2026-05-11T14:45:02","date_gmt":"2026-05-11T14:45:02","guid":{"rendered":"https:\/\/ecosupplements.ch\/?product=super-ubiquinol-coq10-with-enhanced-mitochondrial-support-100mg-30-softgels"},"modified":"2026-05-13T07:22:46","modified_gmt":"2026-05-13T07:22:46","slug":"super-ubiquinol-coq10-with-enhanced-mitochondrial-support-100mg-30-softgels","status":"publish","type":"product","link":"https:\/\/ecosupplements.ch\/?product=super-ubiquinol-coq10-with-enhanced-mitochondrial-support-100mg-30-softgels","title":{"rendered":"Super Ubiquinol CoQ10 with Enhanced Mitochondrial Support, 100mg &#8211; 30 softgels"},"content":{"rendered":"<div class=\"chcg-product-description\">\n<h2 class=\"chcg-heading\">\u00dcber Life Extension \u2013 Super Ubiquinol CoQ10 mit verbesserter Mitochondrien-Unterst\u00fctzung, 100mg \u2013 30 Softgels<\/h2>\n<div class=\"chcg-intro\">\n<p>Ubiquinol ist die aktive, reduzierte Form von Coenzym Q10 (CoQ10) und gilt als besonders bioverf\u00fcgbar. Als zentraler Bestandteil der Mitochondrien spielt CoQ10 eine wichtige Rolle bei der Energiegewinnung in den Zellen. Life Extension setzt bei diesem Produkt auf Kaneka Ubiquinol \u2013 einen der bekanntesten und am besten erforschten Ubiquinol-Rohstoffe weltweit.<\/p>\n<p>Erg\u00e4nzt wird die Formel durch PrimaVie Shilajit, einen standardisierten Fulvins\u00e4ure-Komplex, der aus dem Himalaya stammt und traditionell in der ayurvedischen Medizin verwendet wird. Die Kombination aus Ubiquinol und PrimaVie Shilajit zielt darauf ab, die zellul\u00e4re Energieversorgung umfassend zu unterst\u00fctzen.<\/p>\n<p>Jeder Softgel liefert 100 mg Ubiquinol sowie 100 mg PrimaVie Shilajit fulvic acid complex. Die Softgel-Form mit Sonnenblumen\u00f6l f\u00f6rdert die Aufnahme dieser fettl\u00f6slichen Verbindung. Dieses Produkt ist ideal f\u00fcr Personen, die ihre mitochondriale Funktion und ihr allgemeines Wohlbefinden gezielt unterst\u00fctzen m\u00f6chten.<\/p>\n<\/p><\/div>\n<div class=\"chcg-nutrition\">\n<h3>N\u00e4hrwertangaben<\/h3>\n<table class=\"chcg-nutrition-table\">\n<thead>\n<tr>\n<th>N\u00e4hrstoff<\/th>\n<th>Pro Portion (1 Softgel)<\/th>\n<\/tr>\n<\/thead>\n<tbody>\n<tr>\n<td>Kalorien<\/td>\n<td>5<\/td>\n<\/tr>\n<tr>\n<td>Gesamtfett<\/td>\n<td>0,5 g<\/td>\n<\/tr>\n<tr>\n<td>Ubiquinol (als Kaneka Ubiquinol)<\/td>\n<td>100 mg<\/td>\n<\/tr>\n<tr>\n<td>PrimaVie Shilajit fulvic acid complex<\/td>\n<td>100 mg<\/td>\n<\/tr>\n<\/tbody>\n<\/table>\n<p class=\"chcg-footnote\">* Kein festgelegter Tagesreferenzwert vorhanden.<\/p>\n<\/p><\/div>\n<div class=\"chcg-ingredients\">\n<h3>Zutaten<\/h3>\n<p>Ubiquinol (als Kaneka Ubiquinol) 100 mg, PrimaVie Shilajit fulvic acid complex 100 mg. Weitere Zutaten: Sonnenblumen\u00f6l, Gelatine, Glycerin, gereinigtes Wasser, Bienenwachs, Sonnenblumenlecithin, Annatto-Farbstoff.<\/p>\n<p class=\"chcg-capsule-shell\">Kapselh\u00fclle: Gelatine, Glycerin, gereinigtes Wasser.<\/p>\n<\/p><\/div>\n<div class=\"chcg-dosage\">\n<h3>Verzehrempfehlung<\/h3>\n<p>T\u00e4glich einen (1) Softgel zu einer Mahlzeit einnehmen oder gem\u00e4ss Empfehlung einer Fachperson f\u00fcr Gesundheitsberufe.<\/p>\n<\/p><\/div>\n<div class=\"chcg-warnings\">\n<h3>Warnhinweise<\/h3>\n<p>Ausserhalb der Reichweite von Kindern aufbewahren. Die empfohlene Tagesdosis nicht \u00fcberschreiten. Nicht kaufen, wenn die \u00e4ussere Versiegelung gebrochen oder besch\u00e4digt ist. Bei der Einnahme von Nahrungserg\u00e4nzungsmitteln wird empfohlen, einen Arzt zu konsultieren, wenn eine medizinische Behandlung stattfindet oder wenn Schwangerschaft oder Stillzeit vorliegt.<\/p>\n<\/p><\/div>\n<div class=\"chcg-allergens\">\n<h3>Allergeninformationen<\/h3>\n<p>Auf dem Etikett sind keine Allergene explizit deklariert. Das Produkt enth\u00e4lt Gelatine (tierischen Ursprungs) sowie Sonnenblumenlecithin (aus Sonnenblume, nicht aus Soja). Personen mit entsprechenden Unvertr\u00e4glichkeiten werden gebeten, die Zutatenliste sorgf\u00e4ltig zu pr\u00fcfen.<\/p>\n<\/p><\/div>\n<div class=\"chcg-dietary\">\n<h3>Ern\u00e4hrungshinweise<\/h3>\n<ul>\n<li>Laktosefrei<\/li>\n<\/ul><\/div>\n<\/div>\n","protected":false},"excerpt":{"rendered":"<p>Super Ubiquinol CoQ10 von Life Extension liefert 100 mg Kaneka Ubiquinol plus PrimaVie Shilajit zur Unterst\u00fctzung der zellul\u00e4ren Energie und Mitochondrienfunktion. Erh\u00e4ltlich als Softgel, 30 St\u00fcck pro Packung.<\/p>\n","protected":false},"featured_media":3375,"comment_status":"closed","ping_status":"open","template":"","meta":[],"product_brand":[202],"product_cat":[34,48,25],"product_tag":[],"class_list":{"0":"post-3374","1":"product","2":"type-product","3":"status-publish","4":"has-post-thumbnail","6":"product_brand-life-extension","7":"product_cat-antioxidantien","8":"product_cat-gesunde-ernaehrung","9":"product_cat-gesundheit-und-wohlbefinden","11":"first","12":"outofstock","13":"taxable","14":"shipping-taxable","15":"purchasable","16":"product-type-simple"},"yoast_head":"<!-- This site is optimized with the Yoast SEO plugin v27.5 - https:\/\/yoast.com\/product\/yoast-seo-wordpress\/ -->\n<title>Super Ubiquinol CoQ10 100mg \u2013 Life Extension | ecosupplements.ch<\/title>\n<meta name=\"description\" content=\"Unterst\u00fctzt die mitochondriale Energieversorgung mit 100 mg Kaneka Ubiquinol und PrimaVie Shilajit \u2013 30 Softgels von Life Extension. Jetzt bestellen.\" \/>\n<meta name=\"robots\" content=\"index, follow, max-snippet:-1, max-image-preview:large, max-video-preview:-1\" \/>\n<link rel=\"canonical\" href=\"https:\/\/ecosupplements.ch\/?product=super-ubiquinol-coq10-with-enhanced-mitochondrial-support-100mg-30-softgels\" \/>\n<meta property=\"og:locale\" content=\"de_DE\" \/>\n<meta property=\"og:type\" content=\"article\" \/>\n<meta property=\"og:title\" content=\"Super Ubiquinol CoQ10 100mg \u2013 Life Extension | ecosupplements.ch\" \/>\n<meta property=\"og:description\" content=\"Unterst\u00fctzt die mitochondriale Energieversorgung mit 100 mg Kaneka Ubiquinol und PrimaVie Shilajit \u2013 30 Softgels von Life Extension. Jetzt bestellen.\" \/>\n<meta property=\"og:url\" content=\"https:\/\/ecosupplements.ch\/?product=super-ubiquinol-coq10-with-enhanced-mitochondrial-support-100mg-30-softgels\" \/>\n<meta property=\"og:site_name\" content=\"Eco Supplements\" \/>\n<meta property=\"article:modified_time\" content=\"2026-05-13T07:22:46+00:00\" \/>\n<meta property=\"og:image\" content=\"https:\/\/ecosupplements.ch\/wp-content\/uploads\/2026\/05\/Super-Ubiquinol-CoQ10-with-Enhanced-Mitochondrial-Support-100mg-30-softgels.webp\" \/>\n\t<meta property=\"og:image:width\" content=\"1000\" \/>\n\t<meta property=\"og:image:height\" content=\"1000\" \/>\n\t<meta property=\"og:image:type\" content=\"image\/jpeg\" \/>\n<meta name=\"twitter:card\" content=\"summary_large_image\" \/>\n<meta name=\"twitter:label1\" content=\"Price\" \/>\n\t<meta name=\"twitter:data1\" content=\"&#067;&#072;&#070;&nbsp;30.71\" \/>\n\t<meta name=\"twitter:label2\" content=\"Availability\" \/>\n\t<meta name=\"twitter:data2\" content=\"Out of stock\" \/>\n<script type=\"application\/ld+json\" class=\"yoast-schema-graph\">{\"@context\":\"https:\\\/\\\/schema.org\",\"@graph\":[{\"@type\":\"WebPage\",\"@id\":\"https:\\\/\\\/ecosupplements.ch\\\/?product=super-ubiquinol-coq10-with-enhanced-mitochondrial-support-100mg-30-softgels\",\"url\":\"https:\\\/\\\/ecosupplements.ch\\\/?product=super-ubiquinol-coq10-with-enhanced-mitochondrial-support-100mg-30-softgels\",\"name\":\"Super Ubiquinol CoQ10 100mg \u2013 Life Extension | ecosupplements.ch\",\"isPartOf\":{\"@id\":\"https:\\\/\\\/ecosupplements.ch\\\/#website\"},\"primaryImageOfPage\":{\"@id\":\"https:\\\/\\\/ecosupplements.ch\\\/?product=super-ubiquinol-coq10-with-enhanced-mitochondrial-support-100mg-30-softgels#primaryimage\"},\"image\":{\"@id\":\"https:\\\/\\\/ecosupplements.ch\\\/?product=super-ubiquinol-coq10-with-enhanced-mitochondrial-support-100mg-30-softgels#primaryimage\"},\"thumbnailUrl\":\"https:\\\/\\\/ecosupplements.ch\\\/wp-content\\\/uploads\\\/2026\\\/05\\\/Super-Ubiquinol-CoQ10-with-Enhanced-Mitochondrial-Support-100mg-30-softgels.webp\",\"datePublished\":\"2026-05-11T14:45:02+00:00\",\"dateModified\":\"2026-05-13T07:22:46+00:00\",\"description\":\"Unterst\u00fctzt die mitochondriale Energieversorgung mit 100 mg Kaneka Ubiquinol und PrimaVie Shilajit \u2013 30 Softgels von Life Extension. Jetzt bestellen.\",\"breadcrumb\":{\"@id\":\"https:\\\/\\\/ecosupplements.ch\\\/?product=super-ubiquinol-coq10-with-enhanced-mitochondrial-support-100mg-30-softgels#breadcrumb\"},\"inLanguage\":\"de-CH\",\"potentialAction\":[{\"@type\":\"ReadAction\",\"target\":[\"https:\\\/\\\/ecosupplements.ch\\\/?product=super-ubiquinol-coq10-with-enhanced-mitochondrial-support-100mg-30-softgels\"]}]},{\"@type\":\"ImageObject\",\"inLanguage\":\"de-CH\",\"@id\":\"https:\\\/\\\/ecosupplements.ch\\\/?product=super-ubiquinol-coq10-with-enhanced-mitochondrial-support-100mg-30-softgels#primaryimage\",\"url\":\"https:\\\/\\\/ecosupplements.ch\\\/wp-content\\\/uploads\\\/2026\\\/05\\\/Super-Ubiquinol-CoQ10-with-Enhanced-Mitochondrial-Support-100mg-30-softgels.webp\",\"contentUrl\":\"https:\\\/\\\/ecosupplements.ch\\\/wp-content\\\/uploads\\\/2026\\\/05\\\/Super-Ubiquinol-CoQ10-with-Enhanced-Mitochondrial-Support-100mg-30-softgels.webp\",\"width\":1000,\"height\":1000,\"caption\":\"Super Ubiquinol CoQ10 with Enhanced Mitochondrial Support\"},{\"@type\":\"BreadcrumbList\",\"@id\":\"https:\\\/\\\/ecosupplements.ch\\\/?product=super-ubiquinol-coq10-with-enhanced-mitochondrial-support-100mg-30-softgels#breadcrumb\",\"itemListElement\":[{\"@type\":\"ListItem\",\"position\":1,\"name\":\"Home\",\"item\":\"https:\\\/\\\/ecosupplements.ch\\\/\"},{\"@type\":\"ListItem\",\"position\":2,\"name\":\"Shop\",\"item\":\"https:\\\/\\\/ecosupplements.ch\\\/?page_id=14\"},{\"@type\":\"ListItem\",\"position\":3,\"name\":\"Super Ubiquinol CoQ10 with Enhanced Mitochondrial Support, 100mg &#8211; 30 softgels\"}]},{\"@type\":\"WebSite\",\"@id\":\"https:\\\/\\\/ecosupplements.ch\\\/#website\",\"url\":\"https:\\\/\\\/ecosupplements.ch\\\/\",\"name\":\"Eco Supplements\",\"description\":\"\",\"potentialAction\":[{\"@type\":\"SearchAction\",\"target\":{\"@type\":\"EntryPoint\",\"urlTemplate\":\"https:\\\/\\\/ecosupplements.ch\\\/?s={search_term_string}\"},\"query-input\":{\"@type\":\"PropertyValueSpecification\",\"valueRequired\":true,\"valueName\":\"search_term_string\"}}],\"inLanguage\":\"de-CH\"}]}<\/script>\n<meta property=\"product:price:amount\" content=\"30.71\" \/>\n<meta property=\"product:price:currency\" content=\"CHF\" \/>\n<meta property=\"og:availability\" content=\"out of stock\" \/>\n<meta property=\"product:availability\" content=\"out of stock\" \/>\n<meta property=\"product:retailer_item_id\" content=\"737870143734\" \/>\n<meta property=\"product:condition\" content=\"new\" \/>\n<!-- \/ Yoast SEO plugin. -->","yoast_head_json":{"title":"Super Ubiquinol CoQ10 100mg \u2013 Life Extension | ecosupplements.ch","description":"Unterst\u00fctzt die mitochondriale Energieversorgung mit 100 mg Kaneka Ubiquinol und PrimaVie Shilajit \u2013 30 Softgels von Life Extension. Jetzt bestellen.","robots":{"index":"index","follow":"follow","max-snippet":"max-snippet:-1","max-image-preview":"max-image-preview:large","max-video-preview":"max-video-preview:-1"},"canonical":"https:\/\/ecosupplements.ch\/?product=super-ubiquinol-coq10-with-enhanced-mitochondrial-support-100mg-30-softgels","og_locale":"de_DE","og_type":"article","og_title":"Super Ubiquinol CoQ10 100mg \u2013 Life Extension | ecosupplements.ch","og_description":"Unterst\u00fctzt die mitochondriale Energieversorgung mit 100 mg Kaneka Ubiquinol und PrimaVie Shilajit \u2013 30 Softgels von Life Extension. Jetzt bestellen.","og_url":"https:\/\/ecosupplements.ch\/?product=super-ubiquinol-coq10-with-enhanced-mitochondrial-support-100mg-30-softgels","og_site_name":"Eco Supplements","article_modified_time":"2026-05-13T07:22:46+00:00","og_image":[{"width":1000,"height":1000,"url":"https:\/\/ecosupplements.ch\/wp-content\/uploads\/2026\/05\/Super-Ubiquinol-CoQ10-with-Enhanced-Mitochondrial-Support-100mg-30-softgels.webp","type":"image\/jpeg"}],"twitter_card":"summary_large_image","twitter_misc":{"Price":"&#67;&#72;&#70;&nbsp;30.71","Availability":"Out of stock"},"schema":{"@context":"https:\/\/schema.org","@graph":[{"@type":"WebPage","@id":"https:\/\/ecosupplements.ch\/?product=super-ubiquinol-coq10-with-enhanced-mitochondrial-support-100mg-30-softgels","url":"https:\/\/ecosupplements.ch\/?product=super-ubiquinol-coq10-with-enhanced-mitochondrial-support-100mg-30-softgels","name":"Super Ubiquinol CoQ10 100mg \u2013 Life Extension | ecosupplements.ch","isPartOf":{"@id":"https:\/\/ecosupplements.ch\/#website"},"primaryImageOfPage":{"@id":"https:\/\/ecosupplements.ch\/?product=super-ubiquinol-coq10-with-enhanced-mitochondrial-support-100mg-30-softgels#primaryimage"},"image":{"@id":"https:\/\/ecosupplements.ch\/?product=super-ubiquinol-coq10-with-enhanced-mitochondrial-support-100mg-30-softgels#primaryimage"},"thumbnailUrl":"https:\/\/ecosupplements.ch\/wp-content\/uploads\/2026\/05\/Super-Ubiquinol-CoQ10-with-Enhanced-Mitochondrial-Support-100mg-30-softgels.webp","datePublished":"2026-05-11T14:45:02+00:00","dateModified":"2026-05-13T07:22:46+00:00","description":"Unterst\u00fctzt die mitochondriale Energieversorgung mit 100 mg Kaneka Ubiquinol und PrimaVie Shilajit \u2013 30 Softgels von Life Extension. Jetzt bestellen.","breadcrumb":{"@id":"https:\/\/ecosupplements.ch\/?product=super-ubiquinol-coq10-with-enhanced-mitochondrial-support-100mg-30-softgels#breadcrumb"},"inLanguage":"de-CH","potentialAction":[{"@type":"ReadAction","target":["https:\/\/ecosupplements.ch\/?product=super-ubiquinol-coq10-with-enhanced-mitochondrial-support-100mg-30-softgels"]}]},{"@type":"ImageObject","inLanguage":"de-CH","@id":"https:\/\/ecosupplements.ch\/?product=super-ubiquinol-coq10-with-enhanced-mitochondrial-support-100mg-30-softgels#primaryimage","url":"https:\/\/ecosupplements.ch\/wp-content\/uploads\/2026\/05\/Super-Ubiquinol-CoQ10-with-Enhanced-Mitochondrial-Support-100mg-30-softgels.webp","contentUrl":"https:\/\/ecosupplements.ch\/wp-content\/uploads\/2026\/05\/Super-Ubiquinol-CoQ10-with-Enhanced-Mitochondrial-Support-100mg-30-softgels.webp","width":1000,"height":1000,"caption":"Super Ubiquinol CoQ10 with Enhanced Mitochondrial Support"},{"@type":"BreadcrumbList","@id":"https:\/\/ecosupplements.ch\/?product=super-ubiquinol-coq10-with-enhanced-mitochondrial-support-100mg-30-softgels#breadcrumb","itemListElement":[{"@type":"ListItem","position":1,"name":"Home","item":"https:\/\/ecosupplements.ch\/"},{"@type":"ListItem","position":2,"name":"Shop","item":"https:\/\/ecosupplements.ch\/?page_id=14"},{"@type":"ListItem","position":3,"name":"Super Ubiquinol CoQ10 with Enhanced Mitochondrial Support, 100mg &#8211; 30 softgels"}]},{"@type":"WebSite","@id":"https:\/\/ecosupplements.ch\/#website","url":"https:\/\/ecosupplements.ch\/","name":"Eco Supplements","description":"","potentialAction":[{"@type":"SearchAction","target":{"@type":"EntryPoint","urlTemplate":"https:\/\/ecosupplements.ch\/?s={search_term_string}"},"query-input":{"@type":"PropertyValueSpecification","valueRequired":true,"valueName":"search_term_string"}}],"inLanguage":"de-CH"}]},"product_price_amount":"30.71","product_price_currency":"CHF","og_availability":"out of stock","product_availability":"out of stock","product_retailer_item_id":"737870143734","product_condition":"new"},"_links":{"self":[{"href":"https:\/\/ecosupplements.ch\/index.php?rest_route=\/wp\/v2\/product\/3374","targetHints":{"allow":["GET"]}}],"collection":[{"href":"https:\/\/ecosupplements.ch\/index.php?rest_route=\/wp\/v2\/product"}],"about":[{"href":"https:\/\/ecosupplements.ch\/index.php?rest_route=\/wp\/v2\/types\/product"}],"replies":[{"embeddable":true,"href":"https:\/\/ecosupplements.ch\/index.php?rest_route=%2Fwp%2Fv2%2Fcomments&post=3374"}],"wp:featuredmedia":[{"embeddable":true,"href":"https:\/\/ecosupplements.ch\/index.php?rest_route=\/wp\/v2\/media\/3375"}],"wp:attachment":[{"href":"https:\/\/ecosupplements.ch\/index.php?rest_route=%2Fwp%2Fv2%2Fmedia&parent=3374"}],"wp:term":[{"taxonomy":"product_brand","embeddable":true,"href":"https:\/\/ecosupplements.ch\/index.php?rest_route=%2Fwp%2Fv2%2Fproduct_brand&post=3374"},{"taxonomy":"product_cat","embeddable":true,"href":"https:\/\/ecosupplements.ch\/index.php?rest_route=%2Fwp%2Fv2%2Fproduct_cat&post=3374"},{"taxonomy":"product_tag","embeddable":true,"href":"https:\/\/ecosupplements.ch\/index.php?rest_route=%2Fwp%2Fv2%2Fproduct_tag&post=3374"}],"curies":[{"name":"wp","href":"https:\/\/api.w.org\/{rel}","templated":true}]}}