{"id":3431,"date":"2026-05-11T14:45:30","date_gmt":"2026-05-11T14:45:30","guid":{"rendered":"https:\/\/ecosupplements.ch\/?product=ashwagandha-extract-450mg-180-vcaps"},"modified":"2026-05-13T07:22:55","modified_gmt":"2026-05-13T07:22:55","slug":"ashwagandha-extract-450mg-180-vcaps","status":"publish","type":"product","link":"https:\/\/ecosupplements.ch\/?product=ashwagandha-extract-450mg-180-vcaps","title":{"rendered":"Ashwagandha Extract, 450mg &#8211; 180 vcaps"},"content":{"rendered":"<div class=\"chcg-product-description\">\n<h2 class=\"chcg-heading\">\u00dcber NOW Foods \u2013 Ashwagandha Extract, 450mg \u2013 180 Vcaps<\/h2>\n<div class=\"chcg-intro\">\n<p>Ashwagandha (<em>Withania somnifera<\/em>) ist eine der bekanntesten Heilpflanzen der ayurvedischen Tradition und wird seit Jahrhunderten zur Unterst\u00fctzung von Wohlbefinden und innerer Balance gesch\u00e4tzt. NOW Foods liefert mit diesem Produkt einen hochwertigen Wurzelextrakt mit einem garantierten Gehalt von mindestens 2,5 % Withanoliden \u2013 den massgeblichen Wirkstoffen der Pflanze \u2013, standardisiert auf 11 mg pro Kapsel.<\/p>\n<p>Jede vegetarische Kapsel enth\u00e4lt 450 mg Ashwagandha-Wurzelextrakt. Die sorgf\u00e4ltig ausgew\u00e4hlte Extraktform stellt sicher, dass Sie pro Portion eine konsistente Menge an Withanoliden erhalten. Das Produkt ist frei von unn\u00f6tigen Zusatzstoffen und wird in einer GMP-zertifizierten Produktionsst\u00e4tte hergestellt.<\/p>\n<p>Mit 180 vegetarischen Kapseln pro Packung bietet dieses Produkt bei der empfohlenen Dosierung von 1 bis 3 Kapseln t\u00e4glich einen Vorrat f\u00fcr mehrere Wochen. Es eignet sich f\u00fcr Veganer und Vegetarier und ist frei von Gluten und Laktose.<\/p>\n<\/p><\/div>\n<div class=\"chcg-nutrition\">\n<h3>N\u00e4hrwertangaben<\/h3>\n<table class=\"chcg-nutrition-table\">\n<thead>\n<tr>\n<th>N\u00e4hrstoff<\/th>\n<th>Pro Portion (1 Kapsel)<\/th>\n<\/tr>\n<\/thead>\n<tbody>\n<tr>\n<td>Ashwagandha Extract (<em>Withania somnifera<\/em>) (Wurzel)<\/td>\n<td>450 mg*<\/td>\n<\/tr>\n<tr>\n<td>\u2013 davon: Gesamt-Withanolide (min. 2,5 %)<\/td>\n<td>11 mg*<\/td>\n<\/tr>\n<\/tbody>\n<\/table>\n<p class=\"chcg-footnote\">* Kein festgelegter Tagesreferenzwert vorhanden.<\/p>\n<\/p><\/div>\n<div class=\"chcg-ingredients\">\n<h3>Zutaten<\/h3>\n<p>Ashwagandha Extract (<em>Withania somnifera<\/em>) (Wurzel) 450 mg (min. 2,5 % Gesamt-Withanolide \u2013 11 mg), Stearins\u00e4ure (pflanzliche Quelle), Reismehl.<\/p>\n<p class=\"chcg-capsule-shell\">Kapselh\u00fclle: Hypromellose (Zellulosekapse)<\/p>\n<\/p><\/div>\n<div class=\"chcg-dosage\">\n<h3>Verzehrempfehlung<\/h3>\n<p>T\u00e4glich 1 Kapsel 2 bis 3 Mal einnehmen.<\/p>\n<\/p><\/div>\n<div class=\"chcg-warnings\">\n<h3>Warnhinweise<\/h3>\n<p>Nur f\u00fcr Erwachsene. Nicht empfohlen f\u00fcr Schwangere oder stillende Frauen. Konsultieren Sie einen Arzt, wenn Sie Medikamente einnehmen (insbesondere Schilddr\u00fcsenhormone) oder an einer Erkrankung leiden (insbesondere Erkrankungen der Schilddr\u00fcse, der Leber oder des Magen-Darm-Trakts, einschliesslich Magengeschw\u00fcre). Dieses Produkt kann bei empfindlichen Personen Verdauungsbeschwerden verursachen. Sollten nach der Einnahme Magen-Darm-Beschwerden auftreten, ist die Verwendung zu unterbrechen. Bei Auftreten von Hautausschlag oder Juckreiz ist die Einnahme sofort einzustellen. Ausserhalb der Reichweite von Kindern aufbewahren.<\/p>\n<\/p><\/div>\n<div class=\"chcg-allergens\">\n<h3>Allergeninformationen<\/h3>\n<p>Nicht hergestellt mit Hefe, Weizen, Gluten, Soja, Milch, Ei, Fisch, Schalentieren, Baumn\u00fcssen oder Sesam. Produziert in einer GMP-Anlage, die andere Zutaten verarbeitet, die diese Allergene enthalten k\u00f6nnen.<\/p>\n<\/p><\/div>\n<div class=\"chcg-storage\">\n<h3>Lagerung<\/h3>\n<p>Nach dem \u00d6ffnen an einem k\u00fchlen, trockenen Ort aufbewahren.<\/p>\n<\/p><\/div>\n<div class=\"chcg-dietary\">\n<h3>Ern\u00e4hrungshinweise<\/h3>\n<ul>\n<li>Vegan<\/li>\n<li>Vegetarisch<\/li>\n<li>Glutenfrei<\/li>\n<li>Laktosefrei<\/li>\n<\/ul><\/div>\n<\/div>\n","protected":false},"excerpt":{"rendered":"<p>NOW Foods Ashwagandha Extract liefert 450 mg standardisierten Wurzelextrakt mit min. 2,5 % Withanoliden pro vegetarischer Kapsel. Die Packung enth\u00e4lt 180 Vcaps \u2013 vegan, glutenfrei und laktosefrei.<\/p>\n","protected":false},"featured_media":3432,"comment_status":"closed","ping_status":"open","template":"","meta":[],"product_brand":[454],"product_cat":[116,48,25,22,21],"product_tag":[],"class_list":{"0":"post-3431","1":"product","2":"type-product","3":"status-publish","4":"has-post-thumbnail","6":"product_brand-nownow-foods","7":"product_cat-ashwagandha","8":"product_cat-gesunde-ernaehrung","9":"product_cat-gesundheit-und-wohlbefinden","10":"product_cat-vegane-produkte","11":"product_cat-vitamine-und-mineralstoffe","13":"first","14":"outofstock","15":"taxable","16":"shipping-taxable","17":"purchasable","18":"product-type-simple"},"yoast_head":"<!-- This site is optimized with the Yoast SEO plugin v27.5 - https:\/\/yoast.com\/product\/yoast-seo-wordpress\/ -->\n<title>Ashwagandha Extract 450mg \u2013 NOW Foods | ecosupplements.ch<\/title>\n<meta name=\"description\" content=\"NOW Foods Ashwagandha Extract, 450mg \u2013 180 vegetarische Kapseln mit standardisierten Withanoliden, vegan und glutenfrei. Jetzt bestellen.\" \/>\n<meta name=\"robots\" content=\"index, follow, max-snippet:-1, max-image-preview:large, max-video-preview:-1\" \/>\n<link rel=\"canonical\" href=\"https:\/\/ecosupplements.ch\/?product=ashwagandha-extract-450mg-180-vcaps\" \/>\n<meta property=\"og:locale\" content=\"de_DE\" \/>\n<meta property=\"og:type\" content=\"article\" \/>\n<meta property=\"og:title\" content=\"Ashwagandha Extract 450mg \u2013 NOW Foods | ecosupplements.ch\" \/>\n<meta property=\"og:description\" content=\"NOW Foods Ashwagandha Extract, 450mg \u2013 180 vegetarische Kapseln mit standardisierten Withanoliden, vegan und glutenfrei. Jetzt bestellen.\" \/>\n<meta property=\"og:url\" content=\"https:\/\/ecosupplements.ch\/?product=ashwagandha-extract-450mg-180-vcaps\" \/>\n<meta property=\"og:site_name\" content=\"Eco Supplements\" \/>\n<meta property=\"article:modified_time\" content=\"2026-05-13T07:22:55+00:00\" \/>\n<meta property=\"og:image\" content=\"https:\/\/ecosupplements.ch\/wp-content\/uploads\/2026\/05\/Ashwagandha-Extract-450mg-180-vcaps.webp\" \/>\n\t<meta property=\"og:image:width\" content=\"1000\" \/>\n\t<meta property=\"og:image:height\" content=\"1000\" \/>\n\t<meta property=\"og:image:type\" content=\"image\/jpeg\" \/>\n<meta name=\"twitter:card\" content=\"summary_large_image\" \/>\n<meta name=\"twitter:label1\" content=\"Price\" \/>\n\t<meta name=\"twitter:data1\" content=\"&#067;&#072;&#070;&nbsp;22.36\" \/>\n\t<meta name=\"twitter:label2\" content=\"Availability\" \/>\n\t<meta name=\"twitter:data2\" content=\"Out of stock\" \/>\n<script type=\"application\/ld+json\" class=\"yoast-schema-graph\">{\"@context\":\"https:\\\/\\\/schema.org\",\"@graph\":[{\"@type\":\"WebPage\",\"@id\":\"https:\\\/\\\/ecosupplements.ch\\\/?product=ashwagandha-extract-450mg-180-vcaps\",\"url\":\"https:\\\/\\\/ecosupplements.ch\\\/?product=ashwagandha-extract-450mg-180-vcaps\",\"name\":\"Ashwagandha Extract 450mg \u2013 NOW Foods | ecosupplements.ch\",\"isPartOf\":{\"@id\":\"https:\\\/\\\/ecosupplements.ch\\\/#website\"},\"primaryImageOfPage\":{\"@id\":\"https:\\\/\\\/ecosupplements.ch\\\/?product=ashwagandha-extract-450mg-180-vcaps#primaryimage\"},\"image\":{\"@id\":\"https:\\\/\\\/ecosupplements.ch\\\/?product=ashwagandha-extract-450mg-180-vcaps#primaryimage\"},\"thumbnailUrl\":\"https:\\\/\\\/ecosupplements.ch\\\/wp-content\\\/uploads\\\/2026\\\/05\\\/Ashwagandha-Extract-450mg-180-vcaps.webp\",\"datePublished\":\"2026-05-11T14:45:30+00:00\",\"dateModified\":\"2026-05-13T07:22:55+00:00\",\"description\":\"NOW Foods Ashwagandha Extract, 450mg \u2013 180 vegetarische Kapseln mit standardisierten Withanoliden, vegan und glutenfrei. Jetzt bestellen.\",\"breadcrumb\":{\"@id\":\"https:\\\/\\\/ecosupplements.ch\\\/?product=ashwagandha-extract-450mg-180-vcaps#breadcrumb\"},\"inLanguage\":\"de-CH\",\"potentialAction\":[{\"@type\":\"ReadAction\",\"target\":[\"https:\\\/\\\/ecosupplements.ch\\\/?product=ashwagandha-extract-450mg-180-vcaps\"]}]},{\"@type\":\"ImageObject\",\"inLanguage\":\"de-CH\",\"@id\":\"https:\\\/\\\/ecosupplements.ch\\\/?product=ashwagandha-extract-450mg-180-vcaps#primaryimage\",\"url\":\"https:\\\/\\\/ecosupplements.ch\\\/wp-content\\\/uploads\\\/2026\\\/05\\\/Ashwagandha-Extract-450mg-180-vcaps.webp\",\"contentUrl\":\"https:\\\/\\\/ecosupplements.ch\\\/wp-content\\\/uploads\\\/2026\\\/05\\\/Ashwagandha-Extract-450mg-180-vcaps.webp\",\"width\":1000,\"height\":1000,\"caption\":\"Ashwagandha Extract\"},{\"@type\":\"BreadcrumbList\",\"@id\":\"https:\\\/\\\/ecosupplements.ch\\\/?product=ashwagandha-extract-450mg-180-vcaps#breadcrumb\",\"itemListElement\":[{\"@type\":\"ListItem\",\"position\":1,\"name\":\"Home\",\"item\":\"https:\\\/\\\/ecosupplements.ch\\\/\"},{\"@type\":\"ListItem\",\"position\":2,\"name\":\"Shop\",\"item\":\"https:\\\/\\\/ecosupplements.ch\\\/?page_id=14\"},{\"@type\":\"ListItem\",\"position\":3,\"name\":\"Ashwagandha Extract, 450mg &#8211; 180 vcaps\"}]},{\"@type\":\"WebSite\",\"@id\":\"https:\\\/\\\/ecosupplements.ch\\\/#website\",\"url\":\"https:\\\/\\\/ecosupplements.ch\\\/\",\"name\":\"Eco Supplements\",\"description\":\"\",\"potentialAction\":[{\"@type\":\"SearchAction\",\"target\":{\"@type\":\"EntryPoint\",\"urlTemplate\":\"https:\\\/\\\/ecosupplements.ch\\\/?s={search_term_string}\"},\"query-input\":{\"@type\":\"PropertyValueSpecification\",\"valueRequired\":true,\"valueName\":\"search_term_string\"}}],\"inLanguage\":\"de-CH\"}]}<\/script>\n<meta property=\"product:price:amount\" content=\"22.36\" \/>\n<meta property=\"product:price:currency\" content=\"CHF\" \/>\n<meta property=\"og:availability\" content=\"out of stock\" \/>\n<meta property=\"product:availability\" content=\"out of stock\" \/>\n<meta property=\"product:retailer_item_id\" content=\"733739045935\" \/>\n<meta property=\"product:condition\" content=\"new\" \/>\n<!-- \/ Yoast SEO plugin. -->","yoast_head_json":{"title":"Ashwagandha Extract 450mg \u2013 NOW Foods | ecosupplements.ch","description":"NOW Foods Ashwagandha Extract, 450mg \u2013 180 vegetarische Kapseln mit standardisierten Withanoliden, vegan und glutenfrei. Jetzt bestellen.","robots":{"index":"index","follow":"follow","max-snippet":"max-snippet:-1","max-image-preview":"max-image-preview:large","max-video-preview":"max-video-preview:-1"},"canonical":"https:\/\/ecosupplements.ch\/?product=ashwagandha-extract-450mg-180-vcaps","og_locale":"de_DE","og_type":"article","og_title":"Ashwagandha Extract 450mg \u2013 NOW Foods | ecosupplements.ch","og_description":"NOW Foods Ashwagandha Extract, 450mg \u2013 180 vegetarische Kapseln mit standardisierten Withanoliden, vegan und glutenfrei. Jetzt bestellen.","og_url":"https:\/\/ecosupplements.ch\/?product=ashwagandha-extract-450mg-180-vcaps","og_site_name":"Eco Supplements","article_modified_time":"2026-05-13T07:22:55+00:00","og_image":[{"width":1000,"height":1000,"url":"https:\/\/ecosupplements.ch\/wp-content\/uploads\/2026\/05\/Ashwagandha-Extract-450mg-180-vcaps.webp","type":"image\/jpeg"}],"twitter_card":"summary_large_image","twitter_misc":{"Price":"&#67;&#72;&#70;&nbsp;22.36","Availability":"Out of stock"},"schema":{"@context":"https:\/\/schema.org","@graph":[{"@type":"WebPage","@id":"https:\/\/ecosupplements.ch\/?product=ashwagandha-extract-450mg-180-vcaps","url":"https:\/\/ecosupplements.ch\/?product=ashwagandha-extract-450mg-180-vcaps","name":"Ashwagandha Extract 450mg \u2013 NOW Foods | ecosupplements.ch","isPartOf":{"@id":"https:\/\/ecosupplements.ch\/#website"},"primaryImageOfPage":{"@id":"https:\/\/ecosupplements.ch\/?product=ashwagandha-extract-450mg-180-vcaps#primaryimage"},"image":{"@id":"https:\/\/ecosupplements.ch\/?product=ashwagandha-extract-450mg-180-vcaps#primaryimage"},"thumbnailUrl":"https:\/\/ecosupplements.ch\/wp-content\/uploads\/2026\/05\/Ashwagandha-Extract-450mg-180-vcaps.webp","datePublished":"2026-05-11T14:45:30+00:00","dateModified":"2026-05-13T07:22:55+00:00","description":"NOW Foods Ashwagandha Extract, 450mg \u2013 180 vegetarische Kapseln mit standardisierten Withanoliden, vegan und glutenfrei. Jetzt bestellen.","breadcrumb":{"@id":"https:\/\/ecosupplements.ch\/?product=ashwagandha-extract-450mg-180-vcaps#breadcrumb"},"inLanguage":"de-CH","potentialAction":[{"@type":"ReadAction","target":["https:\/\/ecosupplements.ch\/?product=ashwagandha-extract-450mg-180-vcaps"]}]},{"@type":"ImageObject","inLanguage":"de-CH","@id":"https:\/\/ecosupplements.ch\/?product=ashwagandha-extract-450mg-180-vcaps#primaryimage","url":"https:\/\/ecosupplements.ch\/wp-content\/uploads\/2026\/05\/Ashwagandha-Extract-450mg-180-vcaps.webp","contentUrl":"https:\/\/ecosupplements.ch\/wp-content\/uploads\/2026\/05\/Ashwagandha-Extract-450mg-180-vcaps.webp","width":1000,"height":1000,"caption":"Ashwagandha Extract"},{"@type":"BreadcrumbList","@id":"https:\/\/ecosupplements.ch\/?product=ashwagandha-extract-450mg-180-vcaps#breadcrumb","itemListElement":[{"@type":"ListItem","position":1,"name":"Home","item":"https:\/\/ecosupplements.ch\/"},{"@type":"ListItem","position":2,"name":"Shop","item":"https:\/\/ecosupplements.ch\/?page_id=14"},{"@type":"ListItem","position":3,"name":"Ashwagandha Extract, 450mg &#8211; 180 vcaps"}]},{"@type":"WebSite","@id":"https:\/\/ecosupplements.ch\/#website","url":"https:\/\/ecosupplements.ch\/","name":"Eco Supplements","description":"","potentialAction":[{"@type":"SearchAction","target":{"@type":"EntryPoint","urlTemplate":"https:\/\/ecosupplements.ch\/?s={search_term_string}"},"query-input":{"@type":"PropertyValueSpecification","valueRequired":true,"valueName":"search_term_string"}}],"inLanguage":"de-CH"}]},"product_price_amount":"22.36","product_price_currency":"CHF","og_availability":"out of stock","product_availability":"out of stock","product_retailer_item_id":"733739045935","product_condition":"new"},"_links":{"self":[{"href":"https:\/\/ecosupplements.ch\/index.php?rest_route=\/wp\/v2\/product\/3431","targetHints":{"allow":["GET"]}}],"collection":[{"href":"https:\/\/ecosupplements.ch\/index.php?rest_route=\/wp\/v2\/product"}],"about":[{"href":"https:\/\/ecosupplements.ch\/index.php?rest_route=\/wp\/v2\/types\/product"}],"replies":[{"embeddable":true,"href":"https:\/\/ecosupplements.ch\/index.php?rest_route=%2Fwp%2Fv2%2Fcomments&post=3431"}],"wp:featuredmedia":[{"embeddable":true,"href":"https:\/\/ecosupplements.ch\/index.php?rest_route=\/wp\/v2\/media\/3432"}],"wp:attachment":[{"href":"https:\/\/ecosupplements.ch\/index.php?rest_route=%2Fwp%2Fv2%2Fmedia&parent=3431"}],"wp:term":[{"taxonomy":"product_brand","embeddable":true,"href":"https:\/\/ecosupplements.ch\/index.php?rest_route=%2Fwp%2Fv2%2Fproduct_brand&post=3431"},{"taxonomy":"product_cat","embeddable":true,"href":"https:\/\/ecosupplements.ch\/index.php?rest_route=%2Fwp%2Fv2%2Fproduct_cat&post=3431"},{"taxonomy":"product_tag","embeddable":true,"href":"https:\/\/ecosupplements.ch\/index.php?rest_route=%2Fwp%2Fv2%2Fproduct_tag&post=3431"}],"curies":[{"name":"wp","href":"https:\/\/api.w.org\/{rel}","templated":true}]}}