{"id":3482,"date":"2026-05-11T14:45:56","date_gmt":"2026-05-11T14:45:56","guid":{"rendered":"https:\/\/ecosupplements.ch\/?product=now-foods-ashwagandha-extract-liquid-organic-59-ml"},"modified":"2026-05-13T07:26:20","modified_gmt":"2026-05-13T07:26:20","slug":"now-foods-ashwagandha-extract-liquid-organic-59-ml","status":"publish","type":"product","link":"https:\/\/ecosupplements.ch\/?product=now-foods-ashwagandha-extract-liquid-organic-59-ml","title":{"rendered":"Now Foods &#8211; Ashwagandha Extract Liquid, Organic (59 ml)"},"content":{"rendered":"<div class=\"chcg-product-description\">\n<h2 class=\"chcg-heading\">\u00dcber NOW Foods \u2013 Ashwagandha Extract Liquid, Organic (59 ml)<\/h2>\n<div class=\"chcg-intro\">\n<p>Ashwagandha (<em>Withania somnifera<\/em>) ist eine der bekanntesten Heilpflanzen der ayurvedischen Tradition und wird seit Jahrhunderten f\u00fcr ihre adaptogenen Eigenschaften gesch\u00e4tzt. NOW Foods bietet diesen hochwertigen Bio-Ashwagandha-Extrakt als praktisches Fl\u00fcssigextrakt an \u2013 ideal f\u00fcr alle, die eine schnell anwendbare und leicht dosierbare Form bevorzugen.<\/p>\n<p>Das Produkt verwendet einen 1:2-Kr\u00e4uterst\u00e4rke-Verh\u00e4ltnis, was einer Kr\u00e4uter\u00e4quivalenz von ca. 500 mg pro 1 ml Portion entspricht. Der Extrakt wird aus biologisch angebautem Ashwagandha-Wurzel gewonnen und in einem zertifizierten GMP-Betrieb hergestellt \u2013 f\u00fcr gleichbleibende Qualit\u00e4t und Reinheit.<\/p>\n<p>Dank der Fl\u00fcssigform l\u00e4sst sich das Produkt unkompliziert in warmes Wasser einr\u00fchren und problemlos in den Alltag integrieren. Die praktische Tropfflasche erm\u00f6glicht eine pr\u00e4zise Dosierung bei jedem Gebrauch.<\/p>\n<\/p><\/div>\n<div class=\"chcg-nutrition\">\n<h3>N\u00e4hrwertangaben<\/h3>\n<table class=\"chcg-nutrition-table\">\n<thead>\n<tr>\n<th>N\u00e4hrstoff<\/th>\n<th>Pro Portion (1 ml)<\/th>\n<\/tr>\n<\/thead>\n<tbody>\n<tr>\n<td>Organischer Ashwagandha-Extrakt (<em>Withania somnifera<\/em>) (Wurzel)<\/td>\n<td>1 ml*<\/td>\n<\/tr>\n<\/tbody>\n<\/table>\n<p class=\"chcg-footnote\">* Kein festgelegter Tagesbedarf.<\/p>\n<\/p><\/div>\n<div class=\"chcg-ingredients\">\n<h3>Zutaten<\/h3>\n<p>Organischer Ashwagandha-Extrakt (<em>Withania somnifera<\/em>) (Wurzel) 1 ml. Weitere Zutaten: Wasser und organischer Rohrzuckeralkohol (ca. 48%).<\/p>\n<\/p><\/div>\n<div class=\"chcg-dosage\">\n<h3>Verzehrempfehlung<\/h3>\n<p>1 Tropferportion (ca. 1 ml) 1- bis 3-mal t\u00e4glich in warmes Wasser einr\u00fchren. Portionsgr\u00f6sse: 1 Tropferportion (ca. 1 ml). Portionen pro Beh\u00e4lter: ca. 59. Kr\u00e4uterst\u00e4rke-Verh\u00e4ltnis 1:2. Ca. 500 mg Kr\u00e4uter\u00e4quivalenz pro 1 ml Portion.<\/p>\n<\/p><\/div>\n<div class=\"chcg-warnings\">\n<h3>Warnhinweise<\/h3>\n<p>Nur f\u00fcr Erwachsene. Nicht f\u00fcr schwangere oder stillende Frauen geeignet. Bei Einnahme von Medikamenten (insbesondere Schilddr\u00fcsenhormonen) oder bei bestehenden Erkrankungen (insbesondere der Schilddr\u00fcse, der Leber und des Magen-Darm-Trakts, einschliesslich Magengeschw\u00fcren) vor der Anwendung einen Arzt konsultieren. Dieses Produkt kann bei empfindlichen Personen Verdauungsbeschwerden verursachen. Bei Auftreten von Magen-Darm-Beschwerden nach der Anwendung die Einnahme abbrechen. Bei Auftreten von Hautausschlag oder Juckreiz die Anwendung einstellen. Ausserhalb der Reichweite von Kindern aufbewahren. Enth\u00e4lt Alkohol.<\/p>\n<\/p><\/div>\n<div class=\"chcg-allergens\">\n<h3>Allergeninformationen<\/h3>\n<p>Nicht hergestellt mit Hefe, Weizen, Gluten, Soja, Milch, Ei, Fisch, Schalentieren, Baumn\u00fcssen oder Sesam. Hergestellt in einem GMP-zertifizierten Betrieb, der andere Zutaten verarbeitet, die diese Allergene enthalten k\u00f6nnen. Enth\u00e4lt Alkohol.<\/p>\n<\/p><\/div>\n<div class=\"chcg-storage\">\n<h3>Lagerung<\/h3>\n<p>Nach dem \u00d6ffnen an einem k\u00fchlen, trockenen Ort aufbewahren.<\/p>\n<\/p><\/div>\n<div class=\"chcg-dietary\">\n<h3>Ern\u00e4hrungshinweise<\/h3>\n<ul>\n<li>Vegetarisch<\/li>\n<li>Glutenfrei<\/li>\n<li>Laktosefrei<\/li>\n<\/ul><\/div>\n<\/div>\n","protected":false},"excerpt":{"rendered":"<p>Bio-Ashwagandha-Extrakt als praktisches Fl\u00fcssigextrakt mit ca. 500 mg Kr\u00e4uter\u00e4quivalenz pro Portion. Einfach in Wasser einr\u00fchren \u2013 59 ml (ca. 59 Portionen) pro Flasche. Glutenfrei und vegetarisch.<\/p>\n","protected":false},"featured_media":3483,"comment_status":"closed","ping_status":"open","template":"","meta":[],"product_brand":[464],"product_cat":[116,48,25,22],"product_tag":[],"class_list":{"0":"post-3482","1":"product","2":"type-product","3":"status-publish","4":"has-post-thumbnail","6":"product_brand-now","7":"product_cat-ashwagandha","8":"product_cat-gesunde-ernaehrung","9":"product_cat-gesundheit-und-wohlbefinden","10":"product_cat-vegane-produkte","12":"first","13":"outofstock","14":"taxable","15":"shipping-taxable","16":"purchasable","17":"product-type-simple"},"yoast_head":"<!-- This site is optimized with the Yoast SEO plugin v27.5 - https:\/\/yoast.com\/product\/yoast-seo-wordpress\/ -->\n<title>Ashwagandha Extract Liquid Organic \u2013 NOW | ecosupplements.ch<\/title>\n<meta name=\"description\" content=\"Bio-Ashwagandha-Fl\u00fcssigextrakt von NOW Foods \u2013 500 mg Kr\u00e4uter\u00e4quivalenz pro Portion, glutenfrei, 59 ml. Jetzt bestellen.\" \/>\n<meta name=\"robots\" content=\"index, follow, max-snippet:-1, max-image-preview:large, max-video-preview:-1\" \/>\n<link rel=\"canonical\" href=\"https:\/\/ecosupplements.ch\/?product=now-foods-ashwagandha-extract-liquid-organic-59-ml\" \/>\n<meta property=\"og:locale\" content=\"de_DE\" \/>\n<meta property=\"og:type\" content=\"article\" \/>\n<meta property=\"og:title\" content=\"Ashwagandha Extract Liquid Organic \u2013 NOW | ecosupplements.ch\" \/>\n<meta property=\"og:description\" content=\"Bio-Ashwagandha-Fl\u00fcssigextrakt von NOW Foods \u2013 500 mg Kr\u00e4uter\u00e4quivalenz pro Portion, glutenfrei, 59 ml. Jetzt bestellen.\" \/>\n<meta property=\"og:url\" content=\"https:\/\/ecosupplements.ch\/?product=now-foods-ashwagandha-extract-liquid-organic-59-ml\" \/>\n<meta property=\"og:site_name\" content=\"Eco Supplements\" \/>\n<meta property=\"article:modified_time\" content=\"2026-05-13T07:26:20+00:00\" \/>\n<meta property=\"og:image\" content=\"https:\/\/ecosupplements.ch\/wp-content\/uploads\/2026\/05\/Now-Foods-Ashwagandha-Extract-Liquid-Organic-59-ml.webp\" \/>\n\t<meta property=\"og:image:width\" content=\"1000\" \/>\n\t<meta property=\"og:image:height\" content=\"1000\" \/>\n\t<meta property=\"og:image:type\" content=\"image\/jpeg\" \/>\n<meta name=\"twitter:card\" content=\"summary_large_image\" \/>\n<meta name=\"twitter:label1\" content=\"Price\" \/>\n\t<meta name=\"twitter:data1\" content=\"&#067;&#072;&#070;&nbsp;15.69\" \/>\n\t<meta name=\"twitter:label2\" content=\"Availability\" \/>\n\t<meta name=\"twitter:data2\" content=\"Out of stock\" \/>\n<script type=\"application\/ld+json\" class=\"yoast-schema-graph\">{\"@context\":\"https:\\\/\\\/schema.org\",\"@graph\":[{\"@type\":\"WebPage\",\"@id\":\"https:\\\/\\\/ecosupplements.ch\\\/?product=now-foods-ashwagandha-extract-liquid-organic-59-ml\",\"url\":\"https:\\\/\\\/ecosupplements.ch\\\/?product=now-foods-ashwagandha-extract-liquid-organic-59-ml\",\"name\":\"Ashwagandha Extract Liquid Organic \u2013 NOW | ecosupplements.ch\",\"isPartOf\":{\"@id\":\"https:\\\/\\\/ecosupplements.ch\\\/#website\"},\"primaryImageOfPage\":{\"@id\":\"https:\\\/\\\/ecosupplements.ch\\\/?product=now-foods-ashwagandha-extract-liquid-organic-59-ml#primaryimage\"},\"image\":{\"@id\":\"https:\\\/\\\/ecosupplements.ch\\\/?product=now-foods-ashwagandha-extract-liquid-organic-59-ml#primaryimage\"},\"thumbnailUrl\":\"https:\\\/\\\/ecosupplements.ch\\\/wp-content\\\/uploads\\\/2026\\\/05\\\/Now-Foods-Ashwagandha-Extract-Liquid-Organic-59-ml.webp\",\"datePublished\":\"2026-05-11T14:45:56+00:00\",\"dateModified\":\"2026-05-13T07:26:20+00:00\",\"description\":\"Bio-Ashwagandha-Fl\u00fcssigextrakt von NOW Foods \u2013 500 mg Kr\u00e4uter\u00e4quivalenz pro Portion, glutenfrei, 59 ml. Jetzt bestellen.\",\"breadcrumb\":{\"@id\":\"https:\\\/\\\/ecosupplements.ch\\\/?product=now-foods-ashwagandha-extract-liquid-organic-59-ml#breadcrumb\"},\"inLanguage\":\"de-CH\",\"potentialAction\":[{\"@type\":\"ReadAction\",\"target\":[\"https:\\\/\\\/ecosupplements.ch\\\/?product=now-foods-ashwagandha-extract-liquid-organic-59-ml\"]}]},{\"@type\":\"ImageObject\",\"inLanguage\":\"de-CH\",\"@id\":\"https:\\\/\\\/ecosupplements.ch\\\/?product=now-foods-ashwagandha-extract-liquid-organic-59-ml#primaryimage\",\"url\":\"https:\\\/\\\/ecosupplements.ch\\\/wp-content\\\/uploads\\\/2026\\\/05\\\/Now-Foods-Ashwagandha-Extract-Liquid-Organic-59-ml.webp\",\"contentUrl\":\"https:\\\/\\\/ecosupplements.ch\\\/wp-content\\\/uploads\\\/2026\\\/05\\\/Now-Foods-Ashwagandha-Extract-Liquid-Organic-59-ml.webp\",\"width\":1000,\"height\":1000,\"caption\":\"Now Foods - Ashwagandha Extract Liquid\"},{\"@type\":\"BreadcrumbList\",\"@id\":\"https:\\\/\\\/ecosupplements.ch\\\/?product=now-foods-ashwagandha-extract-liquid-organic-59-ml#breadcrumb\",\"itemListElement\":[{\"@type\":\"ListItem\",\"position\":1,\"name\":\"Home\",\"item\":\"https:\\\/\\\/ecosupplements.ch\\\/\"},{\"@type\":\"ListItem\",\"position\":2,\"name\":\"Shop\",\"item\":\"https:\\\/\\\/ecosupplements.ch\\\/?page_id=14\"},{\"@type\":\"ListItem\",\"position\":3,\"name\":\"Now Foods &#8211; Ashwagandha Extract Liquid, Organic (59 ml)\"}]},{\"@type\":\"WebSite\",\"@id\":\"https:\\\/\\\/ecosupplements.ch\\\/#website\",\"url\":\"https:\\\/\\\/ecosupplements.ch\\\/\",\"name\":\"Eco Supplements\",\"description\":\"\",\"potentialAction\":[{\"@type\":\"SearchAction\",\"target\":{\"@type\":\"EntryPoint\",\"urlTemplate\":\"https:\\\/\\\/ecosupplements.ch\\\/?s={search_term_string}\"},\"query-input\":{\"@type\":\"PropertyValueSpecification\",\"valueRequired\":true,\"valueName\":\"search_term_string\"}}],\"inLanguage\":\"de-CH\"}]}<\/script>\n<meta property=\"product:price:amount\" content=\"15.69\" \/>\n<meta property=\"product:price:currency\" content=\"CHF\" \/>\n<meta property=\"og:availability\" content=\"out of stock\" \/>\n<meta property=\"product:availability\" content=\"out of stock\" \/>\n<meta property=\"product:retailer_item_id\" content=\"733739048219\" \/>\n<meta property=\"product:condition\" content=\"new\" \/>\n<!-- \/ Yoast SEO plugin. -->","yoast_head_json":{"title":"Ashwagandha Extract Liquid Organic \u2013 NOW | ecosupplements.ch","description":"Bio-Ashwagandha-Fl\u00fcssigextrakt von NOW Foods \u2013 500 mg Kr\u00e4uter\u00e4quivalenz pro Portion, glutenfrei, 59 ml. Jetzt bestellen.","robots":{"index":"index","follow":"follow","max-snippet":"max-snippet:-1","max-image-preview":"max-image-preview:large","max-video-preview":"max-video-preview:-1"},"canonical":"https:\/\/ecosupplements.ch\/?product=now-foods-ashwagandha-extract-liquid-organic-59-ml","og_locale":"de_DE","og_type":"article","og_title":"Ashwagandha Extract Liquid Organic \u2013 NOW | ecosupplements.ch","og_description":"Bio-Ashwagandha-Fl\u00fcssigextrakt von NOW Foods \u2013 500 mg Kr\u00e4uter\u00e4quivalenz pro Portion, glutenfrei, 59 ml. Jetzt bestellen.","og_url":"https:\/\/ecosupplements.ch\/?product=now-foods-ashwagandha-extract-liquid-organic-59-ml","og_site_name":"Eco Supplements","article_modified_time":"2026-05-13T07:26:20+00:00","og_image":[{"width":1000,"height":1000,"url":"https:\/\/ecosupplements.ch\/wp-content\/uploads\/2026\/05\/Now-Foods-Ashwagandha-Extract-Liquid-Organic-59-ml.webp","type":"image\/jpeg"}],"twitter_card":"summary_large_image","twitter_misc":{"Price":"&#67;&#72;&#70;&nbsp;15.69","Availability":"Out of stock"},"schema":{"@context":"https:\/\/schema.org","@graph":[{"@type":"WebPage","@id":"https:\/\/ecosupplements.ch\/?product=now-foods-ashwagandha-extract-liquid-organic-59-ml","url":"https:\/\/ecosupplements.ch\/?product=now-foods-ashwagandha-extract-liquid-organic-59-ml","name":"Ashwagandha Extract Liquid Organic \u2013 NOW | ecosupplements.ch","isPartOf":{"@id":"https:\/\/ecosupplements.ch\/#website"},"primaryImageOfPage":{"@id":"https:\/\/ecosupplements.ch\/?product=now-foods-ashwagandha-extract-liquid-organic-59-ml#primaryimage"},"image":{"@id":"https:\/\/ecosupplements.ch\/?product=now-foods-ashwagandha-extract-liquid-organic-59-ml#primaryimage"},"thumbnailUrl":"https:\/\/ecosupplements.ch\/wp-content\/uploads\/2026\/05\/Now-Foods-Ashwagandha-Extract-Liquid-Organic-59-ml.webp","datePublished":"2026-05-11T14:45:56+00:00","dateModified":"2026-05-13T07:26:20+00:00","description":"Bio-Ashwagandha-Fl\u00fcssigextrakt von NOW Foods \u2013 500 mg Kr\u00e4uter\u00e4quivalenz pro Portion, glutenfrei, 59 ml. Jetzt bestellen.","breadcrumb":{"@id":"https:\/\/ecosupplements.ch\/?product=now-foods-ashwagandha-extract-liquid-organic-59-ml#breadcrumb"},"inLanguage":"de-CH","potentialAction":[{"@type":"ReadAction","target":["https:\/\/ecosupplements.ch\/?product=now-foods-ashwagandha-extract-liquid-organic-59-ml"]}]},{"@type":"ImageObject","inLanguage":"de-CH","@id":"https:\/\/ecosupplements.ch\/?product=now-foods-ashwagandha-extract-liquid-organic-59-ml#primaryimage","url":"https:\/\/ecosupplements.ch\/wp-content\/uploads\/2026\/05\/Now-Foods-Ashwagandha-Extract-Liquid-Organic-59-ml.webp","contentUrl":"https:\/\/ecosupplements.ch\/wp-content\/uploads\/2026\/05\/Now-Foods-Ashwagandha-Extract-Liquid-Organic-59-ml.webp","width":1000,"height":1000,"caption":"Now Foods - Ashwagandha Extract Liquid"},{"@type":"BreadcrumbList","@id":"https:\/\/ecosupplements.ch\/?product=now-foods-ashwagandha-extract-liquid-organic-59-ml#breadcrumb","itemListElement":[{"@type":"ListItem","position":1,"name":"Home","item":"https:\/\/ecosupplements.ch\/"},{"@type":"ListItem","position":2,"name":"Shop","item":"https:\/\/ecosupplements.ch\/?page_id=14"},{"@type":"ListItem","position":3,"name":"Now Foods &#8211; Ashwagandha Extract Liquid, Organic (59 ml)"}]},{"@type":"WebSite","@id":"https:\/\/ecosupplements.ch\/#website","url":"https:\/\/ecosupplements.ch\/","name":"Eco Supplements","description":"","potentialAction":[{"@type":"SearchAction","target":{"@type":"EntryPoint","urlTemplate":"https:\/\/ecosupplements.ch\/?s={search_term_string}"},"query-input":{"@type":"PropertyValueSpecification","valueRequired":true,"valueName":"search_term_string"}}],"inLanguage":"de-CH"}]},"product_price_amount":"15.69","product_price_currency":"CHF","og_availability":"out of stock","product_availability":"out of stock","product_retailer_item_id":"733739048219","product_condition":"new"},"_links":{"self":[{"href":"https:\/\/ecosupplements.ch\/index.php?rest_route=\/wp\/v2\/product\/3482","targetHints":{"allow":["GET"]}}],"collection":[{"href":"https:\/\/ecosupplements.ch\/index.php?rest_route=\/wp\/v2\/product"}],"about":[{"href":"https:\/\/ecosupplements.ch\/index.php?rest_route=\/wp\/v2\/types\/product"}],"replies":[{"embeddable":true,"href":"https:\/\/ecosupplements.ch\/index.php?rest_route=%2Fwp%2Fv2%2Fcomments&post=3482"}],"wp:featuredmedia":[{"embeddable":true,"href":"https:\/\/ecosupplements.ch\/index.php?rest_route=\/wp\/v2\/media\/3483"}],"wp:attachment":[{"href":"https:\/\/ecosupplements.ch\/index.php?rest_route=%2Fwp%2Fv2%2Fmedia&parent=3482"}],"wp:term":[{"taxonomy":"product_brand","embeddable":true,"href":"https:\/\/ecosupplements.ch\/index.php?rest_route=%2Fwp%2Fv2%2Fproduct_brand&post=3482"},{"taxonomy":"product_cat","embeddable":true,"href":"https:\/\/ecosupplements.ch\/index.php?rest_route=%2Fwp%2Fv2%2Fproduct_cat&post=3482"},{"taxonomy":"product_tag","embeddable":true,"href":"https:\/\/ecosupplements.ch\/index.php?rest_route=%2Fwp%2Fv2%2Fproduct_tag&post=3482"}],"curies":[{"name":"wp","href":"https:\/\/api.w.org\/{rel}","templated":true}]}}