{"id":3521,"date":"2026-05-11T14:46:15","date_gmt":"2026-05-11T14:46:15","guid":{"rendered":"https:\/\/ecosupplements.ch\/?product=life-extension-enhanced-sleep-with-melatonin-30-veg-capsules"},"modified":"2026-05-13T07:26:33","modified_gmt":"2026-05-13T07:26:33","slug":"life-extension-enhanced-sleep-with-melatonin-30-veg-capsules","status":"publish","type":"product","link":"https:\/\/ecosupplements.ch\/?product=life-extension-enhanced-sleep-with-melatonin-30-veg-capsules","title":{"rendered":"Life Extension &#8211; Enhanced Sleep with Melatonin (30 Veg Capsules)"},"content":{"rendered":"<div class=\"chcg-product-description\">\n<h2 class=\"chcg-heading\">\u00dcber Life Extension \u2013 Enhanced Sleep mit Melatonin (30 Veg Kapseln)<\/h2>\n<div class=\"chcg-intro\">\n<p>Enhanced Sleep mit Melatonin von Life Extension ist eine sorgf\u00e4ltig zusammengestellte Formel, die drei bew\u00e4hrte Wirkstoffe vereint, um einen erholsamen Schlaf zu unterst\u00fctzen. Die Kombination aus dem patentierten Sendara\u00ae-Komplex, Lactium\u00ae (Casein-Dekapeptid) und sofort freisetzendem Melatonin zielt darauf ab, den nat\u00fcrlichen Einschlafprozess zu begleiten und zur allgemeinen Entspannung beizutragen.<\/p>\n<p>Melatonin tr\u00e4gt dazu bei, die Einschlafzeit zu verk\u00fcrzen \u2013 dieser positive Effekt stellt sich bei einer Aufnahme von 1 mg Melatonin kurz vor dem Schlafengehen ein. Erg\u00e4nzt wird dies durch Sendara\u00ae, eine eingetragene Marke, die eine propriet\u00e4re Mischung aus Ashwagandha-Extrakt (Wurzel und Blatt) sowie Amla-Extrakt (Frucht) enth\u00e4lt. Lactium\u00ae, ein Bioactive Milk Peptide auf Basis von Casein-Dekapeptid, rundet die Formel ab.<\/p>\n<p>Die vegetarischen Kapseln sind frei von Gelatine und wurden f\u00fcr Erwachsene entwickelt, die ihre Schlafqualit\u00e4t auf nat\u00fcrliche Weise unterst\u00fctzen m\u00f6chten. Jede Packung enth\u00e4lt 30 Kapseln \u2013 eine Monatsversorgung bei t\u00e4glicher Anwendung.<\/p>\n<\/p><\/div>\n<div class=\"chcg-nutrition\">\n<h3>N\u00e4hrwertangaben<\/h3>\n<table class=\"chcg-nutrition-table\">\n<thead>\n<tr>\n<th>N\u00e4hrstoff<\/th>\n<th>Pro Portion (1 Veg Kapsel)<\/th>\n<\/tr>\n<\/thead>\n<tbody>\n<tr>\n<td>Sendara\u00ae [propriet\u00e4re Mischung aus Ashwagandha-Extrakt (Wurzel und Blatt), standardisiert auf Withanolid-Glykosid-Konjugate, und Amla-Extrakt (Frucht), standardisiert auf niedermolekulare hydrolysierbare Tannine]<\/td>\n<td>200 mg*<\/td>\n<\/tr>\n<tr>\n<td>Casein-Dekapeptid (Bioactive Milk Peptides) [Lactium\u00ae]<\/td>\n<td>150 mg*<\/td>\n<\/tr>\n<tr>\n<td>Melatonin (sofortige Freisetzung)<\/td>\n<td>1,5 mg*<\/td>\n<\/tr>\n<\/tbody>\n<\/table>\n<p class=\"chcg-footnote\">* Kein festgelegter Tagesbedarf (Referenzwert) vorhanden.<\/p>\n<\/p><\/div>\n<div class=\"chcg-ingredients\">\n<h3>Zutaten<\/h3>\n<p>Sendara\u00ae [propriet\u00e4re Mischung aus Ashwagandha-Extrakt (Wurzel und Blatt), standardisiert auf Withanolid-Glykosid-Konjugate, und Amla-Extrakt (Frucht), standardisiert auf niedermolekulare hydrolysierbare Tannine] 200 mg, Casein-Dekapeptid\u2020 (Bioactive Milk Peptides) 150 mg, Melatonin (sofortige Freisetzung) 1,5 mg. Weitere Zutaten: mikrokristalline Cellulose, pflanzliche Cellulose (Kapsel), pflanzliches Stearat, Siliziumdioxid. Enth\u00e4lt Milch (Casein-Dekapeptid). \u2020 Lactium\u00ae wird unter Lizenz verwendet. Sendara\u00ae ist eine eingetragene Marke.<\/p>\n<p class=\"chcg-capsule-shell\">Kapselh\u00fclle: pflanzliche Cellulose<\/p>\n<\/p><\/div>\n<div class=\"chcg-dosage\">\n<h3>Verzehrempfehlung<\/h3>\n<p>T\u00e4glich eine (1) Kapsel 30 bis 60 Minuten vor dem Schlafengehen einnehmen, mit oder ohne Nahrung, oder gem\u00e4ss Empfehlung einer medizinischen Fachperson.<\/p>\n<\/p><\/div>\n<div class=\"chcg-warnings\">\n<h3>Warnhinweise<\/h3>\n<p>Konsultieren Sie Ihren Arzt oder Ihre \u00c4rztin, bevor Sie dieses Produkt einnehmen, wenn Sie wegen einer Erkrankung in Behandlung sind (insbesondere bei Autoimmun- oder depressiven St\u00f6rungen). Vorsicht bei gleichzeitigem Konsum von Alkohol. Dieses Produkt ist nicht f\u00fcr Kinder, schwangere oder stillende Frauen oder Frauen, die schwanger werden m\u00f6chten, bestimmt. Kaufen Sie das Produkt nicht, wenn die \u00e4ussere Versiegelung besch\u00e4digt oder gebrochen ist. Bei der Einnahme von Nahrungserg\u00e4nzungsmitteln wenden Sie sich bitte an Ihre \u00c4rztin oder Ihren Arzt, wenn Sie wegen einer Erkrankung in Behandlung sind oder wenn Sie schwanger sind oder stillen.<\/p>\n<\/p><\/div>\n<div class=\"chcg-allergens\">\n<h3>Allergeninformationen<\/h3>\n<p>Enth\u00e4lt Milch (Casein-Dekapeptid).<\/p>\n<\/p><\/div>\n<div class=\"chcg-storage\">\n<h3>Lagerung<\/h3>\n<p>Ausserhalb der Reichweite von Kindern aufbewahren. An einem k\u00fchlen, trockenen Ort lagern, vor direkter Sonneneinstrahlung und Feuchtigkeit sch\u00fctzen.<\/p>\n<\/p><\/div>\n<div class=\"chcg-dietary\">\n<h3>Ern\u00e4hrungshinweise<\/h3>\n<ul>\n<li>Vegetarisch<\/li>\n<li>Glutenfrei<\/li>\n<\/ul><\/div>\n<\/div>\n","protected":false},"excerpt":{"rendered":"<p>Enhanced Sleep mit Melatonin von Life Extension unterst\u00fctzt den nat\u00fcrlichen Einschlafprozess dank Melatonin, Sendara\u00ae und Lactium\u00ae. Erh\u00e4ltlich als vegetarische Kapseln, 30 St\u00fcck pro Packung.<\/p>\n","protected":false},"featured_media":3522,"comment_status":"closed","ping_status":"open","template":"","meta":[],"product_brand":[202],"product_cat":[48,25,83,21],"product_tag":[],"class_list":{"0":"post-3521","1":"product","2":"type-product","3":"status-publish","4":"has-post-thumbnail","6":"product_brand-life-extension","7":"product_cat-gesunde-ernaehrung","8":"product_cat-gesundheit-und-wohlbefinden","9":"product_cat-schlafunterstuetzung","10":"product_cat-vitamine-und-mineralstoffe","12":"first","13":"outofstock","14":"taxable","15":"shipping-taxable","16":"purchasable","17":"product-type-simple"},"yoast_head":"<!-- This site is optimized with the Yoast SEO plugin v27.5 - https:\/\/yoast.com\/product\/yoast-seo-wordpress\/ -->\n<title>Enhanced Sleep mit Melatonin \u2013 Life Extension | ecosupplements.ch<\/title>\n<meta name=\"description\" content=\"Life Extension Enhanced Sleep mit Melatonin unterst\u00fctzt erholsamen Schlaf \u2013 30 vegetarische Kapseln mit Melatonin, Ashwagandha und Lactium\u00ae. Jetzt bestellen.\" \/>\n<meta name=\"robots\" content=\"index, follow, max-snippet:-1, max-image-preview:large, max-video-preview:-1\" \/>\n<link rel=\"canonical\" href=\"https:\/\/ecosupplements.ch\/?product=life-extension-enhanced-sleep-with-melatonin-30-veg-capsules\" \/>\n<meta property=\"og:locale\" content=\"de_DE\" \/>\n<meta property=\"og:type\" content=\"article\" \/>\n<meta property=\"og:title\" content=\"Enhanced Sleep mit Melatonin \u2013 Life Extension | ecosupplements.ch\" \/>\n<meta property=\"og:description\" content=\"Life Extension Enhanced Sleep mit Melatonin unterst\u00fctzt erholsamen Schlaf \u2013 30 vegetarische Kapseln mit Melatonin, Ashwagandha und Lactium\u00ae. Jetzt bestellen.\" \/>\n<meta property=\"og:url\" content=\"https:\/\/ecosupplements.ch\/?product=life-extension-enhanced-sleep-with-melatonin-30-veg-capsules\" \/>\n<meta property=\"og:site_name\" content=\"Eco Supplements\" \/>\n<meta property=\"article:modified_time\" content=\"2026-05-13T07:26:33+00:00\" \/>\n<meta property=\"og:image\" content=\"https:\/\/ecosupplements.ch\/wp-content\/uploads\/2026\/05\/Life-Extension-Enhanced-Sleep-with-Melatonin-30-Veg-Capsules.webp\" \/>\n\t<meta property=\"og:image:width\" content=\"1000\" \/>\n\t<meta property=\"og:image:height\" content=\"1000\" \/>\n\t<meta property=\"og:image:type\" content=\"image\/jpeg\" \/>\n<meta name=\"twitter:card\" content=\"summary_large_image\" \/>\n<meta name=\"twitter:label1\" content=\"Price\" \/>\n\t<meta name=\"twitter:data1\" content=\"&#067;&#072;&#070;&nbsp;24.13\" \/>\n\t<meta name=\"twitter:label2\" content=\"Availability\" \/>\n\t<meta name=\"twitter:data2\" content=\"Out of stock\" \/>\n<script type=\"application\/ld+json\" class=\"yoast-schema-graph\">{\"@context\":\"https:\\\/\\\/schema.org\",\"@graph\":[{\"@type\":\"WebPage\",\"@id\":\"https:\\\/\\\/ecosupplements.ch\\\/?product=life-extension-enhanced-sleep-with-melatonin-30-veg-capsules\",\"url\":\"https:\\\/\\\/ecosupplements.ch\\\/?product=life-extension-enhanced-sleep-with-melatonin-30-veg-capsules\",\"name\":\"Enhanced Sleep mit Melatonin \u2013 Life Extension | ecosupplements.ch\",\"isPartOf\":{\"@id\":\"https:\\\/\\\/ecosupplements.ch\\\/#website\"},\"primaryImageOfPage\":{\"@id\":\"https:\\\/\\\/ecosupplements.ch\\\/?product=life-extension-enhanced-sleep-with-melatonin-30-veg-capsules#primaryimage\"},\"image\":{\"@id\":\"https:\\\/\\\/ecosupplements.ch\\\/?product=life-extension-enhanced-sleep-with-melatonin-30-veg-capsules#primaryimage\"},\"thumbnailUrl\":\"https:\\\/\\\/ecosupplements.ch\\\/wp-content\\\/uploads\\\/2026\\\/05\\\/Life-Extension-Enhanced-Sleep-with-Melatonin-30-Veg-Capsules.webp\",\"datePublished\":\"2026-05-11T14:46:15+00:00\",\"dateModified\":\"2026-05-13T07:26:33+00:00\",\"description\":\"Life Extension Enhanced Sleep mit Melatonin unterst\u00fctzt erholsamen Schlaf \u2013 30 vegetarische Kapseln mit Melatonin, Ashwagandha und Lactium\u00ae. Jetzt bestellen.\",\"breadcrumb\":{\"@id\":\"https:\\\/\\\/ecosupplements.ch\\\/?product=life-extension-enhanced-sleep-with-melatonin-30-veg-capsules#breadcrumb\"},\"inLanguage\":\"de-CH\",\"potentialAction\":[{\"@type\":\"ReadAction\",\"target\":[\"https:\\\/\\\/ecosupplements.ch\\\/?product=life-extension-enhanced-sleep-with-melatonin-30-veg-capsules\"]}]},{\"@type\":\"ImageObject\",\"inLanguage\":\"de-CH\",\"@id\":\"https:\\\/\\\/ecosupplements.ch\\\/?product=life-extension-enhanced-sleep-with-melatonin-30-veg-capsules#primaryimage\",\"url\":\"https:\\\/\\\/ecosupplements.ch\\\/wp-content\\\/uploads\\\/2026\\\/05\\\/Life-Extension-Enhanced-Sleep-with-Melatonin-30-Veg-Capsules.webp\",\"contentUrl\":\"https:\\\/\\\/ecosupplements.ch\\\/wp-content\\\/uploads\\\/2026\\\/05\\\/Life-Extension-Enhanced-Sleep-with-Melatonin-30-Veg-Capsules.webp\",\"width\":1000,\"height\":1000,\"caption\":\"Life Extension - Enhanced Sleep with Melatonin (30 Veg Capsules)\"},{\"@type\":\"BreadcrumbList\",\"@id\":\"https:\\\/\\\/ecosupplements.ch\\\/?product=life-extension-enhanced-sleep-with-melatonin-30-veg-capsules#breadcrumb\",\"itemListElement\":[{\"@type\":\"ListItem\",\"position\":1,\"name\":\"Home\",\"item\":\"https:\\\/\\\/ecosupplements.ch\\\/\"},{\"@type\":\"ListItem\",\"position\":2,\"name\":\"Shop\",\"item\":\"https:\\\/\\\/ecosupplements.ch\\\/?page_id=14\"},{\"@type\":\"ListItem\",\"position\":3,\"name\":\"Life Extension &#8211; Enhanced Sleep with Melatonin (30 Veg Capsules)\"}]},{\"@type\":\"WebSite\",\"@id\":\"https:\\\/\\\/ecosupplements.ch\\\/#website\",\"url\":\"https:\\\/\\\/ecosupplements.ch\\\/\",\"name\":\"Eco Supplements\",\"description\":\"\",\"potentialAction\":[{\"@type\":\"SearchAction\",\"target\":{\"@type\":\"EntryPoint\",\"urlTemplate\":\"https:\\\/\\\/ecosupplements.ch\\\/?s={search_term_string}\"},\"query-input\":{\"@type\":\"PropertyValueSpecification\",\"valueRequired\":true,\"valueName\":\"search_term_string\"}}],\"inLanguage\":\"de-CH\"}]}<\/script>\n<meta property=\"product:price:amount\" content=\"24.13\" \/>\n<meta property=\"product:price:currency\" content=\"CHF\" \/>\n<meta property=\"og:availability\" content=\"out of stock\" \/>\n<meta property=\"product:availability\" content=\"out of stock\" \/>\n<meta property=\"product:retailer_item_id\" content=\"737870155133\" \/>\n<meta property=\"product:condition\" content=\"new\" \/>\n<!-- \/ Yoast SEO plugin. -->","yoast_head_json":{"title":"Enhanced Sleep mit Melatonin \u2013 Life Extension | ecosupplements.ch","description":"Life Extension Enhanced Sleep mit Melatonin unterst\u00fctzt erholsamen Schlaf \u2013 30 vegetarische Kapseln mit Melatonin, Ashwagandha und Lactium\u00ae. Jetzt bestellen.","robots":{"index":"index","follow":"follow","max-snippet":"max-snippet:-1","max-image-preview":"max-image-preview:large","max-video-preview":"max-video-preview:-1"},"canonical":"https:\/\/ecosupplements.ch\/?product=life-extension-enhanced-sleep-with-melatonin-30-veg-capsules","og_locale":"de_DE","og_type":"article","og_title":"Enhanced Sleep mit Melatonin \u2013 Life Extension | ecosupplements.ch","og_description":"Life Extension Enhanced Sleep mit Melatonin unterst\u00fctzt erholsamen Schlaf \u2013 30 vegetarische Kapseln mit Melatonin, Ashwagandha und Lactium\u00ae. Jetzt bestellen.","og_url":"https:\/\/ecosupplements.ch\/?product=life-extension-enhanced-sleep-with-melatonin-30-veg-capsules","og_site_name":"Eco Supplements","article_modified_time":"2026-05-13T07:26:33+00:00","og_image":[{"width":1000,"height":1000,"url":"https:\/\/ecosupplements.ch\/wp-content\/uploads\/2026\/05\/Life-Extension-Enhanced-Sleep-with-Melatonin-30-Veg-Capsules.webp","type":"image\/jpeg"}],"twitter_card":"summary_large_image","twitter_misc":{"Price":"&#67;&#72;&#70;&nbsp;24.13","Availability":"Out of stock"},"schema":{"@context":"https:\/\/schema.org","@graph":[{"@type":"WebPage","@id":"https:\/\/ecosupplements.ch\/?product=life-extension-enhanced-sleep-with-melatonin-30-veg-capsules","url":"https:\/\/ecosupplements.ch\/?product=life-extension-enhanced-sleep-with-melatonin-30-veg-capsules","name":"Enhanced Sleep mit Melatonin \u2013 Life Extension | ecosupplements.ch","isPartOf":{"@id":"https:\/\/ecosupplements.ch\/#website"},"primaryImageOfPage":{"@id":"https:\/\/ecosupplements.ch\/?product=life-extension-enhanced-sleep-with-melatonin-30-veg-capsules#primaryimage"},"image":{"@id":"https:\/\/ecosupplements.ch\/?product=life-extension-enhanced-sleep-with-melatonin-30-veg-capsules#primaryimage"},"thumbnailUrl":"https:\/\/ecosupplements.ch\/wp-content\/uploads\/2026\/05\/Life-Extension-Enhanced-Sleep-with-Melatonin-30-Veg-Capsules.webp","datePublished":"2026-05-11T14:46:15+00:00","dateModified":"2026-05-13T07:26:33+00:00","description":"Life Extension Enhanced Sleep mit Melatonin unterst\u00fctzt erholsamen Schlaf \u2013 30 vegetarische Kapseln mit Melatonin, Ashwagandha und Lactium\u00ae. Jetzt bestellen.","breadcrumb":{"@id":"https:\/\/ecosupplements.ch\/?product=life-extension-enhanced-sleep-with-melatonin-30-veg-capsules#breadcrumb"},"inLanguage":"de-CH","potentialAction":[{"@type":"ReadAction","target":["https:\/\/ecosupplements.ch\/?product=life-extension-enhanced-sleep-with-melatonin-30-veg-capsules"]}]},{"@type":"ImageObject","inLanguage":"de-CH","@id":"https:\/\/ecosupplements.ch\/?product=life-extension-enhanced-sleep-with-melatonin-30-veg-capsules#primaryimage","url":"https:\/\/ecosupplements.ch\/wp-content\/uploads\/2026\/05\/Life-Extension-Enhanced-Sleep-with-Melatonin-30-Veg-Capsules.webp","contentUrl":"https:\/\/ecosupplements.ch\/wp-content\/uploads\/2026\/05\/Life-Extension-Enhanced-Sleep-with-Melatonin-30-Veg-Capsules.webp","width":1000,"height":1000,"caption":"Life Extension - Enhanced Sleep with Melatonin (30 Veg Capsules)"},{"@type":"BreadcrumbList","@id":"https:\/\/ecosupplements.ch\/?product=life-extension-enhanced-sleep-with-melatonin-30-veg-capsules#breadcrumb","itemListElement":[{"@type":"ListItem","position":1,"name":"Home","item":"https:\/\/ecosupplements.ch\/"},{"@type":"ListItem","position":2,"name":"Shop","item":"https:\/\/ecosupplements.ch\/?page_id=14"},{"@type":"ListItem","position":3,"name":"Life Extension &#8211; Enhanced Sleep with Melatonin (30 Veg Capsules)"}]},{"@type":"WebSite","@id":"https:\/\/ecosupplements.ch\/#website","url":"https:\/\/ecosupplements.ch\/","name":"Eco Supplements","description":"","potentialAction":[{"@type":"SearchAction","target":{"@type":"EntryPoint","urlTemplate":"https:\/\/ecosupplements.ch\/?s={search_term_string}"},"query-input":{"@type":"PropertyValueSpecification","valueRequired":true,"valueName":"search_term_string"}}],"inLanguage":"de-CH"}]},"product_price_amount":"24.13","product_price_currency":"CHF","og_availability":"out of stock","product_availability":"out of stock","product_retailer_item_id":"737870155133","product_condition":"new"},"_links":{"self":[{"href":"https:\/\/ecosupplements.ch\/index.php?rest_route=\/wp\/v2\/product\/3521","targetHints":{"allow":["GET"]}}],"collection":[{"href":"https:\/\/ecosupplements.ch\/index.php?rest_route=\/wp\/v2\/product"}],"about":[{"href":"https:\/\/ecosupplements.ch\/index.php?rest_route=\/wp\/v2\/types\/product"}],"replies":[{"embeddable":true,"href":"https:\/\/ecosupplements.ch\/index.php?rest_route=%2Fwp%2Fv2%2Fcomments&post=3521"}],"wp:featuredmedia":[{"embeddable":true,"href":"https:\/\/ecosupplements.ch\/index.php?rest_route=\/wp\/v2\/media\/3522"}],"wp:attachment":[{"href":"https:\/\/ecosupplements.ch\/index.php?rest_route=%2Fwp%2Fv2%2Fmedia&parent=3521"}],"wp:term":[{"taxonomy":"product_brand","embeddable":true,"href":"https:\/\/ecosupplements.ch\/index.php?rest_route=%2Fwp%2Fv2%2Fproduct_brand&post=3521"},{"taxonomy":"product_cat","embeddable":true,"href":"https:\/\/ecosupplements.ch\/index.php?rest_route=%2Fwp%2Fv2%2Fproduct_cat&post=3521"},{"taxonomy":"product_tag","embeddable":true,"href":"https:\/\/ecosupplements.ch\/index.php?rest_route=%2Fwp%2Fv2%2Fproduct_tag&post=3521"}],"curies":[{"name":"wp","href":"https:\/\/api.w.org\/{rel}","templated":true}]}}