{"id":3604,"date":"2026-05-11T14:46:51","date_gmt":"2026-05-11T14:46:51","guid":{"rendered":"https:\/\/ecosupplements.ch\/?product=swanson-melatonin-5mg-60-kapsler"},"modified":"2026-05-13T07:26:48","modified_gmt":"2026-05-13T07:26:48","slug":"swanson-melatonin-5mg-60-kapsler","status":"publish","type":"product","link":"https:\/\/ecosupplements.ch\/?product=swanson-melatonin-5mg-60-kapsler","title":{"rendered":"Swanson &#8211; Melatonin 5mg &#8211; 60 kapsler"},"content":{"rendered":"<div class=\"chcg-product-description\">\n<h2 class=\"chcg-heading\">\u00dcber Swanson \u2013 Melatonin 5mg \u2013 60 Kapseln<\/h2>\n<div class=\"chcg-intro\">\n<p>Melatonin ist ein k\u00f6rpereigenes Hormon, das eine zentrale Rolle bei der Regulierung des Schlaf-Wach-Rhythmus spielt. Der Melatoninspiegel steigt in der Regel mit einsetzender Dunkelheit an und signalisiert dem K\u00f6rper, dass es Zeit zum Schlafen ist. Swanson Melatonin 5mg liefert eine pr\u00e4zise dosierte Menge dieses Wirkstoffs in praktischer Kapselform.<\/p>\n<p>Jede Kapsel enth\u00e4lt 5 mg Melatonin und ist einfach in der Anwendung \u2013 ideal f\u00fcr Personen, die ihre abendliche Routine mit einem gezielt eingesetzten Nahrungserg\u00e4nzungsmittel unterst\u00fctzen m\u00f6chten. Die Packung enth\u00e4lt 60 Kapseln und bietet damit einen Vorrat f\u00fcr 60 Einnahmen.<\/p>\n<p>Swanson steht seit Jahrzehnten f\u00fcr Qualit\u00e4t und Verl\u00e4sslichkeit im Bereich Nahrungserg\u00e4nzungsmittel. Das Produkt ist sorgf\u00e4ltig formuliert und enth\u00e4lt keine unn\u00f6tigen Zusatzstoffe.<\/p>\n<\/p><\/div>\n<div class=\"chcg-nutrition\">\n<h3>N\u00e4hrwertangaben<\/h3>\n<table class=\"chcg-nutrition-table\">\n<thead>\n<tr>\n<th>N\u00e4hrstoff<\/th>\n<th>Pro Portion (1 Kapsel)<\/th>\n<\/tr>\n<\/thead>\n<tbody>\n<tr>\n<td>Melatonin<\/td>\n<td>5 mg<\/td>\n<\/tr>\n<\/tbody>\n<\/table>\n<p class=\"chcg-footnote\">* Kein festgelegter Tagesbedarf (Tagesreferenzwert nicht etabliert)<\/p>\n<\/p><\/div>\n<div class=\"chcg-ingredients\">\n<h3>Zutaten<\/h3>\n<p>Mikrokristalline Zellulose (Pflanzenfaser), Gelatine, Magnesiumstearat.<\/p>\n<p class=\"chcg-capsule-shell\">Kapselh\u00fclle: Gelatine<\/p>\n<\/p><\/div>\n<div class=\"chcg-dosage\">\n<h3>Verzehrempfehlung<\/h3>\n<p>Als Nahrungserg\u00e4nzungsmittel eine Kapsel mit Wasser eine halbe Stunde vor dem Schlafengehen einnehmen.<\/p>\n<\/p><\/div>\n<div class=\"chcg-warnings\">\n<h3>Warnhinweise<\/h3>\n<p>Nur f\u00fcr Erwachsene. Da Melatonin Schl\u00e4frigkeit verursachen kann, darf dieses Produkt nicht zusammen mit Alkohol eingenommen werden. Nach der Einnahme kein Fahrzeug f\u00fchren und keine schweren Maschinen bedienen. Dieses Produkt nicht einnehmen, wenn Sie schwanger sind oder stillen, an einer Autoimmunerkrankung oder einer depressiven St\u00f6rung leiden oder unter 16 Jahre alt sind. Konsultieren Sie vor der Einnahme Ihre \u00c4rztin oder Ihren Arzt, wenn Sie unter langanhaltenden Schlafproblemen leiden, eine Erkrankung haben oder verschreibungspflichtige Medikamente einnehmen. Nicht f\u00fcr die Langzeitanwendung vorgesehen. Ausserhalb der Reichweite von Kindern aufbewahren. Nicht verwenden, wenn die Schutzversiegelung besch\u00e4digt ist.<\/p>\n<\/p><\/div>\n<div class=\"chcg-allergens\">\n<h3>Allergeninformationen<\/h3>\n<p>Auf dem Etikett sind keine Allergene deklariert. Das Produkt enth\u00e4lt Gelatine (tierischen Ursprungs). Kein Gluten, keine Milchprodukte und kein Soja deklariert.<\/p>\n<\/p><\/div>\n<div class=\"chcg-storage\">\n<h3>Lagerung<\/h3>\n<p>An einem k\u00fchlen, trockenen Ort lagern.<\/p>\n<\/p><\/div>\n<div class=\"chcg-dietary\">\n<h3>Ern\u00e4hrungshinweise<\/h3>\n<ul>\n<li>Laktosefrei<\/li>\n<\/ul><\/div>\n<\/div>\n","protected":false},"excerpt":{"rendered":"<p>Swanson Melatonin 5mg unterst\u00fctzt den nat\u00fcrlichen Schlaf-Wach-Rhythmus. Praktische Kapselform, 60 Kapseln pro Packung. Eine Kapsel eine halbe Stunde vor dem Schlafengehen einnehmen.<\/p>\n","protected":false},"featured_media":3605,"comment_status":"closed","ping_status":"open","template":"","meta":[],"product_brand":[16],"product_cat":[48,83],"product_tag":[],"class_list":{"0":"post-3604","1":"product","2":"type-product","3":"status-publish","4":"has-post-thumbnail","6":"product_brand-swanson","7":"product_cat-gesunde-ernaehrung","8":"product_cat-schlafunterstuetzung","10":"first","11":"outofstock","12":"taxable","13":"shipping-taxable","14":"purchasable","15":"product-type-simple"},"yoast_head":"<!-- This site is optimized with the Yoast SEO plugin v27.5 - https:\/\/yoast.com\/product\/yoast-seo-wordpress\/ -->\n<title>Swanson Melatonin 5mg \u2013 60 Kapseln | ecosupplements.ch<\/title>\n<meta name=\"description\" content=\"Swanson Melatonin 5mg in praktischen Kapseln zur Unterst\u00fctzung des Schlaf-Wach-Rhythmus \u2013 60 Kapseln pro Packung. Jetzt bestellen.\" \/>\n<meta name=\"robots\" content=\"index, follow, max-snippet:-1, max-image-preview:large, max-video-preview:-1\" \/>\n<link rel=\"canonical\" href=\"https:\/\/ecosupplements.ch\/?product=swanson-melatonin-5mg-60-kapsler\" \/>\n<meta property=\"og:locale\" content=\"de_DE\" \/>\n<meta property=\"og:type\" content=\"article\" \/>\n<meta property=\"og:title\" content=\"Swanson Melatonin 5mg \u2013 60 Kapseln | ecosupplements.ch\" \/>\n<meta property=\"og:description\" content=\"Swanson Melatonin 5mg in praktischen Kapseln zur Unterst\u00fctzung des Schlaf-Wach-Rhythmus \u2013 60 Kapseln pro Packung. Jetzt bestellen.\" \/>\n<meta property=\"og:url\" content=\"https:\/\/ecosupplements.ch\/?product=swanson-melatonin-5mg-60-kapsler\" \/>\n<meta property=\"og:site_name\" content=\"Eco Supplements\" \/>\n<meta property=\"article:modified_time\" content=\"2026-05-13T07:26:48+00:00\" \/>\n<meta property=\"og:image\" content=\"https:\/\/ecosupplements.ch\/wp-content\/uploads\/2026\/05\/Swanson-Melatonin-5mg-60-kapsler-2.jpg\" \/>\n\t<meta property=\"og:image:width\" content=\"1313\" \/>\n\t<meta property=\"og:image:height\" content=\"1465\" \/>\n\t<meta property=\"og:image:type\" content=\"image\/jpeg\" \/>\n<meta name=\"twitter:card\" content=\"summary_large_image\" \/>\n<meta name=\"twitter:label1\" content=\"Price\" \/>\n\t<meta name=\"twitter:data1\" content=\"&#067;&#072;&#070;&nbsp;12.75\" \/>\n\t<meta name=\"twitter:label2\" content=\"Availability\" \/>\n\t<meta name=\"twitter:data2\" content=\"Out of stock\" \/>\n<script type=\"application\/ld+json\" class=\"yoast-schema-graph\">{\"@context\":\"https:\\\/\\\/schema.org\",\"@graph\":[{\"@type\":\"WebPage\",\"@id\":\"https:\\\/\\\/ecosupplements.ch\\\/?product=swanson-melatonin-5mg-60-kapsler\",\"url\":\"https:\\\/\\\/ecosupplements.ch\\\/?product=swanson-melatonin-5mg-60-kapsler\",\"name\":\"Swanson Melatonin 5mg \u2013 60 Kapseln | ecosupplements.ch\",\"isPartOf\":{\"@id\":\"https:\\\/\\\/ecosupplements.ch\\\/#website\"},\"primaryImageOfPage\":{\"@id\":\"https:\\\/\\\/ecosupplements.ch\\\/?product=swanson-melatonin-5mg-60-kapsler#primaryimage\"},\"image\":{\"@id\":\"https:\\\/\\\/ecosupplements.ch\\\/?product=swanson-melatonin-5mg-60-kapsler#primaryimage\"},\"thumbnailUrl\":\"https:\\\/\\\/ecosupplements.ch\\\/wp-content\\\/uploads\\\/2026\\\/05\\\/Swanson-Melatonin-5mg-60-kapsler-2.jpg\",\"datePublished\":\"2026-05-11T14:46:51+00:00\",\"dateModified\":\"2026-05-13T07:26:48+00:00\",\"description\":\"Swanson Melatonin 5mg in praktischen Kapseln zur Unterst\u00fctzung des Schlaf-Wach-Rhythmus \u2013 60 Kapseln pro Packung. Jetzt bestellen.\",\"breadcrumb\":{\"@id\":\"https:\\\/\\\/ecosupplements.ch\\\/?product=swanson-melatonin-5mg-60-kapsler#breadcrumb\"},\"inLanguage\":\"de-CH\",\"potentialAction\":[{\"@type\":\"ReadAction\",\"target\":[\"https:\\\/\\\/ecosupplements.ch\\\/?product=swanson-melatonin-5mg-60-kapsler\"]}]},{\"@type\":\"ImageObject\",\"inLanguage\":\"de-CH\",\"@id\":\"https:\\\/\\\/ecosupplements.ch\\\/?product=swanson-melatonin-5mg-60-kapsler#primaryimage\",\"url\":\"https:\\\/\\\/ecosupplements.ch\\\/wp-content\\\/uploads\\\/2026\\\/05\\\/Swanson-Melatonin-5mg-60-kapsler-2.jpg\",\"contentUrl\":\"https:\\\/\\\/ecosupplements.ch\\\/wp-content\\\/uploads\\\/2026\\\/05\\\/Swanson-Melatonin-5mg-60-kapsler-2.jpg\",\"width\":1313,\"height\":1465},{\"@type\":\"BreadcrumbList\",\"@id\":\"https:\\\/\\\/ecosupplements.ch\\\/?product=swanson-melatonin-5mg-60-kapsler#breadcrumb\",\"itemListElement\":[{\"@type\":\"ListItem\",\"position\":1,\"name\":\"Home\",\"item\":\"https:\\\/\\\/ecosupplements.ch\\\/\"},{\"@type\":\"ListItem\",\"position\":2,\"name\":\"Shop\",\"item\":\"https:\\\/\\\/ecosupplements.ch\\\/?page_id=14\"},{\"@type\":\"ListItem\",\"position\":3,\"name\":\"Swanson &#8211; Melatonin 5mg &#8211; 60 kapsler\"}]},{\"@type\":\"WebSite\",\"@id\":\"https:\\\/\\\/ecosupplements.ch\\\/#website\",\"url\":\"https:\\\/\\\/ecosupplements.ch\\\/\",\"name\":\"Eco Supplements\",\"description\":\"\",\"potentialAction\":[{\"@type\":\"SearchAction\",\"target\":{\"@type\":\"EntryPoint\",\"urlTemplate\":\"https:\\\/\\\/ecosupplements.ch\\\/?s={search_term_string}\"},\"query-input\":{\"@type\":\"PropertyValueSpecification\",\"valueRequired\":true,\"valueName\":\"search_term_string\"}}],\"inLanguage\":\"de-CH\"}]}<\/script>\n<meta property=\"product:price:amount\" content=\"12.75\" \/>\n<meta property=\"product:price:currency\" content=\"CHF\" \/>\n<meta property=\"og:availability\" content=\"out of stock\" \/>\n<meta property=\"product:availability\" content=\"out of stock\" \/>\n<meta property=\"product:retailer_item_id\" content=\"087614118116\" \/>\n<meta property=\"product:condition\" content=\"new\" \/>\n<!-- \/ Yoast SEO plugin. -->","yoast_head_json":{"title":"Swanson Melatonin 5mg \u2013 60 Kapseln | ecosupplements.ch","description":"Swanson Melatonin 5mg in praktischen Kapseln zur Unterst\u00fctzung des Schlaf-Wach-Rhythmus \u2013 60 Kapseln pro Packung. Jetzt bestellen.","robots":{"index":"index","follow":"follow","max-snippet":"max-snippet:-1","max-image-preview":"max-image-preview:large","max-video-preview":"max-video-preview:-1"},"canonical":"https:\/\/ecosupplements.ch\/?product=swanson-melatonin-5mg-60-kapsler","og_locale":"de_DE","og_type":"article","og_title":"Swanson Melatonin 5mg \u2013 60 Kapseln | ecosupplements.ch","og_description":"Swanson Melatonin 5mg in praktischen Kapseln zur Unterst\u00fctzung des Schlaf-Wach-Rhythmus \u2013 60 Kapseln pro Packung. Jetzt bestellen.","og_url":"https:\/\/ecosupplements.ch\/?product=swanson-melatonin-5mg-60-kapsler","og_site_name":"Eco Supplements","article_modified_time":"2026-05-13T07:26:48+00:00","og_image":[{"width":1313,"height":1465,"url":"https:\/\/ecosupplements.ch\/wp-content\/uploads\/2026\/05\/Swanson-Melatonin-5mg-60-kapsler-2.jpg","type":"image\/jpeg"}],"twitter_card":"summary_large_image","twitter_misc":{"Price":"&#67;&#72;&#70;&nbsp;12.75","Availability":"Out of stock"},"schema":{"@context":"https:\/\/schema.org","@graph":[{"@type":"WebPage","@id":"https:\/\/ecosupplements.ch\/?product=swanson-melatonin-5mg-60-kapsler","url":"https:\/\/ecosupplements.ch\/?product=swanson-melatonin-5mg-60-kapsler","name":"Swanson Melatonin 5mg \u2013 60 Kapseln | ecosupplements.ch","isPartOf":{"@id":"https:\/\/ecosupplements.ch\/#website"},"primaryImageOfPage":{"@id":"https:\/\/ecosupplements.ch\/?product=swanson-melatonin-5mg-60-kapsler#primaryimage"},"image":{"@id":"https:\/\/ecosupplements.ch\/?product=swanson-melatonin-5mg-60-kapsler#primaryimage"},"thumbnailUrl":"https:\/\/ecosupplements.ch\/wp-content\/uploads\/2026\/05\/Swanson-Melatonin-5mg-60-kapsler-2.jpg","datePublished":"2026-05-11T14:46:51+00:00","dateModified":"2026-05-13T07:26:48+00:00","description":"Swanson Melatonin 5mg in praktischen Kapseln zur Unterst\u00fctzung des Schlaf-Wach-Rhythmus \u2013 60 Kapseln pro Packung. Jetzt bestellen.","breadcrumb":{"@id":"https:\/\/ecosupplements.ch\/?product=swanson-melatonin-5mg-60-kapsler#breadcrumb"},"inLanguage":"de-CH","potentialAction":[{"@type":"ReadAction","target":["https:\/\/ecosupplements.ch\/?product=swanson-melatonin-5mg-60-kapsler"]}]},{"@type":"ImageObject","inLanguage":"de-CH","@id":"https:\/\/ecosupplements.ch\/?product=swanson-melatonin-5mg-60-kapsler#primaryimage","url":"https:\/\/ecosupplements.ch\/wp-content\/uploads\/2026\/05\/Swanson-Melatonin-5mg-60-kapsler-2.jpg","contentUrl":"https:\/\/ecosupplements.ch\/wp-content\/uploads\/2026\/05\/Swanson-Melatonin-5mg-60-kapsler-2.jpg","width":1313,"height":1465},{"@type":"BreadcrumbList","@id":"https:\/\/ecosupplements.ch\/?product=swanson-melatonin-5mg-60-kapsler#breadcrumb","itemListElement":[{"@type":"ListItem","position":1,"name":"Home","item":"https:\/\/ecosupplements.ch\/"},{"@type":"ListItem","position":2,"name":"Shop","item":"https:\/\/ecosupplements.ch\/?page_id=14"},{"@type":"ListItem","position":3,"name":"Swanson &#8211; Melatonin 5mg &#8211; 60 kapsler"}]},{"@type":"WebSite","@id":"https:\/\/ecosupplements.ch\/#website","url":"https:\/\/ecosupplements.ch\/","name":"Eco Supplements","description":"","potentialAction":[{"@type":"SearchAction","target":{"@type":"EntryPoint","urlTemplate":"https:\/\/ecosupplements.ch\/?s={search_term_string}"},"query-input":{"@type":"PropertyValueSpecification","valueRequired":true,"valueName":"search_term_string"}}],"inLanguage":"de-CH"}]},"product_price_amount":"12.75","product_price_currency":"CHF","og_availability":"out of stock","product_availability":"out of stock","product_retailer_item_id":"087614118116","product_condition":"new"},"_links":{"self":[{"href":"https:\/\/ecosupplements.ch\/index.php?rest_route=\/wp\/v2\/product\/3604","targetHints":{"allow":["GET"]}}],"collection":[{"href":"https:\/\/ecosupplements.ch\/index.php?rest_route=\/wp\/v2\/product"}],"about":[{"href":"https:\/\/ecosupplements.ch\/index.php?rest_route=\/wp\/v2\/types\/product"}],"replies":[{"embeddable":true,"href":"https:\/\/ecosupplements.ch\/index.php?rest_route=%2Fwp%2Fv2%2Fcomments&post=3604"}],"wp:featuredmedia":[{"embeddable":true,"href":"https:\/\/ecosupplements.ch\/index.php?rest_route=\/wp\/v2\/media\/3605"}],"wp:attachment":[{"href":"https:\/\/ecosupplements.ch\/index.php?rest_route=%2Fwp%2Fv2%2Fmedia&parent=3604"}],"wp:term":[{"taxonomy":"product_brand","embeddable":true,"href":"https:\/\/ecosupplements.ch\/index.php?rest_route=%2Fwp%2Fv2%2Fproduct_brand&post=3604"},{"taxonomy":"product_cat","embeddable":true,"href":"https:\/\/ecosupplements.ch\/index.php?rest_route=%2Fwp%2Fv2%2Fproduct_cat&post=3604"},{"taxonomy":"product_tag","embeddable":true,"href":"https:\/\/ecosupplements.ch\/index.php?rest_route=%2Fwp%2Fv2%2Fproduct_tag&post=3604"}],"curies":[{"name":"wp","href":"https:\/\/api.w.org\/{rel}","templated":true}]}}