{"id":3676,"date":"2026-05-11T14:52:39","date_gmt":"2026-05-11T14:52:39","guid":{"rendered":"https:\/\/ecosupplements.ch\/?product=double-wood-supplements-pterostilbene-60-capsules"},"modified":"2026-05-13T07:27:19","modified_gmt":"2026-05-13T07:27:19","slug":"double-wood-supplements-pterostilbene-60-capsules","status":"publish","type":"product","link":"https:\/\/ecosupplements.ch\/?product=double-wood-supplements-pterostilbene-60-capsules","title":{"rendered":"Double Wood Supplements Pterostilbene (60 Capsules)"},"content":{"rendered":"<div class=\"chcg-product-description\">\n<h2 class=\"chcg-heading\">\u00dcber Double Wood Supplements \u2013 Pterostilbene \u2013 60 Kapseln<\/h2>\n<div class=\"chcg-intro\">\n<p>Pterostilbene ist ein nat\u00fcrlich vorkommender Polyphenol-Wirkstoff, der strukturell mit Resveratrol verwandt ist und in Blaubeeren sowie anderen Beerenfr\u00fcchten vorkommt. Double Wood Supplements bietet Pterostilbene in einer hochdosierten Form von 100 mg pro Kapsel an \u2013 f\u00fcr eine pr\u00e4zise und unkomplizierte Einnahme im Alltag.<\/p>\n<p>Pterostilbene ist fettl\u00f6slich und wird daher zusammen mit einer Mahlzeit am besten vom K\u00f6rper aufgenommen. Jede Kapsel enth\u00e4lt ausschliesslich sorgf\u00e4ltig ausgew\u00e4hlte Zutaten \u2013 ohne Soja, ohne Gluten und ohne gentechnisch ver\u00e4nderte Organismen (Non-GMO).<\/p>\n<p>Das Produkt von Double Wood Supplements ist darauf ausgerichtet, eine gezielte und qualitativ hochstehende Nahrungserg\u00e4nzung zu erm\u00f6glichen. Die schlichte Zusammensetzung und die klare Dosierung machen es zu einer praktischen Wahl f\u00fcr alle, die Pterostilbene in ihre t\u00e4gliche Routine integrieren m\u00f6chten.<\/p>\n<\/p><\/div>\n<div class=\"chcg-nutrition\">\n<h3>N\u00e4hrwertangaben<\/h3>\n<table class=\"chcg-nutrition-table\">\n<thead>\n<tr>\n<th>N\u00e4hrstoff<\/th>\n<th>Pro Portion (1 Kapsel)<\/th>\n<\/tr>\n<\/thead>\n<tbody>\n<tr>\n<td>Pterostilbene<\/td>\n<td>100 mg<\/td>\n<\/tr>\n<\/tbody>\n<\/table>\n<p class=\"chcg-footnote\">* Kein festgelegter Tagesreferenzwert vorhanden.<\/p>\n<\/p><\/div>\n<div class=\"chcg-ingredients\">\n<h3>Zutaten<\/h3>\n<p>Pterostilbene 100 mg, mikrokristalline Cellulose, Reismehl.<\/p>\n<p class=\"chcg-capsule-shell\">Kapselh\u00fclle: Gelatine<\/p>\n<\/p><\/div>\n<div class=\"chcg-dosage\">\n<h3>Verzehrempfehlung<\/h3>\n<p>100 mg (1 Kapsel) ein- bis zweimal t\u00e4glich einnehmen. Pterostilbene ist fettl\u00f6slich und sollte am besten zusammen mit einer Mahlzeit eingenommen werden. Nicht mehr als 600 mg (6 Kapseln) pro Tag konsumieren.<\/p>\n<\/p><\/div>\n<div class=\"chcg-warnings\">\n<h3>Warnhinweise<\/h3>\n<p>Falls Sie an einer Erkrankung wie Diabetes leiden, die medikament\u00f6s zur Blutzuckerkontrolle behandelt wird, schwanger sind, stillen, eine Schwangerschaft planen, unter 18 Jahre alt sind oder andere Medikamente einnehmen, konsultieren Sie vor der Einnahme bitte Ihren Arzt. Nicht mehr als 600 mg (6 Kapseln) pro Tag einnehmen. Bei unerw\u00fcnschten Reaktionen die Einnahme sofort abbrechen und umgehend einen Arzt aufsuchen. F\u00fchren Sie keine schweren Maschinen oder Fahrzeuge, bis Sie wissen, wie Pterostilbene auf Sie wirkt. Diese Aussagen wurden nicht durch das Schweizerische Bundesamt f\u00fcr Lebensmittelsicherheit und Veterin\u00e4rwesen (BLV) oder eine entsprechende Beh\u00f6rde bewertet. Dieses Produkt ist nicht dazu bestimmt, Krankheiten zu diagnostizieren, zu behandeln, zu heilen oder vorzubeugen.<\/p>\n<\/p><\/div>\n<div class=\"chcg-allergens\">\n<h3>Allergeninformationen<\/h3>\n<p>Es sind keine Allergene deklariert. Das Produkt ist frei von Soja und Gluten sowie ohne gentechnisch ver\u00e4nderte Organismen (Non-GMO) hergestellt.<\/p>\n<\/p><\/div>\n<div class=\"chcg-storage\">\n<h3>Lagerung<\/h3>\n<p>An einem k\u00fchlen, dunklen Ort lagern. Nicht einfrieren. Nicht Feuchtigkeit oder W\u00e4rme \u00fcber Raumtemperatur aussetzen.<\/p>\n<\/p><\/div>\n<div class=\"chcg-dietary\">\n<h3>Ern\u00e4hrungshinweise<\/h3>\n<ul>\n<li>Glutenfrei<\/li>\n<\/ul><\/div>\n<\/div>\n","protected":false},"excerpt":{"rendered":"<p>Pterostilbene von Double Wood Supplements liefert 100 mg pro Kapsel und unterst\u00fctzt eine gezielte t\u00e4gliche Supplementierung. Die fettl\u00f6sliche Formel wird am besten mit einer Mahlzeit eingenommen. Packung mit 60 Kapseln, glutenfrei und Non-GMO.<\/p>\n","protected":false},"featured_media":3677,"comment_status":"closed","ping_status":"open","template":"","meta":[],"product_brand":[468],"product_cat":[48,25],"product_tag":[],"class_list":{"0":"post-3676","1":"product","2":"type-product","3":"status-publish","4":"has-post-thumbnail","6":"product_brand-double-wood-supplements","7":"product_cat-gesunde-ernaehrung","8":"product_cat-gesundheit-und-wohlbefinden","10":"first","11":"outofstock","12":"taxable","13":"shipping-taxable","14":"purchasable","15":"product-type-simple"},"yoast_head":"<!-- This site is optimized with the Yoast SEO plugin v27.5 - https:\/\/yoast.com\/product\/yoast-seo-wordpress\/ -->\n<title>Pterostilbene 100mg \u2013 Double Wood Supplements | ecosupplements.ch<\/title>\n<meta name=\"description\" content=\"Pterostilbene 100 mg pro Kapsel von Double Wood Supplements \u2013 glutenfrei, Non-GMO, 60 Kapseln. Jetzt bestellen.\" \/>\n<meta name=\"robots\" content=\"index, follow, max-snippet:-1, max-image-preview:large, max-video-preview:-1\" \/>\n<link rel=\"canonical\" href=\"https:\/\/ecosupplements.ch\/?product=double-wood-supplements-pterostilbene-60-capsules\" \/>\n<meta property=\"og:locale\" content=\"de_DE\" \/>\n<meta property=\"og:type\" content=\"article\" \/>\n<meta property=\"og:title\" content=\"Pterostilbene 100mg \u2013 Double Wood Supplements | ecosupplements.ch\" \/>\n<meta property=\"og:description\" content=\"Pterostilbene 100 mg pro Kapsel von Double Wood Supplements \u2013 glutenfrei, Non-GMO, 60 Kapseln. Jetzt bestellen.\" \/>\n<meta property=\"og:url\" content=\"https:\/\/ecosupplements.ch\/?product=double-wood-supplements-pterostilbene-60-capsules\" \/>\n<meta property=\"og:site_name\" content=\"Eco Supplements\" \/>\n<meta property=\"article:modified_time\" content=\"2026-05-13T07:27:19+00:00\" \/>\n<meta property=\"og:image\" content=\"https:\/\/ecosupplements.ch\/wp-content\/uploads\/2026\/05\/Double-Wood-Supplements-Pterostilbene-60-Capsules.webp\" \/>\n\t<meta property=\"og:image:width\" content=\"1000\" \/>\n\t<meta property=\"og:image:height\" content=\"1000\" \/>\n\t<meta property=\"og:image:type\" content=\"image\/jpeg\" \/>\n<meta name=\"twitter:card\" content=\"summary_large_image\" \/>\n<meta name=\"twitter:label1\" content=\"Price\" \/>\n\t<meta name=\"twitter:data1\" content=\"&#067;&#072;&#070;&nbsp;24.12\" \/>\n\t<meta name=\"twitter:label2\" content=\"Availability\" \/>\n\t<meta name=\"twitter:data2\" content=\"Out of stock\" \/>\n<script type=\"application\/ld+json\" class=\"yoast-schema-graph\">{\"@context\":\"https:\\\/\\\/schema.org\",\"@graph\":[{\"@type\":\"WebPage\",\"@id\":\"https:\\\/\\\/ecosupplements.ch\\\/?product=double-wood-supplements-pterostilbene-60-capsules\",\"url\":\"https:\\\/\\\/ecosupplements.ch\\\/?product=double-wood-supplements-pterostilbene-60-capsules\",\"name\":\"Pterostilbene 100mg \u2013 Double Wood Supplements | ecosupplements.ch\",\"isPartOf\":{\"@id\":\"https:\\\/\\\/ecosupplements.ch\\\/#website\"},\"primaryImageOfPage\":{\"@id\":\"https:\\\/\\\/ecosupplements.ch\\\/?product=double-wood-supplements-pterostilbene-60-capsules#primaryimage\"},\"image\":{\"@id\":\"https:\\\/\\\/ecosupplements.ch\\\/?product=double-wood-supplements-pterostilbene-60-capsules#primaryimage\"},\"thumbnailUrl\":\"https:\\\/\\\/ecosupplements.ch\\\/wp-content\\\/uploads\\\/2026\\\/05\\\/Double-Wood-Supplements-Pterostilbene-60-Capsules.webp\",\"datePublished\":\"2026-05-11T14:52:39+00:00\",\"dateModified\":\"2026-05-13T07:27:19+00:00\",\"description\":\"Pterostilbene 100 mg pro Kapsel von Double Wood Supplements \u2013 glutenfrei, Non-GMO, 60 Kapseln. Jetzt bestellen.\",\"breadcrumb\":{\"@id\":\"https:\\\/\\\/ecosupplements.ch\\\/?product=double-wood-supplements-pterostilbene-60-capsules#breadcrumb\"},\"inLanguage\":\"de-CH\",\"potentialAction\":[{\"@type\":\"ReadAction\",\"target\":[\"https:\\\/\\\/ecosupplements.ch\\\/?product=double-wood-supplements-pterostilbene-60-capsules\"]}]},{\"@type\":\"ImageObject\",\"inLanguage\":\"de-CH\",\"@id\":\"https:\\\/\\\/ecosupplements.ch\\\/?product=double-wood-supplements-pterostilbene-60-capsules#primaryimage\",\"url\":\"https:\\\/\\\/ecosupplements.ch\\\/wp-content\\\/uploads\\\/2026\\\/05\\\/Double-Wood-Supplements-Pterostilbene-60-Capsules.webp\",\"contentUrl\":\"https:\\\/\\\/ecosupplements.ch\\\/wp-content\\\/uploads\\\/2026\\\/05\\\/Double-Wood-Supplements-Pterostilbene-60-Capsules.webp\",\"width\":1000,\"height\":1000,\"caption\":\"Double Wood Supplements Pterostilbene (60 Capsules)\"},{\"@type\":\"BreadcrumbList\",\"@id\":\"https:\\\/\\\/ecosupplements.ch\\\/?product=double-wood-supplements-pterostilbene-60-capsules#breadcrumb\",\"itemListElement\":[{\"@type\":\"ListItem\",\"position\":1,\"name\":\"Home\",\"item\":\"https:\\\/\\\/ecosupplements.ch\\\/\"},{\"@type\":\"ListItem\",\"position\":2,\"name\":\"Shop\",\"item\":\"https:\\\/\\\/ecosupplements.ch\\\/?page_id=14\"},{\"@type\":\"ListItem\",\"position\":3,\"name\":\"Double Wood Supplements Pterostilbene (60 Capsules)\"}]},{\"@type\":\"WebSite\",\"@id\":\"https:\\\/\\\/ecosupplements.ch\\\/#website\",\"url\":\"https:\\\/\\\/ecosupplements.ch\\\/\",\"name\":\"Eco Supplements\",\"description\":\"\",\"potentialAction\":[{\"@type\":\"SearchAction\",\"target\":{\"@type\":\"EntryPoint\",\"urlTemplate\":\"https:\\\/\\\/ecosupplements.ch\\\/?s={search_term_string}\"},\"query-input\":{\"@type\":\"PropertyValueSpecification\",\"valueRequired\":true,\"valueName\":\"search_term_string\"}}],\"inLanguage\":\"de-CH\"}]}<\/script>\n<meta property=\"product:price:amount\" content=\"24.12\" \/>\n<meta property=\"product:price:currency\" content=\"CHF\" \/>\n<meta property=\"og:availability\" content=\"out of stock\" \/>\n<meta property=\"product:availability\" content=\"out of stock\" \/>\n<meta property=\"product:retailer_item_id\" content=\"X001LWWU87\" \/>\n<meta property=\"product:condition\" content=\"new\" \/>\n<!-- \/ Yoast SEO plugin. -->","yoast_head_json":{"title":"Pterostilbene 100mg \u2013 Double Wood Supplements | ecosupplements.ch","description":"Pterostilbene 100 mg pro Kapsel von Double Wood Supplements \u2013 glutenfrei, Non-GMO, 60 Kapseln. Jetzt bestellen.","robots":{"index":"index","follow":"follow","max-snippet":"max-snippet:-1","max-image-preview":"max-image-preview:large","max-video-preview":"max-video-preview:-1"},"canonical":"https:\/\/ecosupplements.ch\/?product=double-wood-supplements-pterostilbene-60-capsules","og_locale":"de_DE","og_type":"article","og_title":"Pterostilbene 100mg \u2013 Double Wood Supplements | ecosupplements.ch","og_description":"Pterostilbene 100 mg pro Kapsel von Double Wood Supplements \u2013 glutenfrei, Non-GMO, 60 Kapseln. Jetzt bestellen.","og_url":"https:\/\/ecosupplements.ch\/?product=double-wood-supplements-pterostilbene-60-capsules","og_site_name":"Eco Supplements","article_modified_time":"2026-05-13T07:27:19+00:00","og_image":[{"width":1000,"height":1000,"url":"https:\/\/ecosupplements.ch\/wp-content\/uploads\/2026\/05\/Double-Wood-Supplements-Pterostilbene-60-Capsules.webp","type":"image\/jpeg"}],"twitter_card":"summary_large_image","twitter_misc":{"Price":"&#67;&#72;&#70;&nbsp;24.12","Availability":"Out of stock"},"schema":{"@context":"https:\/\/schema.org","@graph":[{"@type":"WebPage","@id":"https:\/\/ecosupplements.ch\/?product=double-wood-supplements-pterostilbene-60-capsules","url":"https:\/\/ecosupplements.ch\/?product=double-wood-supplements-pterostilbene-60-capsules","name":"Pterostilbene 100mg \u2013 Double Wood Supplements | ecosupplements.ch","isPartOf":{"@id":"https:\/\/ecosupplements.ch\/#website"},"primaryImageOfPage":{"@id":"https:\/\/ecosupplements.ch\/?product=double-wood-supplements-pterostilbene-60-capsules#primaryimage"},"image":{"@id":"https:\/\/ecosupplements.ch\/?product=double-wood-supplements-pterostilbene-60-capsules#primaryimage"},"thumbnailUrl":"https:\/\/ecosupplements.ch\/wp-content\/uploads\/2026\/05\/Double-Wood-Supplements-Pterostilbene-60-Capsules.webp","datePublished":"2026-05-11T14:52:39+00:00","dateModified":"2026-05-13T07:27:19+00:00","description":"Pterostilbene 100 mg pro Kapsel von Double Wood Supplements \u2013 glutenfrei, Non-GMO, 60 Kapseln. Jetzt bestellen.","breadcrumb":{"@id":"https:\/\/ecosupplements.ch\/?product=double-wood-supplements-pterostilbene-60-capsules#breadcrumb"},"inLanguage":"de-CH","potentialAction":[{"@type":"ReadAction","target":["https:\/\/ecosupplements.ch\/?product=double-wood-supplements-pterostilbene-60-capsules"]}]},{"@type":"ImageObject","inLanguage":"de-CH","@id":"https:\/\/ecosupplements.ch\/?product=double-wood-supplements-pterostilbene-60-capsules#primaryimage","url":"https:\/\/ecosupplements.ch\/wp-content\/uploads\/2026\/05\/Double-Wood-Supplements-Pterostilbene-60-Capsules.webp","contentUrl":"https:\/\/ecosupplements.ch\/wp-content\/uploads\/2026\/05\/Double-Wood-Supplements-Pterostilbene-60-Capsules.webp","width":1000,"height":1000,"caption":"Double Wood Supplements Pterostilbene (60 Capsules)"},{"@type":"BreadcrumbList","@id":"https:\/\/ecosupplements.ch\/?product=double-wood-supplements-pterostilbene-60-capsules#breadcrumb","itemListElement":[{"@type":"ListItem","position":1,"name":"Home","item":"https:\/\/ecosupplements.ch\/"},{"@type":"ListItem","position":2,"name":"Shop","item":"https:\/\/ecosupplements.ch\/?page_id=14"},{"@type":"ListItem","position":3,"name":"Double Wood Supplements Pterostilbene (60 Capsules)"}]},{"@type":"WebSite","@id":"https:\/\/ecosupplements.ch\/#website","url":"https:\/\/ecosupplements.ch\/","name":"Eco Supplements","description":"","potentialAction":[{"@type":"SearchAction","target":{"@type":"EntryPoint","urlTemplate":"https:\/\/ecosupplements.ch\/?s={search_term_string}"},"query-input":{"@type":"PropertyValueSpecification","valueRequired":true,"valueName":"search_term_string"}}],"inLanguage":"de-CH"}]},"product_price_amount":"24.12","product_price_currency":"CHF","og_availability":"out of stock","product_availability":"out of stock","product_retailer_item_id":"X001LWWU87","product_condition":"new"},"_links":{"self":[{"href":"https:\/\/ecosupplements.ch\/index.php?rest_route=\/wp\/v2\/product\/3676","targetHints":{"allow":["GET"]}}],"collection":[{"href":"https:\/\/ecosupplements.ch\/index.php?rest_route=\/wp\/v2\/product"}],"about":[{"href":"https:\/\/ecosupplements.ch\/index.php?rest_route=\/wp\/v2\/types\/product"}],"replies":[{"embeddable":true,"href":"https:\/\/ecosupplements.ch\/index.php?rest_route=%2Fwp%2Fv2%2Fcomments&post=3676"}],"wp:featuredmedia":[{"embeddable":true,"href":"https:\/\/ecosupplements.ch\/index.php?rest_route=\/wp\/v2\/media\/3677"}],"wp:attachment":[{"href":"https:\/\/ecosupplements.ch\/index.php?rest_route=%2Fwp%2Fv2%2Fmedia&parent=3676"}],"wp:term":[{"taxonomy":"product_brand","embeddable":true,"href":"https:\/\/ecosupplements.ch\/index.php?rest_route=%2Fwp%2Fv2%2Fproduct_brand&post=3676"},{"taxonomy":"product_cat","embeddable":true,"href":"https:\/\/ecosupplements.ch\/index.php?rest_route=%2Fwp%2Fv2%2Fproduct_cat&post=3676"},{"taxonomy":"product_tag","embeddable":true,"href":"https:\/\/ecosupplements.ch\/index.php?rest_route=%2Fwp%2Fv2%2Fproduct_tag&post=3676"}],"curies":[{"name":"wp","href":"https:\/\/api.w.org\/{rel}","templated":true}]}}