{"id":3709,"date":"2026-05-11T14:52:55","date_gmt":"2026-05-11T14:52:55","guid":{"rendered":"https:\/\/ecosupplements.ch\/?product=omega-3-pet-90-softgels"},"modified":"2026-05-13T07:22:52","modified_gmt":"2026-05-13T07:22:52","slug":"omega-3-pet-90-softgels","status":"publish","type":"product","link":"https:\/\/ecosupplements.ch\/?product=omega-3-pet-90-softgels","title":{"rendered":"Omega-3 Pet &#8211; 90 softgels"},"content":{"rendered":"<div class=\"chcg-product-description\">\n<h2 class=\"chcg-heading\">\u00dcber Nordic Naturals \u2013 Omega-3 Pet \u2013 90 Softgels<\/h2>\n<div class=\"chcg-intro\">\n<p>Nordic Naturals Omega-3 Pet ist ein hochwertiges Fisch\u00f6lpr\u00e4parat, das speziell f\u00fcr Hunde entwickelt wurde. Es liefert pro Softgel eine bedeutende Menge an Omega-3-Fetts\u00e4uren \u2013 darunter EPA (Eicosapentaens\u00e4ure) und DHA (Docosahexaens\u00e4ure) \u2013 aus nat\u00fcrlichem Sardellen- und Sardinenfisch\u00f6l. Nordic Naturals setzt dabei auf sorgsam ausgew\u00e4hlte Zutaten ohne k\u00fcnstliche Farb- oder Aromastoffe.<\/p>\n<p>Die praktischen Softgels lassen sich unkompliziert in das t\u00e4gliche F\u00fctterungsritual integrieren: Bei gr\u00f6sseren Hunden kann das Softgel direkt ins Futter gegeben oder direkt verabreicht werden. Bei kleineren Hunden empfiehlt sich das Aufstechen der Kapsel, sodass das \u00d6l direkt auf das Futter getr\u00e4ufelt werden kann.<\/p>\n<p>Das Produkt ist glutenfrei und frei von Laktose sowie synthetischen Farbstoffen \u2013 f\u00fcr Hundehalter, die bei der Erg\u00e4nzungsf\u00fctterung ihres Vierbeiners Wert auf Reinheit und Transparenz legen.<\/p>\n<\/p><\/div>\n<div class=\"chcg-nutrition\">\n<h3>N\u00e4hrwertangaben<\/h3>\n<table class=\"chcg-nutrition-table\">\n<thead>\n<tr>\n<th>N\u00e4hrstoff<\/th>\n<th>Pro Portion (1 Softgel, ca. 1500 mg)<\/th>\n<\/tr>\n<\/thead>\n<tbody>\n<tr>\n<td>Rohfett (min.)<\/td>\n<td>67 %<\/td>\n<\/tr>\n<tr>\n<td>Feuchtigkeit (max.)<\/td>\n<td>3 %<\/td>\n<\/tr>\n<tr>\n<td>Gesamte Omega-3-Fetts\u00e4uren* (min.)<\/td>\n<td>21 % (ca. 315\u2013330 mg)<\/td>\n<\/tr>\n<tr>\n<td>\u2013 Eicosapentaens\u00e4ure (EPA)* (min.)<\/td>\n<td>10 % (ca. 155\u2013165 mg)<\/td>\n<\/tr>\n<tr>\n<td>\u2013 Docosahexaens\u00e4ure (DHA)* (min.)<\/td>\n<td>6 % (ca. 100\u2013105 mg)<\/td>\n<\/tr>\n<tr>\n<td>Kaloriengehalt (berechnet)<\/td>\n<td>ca. 10 kcal \/ Softgel (ME 7180 kcal\/kg)<\/td>\n<\/tr>\n<\/tbody>\n<\/table>\n<p class=\"chcg-footnote\">* Nicht als essenzieller N\u00e4hrstoff gem\u00e4ss den AAFCO-N\u00e4hrstoffprofilen f\u00fcr Hunde- oder Katzenfutter anerkannt.<\/p>\n<\/p><\/div>\n<div class=\"chcg-ingredients\">\n<h3>Zutaten<\/h3>\n<p>Fisch\u00f6l (Sardellen\u00f6l, Sardinen\u00f6l), d-alpha-Tocopherol (als Konservierungsmittel). Keine k\u00fcnstlichen Farb- oder Aromastoffe.<\/p>\n<p class=\"chcg-capsule-shell\">Kapselh\u00fclle: Gelatine, Wasser, Glycerin.<\/p>\n<\/p><\/div>\n<div class=\"chcg-dosage\">\n<h3>Verzehrempfehlung<\/h3>\n<p>1 Softgel pro 9 kg K\u00f6rpergewicht t\u00e4glich. Gr\u00f6ssere Hunde (ab 9 kg): Softgel ins Futter geben oder direkt verabreichen. Kleinere Hunde (4,5\u20138,5 kg): Softgel aufstechen und das \u00d6l direkt auf das Futter geben. F\u00fcr Hunde von ca. 1\u20134,5 kg wird Nordic Naturals Omega-3 Pet als 2-oz-Fl\u00fcssigkeit empfohlen. Bei Hunden \u00fcber ca. 59 kg bitte vor der Anwendung eine Tier\u00e4rztin oder einen Tierarzt konsultieren. Die empfohlene Tagesdosis nicht ohne R\u00fccksprache mit einer Tier\u00e4rztin oder einem Tierarzt \u00fcberschreiten.<\/p>\n<\/p><\/div>\n<div class=\"chcg-warnings\">\n<h3>Warnhinweise<\/h3>\n<p>Die empfohlene Tagesdosis nicht ohne R\u00fccksprache mit einer Tier\u00e4rztin oder einem Tierarzt \u00fcberschreiten. Ausserhalb der Reichweite von Kindern aufbewahren. Nicht verwenden, wenn das Sicherheitssiegel besch\u00e4digt oder nicht vorhanden ist. Nach dem \u00d6ffnen innerhalb von zwei (2) Jahren verwenden. Bitte vor der Anwendung eine Tier\u00e4rztin oder einen Tierarzt konsultieren, wenn Ihr Tier an einer chronischen Erkrankung leidet oder Medikamente erh\u00e4lt. Informieren Sie Ihre Tier\u00e4rztin oder Ihren Tierarzt, dass Ihr Tier dieses Produkt erh\u00e4lt, bevor ein geplanter chirurgischer Eingriff stattfindet. Bei versehentlicher Einnahme durch Menschen bitte eine Tier\u00e4rztin oder einen Tierarzt kontaktieren.<\/p>\n<\/p><\/div>\n<div class=\"chcg-allergens\">\n<h3>Allergeninformationen<\/h3>\n<p>Enth\u00e4lt Fisch (Sardellen, Sardinen). Frei von Gluten, Milchbestandteilen und synthetischen Farbstoffen.<\/p>\n<\/p><\/div>\n<div class=\"chcg-storage\">\n<h3>Lagerung<\/h3>\n<p>An einem k\u00fchlen, trockenen Ort vor direkter Sonneneinstrahlung gesch\u00fctzt aufbewahren.<\/p>\n<\/p><\/div>\n<div class=\"chcg-dietary\">\n<h3>Ern\u00e4hrungshinweise<\/h3>\n<ul>\n<li>Glutenfrei<\/li>\n<li>Laktosefrei<\/li>\n<\/ul><\/div>\n<\/div>\n","protected":false},"excerpt":{"rendered":"<p>Nordic Naturals Omega-3 Pet liefert EPA und DHA aus reinem Sardellen- und Sardinenfisch\u00f6l \u2013 speziell f\u00fcr Hunde. 90 praktische Softgels, einfach ins Futter zu geben. Glutenfrei und ohne k\u00fcnstliche Zus\u00e4tze.<\/p>\n","protected":false},"featured_media":3710,"comment_status":"closed","ping_status":"open","template":"","meta":[],"product_brand":[214],"product_cat":[48,25,69,39,33],"product_tag":[],"class_list":{"0":"post-3709","1":"product","2":"type-product","3":"status-publish","4":"has-post-thumbnail","6":"product_brand-nordic-naturals","7":"product_cat-gesunde-ernaehrung","8":"product_cat-gesundheit-und-wohlbefinden","9":"product_cat-nahrungsergaenzungsmittel-fuer-haustiere","10":"product_cat-omega-und-fischoel","11":"product_cat-omega-fettsaeuren-essentielle-fettsaeuren-konjugierte-linolsaeure-oele","13":"first","14":"outofstock","15":"taxable","16":"shipping-taxable","17":"purchasable","18":"product-type-simple"},"yoast_head":"<!-- This site is optimized with the Yoast SEO plugin v27.5 - https:\/\/yoast.com\/product\/yoast-seo-wordpress\/ -->\n<title>Omega-3 Pet 90 Softgels \u2013 Nordic Naturals | ecosupplements.ch<\/title>\n<meta name=\"description\" content=\"Omega-3 Pet von Nordic Naturals liefert EPA und DHA aus reinem Fisch\u00f6l f\u00fcr Hunde \u2013 90 Softgels, glutenfrei. Jetzt bestellen.\" \/>\n<meta name=\"robots\" content=\"index, follow, max-snippet:-1, max-image-preview:large, max-video-preview:-1\" \/>\n<link rel=\"canonical\" href=\"https:\/\/ecosupplements.ch\/?product=omega-3-pet-90-softgels\" \/>\n<meta property=\"og:locale\" content=\"de_DE\" \/>\n<meta property=\"og:type\" content=\"article\" \/>\n<meta property=\"og:title\" content=\"Omega-3 Pet 90 Softgels \u2013 Nordic Naturals | ecosupplements.ch\" \/>\n<meta property=\"og:description\" content=\"Omega-3 Pet von Nordic Naturals liefert EPA und DHA aus reinem Fisch\u00f6l f\u00fcr Hunde \u2013 90 Softgels, glutenfrei. Jetzt bestellen.\" \/>\n<meta property=\"og:url\" content=\"https:\/\/ecosupplements.ch\/?product=omega-3-pet-90-softgels\" \/>\n<meta property=\"og:site_name\" content=\"Eco Supplements\" \/>\n<meta property=\"article:modified_time\" content=\"2026-05-13T07:22:52+00:00\" \/>\n<meta property=\"og:image\" content=\"https:\/\/ecosupplements.ch\/wp-content\/uploads\/2026\/05\/Omega-3-Pet-90-softgels.jpg\" \/>\n\t<meta property=\"og:image:width\" content=\"485\" \/>\n\t<meta property=\"og:image:height\" content=\"885\" \/>\n\t<meta property=\"og:image:type\" content=\"image\/jpeg\" \/>\n<meta name=\"twitter:card\" content=\"summary_large_image\" \/>\n<meta name=\"twitter:label1\" content=\"Price\" \/>\n\t<meta name=\"twitter:data1\" content=\"&#067;&#072;&#070;&nbsp;28.70\" \/>\n\t<meta name=\"twitter:label2\" content=\"Availability\" \/>\n\t<meta name=\"twitter:data2\" content=\"Out of stock\" \/>\n<script type=\"application\/ld+json\" class=\"yoast-schema-graph\">{\"@context\":\"https:\\\/\\\/schema.org\",\"@graph\":[{\"@type\":\"WebPage\",\"@id\":\"https:\\\/\\\/ecosupplements.ch\\\/?product=omega-3-pet-90-softgels\",\"url\":\"https:\\\/\\\/ecosupplements.ch\\\/?product=omega-3-pet-90-softgels\",\"name\":\"Omega-3 Pet 90 Softgels \u2013 Nordic Naturals | ecosupplements.ch\",\"isPartOf\":{\"@id\":\"https:\\\/\\\/ecosupplements.ch\\\/#website\"},\"primaryImageOfPage\":{\"@id\":\"https:\\\/\\\/ecosupplements.ch\\\/?product=omega-3-pet-90-softgels#primaryimage\"},\"image\":{\"@id\":\"https:\\\/\\\/ecosupplements.ch\\\/?product=omega-3-pet-90-softgels#primaryimage\"},\"thumbnailUrl\":\"https:\\\/\\\/ecosupplements.ch\\\/wp-content\\\/uploads\\\/2026\\\/05\\\/Omega-3-Pet-90-softgels.jpg\",\"datePublished\":\"2026-05-11T14:52:55+00:00\",\"dateModified\":\"2026-05-13T07:22:52+00:00\",\"description\":\"Omega-3 Pet von Nordic Naturals liefert EPA und DHA aus reinem Fisch\u00f6l f\u00fcr Hunde \u2013 90 Softgels, glutenfrei. Jetzt bestellen.\",\"breadcrumb\":{\"@id\":\"https:\\\/\\\/ecosupplements.ch\\\/?product=omega-3-pet-90-softgels#breadcrumb\"},\"inLanguage\":\"de-CH\",\"potentialAction\":[{\"@type\":\"ReadAction\",\"target\":[\"https:\\\/\\\/ecosupplements.ch\\\/?product=omega-3-pet-90-softgels\"]}]},{\"@type\":\"ImageObject\",\"inLanguage\":\"de-CH\",\"@id\":\"https:\\\/\\\/ecosupplements.ch\\\/?product=omega-3-pet-90-softgels#primaryimage\",\"url\":\"https:\\\/\\\/ecosupplements.ch\\\/wp-content\\\/uploads\\\/2026\\\/05\\\/Omega-3-Pet-90-softgels.jpg\",\"contentUrl\":\"https:\\\/\\\/ecosupplements.ch\\\/wp-content\\\/uploads\\\/2026\\\/05\\\/Omega-3-Pet-90-softgels.jpg\",\"width\":485,\"height\":885,\"caption\":\"Omega-3 Pet - 90 softgels\"},{\"@type\":\"BreadcrumbList\",\"@id\":\"https:\\\/\\\/ecosupplements.ch\\\/?product=omega-3-pet-90-softgels#breadcrumb\",\"itemListElement\":[{\"@type\":\"ListItem\",\"position\":1,\"name\":\"Home\",\"item\":\"https:\\\/\\\/ecosupplements.ch\\\/\"},{\"@type\":\"ListItem\",\"position\":2,\"name\":\"Shop\",\"item\":\"https:\\\/\\\/ecosupplements.ch\\\/?page_id=14\"},{\"@type\":\"ListItem\",\"position\":3,\"name\":\"Omega-3 Pet &#8211; 90 softgels\"}]},{\"@type\":\"WebSite\",\"@id\":\"https:\\\/\\\/ecosupplements.ch\\\/#website\",\"url\":\"https:\\\/\\\/ecosupplements.ch\\\/\",\"name\":\"Eco Supplements\",\"description\":\"\",\"potentialAction\":[{\"@type\":\"SearchAction\",\"target\":{\"@type\":\"EntryPoint\",\"urlTemplate\":\"https:\\\/\\\/ecosupplements.ch\\\/?s={search_term_string}\"},\"query-input\":{\"@type\":\"PropertyValueSpecification\",\"valueRequired\":true,\"valueName\":\"search_term_string\"}}],\"inLanguage\":\"de-CH\"}]}<\/script>\n<meta property=\"product:price:amount\" content=\"28.70\" \/>\n<meta property=\"product:price:currency\" content=\"CHF\" \/>\n<meta property=\"og:availability\" content=\"out of stock\" \/>\n<meta property=\"product:availability\" content=\"out of stock\" \/>\n<meta property=\"product:retailer_item_id\" content=\"768990505027\" \/>\n<meta property=\"product:condition\" content=\"new\" \/>\n<!-- \/ Yoast SEO plugin. -->","yoast_head_json":{"title":"Omega-3 Pet 90 Softgels \u2013 Nordic Naturals | ecosupplements.ch","description":"Omega-3 Pet von Nordic Naturals liefert EPA und DHA aus reinem Fisch\u00f6l f\u00fcr Hunde \u2013 90 Softgels, glutenfrei. Jetzt bestellen.","robots":{"index":"index","follow":"follow","max-snippet":"max-snippet:-1","max-image-preview":"max-image-preview:large","max-video-preview":"max-video-preview:-1"},"canonical":"https:\/\/ecosupplements.ch\/?product=omega-3-pet-90-softgels","og_locale":"de_DE","og_type":"article","og_title":"Omega-3 Pet 90 Softgels \u2013 Nordic Naturals | ecosupplements.ch","og_description":"Omega-3 Pet von Nordic Naturals liefert EPA und DHA aus reinem Fisch\u00f6l f\u00fcr Hunde \u2013 90 Softgels, glutenfrei. Jetzt bestellen.","og_url":"https:\/\/ecosupplements.ch\/?product=omega-3-pet-90-softgels","og_site_name":"Eco Supplements","article_modified_time":"2026-05-13T07:22:52+00:00","og_image":[{"width":485,"height":885,"url":"https:\/\/ecosupplements.ch\/wp-content\/uploads\/2026\/05\/Omega-3-Pet-90-softgels.jpg","type":"image\/jpeg"}],"twitter_card":"summary_large_image","twitter_misc":{"Price":"&#67;&#72;&#70;&nbsp;28.70","Availability":"Out of stock"},"schema":{"@context":"https:\/\/schema.org","@graph":[{"@type":"WebPage","@id":"https:\/\/ecosupplements.ch\/?product=omega-3-pet-90-softgels","url":"https:\/\/ecosupplements.ch\/?product=omega-3-pet-90-softgels","name":"Omega-3 Pet 90 Softgels \u2013 Nordic Naturals | ecosupplements.ch","isPartOf":{"@id":"https:\/\/ecosupplements.ch\/#website"},"primaryImageOfPage":{"@id":"https:\/\/ecosupplements.ch\/?product=omega-3-pet-90-softgels#primaryimage"},"image":{"@id":"https:\/\/ecosupplements.ch\/?product=omega-3-pet-90-softgels#primaryimage"},"thumbnailUrl":"https:\/\/ecosupplements.ch\/wp-content\/uploads\/2026\/05\/Omega-3-Pet-90-softgels.jpg","datePublished":"2026-05-11T14:52:55+00:00","dateModified":"2026-05-13T07:22:52+00:00","description":"Omega-3 Pet von Nordic Naturals liefert EPA und DHA aus reinem Fisch\u00f6l f\u00fcr Hunde \u2013 90 Softgels, glutenfrei. Jetzt bestellen.","breadcrumb":{"@id":"https:\/\/ecosupplements.ch\/?product=omega-3-pet-90-softgels#breadcrumb"},"inLanguage":"de-CH","potentialAction":[{"@type":"ReadAction","target":["https:\/\/ecosupplements.ch\/?product=omega-3-pet-90-softgels"]}]},{"@type":"ImageObject","inLanguage":"de-CH","@id":"https:\/\/ecosupplements.ch\/?product=omega-3-pet-90-softgels#primaryimage","url":"https:\/\/ecosupplements.ch\/wp-content\/uploads\/2026\/05\/Omega-3-Pet-90-softgels.jpg","contentUrl":"https:\/\/ecosupplements.ch\/wp-content\/uploads\/2026\/05\/Omega-3-Pet-90-softgels.jpg","width":485,"height":885,"caption":"Omega-3 Pet - 90 softgels"},{"@type":"BreadcrumbList","@id":"https:\/\/ecosupplements.ch\/?product=omega-3-pet-90-softgels#breadcrumb","itemListElement":[{"@type":"ListItem","position":1,"name":"Home","item":"https:\/\/ecosupplements.ch\/"},{"@type":"ListItem","position":2,"name":"Shop","item":"https:\/\/ecosupplements.ch\/?page_id=14"},{"@type":"ListItem","position":3,"name":"Omega-3 Pet &#8211; 90 softgels"}]},{"@type":"WebSite","@id":"https:\/\/ecosupplements.ch\/#website","url":"https:\/\/ecosupplements.ch\/","name":"Eco Supplements","description":"","potentialAction":[{"@type":"SearchAction","target":{"@type":"EntryPoint","urlTemplate":"https:\/\/ecosupplements.ch\/?s={search_term_string}"},"query-input":{"@type":"PropertyValueSpecification","valueRequired":true,"valueName":"search_term_string"}}],"inLanguage":"de-CH"}]},"product_price_amount":"28.70","product_price_currency":"CHF","og_availability":"out of stock","product_availability":"out of stock","product_retailer_item_id":"768990505027","product_condition":"new"},"_links":{"self":[{"href":"https:\/\/ecosupplements.ch\/index.php?rest_route=\/wp\/v2\/product\/3709","targetHints":{"allow":["GET"]}}],"collection":[{"href":"https:\/\/ecosupplements.ch\/index.php?rest_route=\/wp\/v2\/product"}],"about":[{"href":"https:\/\/ecosupplements.ch\/index.php?rest_route=\/wp\/v2\/types\/product"}],"replies":[{"embeddable":true,"href":"https:\/\/ecosupplements.ch\/index.php?rest_route=%2Fwp%2Fv2%2Fcomments&post=3709"}],"wp:featuredmedia":[{"embeddable":true,"href":"https:\/\/ecosupplements.ch\/index.php?rest_route=\/wp\/v2\/media\/3710"}],"wp:attachment":[{"href":"https:\/\/ecosupplements.ch\/index.php?rest_route=%2Fwp%2Fv2%2Fmedia&parent=3709"}],"wp:term":[{"taxonomy":"product_brand","embeddable":true,"href":"https:\/\/ecosupplements.ch\/index.php?rest_route=%2Fwp%2Fv2%2Fproduct_brand&post=3709"},{"taxonomy":"product_cat","embeddable":true,"href":"https:\/\/ecosupplements.ch\/index.php?rest_route=%2Fwp%2Fv2%2Fproduct_cat&post=3709"},{"taxonomy":"product_tag","embeddable":true,"href":"https:\/\/ecosupplements.ch\/index.php?rest_route=%2Fwp%2Fv2%2Fproduct_tag&post=3709"}],"curies":[{"name":"wp","href":"https:\/\/api.w.org\/{rel}","templated":true}]}}